-- Table structure for table `submission_supplementary_files`
--

CREATE TABLE `submission_supplementary_files` (
  `file_id` bigint(20) NOT NULL,
  `revision` bigint(20) NOT NULL,
  PRIMARY KEY (`file_id`,`revision`)
) ENGINE=MyISAM DEFAULT CHARSET=latin1;

--
-- Dumping data for table `submission_supplementary_files`
--

INSERT INTO `submission_supplementary_files` VALUES (65,1),(90,1),(230,1),(280,1),(311,1),(368,1),(436,1),(442,1),(446,1),(447,1),(450,1),(471,1),(516,1),(520,1),(576,1),(576,2),(576,3),(654,1);

--
-- Table structure for table `submission_tombstones`
--

CREATE TABLE `submission_tombstones` (
  `tombstone_id` bigint(20) NOT NULL AUTO_INCREMENT,
  `submission_id` bigint(20) NOT NULL,
  `date_deleted` datetime NOT NULL,
  `journal_id` bigint(20) NOT NULL,
  `section_id` bigint(20) NOT NULL,
  `set_spec` varchar(255) NOT NULL,
  `set_name` varchar(255) NOT NULL,
  `oai_identifier` varchar(255) NOT NULL,
  PRIMARY KEY (`tombstone_id`),
  KEY `submission_tombstones_journal_id` (`journal_id`),
  KEY `submission_tombstones_submission_id` (`submission_id`)
) ENGINE=MyISAM DEFAULT CHARSET=latin1;

--
-- Dumping data for table `submission_tombstones`
--


--
-- Table structure for table `submission_xml_galleys`
--

CREATE TABLE `submission_xml_galleys` (
  `xml_galley_id` bigint(20) NOT NULL AUTO_INCREMENT,
  `galley_id` bigint(20) NOT NULL,
  `submission_id` bigint(20) NOT NULL,
  `label` varchar(32) NOT NULL,
  `galley_type` varchar(255) NOT NULL,
  `views` int(11) NOT NULL DEFAULT 0,
  PRIMARY KEY (`xml_galley_id`)
) ENGINE=MyISAM DEFAULT CHARSET=latin1;

--
-- Dumping data for table `submission_xml_galleys`
--


--
-- Table structure for table `submissions`
--

CREATE TABLE `submissions` (
  `submission_id` bigint(20) NOT NULL AUTO_INCREMENT,
  `locale` varchar(14) DEFAULT NULL,
  `context_id` bigint(20) NOT NULL,
  `section_id` bigint(20) DEFAULT NULL,
  `language` varchar(10) DEFAULT 'en',
  `citations` text DEFAULT NULL,
  `date_submitted` datetime DEFAULT NULL,
  `last_modified` datetime DEFAULT NULL,
  `date_status_modified` datetime DEFAULT NULL,
  `status` tinyint(4) NOT NULL DEFAULT 1,
  `submission_progress` tinyint(4) NOT NULL DEFAULT 1,
  `pages` varchar(255) DEFAULT NULL,
  `hide_author` tinyint(4) NOT NULL DEFAULT 0,
  `stage_id` bigint(20) NOT NULL DEFAULT 1,
  PRIMARY KEY (`submission_id`),
  KEY `submissions_section_id` (`section_id`)
) ENGINE=MyISAM AUTO_INCREMENT=236 DEFAULT CHARSET=latin1;

--
-- Dumping data for table `submissions`
--

INSERT INTO `submissions` VALUES (1,'en_US',1,1,'en','','2016-06-29 16:08:05','2019-05-14 13:06:58','2019-05-14 13:06:58',3,0,NULL,0,4),(2,'en_US',1,1,'en','','2016-06-30 08:21:14','2016-06-30 14:19:39','2016-06-30 14:19:39',1,0,NULL,0,4),(5,'en_US',1,1,'en','','2016-06-30 10:00:17','2019-05-14 13:06:59','2019-05-14 13:06:59',3,0,NULL,0,4),(4,'en_US',1,1,'en','','2016-06-30 09:43:41','2019-05-14 13:06:58','2019-05-14 13:06:58',3,0,NULL,0,4),(6,'en_US',1,1,'en','','2016-06-30 10:08:15','2019-05-14 13:06:59','2019-05-14 13:06:59',3,0,NULL,0,4),(7,'en_US',1,1,'en','','2016-06-30 10:16:37','2019-05-14 13:06:59','2019-05-14 13:06:59',3,0,NULL,0,4),(8,'en_US',1,1,'en','','2016-06-30 10:22:39','2019-05-14 13:06:59','2019-05-14 13:06:59',3,0,NULL,0,4),(19,'en_US',1,1,'en','','2016-06-30 11:59:08','2019-05-14 13:07:10','2019-05-14 13:07:10',3,0,'',0,5),(11,'en_US',1,1,'en','','2016-06-30 10:52:08','2016-06-30 14:04:48','2016-06-30 14:04:48',1,0,NULL,0,4),(14,'en_US',1,1,'en','','2016-06-30 11:34:08','2019-05-14 13:07:09','2019-05-14 13:07:09',3,0,NULL,0,4),(20,'en_US',1,1,'en','','2016-06-30 12:03:15','2019-05-14 13:07:09','2019-05-14 13:07:09',3,0,NULL,0,4),(21,'en_US',1,1,'en','','2016-06-30 12:08:35','2019-05-14 13:07:09','2019-05-14 13:07:09',3,0,NULL,0,4),(22,'en_US',1,1,'en','','2016-06-30 12:11:39','2019-05-14 13:07:09','2019-05-14 13:07:09',3,0,NULL,0,4),(24,'en_US',1,1,'en',NULL,NULL,'2016-06-30 13:10:26','2016-06-30 13:10:26',1,3,NULL,0,1),(27,'en_US',1,1,'en','','2016-07-02 11:00:44','2016-07-02 11:29:40','2016-07-02 11:29:40',1,0,NULL,0,4),(28,'en_US',1,1,'en','','2016-08-30 12:17:03','2019-05-14 13:07:20','2019-05-14 13:07:20',3,0,NULL,0,1),(33,'en_US',1,1,'en','','2016-09-07 12:53:34','2019-05-14 13:07:21','2019-05-14 13:07:21',3,0,NULL,0,4),(32,'en_US',1,1,'en','','2016-09-07 12:51:32','2019-05-14 13:07:21','2019-05-14 13:07:21',3,0,NULL,0,4),(31,'en_US',1,1,'en','','2016-09-07 12:48:51','2019-05-14 13:07:21','2019-05-14 13:07:21',3,0,NULL,0,4),(34,'en_US',1,1,'en','','2016-09-07 12:55:46','2019-05-14 13:07:22','2019-05-14 13:07:22',3,0,NULL,0,4),(35,'en_US',1,1,'en','','2016-09-07 12:59:57','2019-05-14 13:07:22','2019-05-14 13:07:22',3,0,NULL,0,4),(36,'en_US',1,1,'en',NULL,NULL,'2016-09-22 05:51:31','2016-09-22 05:51:20',1,2,NULL,0,1),(37,'en_US',1,1,'en',NULL,NULL,'2016-09-24 03:45:17','2016-09-24 03:44:52',1,2,NULL,0,1),(38,'en_US',1,1,'en',NULL,NULL,'2016-10-31 18:56:36','2016-10-31 18:55:42',1,2,NULL,0,1),(39,'en_US',1,1,'en',NULL,NULL,'2016-12-16 15:39:40','2016-12-16 15:39:25',1,2,NULL,0,1),(40,'en_US',1,1,'en','','2016-12-19 06:00:38','2019-05-14 13:07:00','2019-05-14 13:07:00',3,0,NULL,0,4),(41,'en_US',1,1,'en',NULL,NULL,'2016-12-22 18:57:09','2016-12-22 18:56:51',1,2,NULL,0,1),(42,'en_US',1,1,'en',NULL,NULL,'2017-03-11 22:18:52','2017-03-11 22:18:35',1,2,NULL,0,1),(43,'en_US',1,1,'en',NULL,NULL,'2017-03-11 22:22:51','2017-03-11 22:22:28',1,2,NULL,0,1),(44,'en_US',1,1,'en',NULL,NULL,'2017-03-12 02:03:19','2017-03-12 02:02:35',1,2,NULL,0,1),(45,'en_US',1,1,'en',NULL,NULL,'2017-03-12 02:02:51','2017-03-12 02:02:36',1,2,NULL,0,1),(46,'en_US',1,1,'en','','2017-03-29 09:48:04','2019-05-14 13:07:31','2019-05-14 13:07:31',3,0,NULL,0,4),(47,'en_US',1,1,'en','','2017-03-29 09:50:02','2019-05-14 13:07:32','2019-05-14 13:07:32',3,0,NULL,0,4),(110,'en_US',1,1,'',NULL,NULL,'2018-11-08 08:53:21','2018-11-08 08:53:21',1,3,NULL,0,1),(49,'en_US',1,1,'en','','2017-03-29 09:59:58','2019-05-14 13:07:32','2019-05-14 13:07:32',3,0,NULL,0,4),(50,'en_US',1,1,'en','','2017-03-29 10:01:43','2019-05-14 13:07:32','2019-05-14 13:07:32',3,0,NULL,0,4),(51,'en_US',1,1,'en','','2017-03-29 10:03:13','2019-05-14 13:07:32','2019-05-14 13:07:32',3,0,NULL,0,4),(52,'en_US',1,1,'en','','2017-03-29 10:05:12','2019-05-14 13:07:32','2019-05-14 13:07:32',3,0,NULL,0,4),(53,'en_US',1,1,'en','','2017-03-29 10:07:49','2019-05-14 13:07:32','2019-05-14 13:07:32',3,0,NULL,0,4),(54,'en_US',1,1,'en','','2017-03-29 10:42:09','2019-05-14 13:07:41','2019-05-14 13:07:41',3,0,NULL,0,5),(55,'en_US',1,1,'en','','2017-03-29 10:43:48','2019-05-14 13:07:41','2019-05-14 13:07:41',3,0,NULL,0,4),(56,'en_US',1,1,'en','','2017-03-29 10:46:17','2019-05-14 13:07:42','2019-05-14 13:07:42',3,0,NULL,0,4),(57,'en_US',1,1,'en','','2017-03-29 10:49:44','2019-05-14 13:07:42','2019-05-14 13:07:42',3,0,NULL,0,4),(58,'en_US',1,1,'en','','2017-03-29 10:51:44','2019-05-14 13:07:42','2019-05-14 13:07:42',3,0,NULL,0,4),(59,'en_US',1,1,'en','','2017-03-29 10:53:49','2019-05-14 13:07:42','2019-05-14 13:07:42',3,0,NULL,0,4),(60,'en_US',1,1,'en',NULL,NULL,'2018-04-19 02:21:36','2018-04-19 02:21:36',1,2,NULL,0,1),(61,'en_US',1,1,'en',NULL,NULL,'2018-04-19 02:22:11','2018-04-19 02:22:11',1,2,NULL,0,1),(62,'en_US',1,1,'en',NULL,NULL,'2018-04-21 14:34:14','2018-04-21 14:34:14',1,2,NULL,0,1),(109,'en_US',1,1,'',NULL,NULL,'2018-11-08 08:33:32','2018-11-08 08:33:32',1,3,NULL,0,1),(100,'en_US',1,1,'',NULL,'2018-11-07 11:59:20','2019-05-14 13:08:18','2019-05-14 13:08:18',3,0,'10-18',0,5),(76,'en_US',1,1,'',NULL,'2018-05-25 13:33:51','2019-05-14 13:07:53','2019-05-14 13:07:53',3,0,'9-19',0,5),(66,'en_US',1,1,'en','','2018-05-05 12:31:07','2018-05-05 12:31:07','2018-05-05 12:31:07',1,0,NULL,0,1),(115,'en_US',1,1,'',NULL,'2018-11-09 15:33:42','2019-05-14 13:08:18','2019-05-14 13:08:18',3,0,'28-38',0,5),(68,'en_US',1,1,'en',NULL,'2018-05-05 12:34:17','2018-05-25 14:12:31','2018-05-05 12:34:17',1,0,NULL,0,1),(69,'en_US',1,1,'en','','2018-05-05 13:45:30','2018-05-05 13:45:30','2018-05-05 13:45:30',1,0,NULL,0,1),(99,'en_US',1,1,'',NULL,'2018-11-07 11:23:51','2019-05-14 13:08:18','2019-05-14 13:08:18',3,0,'1-9',0,5),(114,'en_US',1,1,'',NULL,'2018-11-09 15:27:17','2019-05-14 13:08:18','2019-05-14 13:08:18',3,0,'50-60',0,5),(113,'en_US',1,1,'',NULL,'2018-11-09 15:25:50','2019-05-14 13:08:18','2019-05-14 13:08:18',3,0,'39-49',0,5),(74,'en_US',1,1,'',NULL,'2018-05-22 10:14:27','2019-05-14 13:07:42','2019-05-14 13:07:42',3,0,'',0,5),(78,'en_US',1,1,'',NULL,'2018-05-25 14:30:30','2020-05-12 13:11:26','2020-05-12 13:09:48',3,0,'31-45',0,5),(77,'en_US',1,1,'',NULL,'2018-05-25 14:20:25','2019-05-14 13:07:54','2019-05-14 13:07:54',3,0,'1-8',0,5),(79,'en_US',1,1,'',NULL,'2018-05-27 20:44:31','2019-05-14 13:07:52','2019-05-14 13:07:52',3,0,'33-50',0,5),(80,'en_US',1,1,'',NULL,'2018-05-27 20:57:55','2018-05-27 21:10:58','2018-05-27 21:09:22',1,0,NULL,0,4),(81,'en_US',1,1,'',NULL,'2018-05-27 21:14:47','2019-05-14 13:07:53','2019-05-14 13:07:53',3,0,'51-61',0,5),(82,'en_US',1,1,'',NULL,'2018-05-27 21:27:39','2019-05-14 13:07:53','2019-05-14 13:07:53',3,0,'62-74',0,5),(83,'en_US',1,1,'',NULL,'2018-05-27 21:38:18','2019-05-14 13:07:53','2019-05-14 13:07:53',3,0,'75-86',0,5),(84,'en_US',1,1,'',NULL,'2018-05-30 08:42:55','2019-05-14 13:07:54','2019-05-14 13:07:54',3,0,'87-99',0,5),(85,'en_US',1,1,'',NULL,'2018-05-30 09:17:23','2019-05-14 13:08:07','2019-05-14 13:08:07',3,0,'1-11',0,5),(86,'en_US',1,1,'',NULL,'2018-05-30 10:36:52','2019-05-14 13:08:07','2019-05-14 13:08:07',3,0,'12-21',0,5),(87,'en_US',1,1,'',NULL,'2018-05-30 10:54:52','2019-05-14 13:08:08','2019-05-14 13:08:08',3,0,'22-30',0,5),(88,'en_US',1,1,'',NULL,'2018-05-30 11:53:20','2019-05-14 13:08:08','2019-05-14 13:08:08',3,0,'47-59',0,5),(89,'en_US',1,1,'',NULL,'2018-05-30 12:20:22','2019-05-14 13:08:08','2019-05-14 13:08:08',3,0,'60-73',0,5),(90,'en_US',1,1,'',NULL,'2018-05-30 13:23:15','2019-05-14 13:08:09','2019-05-14 13:08:09',3,0,'74-82',0,5),(91,'en_US',1,1,'',NULL,'2018-05-30 13:33:15','2019-05-14 13:08:09','2019-05-14 13:08:09',3,0,'83-94',0,5),(111,'en_US',1,1,'',NULL,NULL,'2018-11-09 14:25:40','2018-11-09 14:25:40',1,3,NULL,0,1),(93,'en_US',1,1,'',NULL,'2018-09-21 13:18:13','2018-09-21 13:18:13','2018-09-21 13:18:13',1,0,NULL,0,1),(94,'en_US',1,1,'en',NULL,'2018-09-21 17:31:03','2018-09-21 17:31:03','2018-09-21 17:31:03',1,0,NULL,0,1),(95,'en_US',1,1,'',NULL,'2018-10-11 15:53:37','2018-10-11 15:53:37','2018-10-11 15:53:37',1,0,NULL,0,1),(96,'en_US',1,1,'',NULL,'2018-11-06 20:44:04','2018-11-06 20:44:04','2018-11-06 20:44:04',1,0,NULL,0,1),(105,'en_US',1,1,'',NULL,'2018-11-07 15:32:49','2018-11-07 15:35:04','2018-11-07 15:35:04',1,0,NULL,0,4),(98,'en_US',1,1,'',NULL,'2018-11-06 21:03:41','2018-11-06 21:14:22','2018-11-06 21:14:22',1,0,NULL,0,3),(106,'en_US',1,1,'',NULL,'2018-11-07 15:41:03','2018-11-07 15:56:29','2018-11-07 15:42:00',1,0,NULL,0,4),(112,'en_US',1,1,'',NULL,'2018-11-09 15:16:30','2018-11-09 15:17:45','2018-11-09 15:17:45',1,0,NULL,0,4),(116,'en_US',1,1,'',NULL,NULL,'2018-11-09 15:59:18','2018-11-09 15:59:18',1,3,NULL,0,1),(117,'en_US',1,1,'',NULL,NULL,'2018-11-26 10:52:10','2018-11-26 10:52:10',1,3,NULL,0,1),(118,'en_US',1,1,'',NULL,NULL,'2018-11-27 07:48:31','2018-11-27 07:48:31',1,3,NULL,0,1),(119,'en_US',1,1,'',NULL,NULL,'2018-11-27 07:57:36','2018-11-27 07:57:36',1,3,NULL,0,1),(120,'en_US',1,1,'',NULL,NULL,'2018-12-09 17:15:26','2018-12-09 17:15:26',1,2,NULL,0,1),(121,'en_US',1,1,'',NULL,NULL,'2018-12-30 22:06:30','2018-12-30 22:06:30',1,3,NULL,0,1),(122,'en_US',1,1,'',NULL,NULL,'2019-02-08 09:20:05','2019-02-08 09:20:05',1,3,NULL,0,1),(123,'en_US',1,1,'',NULL,NULL,'2019-02-08 09:25:23','2019-02-08 09:25:23',1,3,NULL,0,1),(124,'en_US',1,1,'',NULL,NULL,'2019-02-08 09:32:57','2019-02-08 09:32:57',1,3,NULL,0,1),(125,'en_US',1,1,'',NULL,'2019-02-08 09:34:31','2019-05-14 13:08:19','2019-05-14 13:08:19',3,0,'69-78',0,5),(126,'en_US',1,1,'',NULL,NULL,'2019-02-08 09:48:51','2019-02-08 09:48:51',1,2,NULL,0,1),(127,'en_US',1,1,'',NULL,NULL,'2019-02-08 09:50:20','2019-02-08 09:50:20',1,3,NULL,0,1),(128,'en_US',1,1,'',NULL,NULL,'2019-02-08 09:49:55','2019-02-08 09:49:55',1,2,NULL,0,1),(129,'en_US',1,1,'',NULL,NULL,'2019-02-08 10:02:42','2019-02-08 10:02:42',1,3,NULL,0,1),(130,'en_US',1,1,'',NULL,NULL,'2019-02-20 11:45:37','2019-02-20 11:45:37',1,2,NULL,0,1),(131,'en_US',1,1,'',NULL,NULL,'2019-05-05 10:09:39','2019-05-05 10:09:39',1,2,NULL,0,1),(132,'en_US',1,1,'',NULL,NULL,'2019-05-10 12:16:33','2019-05-10 12:16:33',1,2,NULL,0,1),(133,'en_US',1,1,'',NULL,'2019-05-13 13:51:06','2021-06-22 10:08:42','2019-05-14 13:08:31',3,0,'1-13',0,5),(134,'en_US',1,1,'',NULL,'2019-05-13 14:00:00','2021-06-22 10:09:10','2019-05-14 13:08:31',3,0,'12-27',0,5),(135,'en_US',1,1,'',NULL,'2019-05-13 14:11:36','2021-06-22 10:09:31','2019-05-14 13:08:32',3,0,'27-40',0,5),(136,'en_US',1,1,'',NULL,'2019-05-13 14:21:21','2021-06-22 10:10:02','2019-05-14 13:08:32',3,0,'41-57',0,5),(137,'en_US',1,1,'',NULL,'2019-05-14 10:04:43','2021-06-22 10:10:26','2019-05-14 13:08:32',3,0,'55-66',0,5),(138,'en_US',1,1,'',NULL,'2019-05-14 10:18:28','2019-05-14 10:19:32','2019-05-14 10:19:32',1,0,NULL,0,4),(139,'en_US',1,1,'',NULL,'2019-05-14 10:24:41','2021-06-22 10:10:49','2019-05-14 13:08:33',3,0,'67-78',0,5),(140,'en_US',1,1,'',NULL,'2019-05-14 11:39:15','2019-05-14 11:41:39','2019-05-14 11:41:39',1,0,NULL,0,3),(141,'en_US',1,1,'',NULL,'2019-05-14 11:46:46','2021-06-22 10:11:11','2019-05-14 13:08:33',3,0,'79-86',0,5),(142,'en_US',1,1,'',NULL,'2019-05-14 12:24:18','2021-06-22 10:11:40','2019-05-14 13:08:33',3,0,'',0,5),(143,'en_US',1,1,'',NULL,'2019-07-18 22:47:16','2019-07-18 22:47:16','2019-07-18 22:47:16',1,0,NULL,0,1),(144,'en_US',1,1,'',NULL,NULL,'2019-07-20 12:35:24','2019-07-20 12:35:24',1,3,NULL,0,1),(145,'en_US',1,1,'',NULL,NULL,'2019-07-21 15:36:16','2019-07-21 15:36:16',1,3,NULL,0,1),(146,'en_US',1,1,'',NULL,'2019-08-30 10:23:45','2021-06-22 10:05:06','2019-09-03 10:32:44',3,0,'1-10',0,5),(147,'en_US',1,1,'',NULL,'2019-08-30 10:37:17','2021-06-22 10:05:29','2019-09-03 10:32:44',3,0,'11-23',0,5),(148,'en_US',1,1,'',NULL,'2019-08-30 10:54:10','2021-06-22 10:06:31','2019-09-03 10:32:45',3,0,'23-31',0,5),(149,'en_US',1,1,'',NULL,'2019-08-30 11:06:42','2021-06-22 10:07:05','2019-09-03 10:32:45',3,0,'32-40',0,5),(150,'en_US',1,1,'',NULL,'2019-08-30 11:20:55','2021-06-22 10:07:35','2019-09-03 10:32:45',3,0,'1-13',0,5),(151,'en_US',1,1,'',NULL,'2019-08-30 11:29:34','2021-06-22 10:07:57','2019-09-03 10:32:45',3,0,'53-63',0,5),(152,'en_US',1,1,'',NULL,'2019-08-30 11:40:25','2021-06-22 10:05:54','2019-09-03 10:32:44',3,0,'63-73',0,5),(153,'en_US',1,1,'',NULL,NULL,'2019-09-03 20:05:15','2019-09-03 20:05:15',1,2,NULL,0,1),(154,'en_US',1,1,'en',NULL,NULL,'2019-10-19 09:13:43','2019-10-19 09:04:23',1,3,NULL,0,1),(156,'en_US',1,1,'',NULL,NULL,'2020-01-31 09:55:55','2020-01-31 09:55:55',1,3,NULL,0,1),(157,'en_US',1,1,'',NULL,NULL,'2020-01-31 10:02:47','2020-01-31 10:02:47',1,3,NULL,0,1),(158,'en_US',1,1,'',NULL,NULL,'2020-01-31 10:13:04','2020-01-31 10:13:04',1,3,NULL,0,1),(159,'en_US',1,1,'',NULL,NULL,'2020-01-31 10:37:02','2020-01-31 10:37:02',1,3,NULL,0,1),(160,'en_US',1,1,'en',NULL,NULL,'2020-01-31 14:15:18','2020-01-31 14:15:18',1,3,NULL,0,1),(161,'en_US',1,1,'',NULL,NULL,'2020-02-11 14:35:53','2020-02-11 14:35:53',1,3,NULL,0,1),(162,'en_US',1,1,'',NULL,NULL,'2020-02-11 14:41:33','2020-02-11 14:41:33',1,3,NULL,0,1),(163,'en_US',1,1,'',NULL,NULL,'2020-02-11 14:44:15','2020-02-11 14:44:15',1,3,NULL,0,1),(164,'en_US',1,1,'',NULL,NULL,'2020-02-11 15:52:14','2020-02-11 15:52:14',1,3,NULL,0,1),(165,'en_US',1,1,'en',NULL,NULL,'2020-02-11 16:19:26','2020-02-11 16:19:26',1,3,NULL,0,1),(166,'en_US',1,1,'en',NULL,NULL,'2020-02-12 08:04:51','2020-02-12 08:04:51',1,3,NULL,0,1),(167,'en_US',1,1,'en',NULL,NULL,'2020-02-12 08:06:33','2020-02-12 08:06:33',1,3,NULL,0,1),(168,'en_US',1,1,'en',NULL,NULL,'2020-02-12 08:26:39','2020-02-12 08:22:11',1,3,NULL,0,1),(169,'en_US',1,1,'en',NULL,'2020-02-12 09:03:09','2021-06-22 06:15:04','2020-02-12 13:03:42',3,0,'1-8',0,5),(170,'en_US',1,1,'en',NULL,'2020-02-12 09:19:32','2020-02-12 09:19:33','2020-02-12 09:19:32',1,0,NULL,0,1),(171,'en_US',1,1,'en',NULL,'2020-02-12 10:39:01','2021-06-22 06:15:04','2020-02-12 13:03:43',3,0,'9-18',0,5),(172,'en_US',1,1,'en',NULL,NULL,'2020-02-12 11:10:24','2020-02-12 11:10:24',1,3,NULL,0,1),(173,'en_US',1,1,'en',NULL,'2020-02-12 11:19:27','2021-06-22 06:15:04','2020-02-12 13:03:43',3,0,'19-35',0,5),(174,'en_US',1,1,'en',NULL,'2020-02-12 11:37:44','2021-06-22 06:15:04','2020-02-12 13:03:44',3,0,'36-47',0,5),(175,'en_US',1,1,'en',NULL,'2020-02-12 11:51:58','2021-06-22 06:15:04','2020-02-12 13:03:44',3,0,'48-53',0,5),(176,'en_US',1,1,'en',NULL,'2020-02-12 12:31:13','2021-06-22 06:15:04','2020-02-12 13:03:44',3,0,'54-66',0,5),(177,'en_US',1,1,'en',NULL,'2020-02-12 12:47:31','2021-06-22 06:15:04','2020-02-12 13:03:44',3,0,'67-73',0,5),(178,'en_US',1,1,'en',NULL,'2020-02-12 12:59:34','2021-06-22 06:15:04','2020-02-12 13:03:45',3,0,'74-79',0,5),(179,'en_US',1,1,'en',NULL,NULL,'2020-05-12 12:30:06','2020-05-12 12:30:06',1,2,NULL,0,1),(180,'en_US',1,1,'en',NULL,NULL,'2020-06-19 05:18:22','2020-06-19 05:17:13',1,2,NULL,0,1),(181,'en_US',1,1,'en',NULL,NULL,'2020-07-01 11:41:24','2020-07-01 11:41:24',1,2,NULL,0,1),(182,'en_US',1,1,'en',NULL,'2020-07-03 13:17:16','2020-07-03 13:17:16','2020-07-03 13:17:16',1,0,NULL,0,1),(183,'en_US',1,1,'en',NULL,NULL,'2020-07-19 12:20:06','2020-07-19 12:17:42',1,2,NULL,0,1),(184,'en_US',1,1,'en',NULL,NULL,'2020-07-25 08:13:30','2020-07-25 08:13:30',1,2,NULL,0,1),(185,'en_US',1,1,'en',NULL,'2020-07-29 10:35:02','2021-03-17 11:18:21','2020-07-29 12:37:25',3,0,'1-11',0,5),(186,'en_US',1,1,'en',NULL,'2020-07-29 10:54:08','2021-03-17 11:18:50','2020-07-29 12:37:25',3,0,'12-22',0,5),(187,'en_US',1,1,'en',NULL,'2020-07-29 11:03:24','2021-03-17 11:19:16','2020-07-29 12:37:25',3,0,'23-28',0,5),(188,'en_US',1,1,'en',NULL,'2020-07-29 11:16:23','2021-03-17 11:19:37','2020-07-29 12:37:25',3,0,'30-37',0,5),(189,'en_US',1,1,'en',NULL,'2020-07-29 11:25:30','2021-03-17 11:20:07','2020-07-29 12:37:25',3,0,'38-48',0,5),(190,'en_US',1,1,'en',NULL,'2020-07-29 11:34:59','2021-03-17 11:20:34','2020-07-29 12:37:26',3,0,'49-58',0,5),(191,'en_US',1,1,'en',NULL,'2020-07-29 11:41:54','2021-03-17 11:20:55','2020-07-29 12:37:26',3,0,'59-71',0,5),(192,'en_US',1,1,'en',NULL,NULL,'2020-07-29 11:46:23','2020-07-29 11:46:23',1,3,NULL,0,1),(193,'en_US',1,1,'en',NULL,'2020-07-29 11:56:25','2021-03-17 11:21:21','2020-07-29 12:37:26',3,0,'74-86',0,5),(194,'en_US',1,1,'en',NULL,NULL,'2020-09-04 21:48:02','2020-09-04 21:47:24',1,2,NULL,0,1),(195,'en_US',1,1,'en',NULL,NULL,'2020-09-04 22:09:57','2020-09-04 22:09:57',1,2,NULL,0,1),(196,'en_US',1,1,'en',NULL,NULL,'2020-10-13 02:59:41','2020-10-13 02:58:00',1,2,NULL,0,1),(197,'en_US',1,1,'en',NULL,NULL,'2020-11-12 00:11:23','2020-11-12 00:11:23',1,2,NULL,0,1),(198,'en_US',1,1,'en',NULL,'2020-11-20 14:16:43','2020-11-20 14:16:44','2020-11-20 14:16:43',1,0,NULL,0,1),(199,'en_US',1,1,'en',NULL,'2020-12-15 11:52:15','2020-12-15 11:52:15','2020-12-15 11:52:15',1,0,NULL,0,1),(200,'en_US',1,1,'en',NULL,NULL,'2021-01-22 15:30:16','2021-01-22 15:30:16',1,2,NULL,0,1),(201,'en_US',1,1,'en',NULL,NULL,'2021-01-22 15:39:28','2021-01-22 15:32:36',1,2,NULL,0,1),(202,'en_US',1,1,'en',NULL,'2021-01-22 15:46:18','2021-01-22 15:46:18','2021-01-22 15:46:18',1,0,NULL,0,1),(203,'en_US',1,1,'en',NULL,'2021-02-17 14:57:48','2021-03-16 13:32:25','2021-02-18 11:34:42',3,0,'1-8',0,5),(204,'en_US',1,1,'en',NULL,'2021-02-17 15:24:15','2021-03-16 11:13:04','2021-02-18 11:34:43',3,0,'9-20',0,5),(205,'en_US',1,1,'en',NULL,'2021-02-17 15:39:58','2021-03-16 11:13:39','2021-02-18 11:34:43',3,0,'21-30',0,5),(206,'en_US',1,1,'en',NULL,'2021-02-18 09:27:28','2021-03-16 11:14:03','2021-02-18 11:34:43',3,0,'31-40',0,3),(207,'en_US',1,1,'en',NULL,'2021-02-18 10:13:07','2021-03-16 11:14:33','2021-02-18 11:34:44',3,0,'42-50',0,5),(208,'en_US',1,1,'en',NULL,'2021-02-18 10:39:00','2021-03-16 11:14:56','2021-02-18 11:34:44',3,0,'52-59',0,5),(209,'en_US',1,1,'en',NULL,'2021-02-18 10:51:52','2021-03-16 11:15:25','2021-02-18 11:34:44',3,0,'60-72',0,5),(210,'en_US',1,1,'en',NULL,'2021-02-18 11:08:24','2021-03-16 11:15:55','2021-02-18 11:34:44',3,0,'73-79',0,5),(211,'en_US',1,1,'en',NULL,NULL,'2021-06-06 20:15:33','2021-06-06 20:14:43',1,2,NULL,0,1),(212,'en_US',1,1,'en',NULL,NULL,'2021-06-24 00:00:19','2021-06-24 00:00:19',1,2,NULL,0,1),(213,'en_US',1,1,'en',NULL,'2021-08-02 09:03:18','2021-08-02 09:30:43','2021-08-02 09:30:42',3,0,'1-7',0,1),(214,'en_US',1,1,'en',NULL,'2021-08-02 09:42:31','2021-08-16 12:58:19','2021-08-16 12:32:26',3,0,'1-9',0,5),(215,'en_US',1,1,'en',NULL,'2021-08-02 09:51:35','2021-08-18 08:40:19','2021-08-16 12:36:58',3,0,'10-23',0,4),(216,'en_US',1,1,'en',NULL,'2021-08-02 09:56:24','2021-08-16 13:01:39','2021-08-16 12:42:12',3,0,'24-34',0,4),(217,'en_US',1,1,'en',NULL,NULL,'2021-08-02 10:17:55','2021-08-02 10:17:55',1,2,NULL,0,1),(218,'en_US',1,1,'en',NULL,'2021-08-02 10:29:59','2021-08-16 13:02:23','2021-08-16 12:45:28',3,0,'35-44',0,4),(219,'en_US',1,1,'en',NULL,'2021-08-02 10:36:08','2021-08-16 13:03:10','2021-08-16 12:48:32',3,0,'45-51',0,4),(220,'en_US',1,1,'en',NULL,'2021-08-30 15:17:40','2021-08-30 15:17:40','2021-08-30 15:17:40',1,0,NULL,0,1),(221,'en_US',1,1,'en',NULL,NULL,'2021-11-27 11:40:51','2021-11-27 11:40:51',1,2,NULL,0,1),(222,'en_US',1,1,'en',NULL,'2022-02-03 13:31:44','2022-02-08 14:58:27','2022-02-08 14:58:27',3,0,'1-14',0,5),(223,'en_US',1,1,'en',NULL,'2022-02-03 13:38:20','2022-02-04 09:02:20','2022-02-03 13:38:20',4,0,NULL,0,3),(224,'en_US',1,1,'en',NULL,'2022-02-03 13:50:29','2022-02-08 14:59:50','2022-02-04 11:27:43',3,0,'15-26',0,5),(225,'en_US',1,1,'en',NULL,'2022-02-03 13:54:49','2022-02-04 09:03:24','2022-02-03 13:54:49',4,0,NULL,0,3),(226,'en_US',1,1,'en',NULL,'2022-02-03 14:03:53','2022-02-04 09:04:46','2022-02-03 14:03:53',4,0,NULL,0,3),(227,'en_US',1,1,'en',NULL,NULL,'2022-02-03 14:05:19','2022-02-03 14:05:19',1,3,NULL,0,1),(228,'en_US',1,1,'en',NULL,'2022-02-03 14:13:16','2022-02-04 09:03:54','2022-02-03 14:13:16',4,0,NULL,0,3),(229,'en_US',1,1,'en',NULL,'2022-02-03 14:21:01','2022-02-08 15:01:33','2022-02-08 14:48:01',3,0,'59-68',0,5),(230,'en_US',1,1,'en',NULL,'2022-02-03 14:25:26','2022-02-04 09:28:49','2022-02-03 14:25:26',4,0,NULL,0,3),(231,'en_US',1,1,'en',NULL,'2022-02-04 09:43:42','2022-02-04 11:27:43','2022-02-04 11:27:43',3,0,'27-34',0,5),(232,'en_US',1,1,'en',NULL,'2022-02-04 09:48:12','2022-02-04 11:27:43','2022-02-04 11:27:43',3,0,'35-43',0,5),(233,'en_US',1,1,'en',NULL,'2022-02-04 09:51:10','2022-02-08 14:43:26','2022-02-08 14:43:26',3,0,'44-58',0,5),(234,'en_US',1,1,'en',NULL,'2022-02-04 09:55:04','2022-02-08 14:50:10','2022-02-08 14:50:10',3,0,'69-79',0,5),(235,'en_US',1,1,'en',NULL,'2022-03-14 10:44:01','2022-03-14 10:44:02','2022-03-14 10:44:01',1,0,NULL,0,1);

--
-- Table structure for table `subscription_type_settings`
--

CREATE TABLE `subscription_type_settings` (
  `type_id` bigint(20) NOT NULL,
  `locale` varchar(14) NOT NULL DEFAULT '',
  `setting_name` varchar(255) NOT NULL,
  `setting_value` text DEFAULT NULL,
  `setting_type` varchar(6) NOT NULL,
  UNIQUE KEY `subscription_type_settings_pkey` (`type_id`,`locale`,`setting_name`),
  KEY `subscription_type_settings_type_id` (`type_id`)
) ENGINE=MyISAM DEFAULT CHARSET=latin1;

--
-- Dumping data for table `subscription_type_settings`
--


--
-- Table structure for table `subscription_types`
--

CREATE TABLE `subscription_types` (
  `type_id` bigint(20) NOT NULL AUTO_INCREMENT,
  `journal_id` bigint(20) NOT NULL,
  `cost` double NOT NULL,
  `currency_code_alpha` varchar(3) NOT NULL,
  `non_expiring` tinyint(4) NOT NULL DEFAULT 0,
  `duration` smallint(6) DEFAULT NULL,
  `format` smallint(6) NOT NULL,
  `institutional` tinyint(4) NOT NULL DEFAULT 0,
  `membership` tinyint(4) NOT NULL DEFAULT 0,
  `disable_public_display` tinyint(4) NOT NULL,
  `seq` double NOT NULL,
  PRIMARY KEY (`type_id`)
) ENGINE=MyISAM DEFAULT CHARSET=latin1;

--
-- Dumping data for table `subscription_types`
--


--
-- Table structure for table `subscriptions`
--

CREATE TABLE `subscriptions` (
  `subscription_id` bigint(20) NOT NULL AUTO_INCREMENT,
  `journal_id` bigint(20) NOT NULL,
  `user_id` bigint(20) NOT NULL,
  `type_id` bigint(20) NOT NULL,
  `date_start` date DEFAULT NULL,
  `date_end` datetime DEFAULT NULL,
  `status` tinyint(4) NOT NULL DEFAULT 1,
  `membership` varchar(40) DEFAULT NULL,
  `reference_number` varchar(40) DEFAULT NULL,
  `notes` text DEFAULT NULL,
  PRIMARY KEY (`subscription_id`)
) ENGINE=MyISAM DEFAULT CHARSET=latin1;

--
-- Dumping data for table `subscriptions`
--


--
-- Table structure for table `temporary_files`
--

CREATE TABLE `temporary_files` (
  `file_id` bigint(20) NOT NULL AUTO_INCREMENT,
  `user_id` bigint(20) NOT NULL,
  `file_name` varchar(90) NOT NULL,
  `file_type` varchar(255) DEFAULT NULL,
  `file_size` bigint(20) NOT NULL,
  `original_file_name` varchar(127) DEFAULT NULL,
  `date_uploaded` datetime NOT NULL,
  PRIMARY KEY (`file_id`),
  KEY `temporary_files_user_id` (`user_id`)
) ENGINE=MyISAM AUTO_INCREMENT=35 DEFAULT CHARSET=latin1;

--
-- Dumping data for table `temporary_files`
--

INSERT INTO `temporary_files` VALUES (28,1,'png1iZ3or','image/png',3067727,'1. A Cover  Juli2021OK_001.png','2021-08-16 12:55:34'),(27,1,'jpgYhi02f','image/jpeg',86451,'cover_issue_13_en_US.jpg','2021-08-02 08:44:44'),(33,1,'jpgTzmpG9','image/jpeg',295930,'cover final.jpg','2022-02-04 13:06:05'),(34,1,'jpgQqWzX8','image/jpeg',283634,'cover final letter.jpg','2022-02-04 13:11:07');

--
-- Table structure for table `theses`
--

CREATE TABLE `theses` (
  `thesis_id` bigint(20) NOT NULL AUTO_INCREMENT,
  `journal_id` bigint(20) NOT NULL,
  `status` smallint(6) NOT NULL,
  `degree` smallint(6) NOT NULL,
  `degree_name` varchar(255) DEFAULT NULL,
  `department` varchar(255) NOT NULL,
  `university` varchar(255) NOT NULL,
  `date_approved` datetime NOT NULL,
  `title` varchar(255) NOT NULL,
  `url` text DEFAULT NULL,
  `abstract` text DEFAULT NULL,
  `comment` text DEFAULT NULL,
  `student_first_name` varchar(40) NOT NULL,
  `student_middle_name` varchar(40) DEFAULT NULL,
  `student_last_name` varchar(90) NOT NULL,
  `student_email` varchar(90) NOT NULL,
  `student_email_publish` tinyint(4) DEFAULT 0,
  `student_bio` text DEFAULT NULL,
  `supervisor_first_name` varchar(40) NOT NULL,
  `supervisor_middle_name` varchar(40) DEFAULT NULL,
  `supervisor_last_name` varchar(90) NOT NULL,
  `supervisor_email` varchar(90) NOT NULL,
  `discipline` varchar(255) DEFAULT NULL,
  `subject_class` varchar(255) DEFAULT NULL,
  `subject` varchar(255) DEFAULT NULL,
  `coverage_geo` varchar(255) DEFAULT NULL,
  `coverage_chron` varchar(255) DEFAULT NULL,
  `coverage_sample` varchar(255) DEFAULT NULL,
  `method` varchar(255) DEFAULT NULL,
  `language` varchar(10) DEFAULT 'en',
  `date_submitted` datetime NOT NULL,
  PRIMARY KEY (`thesis_id`),
  KEY `theses_journal_id` (`journal_id`)
) ENGINE=MyISAM DEFAULT CHARSET=latin1;

--
-- Dumping data for table `theses`
--


--
-- Table structure for table `usage_stats_temporary_records`
--

CREATE TABLE `usage_stats_temporary_records` (
  `assoc_id` bigint(20) NOT NULL,
  `assoc_type` bigint(20) NOT NULL,
  `day` bigint(20) NOT NULL,
  `metric` bigint(20) NOT NULL DEFAULT 1,
  `country_id` varchar(2) DEFAULT NULL,
  `region` varchar(2) DEFAULT NULL,
  `city` varchar(255) DEFAULT NULL,
  `load_id` varchar(255) NOT NULL,
  `file_type` tinyint(4) DEFAULT NULL,
  `entry_time` bigint(20) NOT NULL
) ENGINE=MyISAM DEFAULT CHARSET=latin1;

--
-- Dumping data for table `usage_stats_temporary_records`
--

INSERT INTO `usage_stats_temporary_records` VALUES (4,259,20190415,1,NULL,NULL,NULL,'usage_events_20190415.log',0,1555301887),(49,1048585,20190415,1,NULL,NULL,NULL,'usage_events_20190415.log',0,1555301676),(116,515,20190415,1,NULL,NULL,NULL,'usage_events_20190415.log',2,1555301664),(4,259,20190415,1,NULL,NULL,NULL,'usage_events_20190415.log',0,1555301655),(51,1048585,20190415,1,NULL,NULL,NULL,'usage_events_20190415.log',0,1555301324),(4,259,20190415,1,NULL,NULL,NULL,'usage_events_20190415.log',0,1555301304),(133,515,20190415,1,NULL,NULL,NULL,'usage_events_20190415.log',2,1555301098),(1,256,20190415,1,NULL,NULL,NULL,'usage_events_20190415.log',0,1555300865),(1,256,20190415,1,NULL,NULL,NULL,'usage_events_20190415.log',0,1555300731),(116,515,20190415,1,NULL,NULL,NULL,'usage_events_20190415.log',2,1555300041),(288,515,20190415,1,NULL,NULL,NULL,'usage_events_20190415.log',2,1555298673),(78,1048585,20190415,1,NULL,NULL,NULL,'usage_events_20190415.log',0,1555298531),(1,256,20190415,1,NULL,NULL,NULL,'usage_events_20190415.log',0,1555298149),(1,256,20180814,1,NULL,NULL,NULL,'usage_events_20180814.log',0,1534181810),(117,515,20180727,1,NULL,NULL,NULL,'usage_events_20180727.log',2,1532630171),(117,515,20180727,1,NULL,NULL,NULL,'usage_events_20180727.log',2,1532626645),(1,256,20190422,1,NULL,NULL,NULL,'usage_events_20190422.log',0,1555914614),(1,256,20190422,1,NULL,NULL,NULL,'usage_events_20190422.log',0,1555916303),(1,256,20190422,1,NULL,NULL,NULL,'usage_events_20190422.log',0,1555917511),(305,515,20190422,1,NULL,NULL,NULL,'usage_events_20190422.log',2,1555920767),(82,1048585,20190422,1,NULL,NULL,NULL,'usage_events_20190422.log',0,1555930622),(6,259,20190422,1,NULL,NULL,NULL,'usage_events_20190422.log',0,1555930634),(6,259,20190422,1,NULL,NULL,NULL,'usage_events_20190422.log',0,1555935182),(78,1048585,20190422,1,NULL,NULL,NULL,'usage_events_20190422.log',0,1555935243),(288,515,20190422,1,NULL,NULL,NULL,'usage_events_20190422.log',2,1555935334),(32,515,20200117,1,NULL,NULL,NULL,'usage_events_20200117.log',2,1579266873),(407,515,20200117,1,NULL,NULL,NULL,'usage_events_20200117.log',2,1579264923),(351,515,20200117,1,NULL,NULL,NULL,'usage_events_20200117.log',2,1579257317),(310,515,20200117,1,NULL,NULL,NULL,'usage_events_20200117.log',2,1579250056),(310,515,20200117,1,NULL,NULL,NULL,'usage_events_20200117.log',2,1579250006),(401,515,20200117,1,NULL,NULL,NULL,'usage_events_20200117.log',2,1579243980),(58,1048585,20200117,1,NULL,NULL,NULL,'usage_events_20200117.log',0,1579242975),(1,256,20200117,1,NULL,NULL,NULL,'usage_events_20200117.log',0,1579241456),(288,515,20200117,1,NULL,NULL,NULL,'usage_events_20200117.log',2,1579238218),(78,1048585,20200117,1,NULL,NULL,NULL,'usage_events_20200117.log',0,1579238207),(134,515,20200117,1,NULL,NULL,NULL,'usage_events_20200117.log',2,1579235952),(1,256,20200117,1,NULL,NULL,NULL,'usage_events_20200117.log',0,1579233119),(361,515,20200117,1,NULL,NULL,NULL,'usage_events_20200117.log',2,1579230922),(361,515,20200117,1,NULL,NULL,NULL,'usage_events_20200117.log',2,1579230889),(151,1048585,20200117,1,NULL,NULL,NULL,'usage_events_20200117.log',0,1579230314),(414,515,20200117,1,NULL,NULL,NULL,'usage_events_20200117.log',2,1579229880),(1,256,20200117,1,NULL,NULL,NULL,'usage_events_20200117.log',0,1579229839),(401,515,20200117,1,NULL,NULL,NULL,'usage_events_20200117.log',2,1579229754),(401,515,20200117,1,NULL,NULL,NULL,'usage_events_20200117.log',2,1579229714),(1,256,20200117,1,NULL,NULL,NULL,'usage_events_20200117.log',0,1579228932),(1,256,20200117,1,NULL,NULL,NULL,'usage_events_20200117.log',0,1579228888),(407,515,20200117,1,NULL,NULL,NULL,'usage_events_20200117.log',2,1579226891),(407,515,20200117,1,NULL,NULL,NULL,'usage_events_20200117.log',2,1579226820),(407,515,20200117,1,NULL,NULL,NULL,'usage_events_20200117.log',2,1579226759),(407,515,20200117,1,NULL,NULL,NULL,'usage_events_20200117.log',2,1579226694),(407,515,20200117,1,NULL,NULL,NULL,'usage_events_20200117.log',2,1579226616),(407,515,20200117,1,NULL,NULL,NULL,'usage_events_20200117.log',2,1579226548),(407,515,20200117,1,NULL,NULL,NULL,'usage_events_20200117.log',2,1579226488),(407,515,20200117,1,NULL,NULL,NULL,'usage_events_20200117.log',2,1579226376),(407,515,20200117,1,NULL,NULL,NULL,'usage_events_20200117.log',2,1579226296),(407,515,20200117,1,NULL,NULL,NULL,'usage_events_20200117.log',2,1579226228),(407,515,20200117,1,NULL,NULL,NULL,'usage_events_20200117.log',2,1579226163),(407,515,20200117,1,NULL,NULL,NULL,'usage_events_20200117.log',2,1579226101),(407,515,20200117,1,NULL,NULL,NULL,'usage_events_20200117.log',2,1579226036),(407,515,20200117,1,NULL,NULL,NULL,'usage_events_20200117.log',2,1579225928),(407,515,20200117,1,NULL,NULL,NULL,'usage_events_20200117.log',2,1579225812),(407,515,20200117,1,NULL,NULL,NULL,'usage_events_20200117.log',2,1579225751),(407,515,20200117,1,NULL,NULL,NULL,'usage_events_20200117.log',2,1579225685),(407,515,20200117,1,NULL,NULL,NULL,'usage_events_20200117.log',2,1579225601),(407,515,20200117,1,NULL,NULL,NULL,'usage_events_20200117.log',2,1579225516),(407,515,20200117,1,NULL,NULL,NULL,'usage_events_20200117.log',2,1579225443),(407,515,20200117,1,NULL,NULL,NULL,'usage_events_20200117.log',2,1579225378),(150,1048585,20200117,1,NULL,NULL,NULL,'usage_events_20200117.log',0,1579225288),(150,1048585,20200117,1,NULL,NULL,NULL,'usage_events_20200117.log',0,1579225139),(8,259,20200117,1,NULL,NULL,NULL,'usage_events_20200117.log',0,1579223767),(4,1048585,20200117,1,NULL,NULL,NULL,'usage_events_20200117.log',0,1579223467),(361,515,20200117,1,NULL,NULL,NULL,'usage_events_20200117.log',2,1579222973),(361,515,20200117,1,NULL,NULL,NULL,'usage_events_20200117.log',2,1579222863),(9,259,20200117,1,NULL,NULL,NULL,'usage_events_20200117.log',0,1579222846),(141,1048585,20200117,1,NULL,NULL,NULL,'usage_events_20200117.log',0,1579222819),(288,515,20200117,1,NULL,NULL,NULL,'usage_events_20200117.log',2,1579222617),(1,256,20200117,1,NULL,NULL,NULL,'usage_events_20200117.log',0,1579214488),(90,1048585,20200117,1,NULL,NULL,NULL,'usage_events_20200117.log',0,1579196793),(150,1048585,20200117,1,NULL,NULL,NULL,'usage_events_20200117.log',0,1579196763),(89,1048585,20200117,1,NULL,NULL,NULL,'usage_events_20200117.log',0,1579196733),(152,1048585,20200117,1,NULL,NULL,NULL,'usage_events_20200117.log',0,1579196688),(85,1048585,20200117,1,NULL,NULL,NULL,'usage_events_20200117.log',0,1579196673),(151,1048585,20200117,1,NULL,NULL,NULL,'usage_events_20200117.log',0,1579196643),(3,259,20200117,1,NULL,NULL,NULL,'usage_events_20200117.log',0,1579196553),(87,1048585,20200117,1,NULL,NULL,NULL,'usage_events_20200117.log',0,1579196433),(379,515,20200117,1,NULL,NULL,NULL,'usage_events_20200117.log',2,1579196418),(113,1048585,20200117,1,NULL,NULL,NULL,'usage_events_20200117.log',0,1579196403),(91,1048585,20200117,1,NULL,NULL,NULL,'usage_events_20200117.log',0,1579196358),(5,259,20200117,1,NULL,NULL,NULL,'usage_events_20200117.log',0,1579196313),(146,1048585,20200117,1,NULL,NULL,NULL,'usage_events_20200117.log',0,1579196269),(114,1048585,20200117,1,NULL,NULL,NULL,'usage_events_20200117.log',0,1579196255),(4,259,20200117,1,NULL,NULL,NULL,'usage_events_20200117.log',0,1579196239),(99,1048585,20200117,1,NULL,NULL,NULL,'usage_events_20200117.log',0,1579196209),(1,259,20200117,1,NULL,NULL,NULL,'usage_events_20200117.log',0,1579196194),(125,1048585,20200117,1,NULL,NULL,NULL,'usage_events_20200117.log',0,1579196166),(147,1048585,20200117,1,NULL,NULL,NULL,'usage_events_20200117.log',0,1579196074),(10,259,20200117,1,NULL,NULL,NULL,'usage_events_20200117.log',0,1579196047),(1,256,20200117,1,NULL,NULL,NULL,'usage_events_20200117.log',0,1579195926),(9,259,20200117,1,NULL,NULL,NULL,'usage_events_20200117.log',0,1579195910),(148,1048585,20200117,1,NULL,NULL,NULL,'usage_events_20200117.log',0,1579195852),(115,1048585,20200117,1,NULL,NULL,NULL,'usage_events_20200117.log',0,1579195818),(86,1048585,20200117,1,NULL,NULL,NULL,'usage_events_20200117.log',0,1579195807),(407,515,20200117,1,NULL,NULL,NULL,'usage_events_20200117.log',2,1579195774),(149,1048585,20200117,1,NULL,NULL,NULL,'usage_events_20200117.log',0,1579195669),(100,1048585,20200117,1,NULL,NULL,NULL,'usage_events_20200117.log',0,1579195639),(88,1048585,20200117,1,NULL,NULL,NULL,'usage_events_20200117.log',0,1579195626),(10,259,20200117,1,NULL,NULL,NULL,'usage_events_20200117.log',0,1579195610),(6,259,20200117,1,NULL,NULL,NULL,'usage_events_20200117.log',0,1579195595),(8,259,20200117,1,NULL,NULL,NULL,'usage_events_20200117.log',0,1579195566),(7,259,20200117,1,NULL,NULL,NULL,'usage_events_20200117.log',0,1579195549),(1,256,20200117,1,NULL,NULL,NULL,'usage_events_20200117.log',0,1579195520),(387,515,20200117,1,NULL,NULL,NULL,'usage_events_20200117.log',2,1579195507),(1,256,20200117,1,NULL,NULL,NULL,'usage_events_20200117.log',0,1579195370),(9,259,20191004,1,NULL,NULL,NULL,'usage_events_20191004.log',0,1570176602),(9,259,20191004,1,NULL,NULL,NULL,'usage_events_20191004.log',0,1570176600),(1,256,20191004,1,NULL,NULL,NULL,'usage_events_20191004.log',0,1570176600),(139,1048585,20191004,1,NULL,NULL,NULL,'usage_events_20191004.log',0,1570176599),(139,1048585,20191004,1,NULL,NULL,NULL,'usage_events_20191004.log',0,1570176599),(414,515,20191004,1,NULL,NULL,NULL,'usage_events_20191004.log',2,1570175656),(414,515,20191004,1,NULL,NULL,NULL,'usage_events_20191004.log',2,1570175541),(1,256,20191004,1,NULL,NULL,NULL,'usage_events_20191004.log',0,1570168311),(116,515,20191004,1,NULL,NULL,NULL,'usage_events_20191004.log',2,1570159599),(49,1048585,20191004,1,NULL,NULL,NULL,'usage_events_20191004.log',0,1570159594),(4,259,20191004,1,NULL,NULL,NULL,'usage_events_20191004.log',0,1570159588),(4,259,20191004,1,NULL,NULL,NULL,'usage_events_20191004.log',0,1570159473),(116,515,20191004,1,NULL,NULL,NULL,'usage_events_20191004.log',2,1570159469),(49,1048585,20191004,1,NULL,NULL,NULL,'usage_events_20191004.log',0,1570159448),(35,1048585,20191004,1,NULL,NULL,NULL,'usage_events_20191004.log',0,1570158312),(306,515,20191004,1,NULL,NULL,NULL,'usage_events_20191004.log',2,1570155033),(394,515,20191004,1,NULL,NULL,NULL,'usage_events_20191004.log',2,1570153304),(306,515,20191004,1,NULL,NULL,NULL,'usage_events_20191004.log',2,1570152971),(394,515,20191004,1,NULL,NULL,NULL,'usage_events_20191004.log',2,1570152184),(351,515,20191004,1,NULL,NULL,NULL,'usage_events_20191004.log',2,1570151988),(78,1048585,20191004,1,NULL,NULL,NULL,'usage_events_20191004.log',0,1570151323),(351,515,20191004,1,NULL,NULL,NULL,'usage_events_20191004.log',2,1570151039),(394,515,20191004,1,NULL,NULL,NULL,'usage_events_20191004.log',2,1570150836),(394,515,20191004,1,NULL,NULL,NULL,'usage_events_20191004.log',2,1570150692),(139,1048585,20191004,1,NULL,NULL,NULL,'usage_events_20191004.log',0,1570150498);

--
-- Table structure for table `user_group_settings`
--

CREATE TABLE `user_group_settings` (
  `user_group_id` bigint(20) NOT NULL,
  `locale` varchar(14) NOT NULL DEFAULT '',
  `setting_name` varchar(255) NOT NULL,
  `setting_value` text DEFAULT NULL,
  `setting_type` varchar(6) NOT NULL,
  UNIQUE KEY `user_group_settings_pkey` (`user_group_id`,`locale`,`setting_name`)
) ENGINE=MyISAM DEFAULT CHARSET=latin1;

--
-- Dumping data for table `user_group_settings`
--

INSERT INTO `user_group_settings` VALUES (2,'','nameLocaleKey','default.groups.name.manager','string'),(2,'','abbrevLocaleKey','default.groups.abbrev.manager','string'),(2,'en_US','name','Journal manager','string'),(2,'en_US','abbrev','JM','string'),(3,'','nameLocaleKey','default.groups.name.editor','string'),(3,'','abbrevLocaleKey','default.groups.abbrev.editor','string'),(3,'en_US','name','Journal editor','string'),(3,'en_US','abbrev','JE','string'),(4,'','nameLocaleKey','default.groups.name.productionEditor','string'),(4,'','abbrevLocaleKey','default.groups.abbrev.productionEditor','string'),(4,'en_US','name','Production editor','string'),(4,'en_US','abbrev','ProdE','string'),(5,'','nameLocaleKey','default.groups.name.sectionEditor','string'),(5,'','abbrevLocaleKey','default.groups.abbrev.sectionEditor','string'),(5,'en_US','name','Section editor','string'),(5,'en_US','abbrev','SecE','string'),(6,'','nameLocaleKey','default.groups.name.guestEditor','string'),(6,'','abbrevLocaleKey','default.groups.abbrev.guestEditor','string'),(6,'en_US','name','Guest editor','string'),(6,'en_US','abbrev','GE','string'),(7,'','nameLocaleKey','default.groups.name.copyeditor','string'),(7,'','abbrevLocaleKey','default.groups.abbrev.copyeditor','string'),(7,'en_US','name','Copyeditor','string'),(7,'en_US','abbrev','CE','string'),(8,'','nameLocaleKey','default.groups.name.designer','string'),(8,'','abbrevLocaleKey','default.groups.abbrev.designer','string'),(8,'en_US','name','Designer','string'),(8,'en_US','abbrev','Design','string'),(9,'','nameLocaleKey','default.groups.name.funding','string'),(9,'','abbrevLocaleKey','default.groups.abbrev.funding','string'),(9,'en_US','name','Funding coordinator','string'),(9,'en_US','abbrev','FC','string'),(10,'','nameLocaleKey','default.groups.name.indexer','string'),(10,'','abbrevLocaleKey','default.groups.abbrev.indexer','string'),(10,'en_US','name','Indexer','string'),(10,'en_US','abbrev','IND','string'),(11,'','nameLocaleKey','default.groups.name.layoutEditor','string'),(11,'','abbrevLocaleKey','default.groups.abbrev.layoutEditor','string'),(11,'en_US','name','Layout Editor','string'),(11,'en_US','abbrev','LE','string'),(12,'','nameLocaleKey','default.groups.name.marketing','string'),(12,'','abbrevLocaleKey','default.groups.abbrev.marketing','string'),(12,'en_US','name','Marketing and sales coordinator','string'),(12,'en_US','abbrev','MS','string'),(13,'','nameLocaleKey','default.groups.name.proofreader','string'),(13,'','abbrevLocaleKey','default.groups.abbrev.proofreader','string'),(13,'en_US','name','Proofreader','string'),(13,'en_US','abbrev','PR','string'),(14,'','nameLocaleKey','default.groups.name.author','string'),(14,'','abbrevLocaleKey','default.groups.abbrev.author','string'),(14,'en_US','name','Author','string'),(14,'en_US','abbrev','AU','string'),(15,'','nameLocaleKey','default.groups.name.translator','string'),(15,'','abbrevLocaleKey','default.groups.abbrev.translator','string'),(15,'en_US','name','Translator','string'),(15,'en_US','abbrev','Trans','string'),(16,'','nameLocaleKey','default.groups.name.externalReviewer','string'),(16,'','abbrevLocaleKey','default.groups.abbrev.externalReviewer','string'),(16,'en_US','name','Reviewer','string'),(16,'en_US','abbrev','R','string'),(17,'','nameLocaleKey','default.groups.name.reader','string'),(17,'','abbrevLocaleKey','default.groups.abbrev.reader','string'),(17,'en_US','name','Reader','string'),(17,'en_US','abbrev','Read','string'),(18,'','nameLocaleKey','default.groups.name.subscriptionManager','string'),(18,'','abbrevLocaleKey','default.groups.abbrev.subscriptionManager','string'),(18,'en_US','name','Subscription Manager','string'),(18,'en_US','abbrev','SubM','string');

--
-- Table structure for table `user_group_stage`
--

CREATE TABLE `user_group_stage` (
  `context_id` bigint(20) NOT NULL,
  `user_group_id` bigint(20) NOT NULL,
  `stage_id` bigint(20) NOT NULL,
  UNIQUE KEY `user_group_stage_pkey` (`context_id`,`user_group_id`,`stage_id`),
  KEY `user_group_stage_context_id` (`context_id`),
  KEY `user_group_stage_user_group_id` (`user_group_id`),
  KEY `user_group_stage_stage_id` (`stage_id`)
) ENGINE=MyISAM DEFAULT CHARSET=latin1;

--
-- Dumping data for table `user_group_stage`
--

INSERT INTO `user_group_stage` VALUES (1,3,1),(1,3,3),(1,3,4),(1,3,5),(1,4,4),(1,4,5),(1,5,1),(1,5,3),(1,5,4),(1,5,5),(1,6,1),(1,6,3),(1,6,4),(1,6,5),(1,7,4),(1,8,5),(1,9,1),(1,9,3),(1,10,5),(1,11,5),(1,12,4),(1,13,5),(1,14,1),(1,14,3),(1,14,4),(1,14,5),(1,15,1),(1,15,3),(1,15,4),(1,15,5),(1,16,3);

--
-- Table structure for table `user_groups`
--

CREATE TABLE `user_groups` (
  `user_group_id` bigint(20) NOT NULL AUTO_INCREMENT,
  `context_id` bigint(20) NOT NULL,
  `role_id` bigint(20) NOT NULL,
  `is_default` tinyint(4) NOT NULL DEFAULT 0,
  `show_title` tinyint(4) NOT NULL DEFAULT 1,
  `permit_self_registration` tinyint(4) NOT NULL DEFAULT 0,
  PRIMARY KEY (`user_group_id`),
  KEY `user_groups_user_group_id` (`user_group_id`),
  KEY `user_groups_context_id` (`context_id`),
  KEY `user_groups_role_id` (`role_id`)
) ENGINE=MyISAM AUTO_INCREMENT=36 DEFAULT CHARSET=latin1;

--
-- Dumping data for table `user_groups`
--

INSERT INTO `user_groups` VALUES (1,0,1,1,1,0),(2,1,16,1,0,0),(3,1,16,1,0,0),(4,1,16,1,0,0),(5,1,17,1,0,0),(6,1,17,1,0,0),(7,1,4097,1,0,0),(8,1,4097,1,0,0),(9,1,4097,1,0,0),(10,1,4097,1,0,0),(11,1,4097,1,0,0),(12,1,4097,1,0,0),(13,1,4097,1,0,0),(14,1,65536,1,0,1),(15,1,65536,1,0,0),(16,1,4096,1,0,1),(17,1,1048576,1,0,1),(18,1,2097152,1,0,0);

--
-- Table structure for table `user_interests`
--

CREATE TABLE `user_interests` (
  `user_id` bigint(20) NOT NULL,
  `controlled_vocab_entry_id` bigint(20) NOT NULL,
  UNIQUE KEY `u_e_pkey` (`user_id`,`controlled_vocab_entry_id`)
) ENGINE=MyISAM DEFAULT CHARSET=latin1;

--
-- Dumping data for table `user_interests`
--

INSERT INTO `user_interests` VALUES (6,19),(10,20),(10,21),(10,22),(10,23),(10,24),(10,25),(10,26),(10,27),(10,28),(10,29),(10,30),(10,31),(10,32),(10,33),(10,34),(10,35),(10,36),(10,37),(10,38),(10,39),(10,40),(10,41),(10,42),(10,43),(10,44),(10,45),(10,46),(10,47),(10,48),(10,49),(10,50),(10,51),(19,52),(30,211),(36,212),(367,213),(367,214),(367,215),(457,216),(465,217),(559,218),(675,219),(675,220),(677,221),(680,222),(681,223),(685,224),(685,225),(688,224),(688,226),(690,227),(693,228),(695,229),(696,230);

--
-- Table structure for table `user_settings`
--

CREATE TABLE `user_settings` (
  `user_id` bigint(20) NOT NULL,
  `locale` varchar(14) NOT NULL DEFAULT '',
  `setting_name` varchar(255) NOT NULL,
  `assoc_type` bigint(20) DEFAULT 0,
  `assoc_id` bigint(20) DEFAULT 0,
  `setting_value` text DEFAULT NULL,
  `setting_type` varchar(6) NOT NULL,
  UNIQUE KEY `user_settings_pkey` (`user_id`,`locale`,`setting_name`,`assoc_type`,`assoc_id`),
  KEY `user_settings_user_id` (`user_id`)
) ENGINE=MyISAM DEFAULT CHARSET=latin1;

--
-- Dumping data for table `user_settings`
--

INSERT INTO `user_settings` VALUES (2,'en_US','biography',0,0,'','string'),(2,'en_US','signature',0,0,'','string'),(2,'en_US','affiliation',0,0,'','string'),(3,'en_US','biography',0,0,'','string'),(3,'en_US','signature',0,0,'','string'),(3,'en_US','affiliation',0,0,'','string'),(4,'en_US','biography',0,0,'','string'),(4,'en_US','signature',0,0,'','string'),(4,'en_US','affiliation',0,0,'','string'),(1,'','filterEditor',256,1,'0','int'),(1,'','filterSection',256,1,'1','int'),(5,'en_US','biography',0,0,'','string'),(5,'en_US','signature',0,0,'','string'),(5,'en_US','affiliation',0,0,'','string'),(6,'en_US','biography',0,0,'','string'),(6,'en_US','signature',0,0,'','string'),(6,'en_US','affiliation',0,0,'','string'),(7,'en_US','biography',0,0,'','string'),(7,'en_US','signature',0,0,'','string'),(7,'en_US','affiliation',0,0,'','string'),(8,'en_US','biography',0,0,'','string'),(8,'en_US','signature',0,0,'','string'),(8,'en_US','affiliation',0,0,'','string'),(9,'en_US','biography',0,0,'','string'),(9,'en_US','signature',0,0,'http://youtu.be/Y4Stdtu1fRk Childbirth at Husky','string'),(9,'en_US','affiliation',0,0,'Take Two Academy','string'),(10,'en_US','biography',0,0,'ЕÑли думаете купить щенка,http://youtu.be/1Zd-_eJAZV8 купить Ñобаку и в поиÑке вбиваете щенок цена, порода Ñобака, то ваш выбор хаÑки! Купить хаÑки, купить маламута, хаÑки цена, ценах хаÑки, цена маламута, купить хаÑки и маламута ! \r\nОчень милое видео на Ñамом хорошем видео канале о Ñобаках, на котором видео о хаÑки, дреÑÑировка хаÑки, обучение хаÑки, хаÑки шоу, хаÑки поёт и хаÑки разговаривает, хаÑки и маламут, ÑибирÑкий хаÑки, алÑÑкинÑкий маламут, хаÑки порода и как купить щенка хаÑки, хаÑки цена и вÑё о хаÑки, \r\nна Ñтом видео хаÑки рожает очень крутых щенков хаÑки http://youtu.be/NW-e2uBgk1w Ñмотреть хаÑки беÑплатно ! видео хаÑки длÑ вÑех люителей Ñобак, Ñамые крутые ездовые Ñобаки ÑибирÑкий хаÑки, хаÑке хаÑки. \r\nHusky puppies free video husky in this video with Huskies http://youtu.be/1Zd-_eJAZV8 and on the other video of this channel about dogs you will see these videos, how husky show , Siberian Husky and Alaskan Malamute , Husky sings and Husky talking , Husky training , Husky puppies, the best breed of husky dogs , training teams Huskies , funny and cute video jokes Huskies. \r\n<a href=http://radikal.ru><img>http://s018.radikal.ru/i527/1611/90/7fb389ede0f1.jpg</img></a> \r\nЛучшее, что Ñ видела, Ñмотри Ñто видео http://youtu.be/1Zd-_eJAZV8','string'),(10,'en_US','signature',0,0,'http://youtu.be/1Zd-_eJAZV8 Siberian Husky and Alaskan Malamute','string'),(10,'en_US','affiliation',0,0,'ЕÑли думаете купить щенка,http://youtu.be/1Zd-_eJAZV8 купить Ñобаку и в поиÑке вбиваете щенок цена, порода Ñобака, то ваш выбор хаÑки! Купить хаÑки, купить маламута, хаÑки цена, ценах хаÑки, цена маламута, купить хаÑки и маламута ! \r\nОчень милое видео на Ñамом хорошем видео канале о Ñобаках, на котором видео о хаÑки, дреÑÑировка хаÑки, обучение хаÑки, хаÑки шоу, хаÑки поёт и хаÑки разговаривает, хаÑки и маламут, ÑибирÑкий хаÑки, алÑÑкинÑкий маламут, хаÑки порода и как купить щенка хаÑки, хаÑки цена и вÑё о хаÑки, \r\nна Ñтом видео хаÑки рожает очень крутых щенков хаÑки http://youtu.be/NW-e2uBgk1w Ñмотреть хаÑки беÑплатно ! видео хаÑки длÑ вÑех люителей Ñобак, Ñамые крутые ездовые Ñобаки ÑибирÑкий хаÑки, хаÑке хаÑки. \r\nHusky puppies free video husky in this video with Huskies http://youtu.be/1Zd-_eJAZV8 and on the other video of this channel about dogs you will see these videos, how husky show , Siberian Husky and Alaskan Malamute , Husky sings and Husky talking , Husky training , Husky puppies, the best breed of husky dogs , training teams Huskies , funny and cute video jokes Huskies. \r\n<a href=http://radikal.ru><img>http://s018.radikal.ru/i527/1611/90/7fb389ede0f1.jpg</img></a> \r\nЛучшее, что Ñ видела, Ñмотри Ñто видео http://youtu.be/1Zd-_eJAZV8','string'),(11,'en_US','biography',0,0,'','string'),(11,'en_US','signature',0,0,'http://youtu.be/1Zd-_eJAZV8 Massage in Kharkov','string'),(11,'en_US','affiliation',0,0,'Carnegie Mellon','string'),(12,'en_US','biography',0,0,'','string'),(12,'en_US','signature',0,0,'','string'),(12,'en_US','affiliation',0,0,'','string'),(13,'en_US','biography',0,0,'a','string'),(13,'en_US','signature',0,0,'a','string'),(13,'en_US','affiliation',0,0,'a','string'),(14,'en_US','biography',0,0,'','string'),(14,'en_US','signature',0,0,'','string'),(14,'en_US','affiliation',0,0,'','string'),(15,'en_US','biography',0,0,'','string'),(15,'en_US','signature',0,0,'','string'),(15,'en_US','affiliation',0,0,'','string'),(16,'en_US','biography',0,0,'','string'),(16,'en_US','signature',0,0,'','string'),(16,'en_US','affiliation',0,0,'','string'),(17,'en_US','biography',0,0,'asdasdasdasdas','string'),(17,'en_US','signature',0,0,'asdasdasdasdas','string'),(17,'en_US','affiliation',0,0,'asdasdasdasdas','string'),(18,'en_US','biography',0,0,'ffg','string'),(18,'en_US','signature',0,0,'tt','string'),(18,'en_US','affiliation',0,0,'tt','string'),(19,'en_US','biography',0,0,'ggh','string'),(19,'en_US','signature',0,0,'hhh','string'),(19,'en_US','affiliation',0,0,'fakyuhhh','string'),(20,'en_US','biography',0,0,'ew','string'),(20,'en_US','signature',0,0,'ew','string'),(20,'en_US','affiliation',0,0,'ew','string'),(1,'en_US','biography',0,0,'','string'),(1,'en_US','signature',0,0,'','string'),(1,'en_US','affiliation',0,0,'','string'),(1,'','orcid',0,0,'','string'),(4,'','orcid',0,0,'','string'),(21,'en_US','affiliation',0,0,'eva','string'),(22,'en_US','affiliation',0,0,'poltekkes kemenkes semarang','string'),(23,'en_US','affiliation',0,0,'Poltekkes Kemenkes Semarang','string'),(24,'en_US','affiliation',0,0,'Poltekkes Kemenkes Semarang','string'),(25,'en_US','affiliation',0,0,'Poltekkes Kemenkes Semarang','string'),(26,'en_US','affiliation',0,0,'Poltekes kemenkes semarang','string'),(27,'en_US','affiliation',0,0,'RSK NGESTI WALUYO','string'),(28,'en_US','affiliation',0,0,'RSUD Temanggung','string'),(29,'en_US','affiliation',0,0,'sadasdad','string'),(30,'en_US','affiliation',0,0,'Member','string'),(31,'en_US','affiliation',0,0,'perempuan','string'),(32,'en_US','affiliation',0,0,'Kebidanan','string'),(33,'en_US','affiliation',0,0,'anggota','string'),(34,'en_US','affiliation',0,0,'sadaadsd','string'),(35,'en_US','affiliation',0,0,'ASAs','string'),(36,'en_US','affiliation',0,0,'akademi keperawatan insan husada surakarta','string'),(37,'en_US','affiliation',0,0,'asd','string'),(38,'en_US','affiliation',0,0,'asas','string'),(39,'en_US','affiliation',0,0,'','string'),(40,'en_US','affiliation',0,0,'','string'),(41,'en_US','affiliation',0,0,'','string'),(42,'en_US','affiliation',0,0,'','string'),(43,'en_US','affiliation',0,0,'','string'),(44,'en_US','affiliation',0,0,'','string'),(45,'en_US','affiliation',0,0,'','string'),(46,'en_US','affiliation',0,0,'','string'),(47,'en_US','affiliation',0,0,'','string'),(48,'en_US','affiliation',0,0,'','string'),(49,'en_US','affiliation',0,0,'','string'),(50,'en_US','affiliation',0,0,'','string'),(51,'en_US','affiliation',0,0,'','string'),(52,'en_US','affiliation',0,0,'','string'),(53,'en_US','affiliation',0,0,'','string'),(54,'en_US','affiliation',0,0,'','string'),(55,'en_US','affiliation',0,0,'','string'),(56,'en_US','affiliation',0,0,'','string'),(57,'en_US','affiliation',0,0,'','string'),(58,'en_US','affiliation',0,0,'','string'),(59,'en_US','affiliation',0,0,'','string'),(60,'en_US','affiliation',0,0,'','string'),(61,'en_US','affiliation',0,0,'','string'),(62,'en_US','affiliation',0,0,'','string'),(63,'en_US','affiliation',0,0,'','string'),(64,'en_US','affiliation',0,0,'','string'),(65,'en_US','affiliation',0,0,'','string'),(66,'en_US','affiliation',0,0,'','string'),(67,'en_US','affiliation',0,0,'','string'),(68,'en_US','affiliation',0,0,'','string'),(69,'en_US','affiliation',0,0,'','string'),(70,'en_US','affiliation',0,0,'','string'),(71,'en_US','affiliation',0,0,'','string'),(72,'en_US','affiliation',0,0,'','string'),(73,'en_US','affiliation',0,0,'','string'),(74,'en_US','affiliation',0,0,'','string'),(75,'en_US','affiliation',0,0,'','string'),(76,'en_US','affiliation',0,0,'','string'),(77,'en_US','affiliation',0,0,'','string'),(78,'en_US','affiliation',0,0,'','string'),(79,'en_US','affiliation',0,0,'','string'),(80,'en_US','affiliation',0,0,'','string'),(81,'en_US','affiliation',0,0,'','string'),(82,'en_US','affiliation',0,0,'','string'),(83,'en_US','affiliation',0,0,'','string'),(84,'en_US','affiliation',0,0,'','string'),(85,'en_US','affiliation',0,0,'','string'),(86,'en_US','affiliation',0,0,'','string'),(87,'en_US','affiliation',0,0,'','string'),(88,'en_US','affiliation',0,0,'','string'),(89,'en_US','affiliation',0,0,'','string'),(90,'en_US','affiliation',0,0,'','string'),(91,'en_US','affiliation',0,0,'','string'),(92,'en_US','affiliation',0,0,'','string'),(93,'en_US','affiliation',0,0,'','string'),(94,'en_US','affiliation',0,0,'','string'),(95,'en_US','affiliation',0,0,'','string'),(96,'en_US','affiliation',0,0,'','string'),(97,'en_US','affiliation',0,0,'','string'),(98,'en_US','affiliation',0,0,'','string'),(99,'en_US','affiliation',0,0,'','string'),(100,'en_US','affiliation',0,0,'','string'),(101,'en_US','affiliation',0,0,'','string'),(102,'en_US','affiliation',0,0,'','string'),(103,'en_US','affiliation',0,0,'','string'),(104,'en_US','affiliation',0,0,'','string'),(105,'en_US','affiliation',0,0,'','string'),(106,'en_US','affiliation',0,0,'','string'),(107,'en_US','affiliation',0,0,'','string'),(108,'en_US','affiliation',0,0,'','string'),(109,'en_US','affiliation',0,0,'','string'),(110,'en_US','affiliation',0,0,'','string'),(111,'en_US','affiliation',0,0,'','string'),(112,'en_US','affiliation',0,0,'','string'),(113,'en_US','affiliation',0,0,'','string'),(114,'en_US','affiliation',0,0,'','string'),(115,'en_US','affiliation',0,0,'','string'),(116,'en_US','affiliation',0,0,'','string'),(117,'en_US','affiliation',0,0,'','string'),(118,'en_US','affiliation',0,0,'','string'),(119,'en_US','affiliation',0,0,'','string'),(120,'en_US','affiliation',0,0,'','string'),(121,'en_US','affiliation',0,0,'','string'),(122,'en_US','affiliation',0,0,'','string'),(123,'en_US','affiliation',0,0,'','string'),(124,'en_US','affiliation',0,0,'','string'),(125,'en_US','affiliation',0,0,'','string'),(126,'en_US','affiliation',0,0,'','string'),(127,'en_US','affiliation',0,0,'','string'),(128,'en_US','affiliation',0,0,'','string'),(129,'en_US','affiliation',0,0,'','string'),(130,'en_US','affiliation',0,0,'','string'),(131,'en_US','affiliation',0,0,'','string'),(132,'en_US','affiliation',0,0,'','string'),(133,'en_US','affiliation',0,0,'','string'),(134,'en_US','affiliation',0,0,'','string'),(135,'en_US','affiliation',0,0,'','string'),(136,'en_US','affiliation',0,0,'','string'),(137,'en_US','affiliation',0,0,'','string'),(138,'en_US','affiliation',0,0,'','string'),(139,'en_US','affiliation',0,0,'','string'),(140,'en_US','affiliation',0,0,'','string'),(141,'en_US','affiliation',0,0,'','string'),(142,'en_US','affiliation',0,0,'','string'),(143,'en_US','affiliation',0,0,'','string'),(144,'en_US','affiliation',0,0,'','string'),(145,'en_US','affiliation',0,0,'','string'),(146,'en_US','affiliation',0,0,'','string'),(147,'en_US','affiliation',0,0,'','string'),(148,'en_US','affiliation',0,0,'','string'),(149,'en_US','affiliation',0,0,'','string'),(150,'en_US','affiliation',0,0,'','string'),(151,'en_US','affiliation',0,0,'','string'),(152,'en_US','affiliation',0,0,'','string'),(153,'en_US','affiliation',0,0,'','string'),(154,'en_US','affiliation',0,0,'','string'),(155,'en_US','affiliation',0,0,'','string'),(156,'en_US','affiliation',0,0,'','string'),(157,'en_US','affiliation',0,0,'','string'),(158,'en_US','affiliation',0,0,'','string'),(159,'en_US','affiliation',0,0,'','string'),(160,'en_US','affiliation',0,0,'','string'),(161,'en_US','affiliation',0,0,'','string'),(162,'en_US','affiliation',0,0,'','string'),(163,'en_US','affiliation',0,0,'','string'),(164,'en_US','affiliation',0,0,'','string'),(165,'en_US','affiliation',0,0,'','string'),(166,'en_US','affiliation',0,0,'','string'),(167,'en_US','affiliation',0,0,'','string'),(168,'en_US','affiliation',0,0,'','string'),(169,'en_US','affiliation',0,0,'','string'),(170,'en_US','affiliation',0,0,'','string'),(171,'en_US','affiliation',0,0,'','string'),(172,'en_US','affiliation',0,0,'','string'),(173,'en_US','affiliation',0,0,'','string'),(174,'en_US','affiliation',0,0,'','string'),(175,'en_US','affiliation',0,0,'','string'),(176,'en_US','affiliation',0,0,'','string'),(177,'en_US','affiliation',0,0,'','string'),(178,'en_US','affiliation',0,0,'','string'),(179,'en_US','affiliation',0,0,'','string'),(180,'en_US','affiliation',0,0,'','string'),(181,'en_US','affiliation',0,0,'','string'),(182,'en_US','affiliation',0,0,'','string'),(183,'en_US','affiliation',0,0,'','string'),(184,'en_US','affiliation',0,0,'','string'),(185,'en_US','affiliation',0,0,'','string'),(186,'en_US','affiliation',0,0,'','string'),(187,'en_US','affiliation',0,0,'','string'),(188,'en_US','affiliation',0,0,'','string'),(189,'en_US','affiliation',0,0,'','string'),(190,'en_US','affiliation',0,0,'','string'),(191,'en_US','affiliation',0,0,'','string'),(192,'en_US','affiliation',0,0,'','string'),(193,'en_US','affiliation',0,0,'','string'),(194,'en_US','affiliation',0,0,'','string'),(195,'en_US','affiliation',0,0,'','string'),(196,'en_US','affiliation',0,0,'','string'),(197,'en_US','affiliation',0,0,'','string'),(198,'en_US','affiliation',0,0,'','string'),(199,'en_US','affiliation',0,0,'','string'),(200,'en_US','affiliation',0,0,'','string'),(201,'en_US','affiliation',0,0,'','string'),(202,'en_US','affiliation',0,0,'','string'),(203,'en_US','affiliation',0,0,'','string'),(204,'en_US','affiliation',0,0,'','string'),(205,'en_US','affiliation',0,0,'','string'),(206,'en_US','affiliation',0,0,'','string'),(207,'en_US','affiliation',0,0,'','string'),(208,'en_US','affiliation',0,0,'','string'),(209,'en_US','affiliation',0,0,'','string'),(210,'en_US','affiliation',0,0,'','string'),(211,'en_US','affiliation',0,0,'','string'),(212,'en_US','affiliation',0,0,'','string'),(213,'en_US','affiliation',0,0,'','string'),(214,'en_US','affiliation',0,0,'','string'),(215,'en_US','affiliation',0,0,'','string'),(216,'en_US','affiliation',0,0,'','string'),(217,'en_US','affiliation',0,0,'','string'),(218,'en_US','affiliation',0,0,'','string'),(219,'en_US','affiliation',0,0,'','string'),(220,'en_US','affiliation',0,0,'','string'),(221,'en_US','affiliation',0,0,'','string'),(222,'en_US','affiliation',0,0,'','string'),(223,'en_US','affiliation',0,0,'','string'),(224,'en_US','affiliation',0,0,'','string'),(225,'en_US','affiliation',0,0,'','string'),(226,'en_US','affiliation',0,0,'','string'),(227,'en_US','affiliation',0,0,'','string'),(228,'en_US','affiliation',0,0,'','string'),(229,'en_US','affiliation',0,0,'','string'),(230,'en_US','affiliation',0,0,'','string'),(231,'en_US','affiliation',0,0,'','string'),(232,'en_US','affiliation',0,0,'','string'),(233,'en_US','affiliation',0,0,'','string'),(234,'en_US','affiliation',0,0,'','string'),(235,'en_US','affiliation',0,0,'','string'),(236,'en_US','affiliation',0,0,'','string'),(237,'en_US','affiliation',0,0,'','string'),(238,'en_US','affiliation',0,0,'','string'),(239,'en_US','affiliation',0,0,'','string'),(240,'en_US','affiliation',0,0,'','string'),(241,'en_US','affiliation',0,0,'','string'),(242,'en_US','affiliation',0,0,'','string'),(243,'en_US','affiliation',0,0,'','string'),(244,'en_US','affiliation',0,0,'','string'),(245,'en_US','affiliation',0,0,'','string'),(246,'en_US','affiliation',0,0,'','string'),(247,'en_US','affiliation',0,0,'','string'),(248,'en_US','affiliation',0,0,'','string'),(249,'en_US','affiliation',0,0,'','string'),(250,'en_US','affiliation',0,0,'','string'),(251,'en_US','affiliation',0,0,'','string'),(252,'en_US','affiliation',0,0,'','string'),(253,'en_US','affiliation',0,0,'','string'),(254,'en_US','affiliation',0,0,'','string'),(255,'en_US','affiliation',0,0,'','string'),(256,'en_US','affiliation',0,0,'','string'),(257,'en_US','affiliation',0,0,'','string'),(258,'en_US','affiliation',0,0,'','string'),(259,'en_US','affiliation',0,0,'','string'),(260,'en_US','affiliation',0,0,'','string'),(261,'en_US','affiliation',0,0,'','string'),(262,'en_US','affiliation',0,0,'','string'),(263,'en_US','affiliation',0,0,'','string'),(264,'en_US','affiliation',0,0,'','string'),(265,'en_US','affiliation',0,0,'','string'),(266,'en_US','affiliation',0,0,'','string'),(267,'en_US','affiliation',0,0,'','string'),(268,'en_US','affiliation',0,0,'','string'),(269,'en_US','affiliation',0,0,'','string'),(270,'en_US','affiliation',0,0,'','string'),(271,'en_US','affiliation',0,0,'','string'),(272,'en_US','affiliation',0,0,'','string'),(273,'en_US','affiliation',0,0,'','string'),(274,'en_US','affiliation',0,0,'','string'),(275,'en_US','affiliation',0,0,'','string'),(276,'en_US','affiliation',0,0,'','string'),(277,'en_US','affiliation',0,0,'','string'),(278,'en_US','affiliation',0,0,'','string'),(279,'en_US','affiliation',0,0,'','string'),(280,'en_US','affiliation',0,0,'','string'),(281,'en_US','affiliation',0,0,'','string'),(282,'en_US','affiliation',0,0,'','string'),(283,'en_US','affiliation',0,0,'','string'),(284,'en_US','affiliation',0,0,'','string'),(285,'en_US','affiliation',0,0,'','string'),(286,'en_US','affiliation',0,0,'','string'),(287,'en_US','affiliation',0,0,'','string'),(288,'en_US','affiliation',0,0,'','string'),(289,'en_US','affiliation',0,0,'','string'),(290,'en_US','affiliation',0,0,'','string'),(291,'en_US','affiliation',0,0,'','string'),(292,'en_US','affiliation',0,0,'','string'),(293,'en_US','affiliation',0,0,'','string'),(294,'en_US','affiliation',0,0,'','string'),(295,'en_US','affiliation',0,0,'','string'),(296,'en_US','affiliation',0,0,'','string'),(297,'en_US','affiliation',0,0,'','string'),(298,'en_US','affiliation',0,0,'','string'),(299,'en_US','affiliation',0,0,'','string'),(300,'en_US','affiliation',0,0,'','string'),(301,'en_US','affiliation',0,0,'','string'),(302,'en_US','affiliation',0,0,'','string'),(303,'en_US','affiliation',0,0,'','string'),(304,'en_US','affiliation',0,0,'','string'),(305,'en_US','affiliation',0,0,'','string'),(306,'en_US','affiliation',0,0,'','string'),(307,'en_US','affiliation',0,0,'','string'),(308,'en_US','affiliation',0,0,'','string'),(309,'en_US','affiliation',0,0,'','string'),(310,'en_US','affiliation',0,0,'','string'),(311,'en_US','affiliation',0,0,'','string'),(312,'en_US','affiliation',0,0,'','string'),(313,'en_US','affiliation',0,0,'','string'),(314,'en_US','affiliation',0,0,'','string'),(315,'en_US','affiliation',0,0,'','string'),(316,'en_US','affiliation',0,0,'','string'),(317,'en_US','affiliation',0,0,'','string'),(318,'en_US','affiliation',0,0,'','string'),(319,'en_US','affiliation',0,0,'','string'),(320,'en_US','affiliation',0,0,'','string'),(321,'en_US','affiliation',0,0,'','string'),(322,'en_US','affiliation',0,0,'','string'),(323,'en_US','affiliation',0,0,'','string'),(324,'en_US','affiliation',0,0,'','string'),(325,'en_US','affiliation',0,0,'','string'),(326,'en_US','affiliation',0,0,'','string'),(327,'en_US','affiliation',0,0,'','string'),(328,'en_US','affiliation',0,0,'','string'),(329,'en_US','affiliation',0,0,'','string'),(330,'en_US','affiliation',0,0,'','string'),(331,'en_US','affiliation',0,0,'','string'),(332,'en_US','affiliation',0,0,'','string'),(333,'en_US','affiliation',0,0,'','string'),(334,'en_US','affiliation',0,0,'','string'),(335,'en_US','affiliation',0,0,'','string'),(336,'en_US','affiliation',0,0,'','string'),(337,'en_US','affiliation',0,0,'','string'),(338,'en_US','affiliation',0,0,'','string'),(339,'en_US','affiliation',0,0,'','string'),(340,'en_US','affiliation',0,0,'','string'),(341,'en_US','affiliation',0,0,'','string'),(342,'en_US','affiliation',0,0,'','string'),(343,'en_US','affiliation',0,0,'','string'),(344,'en_US','affiliation',0,0,'','string'),(345,'en_US','affiliation',0,0,'','string'),(346,'en_US','affiliation',0,0,'','string'),(347,'en_US','affiliation',0,0,'','string'),(348,'en_US','affiliation',0,0,'','string'),(349,'en_US','affiliation',0,0,'','string'),(350,'en_US','affiliation',0,0,'','string'),(351,'en_US','affiliation',0,0,'','string'),(352,'en_US','affiliation',0,0,'','string'),(353,'en_US','affiliation',0,0,'','string'),(354,'en_US','affiliation',0,0,'','string'),(355,'en_US','affiliation',0,0,'','string'),(356,'en_US','affiliation',0,0,'','string'),(357,'en_US','affiliation',0,0,'','string'),(358,'en_US','affiliation',0,0,'','string'),(359,'en_US','affiliation',0,0,'','string'),(360,'en_US','affiliation',0,0,'','string'),(361,'en_US','affiliation',0,0,'','string'),(362,'en_US','affiliation',0,0,'','string'),(363,'en_US','affiliation',0,0,'','string'),(364,'en_US','affiliation',0,0,'','string'),(365,'en_US','affiliation',0,0,'','string'),(366,'en_US','affiliation',0,0,'','string'),(367,'en_US','affiliation',0,0,'STIKES ST. ELISABETH SEMARANG','string'),(368,'en_US','affiliation',0,0,'','string'),(369,'en_US','affiliation',0,0,'','string'),(370,'en_US','affiliation',0,0,'','string'),(371,'en_US','affiliation',0,0,'School of Health Science Buleleng','string'),(372,'en_US','affiliation',0,0,'','string'),(373,'en_US','affiliation',0,0,'','string'),(374,'en_US','affiliation',0,0,'','string'),(375,'en_US','affiliation',0,0,'','string'),(376,'en_US','affiliation',0,0,'','string'),(377,'en_US','affiliation',0,0,'','string'),(378,'en_US','affiliation',0,0,'','string'),(379,'en_US','affiliation',0,0,'','string'),(380,'en_US','affiliation',0,0,'','string'),(381,'en_US','affiliation',0,0,'','string'),(382,'en_US','affiliation',0,0,'','string'),(383,'en_US','affiliation',0,0,'','string'),(384,'en_US','affiliation',0,0,'','string'),(385,'en_US','affiliation',0,0,'','string'),(386,'en_US','affiliation',0,0,'','string'),(387,'en_US','affiliation',0,0,'','string'),(388,'en_US','affiliation',0,0,'','string'),(389,'en_US','biography',0,0,'','string'),(389,'en_US','signature',0,0,'','string'),(389,'en_US','affiliation',0,0,'','string'),(389,'','orcid',0,0,'','string'),(390,'en_US','affiliation',0,0,'','string'),(391,'en_US','affiliation',0,0,'','string'),(392,'en_US','affiliation',0,0,'','string'),(393,'en_US','affiliation',0,0,'','string'),(394,'en_US','affiliation',0,0,'','string'),(395,'en_US','affiliation',0,0,'','string'),(396,'en_US','affiliation',0,0,'','string'),(397,'en_US','affiliation',0,0,'','string'),(398,'en_US','affiliation',0,0,'','string'),(399,'en_US','affiliation',0,0,'','string'),(400,'en_US','affiliation',0,0,'','string'),(401,'en_US','affiliation',0,0,'','string'),(402,'en_US','affiliation',0,0,'','string'),(403,'en_US','affiliation',0,0,'','string'),(404,'en_US','affiliation',0,0,'TG','string'),(405,'en_US','affiliation',0,0,'XA','string'),(406,'en_US','affiliation',0,0,'JY','string'),(407,'en_US','affiliation',0,0,'ZG','string'),(408,'en_US','affiliation',0,0,'GI','string'),(409,'en_US','affiliation',0,0,'IV','string'),(410,'en_US','affiliation',0,0,'XQ','string'),(411,'en_US','affiliation',0,0,'','string'),(412,'en_US','affiliation',0,0,'EK','string'),(413,'en_US','affiliation',0,0,'VL','string'),(414,'en_US','affiliation',0,0,'JY','string'),(415,'en_US','affiliation',0,0,'DL','string'),(416,'en_US','affiliation',0,0,'GC','string'),(417,'en_US','affiliation',0,0,'DC','string'),(418,'en_US','affiliation',0,0,'GB','string'),(419,'en_US','affiliation',0,0,'FE','string'),(420,'en_US','affiliation',0,0,'EH','string'),(421,'en_US','affiliation',0,0,'UW','string'),(422,'en_US','affiliation',0,0,'DD','string'),(423,'en_US','affiliation',0,0,'','string'),(424,'en_US','affiliation',0,0,'','string'),(425,'en_US','affiliation',0,0,'','string'),(426,'en_US','affiliation',0,0,'','string'),(427,'en_US','affiliation',0,0,'','string'),(428,'en_US','affiliation',0,0,'','string'),(429,'en_US','affiliation',0,0,'','string'),(430,'en_US','affiliation',0,0,'','string'),(431,'en_US','affiliation',0,0,'','string'),(432,'en_US','affiliation',0,0,'MK','string'),(433,'en_US','affiliation',0,0,'DW','string'),(434,'en_US','affiliation',0,0,'UC','string'),(435,'en_US','affiliation',0,0,'PG','string'),(436,'en_US','affiliation',0,0,'QH','string'),(437,'en_US','affiliation',0,0,'ZW','string'),(438,'en_US','affiliation',0,0,'JP','string'),(439,'en_US','affiliation',0,0,'QA','string'),(440,'en_US','affiliation',0,0,'VI','string'),(441,'en_US','affiliation',0,0,'SR','string'),(442,'en_US','affiliation',0,0,'ER','string'),(443,'en_US','affiliation',0,0,'BQ','string'),(444,'en_US','affiliation',0,0,'','string'),(445,'en_US','affiliation',0,0,'QF','string'),(446,'en_US','affiliation',0,0,'','string'),(447,'en_US','affiliation',0,0,'AQ','string'),(448,'en_US','affiliation',0,0,'SD','string'),(449,'en_US','affiliation',0,0,'','string'),(450,'en_US','affiliation',0,0,'raizen','string'),(451,'en_US','affiliation',0,0,'VX','string'),(452,'en_US','affiliation',0,0,'TY','string'),(453,'en_US','affiliation',0,0,'SY','string'),(454,'en_US','affiliation',0,0,'produk','string'),(455,'en_US','affiliation',0,0,'DF','string'),(456,'en_US','affiliation',0,0,'KJ','string'),(457,'en_US','affiliation',0,0,'produk','string'),(458,'en_US','affiliation',0,0,'OT','string'),(459,'en_US','affiliation',0,0,'AA','string'),(460,'en_US','affiliation',0,0,'IV','string'),(461,'en_US','affiliation',0,0,'GE','string'),(462,'en_US','affiliation',0,0,'FU','string'),(463,'en_US','affiliation',0,0,'KC','string'),(464,'en_US','affiliation',0,0,'XO','string'),(465,'en_US','affiliation',0,0,'asasf','string'),(466,'en_US','affiliation',0,0,'OJ','string'),(467,'en_US','affiliation',0,0,'LN','string'),(468,'en_US','affiliation',0,0,'JR','string'),(469,'en_US','affiliation',0,0,'AB','string'),(470,'en_US','affiliation',0,0,'HM','string'),(471,'en_US','affiliation',0,0,'MV','string'),(472,'en_US','affiliation',0,0,'VC','string'),(473,'en_US','affiliation',0,0,'JY','string'),(474,'en_US','affiliation',0,0,'ZM','string'),(475,'en_US','affiliation',0,0,'GB','string'),(476,'en_US','affiliation',0,0,'LJ','string'),(477,'en_US','affiliation',0,0,'JW','string'),(478,'en_US','affiliation',0,0,'LD','string'),(479,'en_US','affiliation',0,0,'KE','string'),(480,'en_US','affiliation',0,0,'BJ','string'),(481,'en_US','affiliation',0,0,'OZ','string'),(482,'en_US','affiliation',0,0,'PT','string'),(483,'en_US','affiliation',0,0,'HZ','string'),(484,'en_US','affiliation',0,0,'FW','string'),(485,'en_US','affiliation',0,0,'ZJ','string'),(486,'en_US','affiliation',0,0,'GI','string'),(487,'en_US','affiliation',0,0,'JY','string'),(488,'en_US','affiliation',0,0,'QZ','string'),(489,'en_US','affiliation',0,0,'HK','string'),(490,'en_US','affiliation',0,0,'HJ','string'),(491,'en_US','affiliation',0,0,'CN','string'),(492,'en_US','affiliation',0,0,'UT','string'),(493,'en_US','affiliation',0,0,'WJ','string'),(494,'en_US','affiliation',0,0,'HF','string'),(495,'en_US','affiliation',0,0,'YZ','string'),(496,'en_US','affiliation',0,0,'RV','string'),(497,'en_US','affiliation',0,0,'CG','string'),(498,'en_US','affiliation',0,0,'FZ','string'),(499,'en_US','affiliation',0,0,'TV','string'),(500,'en_US','affiliation',0,0,'KK','string'),(501,'en_US','affiliation',0,0,'ND','string'),(502,'en_US','affiliation',0,0,'HJ','string'),(503,'en_US','affiliation',0,0,'NH','string'),(504,'en_US','affiliation',0,0,'HN','string'),(505,'en_US','affiliation',0,0,'IO','string'),(506,'en_US','affiliation',0,0,'DD','string'),(507,'en_US','affiliation',0,0,'VD','string'),(508,'en_US','affiliation',0,0,'KR','string'),(509,'en_US','affiliation',0,0,'RA','string'),(510,'en_US','affiliation',0,0,'KO','string'),(511,'en_US','affiliation',0,0,'US','string'),(512,'en_US','affiliation',0,0,'YV','string'),(513,'en_US','affiliation',0,0,'UNISA','string'),(514,'en_US','affiliation',0,0,'NT','string'),(515,'en_US','affiliation',0,0,'GJ','string'),(516,'en_US','affiliation',0,0,'PO','string'),(517,'en_US','affiliation',0,0,'AR','string'),(518,'en_US','affiliation',0,0,'VC','string'),(519,'en_US','affiliation',0,0,'EO','string'),(520,'en_US','affiliation',0,0,'IE','string'),(521,'en_US','affiliation',0,0,'MK','string'),(522,'en_US','affiliation',0,0,'BU','string'),(523,'en_US','affiliation',0,0,'RP','string'),(524,'en_US','affiliation',0,0,'BD','string'),(525,'en_US','affiliation',0,0,'AJ','string'),(526,'en_US','affiliation',0,0,'BS','string'),(527,'en_US','affiliation',0,0,'HE','string'),(528,'en_US','affiliation',0,0,'RO','string'),(529,'en_US','affiliation',0,0,'XM','string'),(530,'en_US','affiliation',0,0,'sayang','string'),(531,'en_US','affiliation',0,0,'AN','string'),(532,'en_US','affiliation',0,0,'ZX','string'),(533,'en_US','affiliation',0,0,'UT','string'),(534,'en_US','affiliation',0,0,'QW','string'),(535,'en_US','affiliation',0,0,'ME','string'),(536,'en_US','affiliation',0,0,'KB','string'),(537,'en_US','affiliation',0,0,'UW','string'),(538,'en_US','affiliation',0,0,'XW','string'),(539,'en_US','affiliation',0,0,'DL','string'),(540,'en_US','affiliation',0,0,'WH','string'),(541,'en_US','affiliation',0,0,'MQ','string'),(542,'en_US','affiliation',0,0,'OW','string'),(543,'en_US','affiliation',0,0,'GV','string'),(544,'en_US','affiliation',0,0,'AA','string'),(545,'en_US','affiliation',0,0,'XU','string'),(546,'en_US','affiliation',0,0,'AH','string'),(547,'en_US','affiliation',0,0,'KO','string'),(548,'en_US','affiliation',0,0,'CK','string'),(549,'en_US','affiliation',0,0,'MP','string'),(550,'en_US','affiliation',0,0,'ST','string'),(551,'en_US','affiliation',0,0,'IQ','string'),(552,'en_US','affiliation',0,0,'IC','string'),(553,'en_US','affiliation',0,0,'WI','string'),(554,'en_US','affiliation',0,0,'CE','string'),(555,'en_US','affiliation',0,0,'TH','string'),(556,'en_US','affiliation',0,0,'OR','string'),(557,'en_US','affiliation',0,0,'JQ','string'),(558,'en_US','affiliation',0,0,'XB','string'),(559,'en_US','affiliation',0,0,'UNISA Yogyakarta','string'),(559,'en_US','signature',0,0,'','string'),(560,'en_US','affiliation',0,0,'UB','string'),(561,'en_US','affiliation',0,0,'QK','string'),(562,'en_US','affiliation',0,0,'BN','string'),(563,'en_US','affiliation',0,0,'MB','string'),(564,'en_US','affiliation',0,0,'EN','string'),(565,'en_US','affiliation',0,0,'HK','string'),(566,'en_US','affiliation',0,0,'KW','string'),(567,'en_US','affiliation',0,0,'QR','string'),(568,'en_US','affiliation',0,0,'GC','string'),(569,'en_US','affiliation',0,0,'YT','string'),(570,'en_US','affiliation',0,0,'PC','string'),(571,'en_US','affiliation',0,0,'XL','string'),(572,'en_US','affiliation',0,0,'NM','string'),(573,'en_US','affiliation',0,0,'BM','string'),(574,'en_US','affiliation',0,0,'HC','string'),(575,'en_US','affiliation',0,0,'WU','string'),(576,'en_US','affiliation',0,0,'BF','string'),(577,'en_US','affiliation',0,0,'DB','string'),(578,'en_US','affiliation',0,0,'UL','string'),(579,'en_US','affiliation',0,0,'EF','string'),(580,'en_US','affiliation',0,0,'WO','string'),(581,'en_US','affiliation',0,0,'KO','string'),(582,'en_US','affiliation',0,0,'OO','string'),(583,'en_US','affiliation',0,0,'TC','string'),(584,'en_US','affiliation',0,0,'YD','string'),(585,'en_US','affiliation',0,0,'FH','string'),(586,'en_US','affiliation',0,0,'HB','string'),(587,'en_US','affiliation',0,0,'CW','string'),(588,'en_US','affiliation',0,0,'DL','string'),(589,'en_US','affiliation',0,0,'EZ','string'),(590,'en_US','affiliation',0,0,'ZA','string'),(591,'en_US','affiliation',0,0,'OP','string'),(592,'en_US','affiliation',0,0,'CC','string'),(593,'en_US','affiliation',0,0,'JR','string'),(594,'en_US','affiliation',0,0,'GL','string'),(595,'en_US','affiliation',0,0,'LR','string'),(596,'en_US','affiliation',0,0,'NZ','string'),(597,'en_US','affiliation',0,0,'FJ','string'),(598,'en_US','affiliation',0,0,'LN','string'),(599,'en_US','affiliation',0,0,'ER','string'),(600,'en_US','affiliation',0,0,'LZ','string'),(601,'en_US','affiliation',0,0,'ER','string'),(602,'en_US','affiliation',0,0,'QO','string'),(603,'en_US','affiliation',0,0,'TO','string'),(604,'en_US','affiliation',0,0,'SP','string'),(605,'en_US','affiliation',0,0,'XQ','string'),(606,'en_US','affiliation',0,0,'WH','string'),(607,'en_US','affiliation',0,0,'JZ','string'),(608,'en_US','affiliation',0,0,'XX','string'),(609,'en_US','affiliation',0,0,'HB','string'),(610,'en_US','affiliation',0,0,'QS','string'),(611,'en_US','affiliation',0,0,'GS','string'),(612,'en_US','affiliation',0,0,'VN','string'),(613,'en_US','affiliation',0,0,'VA','string'),(614,'en_US','affiliation',0,0,'WM','string'),(615,'en_US','affiliation',0,0,'LS','string'),(616,'en_US','affiliation',0,0,'BZ','string'),(617,'en_US','affiliation',0,0,'RA','string'),(618,'en_US','affiliation',0,0,'XR','string'),(619,'en_US','affiliation',0,0,'PN','string'),(620,'en_US','affiliation',0,0,'OT','string'),(621,'en_US','affiliation',0,0,'GQ','string'),(622,'en_US','affiliation',0,0,'DQ','string'),(623,'en_US','affiliation',0,0,'XC','string'),(624,'en_US','affiliation',0,0,'WD','string'),(625,'en_US','affiliation',0,0,'QO','string'),(626,'en_US','affiliation',0,0,'CE','string'),(627,'en_US','affiliation',0,0,'PG','string'),(628,'en_US','affiliation',0,0,'PM','string'),(629,'en_US','affiliation',0,0,'FJ','string'),(630,'en_US','affiliation',0,0,'RV','string'),(631,'en_US','affiliation',0,0,'KV','string'),(632,'en_US','affiliation',0,0,'HH','string'),(633,'en_US','affiliation',0,0,'FJ','string'),(634,'en_US','affiliation',0,0,'LR','string'),(635,'en_US','affiliation',0,0,'EF','string'),(636,'en_US','affiliation',0,0,'LK','string'),(637,'en_US','affiliation',0,0,'XR','string'),(638,'en_US','affiliation',0,0,'YX','string'),(639,'en_US','affiliation',0,0,'BM','string'),(640,'en_US','affiliation',0,0,'PF','string'),(641,'en_US','affiliation',0,0,'Akademi Keperawatan Insan Husada Surakarta','string'),(642,'en_US','affiliation',0,0,'YW','string'),(643,'en_US','affiliation',0,0,'BQ','string'),(644,'en_US','affiliation',0,0,'JW','string'),(645,'en_US','affiliation',0,0,'IG','string'),(646,'en_US','affiliation',0,0,'DE','string'),(647,'en_US','affiliation',0,0,'SQ','string'),(648,'en_US','affiliation',0,0,'RB','string'),(649,'en_US','affiliation',0,0,'KY','string'),(650,'en_US','affiliation',0,0,'HL','string'),(651,'en_US','affiliation',0,0,'KG','string'),(652,'en_US','affiliation',0,0,'WR','string'),(653,'en_US','affiliation',0,0,'EG','string'),(654,'en_US','affiliation',0,0,'UG','string'),(655,'en_US','affiliation',0,0,'OO','string'),(656,'en_US','affiliation',0,0,'TU','string'),(657,'en_US','affiliation',0,0,'VX','string'),(658,'en_US','affiliation',0,0,'PG','string'),(659,'en_US','affiliation',0,0,'LQ','string'),(660,'en_US','affiliation',0,0,'TF','string'),(661,'en_US','affiliation',0,0,'EF','string'),(662,'en_US','affiliation',0,0,'VK','string'),(663,'en_US','affiliation',0,0,'TM','string'),(664,'en_US','affiliation',0,0,'SI','string'),(665,'en_US','affiliation',0,0,'CC','string'),(666,'en_US','affiliation',0,0,'NO','string'),(667,'en_US','affiliation',0,0,'UV','string'),(668,'en_US','affiliation',0,0,'XI','string'),(669,'en_US','affiliation',0,0,'PB','string'),(670,'en_US','affiliation',0,0,'NE','string'),(671,'en_US','affiliation',0,0,'CI','string'),(672,'en_US','affiliation',0,0,'AH','string'),(673,'en_US','affiliation',0,0,'QF','string'),(1,'en_US','givenName',0,0,'admininsada','string'),(2,'en_US','givenName',0,0,'reviewer','string'),(3,'en_US','givenName',0,0,'penulis','string'),(4,'en_US','givenName',0,0,'editor','string'),(5,'en_US','givenName',0,0,'endang','string'),(6,'en_US','givenName',0,0,'xx','string'),(7,'en_US','givenName',0,0,'mantu','string'),(8,'en_US','givenName',0,0,'a','string'),(9,'en_US','givenName',0,0,'AlexaTuh AlexaTuh','string'),(10,'en_US','givenName',0,0,'AlinochkaTuh AlinochkaTuh','string'),(11,'en_US','givenName',0,0,'AlenkaTuh AlenkaTuh','string'),(12,'en_US','givenName',0,0,'kuu','string'),(13,'en_US','givenName',0,0,'a a','string'),(14,'en_US','givenName',0,0,'jwiadjiawj','string'),(15,'en_US','givenName',0,0,'a','string'),(16,'en_US','givenName',0,0,'a a','string'),(17,'en_US','givenName',0,0,'asdad asdad','string'),(18,'en_US','givenName',0,0,'mraf04 a','string'),(19,'en_US','givenName',0,0,'h h','string'),(20,'en_US','givenName',0,0,'x x','string'),(21,'en_US','givenName',0,0,'eva','string'),(22,'en_US','givenName',0,0,'Ristu Putri','string'),(23,'en_US','givenName',0,0,'Artialita Harda','string'),(24,'en_US','givenName',0,0,'Mudafiqoh Awaliyatul','string'),(25,'en_US','givenName',0,0,'Yolla Eki','string'),(26,'en_US','givenName',0,0,'neny','string'),(27,'en_US','givenName',0,0,'Yustin','string'),(28,'en_US','givenName',0,0,'Rina','string'),(29,'en_US','givenName',0,0,'clay','string'),(30,'en_US','givenName',0,0,'Tri Ady','string'),(31,'en_US','givenName',0,0,'fatma raani','string'),(32,'en_US','givenName',0,0,'Ririn Wahyu','string'),(33,'en_US','givenName',0,0,'ana kusuma','string'),(34,'en_US','givenName',0,0,'sadasd','string'),(35,'en_US','givenName',0,0,'sssaSAsa','string'),(36,'en_US','givenName',0,0,'sunaryo joko','string'),(37,'en_US','givenName',0,0,'asd','string'),(38,'en_US','givenName',0,0,'sinon','string'),(39,'en_US','givenName',0,0,'Guadalupe','string'),(40,'en_US','givenName',0,0,'Trent','string'),(41,'en_US','givenName',0,0,'Raphael','string'),(42,'en_US','givenName',0,0,'Michele','string'),(43,'en_US','givenName',0,0,'Marina','string'),(44,'en_US','givenName',0,0,'Shayna','string'),(45,'en_US','givenName',0,0,'Marina','string'),(46,'en_US','givenName',0,0,'Isabella','string'),(47,'en_US','givenName',0,0,'Ulrike','string'),(48,'en_US','givenName',0,0,'Melissa','string'),(49,'en_US','givenName',0,0,'Isis','string'),(50,'en_US','givenName',0,0,'Patsy','string'),(51,'en_US','givenName',0,0,'Conrad','string'),(52,'en_US','givenName',0,0,'Shari','string'),(53,'en_US','givenName',0,0,'Kali','string'),(54,'en_US','givenName',0,0,'Leticia','string'),(55,'en_US','givenName',0,0,'Noah','string'),(56,'en_US','givenName',0,0,'Enzo','string'),(57,'en_US','givenName',0,0,'Patrick','string'),(58,'en_US','givenName',0,0,'Jed','string'),(59,'en_US','givenName',0,0,'Esther','string'),(60,'en_US','givenName',0,0,'Chandra','string'),(61,'en_US','givenName',0,0,'Ana','string'),(62,'en_US','givenName',0,0,'Louvenia','string'),(63,'en_US','givenName',0,0,'Vilma','string'),(64,'en_US','givenName',0,0,'Leilani','string'),(65,'en_US','givenName',0,0,'Rafaela','string'),(66,'en_US','givenName',0,0,'Enzo','string'),(67,'en_US','givenName',0,0,'Bruno','string'),(68,'en_US','givenName',0,0,'Darrel','string'),(69,'en_US','givenName',0,0,'Alberto','string'),(70,'en_US','givenName',0,0,'Claudia','string'),(71,'en_US','givenName',0,0,'Claudio','string'),(72,'en_US','givenName',0,0,'Breanna','string'),(73,'en_US','givenName',0,0,'Nate','string'),(74,'en_US','givenName',0,0,'Lesli','string'),(75,'en_US','givenName',0,0,'Ryder','string'),(76,'en_US','givenName',0,0,'Jestine','string'),(77,'en_US','givenName',0,0,'Andra','string'),(78,'en_US','givenName',0,0,'Sonja','string'),(79,'en_US','givenName',0,0,'Tisha','string'),(80,'en_US','givenName',0,0,'Emanuel','string'),(81,'en_US','givenName',0,0,'Rodrigo','string'),(82,'en_US','givenName',0,0,'Evelyn','string'),(83,'en_US','givenName',0,0,'Heloisa','string'),(84,'en_US','givenName',0,0,'Lorenzo','string'),(85,'en_US','givenName',0,0,'Manie','string'),(86,'en_US','givenName',0,0,'Kourtney','string'),(87,'en_US','givenName',0,0,'Candice','string'),(88,'en_US','givenName',0,0,'Linnea','string'),(89,'en_US','givenName',0,0,'Terrell','string'),(90,'en_US','givenName',0,0,'Cheryl','string'),(91,'en_US','givenName',0,0,'Johnie','string'),(92,'en_US','givenName',0,0,'King','string'),(93,'en_US','givenName',0,0,'Liam','string'),(94,'en_US','givenName',0,0,'Vinicius','string'),(95,'en_US','givenName',0,0,'Bennie','string'),(96,'en_US','givenName',0,0,'Clarissa','string'),(97,'en_US','givenName',0,0,'Sam','string'),(98,'en_US','givenName',0,0,'Caua','string'),(99,'en_US','givenName',0,0,'Donnell','string'),(100,'en_US','givenName',0,0,'Nicole','string'),(101,'en_US','givenName',0,0,'Jada','string'),(102,'en_US','givenName',0,0,'Cathern','string'),(103,'en_US','givenName',0,0,'Esmeralda','string'),(104,'en_US','givenName',0,0,'Benjamin','string'),(105,'en_US','givenName',0,0,'Jann','string'),(106,'en_US','givenName',0,0,'Jeannie','string'),(107,'en_US','givenName',0,0,'Williams','string'),(108,'en_US','givenName',0,0,'Letha','string'),(109,'en_US','givenName',0,0,'Margareta','string'),(110,'en_US','givenName',0,0,'Catarina','string'),(111,'en_US','givenName',0,0,'Mattie','string'),(112,'en_US','givenName',0,0,'Daniele','string'),(113,'en_US','givenName',0,0,'Ariel','string'),(114,'en_US','givenName',0,0,'Sharon','string'),(115,'en_US','givenName',0,0,'Connor','string'),(116,'en_US','givenName',0,0,'Tanisha','string'),(117,'en_US','givenName',0,0,'Hermine','string'),(118,'en_US','givenName',0,0,'Benicio','string'),(119,'en_US','givenName',0,0,'Carina','string'),(120,'en_US','givenName',0,0,'Jerry','string'),(121,'en_US','givenName',0,0,'Betina','string'),(122,'en_US','givenName',0,0,'Laura','string'),(123,'en_US','givenName',0,0,'Wilda','string'),(124,'en_US','givenName',0,0,'Thiago','string'),(125,'en_US','givenName',0,0,'Seth','string'),(126,'en_US','givenName',0,0,'Horacio','string'),(127,'en_US','givenName',0,0,'Elinor','string'),(128,'en_US','givenName',0,0,'Sonya','string'),(129,'en_US','givenName',0,0,'Vernell','string'),(130,'en_US','givenName',0,0,'Esperanza','string'),(131,'en_US','givenName',0,0,'August','string'),(132,'en_US','givenName',0,0,'Cinda','string'),(133,'en_US','givenName',0,0,'Joao','string'),(134,'en_US','givenName',0,0,'Kimberly','string'),(135,'en_US','givenName',0,0,'Taren','string'),(136,'en_US','givenName',0,0,'Marina','string'),(137,'en_US','givenName',0,0,'Genevieve','string'),(138,'en_US','givenName',0,0,'Victoria','string'),(139,'en_US','givenName',0,0,'Stephanie','string'),(140,'en_US','givenName',0,0,'Quyen','string'),(141,'en_US','givenName',0,0,'Charlene','string'),(142,'en_US','givenName',0,0,'Jeannie','string'),(143,'en_US','givenName',0,0,'Benjamin','string'),(144,'en_US','givenName',0,0,'Tony','string'),(145,'en_US','givenName',0,0,'Maddison','string'),(146,'en_US','givenName',0,0,'Krista','string'),(147,'en_US','givenName',0,0,'Nikole','string'),(148,'en_US','givenName',0,0,'Finley','string'),(149,'en_US','givenName',0,0,'Zara','string'),(150,'en_US','givenName',0,0,'Zachary','string'),(151,'en_US','givenName',0,0,'Daniel','string'),(152,'en_US','givenName',0,0,'Andrea','string'),(153,'en_US','givenName',0,0,'Julissa','string'),(154,'en_US','givenName',0,0,'Chandra','string'),(155,'en_US','givenName',0,0,'Lelia','string'),(156,'en_US','givenName',0,0,'Maurine','string'),(157,'en_US','givenName',0,0,'Marsha','string'),(158,'en_US','givenName',0,0,'Justina','string'),(159,'en_US','givenName',0,0,'Florencia','string'),(160,'en_US','givenName',0,0,'Francisco','string'),(161,'en_US','givenName',0,0,'Thomas','string'),(162,'en_US','givenName',0,0,'Harriett','string'),(163,'en_US','givenName',0,0,'Vickey','string'),(164,'en_US','givenName',0,0,'Rosemary','string'),(165,'en_US','givenName',0,0,'Lucca','string'),(166,'en_US','givenName',0,0,'Dann','string'),(167,'en_US','givenName',0,0,'Laurinda','string'),(168,'en_US','givenName',0,0,'Cecilia','string'),(169,'en_US','givenName',0,0,'Esther','string'),(170,'en_US','givenName',0,0,'Angelina','string'),(171,'en_US','givenName',0,0,'Stacy','string'),(172,'en_US','givenName',0,0,'Heitor','string'),(173,'en_US','givenName',0,0,'Luiza','string'),(174,'en_US','givenName',0,0,'Donette','string'),(175,'en_US','givenName',0,0,'Mariel','string'),(176,'en_US','givenName',0,0,'Gabriela','string'),(177,'en_US','givenName',0,0,'Bernardo','string'),(178,'en_US','givenName',0,0,'Karissa','string'),(179,'en_US','givenName',0,0,'Roma','string'),(180,'en_US','givenName',0,0,'Lucio','string'),(181,'en_US','givenName',0,0,'Audrea','string'),(182,'en_US','givenName',0,0,'Kathy','string'),(183,'en_US','givenName',0,0,'Marco','string'),(184,'en_US','givenName',0,0,'Layne','string'),(185,'en_US','givenName',0,0,'Nicole','string'),(186,'en_US','givenName',0,0,'Katrin','string'),(187,'en_US','givenName',0,0,'Elsa','string'),(188,'en_US','givenName',0,0,'Candice','string'),(189,'en_US','givenName',0,0,'Alton','string'),(190,'en_US','givenName',0,0,'Moises','string'),(191,'en_US','givenName',0,0,'Thiago','string'),(192,'en_US','givenName',0,0,'Eduardo','string'),(193,'en_US','givenName',0,0,'Daniel','string'),(194,'en_US','givenName',0,0,'Grady','string'),(195,'en_US','givenName',0,0,'Elsa','string'),(196,'en_US','givenName',0,0,'Alexandria','string'),(197,'en_US','givenName',0,0,'Alejandro','string'),(198,'en_US','givenName',0,0,'Mildred','string'),(199,'en_US','givenName',0,0,'Russel','string'),(200,'en_US','givenName',0,0,'Geneva','string'),(201,'en_US','givenName',0,0,'Wilton','string'),(202,'en_US','givenName',0,0,'Gregory','string'),(203,'en_US','givenName',0,0,'Laura','string'),(204,'en_US','givenName',0,0,'Dessie','string'),(205,'en_US','givenName',0,0,'Shoshana','string'),(206,'en_US','givenName',0,0,'Murilo','string'),(207,'en_US','givenName',0,0,'Deana','string'),(208,'en_US','givenName',0,0,'Blake','string'),(209,'en_US','givenName',0,0,'Chasity','string'),(210,'en_US','givenName',0,0,'Kiera','string'),(211,'en_US','givenName',0,0,'Maximo','string'),(212,'en_US','givenName',0,0,'Fabian','string'),(213,'en_US','givenName',0,0,'Romeo','string'),(214,'en_US','givenName',0,0,'Leatha','string'),(215,'en_US','givenName',0,0,'Ivan','string'),(216,'en_US','givenName',0,0,'Josh','string'),(217,'en_US','givenName',0,0,'Raul','string'),(218,'en_US','givenName',0,0,'Marjorie','string'),(219,'en_US','givenName',0,0,'Gabriel','string'),(220,'en_US','givenName',0,0,'Sunny','string'),(221,'en_US','givenName',0,0,'Antoinette','string'),(222,'en_US','givenName',0,0,'Katherine','string'),(223,'en_US','givenName',0,0,'Bridgett','string'),(224,'en_US','givenName',0,0,'Nicole','string'),(225,'en_US','givenName',0,0,'Leticia','string'),(226,'en_US','givenName',0,0,'Traci','string'),(227,'en_US','givenName',0,0,'Wilton','string'),(228,'en_US','givenName',0,0,'Hamish','string'),(229,'en_US','givenName',0,0,'Andy','string'),(230,'en_US','givenName',0,0,'Ashlee','string'),(231,'en_US','givenName',0,0,'Jerrell','string'),(232,'en_US','givenName',0,0,'Erma','string'),(233,'en_US','givenName',0,0,'Pamela','string'),(234,'en_US','givenName',0,0,'Zenaida','string'),(235,'en_US','givenName',0,0,'Bradley','string'),(236,'en_US','givenName',0,0,'Leonardo','string'),(237,'en_US','givenName',0,0,'Alfred','string'),(238,'en_US','givenName',0,0,'Shawn','string'),(239,'en_US','givenName',0,0,'Vida','string'),(240,'en_US','givenName',0,0,'Lucca','string'),(241,'en_US','givenName',0,0,'Flynn','string'),(242,'en_US','givenName',0,0,'Valencia','string'),(243,'en_US','givenName',0,0,'Bea','string'),(244,'en_US','givenName',0,0,'Skye','string'),(245,'en_US','givenName',0,0,'Clarissa','string'),(246,'en_US','givenName',0,0,'Liza','string'),(247,'en_US','givenName',0,0,'Robbie','string'),(248,'en_US','givenName',0,0,'Paulina','string'),(249,'en_US','givenName',0,0,'Oren','string'),(250,'en_US','givenName',0,0,'Muhammad','string'),(251,'en_US','givenName',0,0,'Jimmy','string'),(252,'en_US','givenName',0,0,'Margene','string'),(253,'en_US','givenName',0,0,'Luann','string'),(254,'en_US','givenName',0,0,'Delphia','string'),(255,'en_US','givenName',0,0,'Shanice','string'),(256,'en_US','givenName',0,0,'Alisha','string'),(257,'en_US','givenName',0,0,'Jeanette','string'),(258,'en_US','givenName',0,0,'Charlie','string'),(259,'en_US','givenName',0,0,'Shawna','string'),(260,'en_US','givenName',0,0,'Darla','string'),(261,'en_US','givenName',0,0,'Terri','string'),(262,'en_US','givenName',0,0,'Etta','string'),(263,'en_US','givenName',0,0,'Jennifer','string'),(264,'en_US','givenName',0,0,'Lavinia','string'),(265,'en_US','givenName',0,0,'Reyna','string'),(266,'en_US','givenName',0,0,'Wiley','string'),(267,'en_US','givenName',0,0,'Lavada','string'),(268,'en_US','givenName',0,0,'Albertina','string'),(269,'en_US','givenName',0,0,'Lucas','string'),(270,'en_US','givenName',0,0,'Nicolas','string'),(271,'en_US','givenName',0,0,'Danny','string'),(272,'en_US','givenName',0,0,'Alina','string'),(273,'en_US','givenName',0,0,'Antonia','string'),(274,'en_US','givenName',0,0,'Nadine','string'),(275,'en_US','givenName',0,0,'Emilia','string'),(276,'en_US','givenName',0,0,'Antony','string'),(277,'en_US','givenName',0,0,'Charli','string'),(278,'en_US','givenName',0,0,'Layla','string'),(279,'en_US','givenName',0,0,'Isabella','string'),(280,'en_US','givenName',0,0,'Thomas','string'),(281,'en_US','givenName',0,0,'Rosemary','string'),(282,'en_US','givenName',0,0,'Joaquim','string'),(283,'en_US','givenName',0,0,'Leonida','string'),(284,'en_US','givenName',0,0,'Merle','string'),(285,'en_US','givenName',0,0,'Lisa','string'),(286,'en_US','givenName',0,0,'Mervin','string'),(287,'en_US','givenName',0,0,'Rosalina','string'),(288,'en_US','givenName',0,0,'Shona','string'),(289,'en_US','givenName',0,0,'Jacinto','string'),(290,'en_US','givenName',0,0,'Kellee','string'),(291,'en_US','givenName',0,0,'Samuel','string'),(292,'en_US','givenName',0,0,'Betina','string'),(293,'en_US','givenName',0,0,'Louie','string'),(294,'en_US','givenName',0,0,'Beto','string'),(295,'en_US','givenName',0,0,'Vincent','string'),(296,'en_US','givenName',0,0,'Marina','string'),(297,'en_US','givenName',0,0,'Rodger','string'),(298,'en_US','givenName',0,0,'Rafael','string'),(299,'en_US','givenName',0,0,'Mose','string'),(300,'en_US','givenName',0,0,'Aja','string'),(301,'en_US','givenName',0,0,'Jai','string'),(302,'en_US','givenName',0,0,'Giovanna','string'),(303,'en_US','givenName',0,0,'Nathaniel','string'),(304,'en_US','givenName',0,0,'Cedric','string'),(305,'en_US','givenName',0,0,'Holley','string'),(306,'en_US','givenName',0,0,'Thomas','string'),(307,'en_US','givenName',0,0,'Marina','string'),(308,'en_US','givenName',0,0,'Mariana','string'),(309,'en_US','givenName',0,0,'Lorenzo','string'),(310,'en_US','givenName',0,0,'Marquita','string'),(311,'en_US','givenName',0,0,'Ervin','string'),(312,'en_US','givenName',0,0,'Claudia','string'),(313,'en_US','givenName',0,0,'Britney','string'),(314,'en_US','givenName',0,0,'Sima','string'),(315,'en_US','givenName',0,0,'Esther','string'),(316,'en_US','givenName',0,0,'Thomas','string'),(317,'en_US','givenName',0,0,'Pearl','string'),(318,'en_US','givenName',0,0,'Carlos','string'),(319,'en_US','givenName',0,0,'Breanna','string'),(320,'en_US','givenName',0,0,'Burton','string'),(321,'en_US','givenName',0,0,'Mai','string'),(322,'en_US','givenName',0,0,'Dacia','string'),(323,'en_US','givenName',0,0,'Hermine','string'),(324,'en_US','givenName',0,0,'Muriel','string'),(325,'en_US','givenName',0,0,'Sophie','string'),(326,'en_US','givenName',0,0,'Silas','string'),(327,'en_US','givenName',0,0,'Lilliana','string'),(328,'en_US','givenName',0,0,'Sophia','string'),(329,'en_US','givenName',0,0,'Melanie','string'),(330,'en_US','givenName',0,0,'Tommie','string'),(331,'en_US','givenName',0,0,'Elijah','string'),(332,'en_US','givenName',0,0,'Hester','string'),(333,'en_US','givenName',0,0,'Anne','string'),(334,'en_US','givenName',0,0,'Carmel','string'),(335,'en_US','givenName',0,0,'Lucretia','string'),(336,'en_US','givenName',0,0,'Blanche','string'),(337,'en_US','givenName',0,0,'Korey','string'),(338,'en_US','givenName',0,0,'Josh','string'),(339,'en_US','givenName',0,0,'Evelyne','string'),(340,'en_US','givenName',0,0,'Murray','string'),(341,'en_US','givenName',0,0,'Marion','string'),(342,'en_US','givenName',0,0,'Vida','string'),(343,'en_US','givenName',0,0,'Hyman','string'),(344,'en_US','givenName',0,0,'Marko','string'),(345,'en_US','givenName',0,0,'Lorna','string'),(346,'en_US','givenName',0,0,'Albertina','string'),(347,'en_US','givenName',0,0,'Garry','string'),(348,'en_US','givenName',0,0,'Thad','string'),(349,'en_US','givenName',0,0,'Rocco','string'),(350,'en_US','givenName',0,0,'Amy','string'),(351,'en_US','givenName',0,0,'Maura','string'),(352,'en_US','givenName',0,0,'Willie','string'),(353,'en_US','givenName',0,0,'Marissa','string'),(354,'en_US','givenName',0,0,'Dalene','string'),(355,'en_US','givenName',0,0,'Angelika','string'),(356,'en_US','givenName',0,0,'Thiago','string'),(357,'en_US','givenName',0,0,'Florrie','string'),(358,'en_US','givenName',0,0,'Monique','string'),(359,'en_US','givenName',0,0,'Christopher','string'),(360,'en_US','givenName',0,0,'Rafael','string'),(361,'en_US','givenName',0,0,'Claudia','string'),(362,'en_US','givenName',0,0,'Theo','string'),(363,'en_US','givenName',0,0,'Benicio','string'),(364,'en_US','givenName',0,0,'Lynne','string'),(365,'en_US','givenName',0,0,'Lela','string'),(366,'en_US','givenName',0,0,'Jaxon','string'),(367,'en_US','givenName',0,0,'Natalia Ratna','string'),(368,'en_US','givenName',0,0,'Felipe','string'),(369,'en_US','givenName',0,0,'Brady','string'),(370,'en_US','givenName',0,0,'Lien','string'),(371,'en_US','givenName',0,0,'Made Mahaguna','string'),(372,'en_US','givenName',0,0,'Bertie','string'),(373,'en_US','givenName',0,0,'Eva','string'),(374,'en_US','givenName',0,0,'Shalanda','string'),(375,'en_US','givenName',0,0,'Vera','string'),(376,'en_US','givenName',0,0,'Marcella','string'),(377,'en_US','givenName',0,0,'Deena','string'),(378,'en_US','givenName',0,0,'Kandi','string'),(379,'en_US','givenName',0,0,'Cheryle','string'),(380,'en_US','givenName',0,0,'Irma','string'),(381,'en_US','givenName',0,0,'Marilynn','string'),(382,'en_US','givenName',0,0,'Levi','string'),(383,'en_US','givenName',0,0,'Davida','string'),(384,'en_US','givenName',0,0,'Vito','string'),(385,'en_US','givenName',0,0,'Teodoro','string'),(386,'en_US','givenName',0,0,'Gudrun','string'),(387,'en_US','givenName',0,0,'Carson','string'),(388,'en_US','givenName',0,0,'Kandi','string'),(389,'en_US','givenName',0,0,'sunaryo joko','string'),(390,'en_US','givenName',0,0,'Alejandro','string'),(391,'en_US','givenName',0,0,'Jeffrey','string'),(392,'en_US','givenName',0,0,'Vicente','string'),(393,'en_US','givenName',0,0,'Kristofer','string'),(394,'en_US','givenName',0,0,'Aundrea','string'),(395,'en_US','givenName',0,0,'Hosea','string'),(396,'en_US','givenName',0,0,'Melissa','string'),(397,'en_US','givenName',0,0,'Jay','string'),(398,'en_US','givenName',0,0,'Adelaide','string'),(399,'en_US','givenName',0,0,'Laurinha','string'),(400,'en_US','givenName',0,0,'Lara','string'),(401,'en_US','givenName',0,0,'Terrence','string'),(402,'en_US','givenName',0,0,'Kassandra','string'),(403,'en_US','givenName',0,0,'Lucas','string'),(404,'en_US','givenName',0,0,'Alphonso','string'),(405,'en_US','givenName',0,0,'Maricruz','string'),(406,'en_US','givenName',0,0,'Shella','string'),(407,'en_US','givenName',0,0,'Myron','string'),(408,'en_US','givenName',0,0,'Shasta','string'),(409,'en_US','givenName',0,0,'Sadye','string'),(410,'en_US','givenName',0,0,'Andre','string'),(411,'en_US','givenName',0,0,'Lela','string'),(412,'en_US','givenName',0,0,'Gina','string'),(413,'en_US','givenName',0,0,'Tatiana','string'),(414,'en_US','givenName',0,0,'Edith','string'),(415,'en_US','givenName',0,0,'Andres','string'),(416,'en_US','givenName',0,0,'Jeanna','string'),(417,'en_US','givenName',0,0,'France','string'),(418,'en_US','givenName',0,0,'Yetta','string'),(419,'en_US','givenName',0,0,'Lowell','string'),(420,'en_US','givenName',0,0,'Madge','string'),(421,'en_US','givenName',0,0,'Jovita','string'),(422,'en_US','givenName',0,0,'Gertrude','string'),(423,'en_US','givenName',0,0,'Essie','string'),(424,'en_US','givenName',0,0,'Whitney','string'),(425,'en_US','givenName',0,0,'Rufus','string'),(426,'en_US','givenName',0,0,'Megan','string'),(427,'en_US','givenName',0,0,'Lana','string'),(428,'en_US','givenName',0,0,'Marina','string'),(429,'en_US','givenName',0,0,'Vania','string'),(430,'en_US','givenName',0,0,'Henrique','string'),(431,'en_US','givenName',0,0,'Matilda','string'),(432,'en_US','givenName',0,0,'Herman','string'),(433,'en_US','givenName',0,0,'Dena','string'),(434,'en_US','givenName',0,0,'Annette','string'),(435,'en_US','givenName',0,0,'Vicente','string'),(436,'en_US','givenName',0,0,'Cruz','string'),(437,'en_US','givenName',0,0,'Misty','string'),(438,'en_US','givenName',0,0,'Jurgen','string'),(439,'en_US','givenName',0,0,'Tonia','string'),(440,'en_US','givenName',0,0,'Ariel','string'),(441,'en_US','givenName',0,0,'Joanna','string'),(442,'en_US','givenName',0,0,'Julianne','string'),(443,'en_US','givenName',0,0,'Ron','string'),(444,'en_US','givenName',0,0,'Lorna','string'),(445,'en_US','givenName',0,0,'Gertie','string'),(446,'en_US','givenName',0,0,'Dave','string'),(447,'en_US','givenName',0,0,'Cameron','string'),(448,'en_US','givenName',0,0,'Felipe','string'),(449,'en_US','givenName',0,0,'Chelsea','string'),(450,'en_US','givenName',0,0,'raizen','string'),(451,'en_US','givenName',0,0,'Pietro','string'),(452,'en_US','givenName',0,0,'Monique','string'),(453,'en_US','givenName',0,0,'Antonio','string'),(454,'en_US','givenName',0,0,'Ramdhani','string'),(455,'en_US','givenName',0,0,'Aretha','string'),(456,'en_US','givenName',0,0,'Luz','string'),(457,'en_US','givenName',0,0,'yuda','string'),(458,'en_US','givenName',0,0,'Lila','string'),(459,'en_US','givenName',0,0,'Katherine','string'),(460,'en_US','givenName',0,0,'Alisson','string'),(461,'en_US','givenName',0,0,'Manuela','string'),(462,'en_US','givenName',0,0,'Barrett','string'),(463,'en_US','givenName',0,0,'Antonio','string'),(464,'en_US','givenName',0,0,'Jorja','string'),(465,'en_US','givenName',0,0,'Muhamad','string'),(466,'en_US','givenName',0,0,'Otilia','string'),(467,'en_US','givenName',0,0,'Joaquim','string'),(468,'en_US','givenName',0,0,'Amanda','string'),(469,'en_US','givenName',0,0,'Magdalena','string'),(470,'en_US','givenName',0,0,'Meridith','string'),(471,'en_US','givenName',0,0,'Clara','string'),(472,'en_US','givenName',0,0,'Dominga','string'),(473,'en_US','givenName',0,0,'Domenic','string'),(474,'en_US','givenName',0,0,'Maura','string'),(475,'en_US','givenName',0,0,'Alberta','string'),(476,'en_US','givenName',0,0,'Maisie','string'),(477,'en_US','givenName',0,0,'Dalton','string'),(478,'en_US','givenName',0,0,'Mabel','string'),(479,'en_US','givenName',0,0,'Vicky','string'),(480,'en_US','givenName',0,0,'Nicole','string'),(481,'en_US','givenName',0,0,'Isadora','string'),(482,'en_US','givenName',0,0,'Delia','string'),(483,'en_US','givenName',0,0,'Isaac','string'),(484,'en_US','givenName',0,0,'Alonzo','string'),(485,'en_US','givenName',0,0,'Dominique','string'),(486,'en_US','givenName',0,0,'Clarissa','string'),(487,'en_US','givenName',0,0,'Larry','string'),(488,'en_US','givenName',0,0,'Shari','string'),(489,'en_US','givenName',0,0,'Collette','string'),(490,'en_US','givenName',0,0,'Michal','string'),(491,'en_US','givenName',0,0,'Jeramy','string'),(492,'en_US','givenName',0,0,'Mirta','string'),(493,'en_US','givenName',0,0,'Harley','string'),(494,'en_US','givenName',0,0,'Maxwell','string'),(495,'en_US','givenName',0,0,'Jesenia','string'),(496,'en_US','givenName',0,0,'Archer','string'),(497,'en_US','givenName',0,0,'Luciana','string'),(498,'en_US','givenName',0,0,'Karen','string'),(499,'en_US','givenName',0,0,'Carmine','string'),(500,'en_US','givenName',0,0,'Ramonita','string'),(501,'en_US','givenName',0,0,'Jacklyn','string'),(502,'en_US','givenName',0,0,'Reinaldo','string'),(503,'en_US','givenName',0,0,'Donald','string'),(504,'en_US','givenName',0,0,'Jewell','string'),(505,'en_US','givenName',0,0,'Peter','string'),(506,'en_US','givenName',0,0,'Jeanna','string'),(507,'en_US','givenName',0,0,'Von','string'),(508,'en_US','givenName',0,0,'Tomoko','string'),(509,'en_US','givenName',0,0,'Dick','string'),(510,'en_US','givenName',0,0,'Karl','string'),(511,'en_US','givenName',0,0,'Jann','string'),(512,'en_US','givenName',0,0,'Wolfgang','string'),(513,'en_US','givenName',0,0,'Estri Nurul','string'),(514,'en_US','givenName',0,0,'Gavin','string'),(515,'en_US','givenName',0,0,'Alicia','string'),(516,'en_US','givenName',0,0,'Betina','string'),(517,'en_US','givenName',0,0,'Mariana','string'),(518,'en_US','givenName',0,0,'Clarissa','string'),(519,'en_US','givenName',0,0,'Michell','string'),(520,'en_US','givenName',0,0,'Patricia','string'),(521,'en_US','givenName',0,0,'Giovanna','string'),(522,'en_US','givenName',0,0,'Alberto','string'),(523,'en_US','givenName',0,0,'Marylyn','string'),(524,'en_US','givenName',0,0,'Zara','string'),(525,'en_US','givenName',0,0,'Marta','string'),(526,'en_US','givenName',0,0,'Cathleen','string'),(527,'en_US','givenName',0,0,'Inez','string'),(528,'en_US','givenName',0,0,'Stefan','string'),(529,'en_US','givenName',0,0,'Maxine','string'),(530,'en_US','givenName',0,0,'kucing','string'),(531,'en_US','givenName',0,0,'Velda','string'),(532,'en_US','givenName',0,0,'Imogene','string'),(533,'en_US','givenName',0,0,'Ernestina','string'),(534,'en_US','givenName',0,0,'Elena','string'),(535,'en_US','givenName',0,0,'Cliff','string'),(536,'en_US','givenName',0,0,'Sarah','string'),(537,'en_US','givenName',0,0,'Alicia','string'),(538,'en_US','givenName',0,0,'Samuel','string'),(539,'en_US','givenName',0,0,'Isabella','string'),(540,'en_US','givenName',0,0,'Victor','string'),(541,'en_US','givenName',0,0,'Loretta','string'),(542,'en_US','givenName',0,0,'Bruno','string'),(543,'en_US','givenName',0,0,'Mariene','string'),(544,'en_US','givenName',0,0,'Helena','string'),(545,'en_US','givenName',0,0,'Laurinha','string'),(546,'en_US','givenName',0,0,'Lien','string'),(547,'en_US','givenName',0,0,'Thiago','string'),(548,'en_US','givenName',0,0,'Miquel','string'),(549,'en_US','givenName',0,0,'Bruno','string'),(550,'en_US','givenName',0,0,'Della','string'),(551,'en_US','givenName',0,0,'Renate','string'),(552,'en_US','givenName',0,0,'Jami','string'),(553,'en_US','givenName',0,0,'Maximo','string'),(554,'en_US','givenName',0,0,'Carin','string'),(555,'en_US','givenName',0,0,'Rena','string'),(556,'en_US','givenName',0,0,'Carey','string'),(557,'en_US','givenName',0,0,'Garland','string'),(558,'en_US','givenName',0,0,'Dennis','string'),(559,'en_US','givenName',0,0,'Ririn Wahyu','string'),(560,'en_US','givenName',0,0,'João Davi Lucas','string'),(561,'en_US','givenName',0,0,'Natalie','string'),(562,'en_US','givenName',0,0,'Amanda','string'),(563,'en_US','givenName',0,0,'Pedro Thiago','string'),(564,'en_US','givenName',0,0,'Gabriela','string'),(565,'en_US','givenName',0,0,'Isabella','string'),(566,'en_US','givenName',0,0,'Margie','string'),(567,'en_US','givenName',0,0,'Juan','string'),(568,'en_US','givenName',0,0,'Micah','string'),(569,'en_US','givenName',0,0,'Pedro Cauã','string'),(570,'en_US','givenName',0,0,'Celsa','string'),(571,'en_US','givenName',0,0,'Gale','string'),(572,'en_US','givenName',0,0,'Monique','string'),(573,'en_US','givenName',0,0,'Therese','string'),(574,'en_US','givenName',0,0,'Vicky','string'),(575,'en_US','givenName',0,0,'Emanuelly','string'),(576,'en_US','givenName',0,0,'Mathias','string'),(577,'en_US','givenName',0,0,'Monserrate','string'),(578,'en_US','givenName',0,0,'Gabriel','string'),(579,'en_US','givenName',0,0,'Amie','string'),(580,'en_US','givenName',0,0,'Delores','string'),(581,'en_US','givenName',0,0,'Bianca','string'),(582,'en_US','givenName',0,0,'Roslyn','string'),(583,'en_US','givenName',0,0,'Miguel','string'),(584,'en_US','givenName',0,0,'Pedro Eduardo','string'),(585,'en_US','givenName',0,0,'Pedro João Miguel','string'),(586,'en_US','givenName',0,0,'Calvin','string'),(587,'en_US','givenName',0,0,'Brain','string'),(588,'en_US','givenName',0,0,'João Vitor','string'),(589,'en_US','givenName',0,0,'Harley','string'),(590,'en_US','givenName',0,0,'João Pedro Henrique','string'),(591,'en_US','givenName',0,0,'Maria Ana','string'),(592,'en_US','givenName',0,0,'Paulo Pedro','string'),(593,'en_US','givenName',0,0,'Maria Lavínia','string'),(594,'en_US','givenName',0,0,'Pedro Cauã','string'),(595,'en_US','givenName',0,0,'João Lucca','string'),(596,'en_US','givenName',0,0,'Pedro Leonardo','string'),(597,'en_US','givenName',0,0,'Maria Alice','string'),(598,'en_US','givenName',0,0,'Pedro João','string'),(599,'en_US','givenName',0,0,'Giovanna','string'),(600,'en_US','givenName',0,0,'Maria Maria','string'),(601,'en_US','givenName',0,0,'João Lorenzo','string'),(602,'en_US','givenName',0,0,'Thomas','string'),(603,'en_US','givenName',0,0,'Paulo Samuel','string'),(604,'en_US','givenName',0,0,'Theo','string'),(605,'en_US','givenName',0,0,'João Murilo','string'),(606,'en_US','givenName',0,0,'João Caio','string'),(607,'en_US','givenName',0,0,'Henrique','string'),(608,'en_US','givenName',0,0,'Maria Lorena','string'),(609,'en_US','givenName',0,0,'Pedro Lucca','string'),(610,'en_US','givenName',0,0,'Yasmin','string'),(611,'en_US','givenName',0,0,'Maria Laura','string'),(612,'en_US','givenName',0,0,'Pedro Antônio','string'),(613,'en_US','givenName',0,0,'João Benjamin','string'),(614,'en_US','givenName',0,0,'Helena','string'),(615,'en_US','givenName',0,0,'Davi Lucas','string'),(616,'en_US','givenName',0,0,'Marina','string'),(617,'en_US','givenName',0,0,'Paulo Bernardo','string'),(618,'en_US','givenName',0,0,'Maria Nicole','string'),(619,'en_US','givenName',0,0,'João Pedro','string'),(620,'en_US','givenName',0,0,'Maria Manuela','string'),(621,'en_US','givenName',0,0,'Pedro Matheus','string'),(622,'en_US','givenName',0,0,'Murilo','string'),(623,'en_US','givenName',0,0,'Rafaela','string'),(624,'en_US','givenName',0,0,'Catarina','string'),(625,'en_US','givenName',0,0,'Larissa','string'),(626,'en_US','givenName',0,0,'Isaac','string'),(627,'en_US','givenName',0,0,'Benício','string'),(628,'en_US','givenName',0,0,'Paulo Lucca','string'),(629,'en_US','givenName',0,0,'João Arthur','string'),(630,'en_US','givenName',0,0,'Paulo Daniel','string'),(631,'en_US','givenName',0,0,'Larissa','string'),(632,'en_US','givenName',0,0,'João Francisco','string'),(633,'en_US','givenName',0,0,'Paulo Antônio','string'),(634,'en_US','givenName',0,0,'Paulo Gabriel','string'),(635,'en_US','givenName',0,0,'Bianca','string'),(636,'en_US','givenName',0,0,'Lorri','string'),(637,'en_US','givenName',0,0,'João Enzo Gabriel','string'),(638,'en_US','givenName',0,0,'Candida','string'),(639,'en_US','givenName',0,0,'Maria Emanuelly','string'),(640,'en_US','givenName',0,0,'Paulo Vitor','string'),(641,'en_US','givenName',0,0,'Tatik','string'),(642,'en_US','givenName',0,0,'Emanuelly','string'),(643,'en_US','givenName',0,0,'João Bernardo','string'),(644,'en_US','givenName',0,0,'Júlia','string'),(645,'en_US','givenName',0,0,'Paulo Davi Lucca','string'),(646,'en_US','givenName',0,0,'João Heitor','string'),(647,'en_US','givenName',0,0,'João Cauã','string'),(648,'en_US','givenName',0,0,'Paulo Vicente','string'),(649,'en_US','givenName',0,0,'Paulo Thiago','string'),(650,'en_US','givenName',0,0,'Thomas','string'),(651,'en_US','givenName',0,0,'João Gustavo','string'),(652,'en_US','givenName',0,0,'João Theo','string'),(653,'en_US','givenName',0,0,'Theo','string'),(654,'en_US','givenName',0,0,'João João Lucas','string'),(655,'en_US','givenName',0,0,'João Gabriel','string'),(656,'en_US','givenName',0,0,'Maria Ana Clara','string'),(657,'en_US','givenName',0,0,'Thomas','string'),(658,'en_US','givenName',0,0,'Pedro Thomas','string'),(659,'en_US','givenName',0,0,'Paulo Isaac','string'),(660,'en_US','givenName',0,0,'João Joaquim','string'),(661,'en_US','givenName',0,0,'Vicente','string'),(662,'en_US','givenName',0,0,'Pedro Davi Lucca','string'),(663,'en_US','givenName',0,0,'João Benício','string'),(664,'en_US','givenName',0,0,'Lorena','string'),(665,'en_US','givenName',0,0,'Pedro João Pedro','string'),(666,'en_US','givenName',0,0,'Maria Vitória','string'),(667,'en_US','givenName',0,0,'Mariana','string'),(668,'en_US','givenName',0,0,'Paulo Henrique','string'),(669,'en_US','givenName',0,0,'Paulo João','string'),(670,'en_US','givenName',0,0,'Paulo Rafael','string'),(671,'en_US','givenName',0,0,'João Lucas','string'),(672,'en_US','givenName',0,0,'João Eduardo','string'),(673,'en_US','givenName',0,0,'Maria Esther','string'),(1,'en_US','familyName',0,0,'a','string'),(2,'en_US','familyName',0,0,'reviewer','string'),(3,'en_US','familyName',0,0,'penulis','string'),(4,'en_US','familyName',0,0,'editor','string'),(5,'en_US','familyName',0,0,'Dwi Ningsih','string'),(6,'en_US','familyName',0,0,'xx','string'),(7,'en_US','familyName',0,0,'mbem','string'),(8,'en_US','familyName',0,0,'a','string'),(9,'en_US','familyName',0,0,'AlexaTuhAN','string'),(10,'en_US','familyName',0,0,'AlinochkaTuhLI','string'),(11,'en_US','familyName',0,0,'AlenkaTuhGM','string'),(12,'en_US','familyName',0,0,'haku','string'),(13,'en_US','familyName',0,0,'a','string'),(14,'en_US','familyName',0,0,'jwdiajdwiaj','string'),(15,'en_US','familyName',0,0,'a','string'),(16,'en_US','familyName',0,0,'a','string'),(17,'en_US','familyName',0,0,'asdasdasd','string'),(18,'en_US','familyName',0,0,'d','string'),(19,'en_US','familyName',0,0,'f','string'),(20,'en_US','familyName',0,0,'x','string'),(21,'en_US','familyName',0,0,'elviana','string'),(22,'en_US','familyName',0,0,'Anggarsih','string'),(23,'en_US','familyName',0,0,'Oktaviani','string'),(24,'en_US','familyName',0,0,'Kasanah','string'),(25,'en_US','familyName',0,0,'Saputri','string'),(26,'en_US','familyName',0,0,'martiningsih','string'),(27,'en_US','familyName',0,0,'Saptiningsih','string'),(28,'en_US','familyName',0,0,'Sulistianingsih','string'),(29,'en_US','familyName',0,0,'asd','string'),(30,'en_US','familyName',0,0,'Sulistyo','string'),(31,'en_US','familyName',0,0,'fatma','string'),(32,'en_US','familyName',0,0,'Hidayati','string'),(33,'en_US','familyName',0,0,'wardani','string'),(34,'en_US','familyName',0,0,'adssad','string'),(35,'en_US','familyName',0,0,'AsaSA','string'),(36,'en_US','familyName',0,0,'waluyo','string'),(37,'en_US','familyName',0,0,'asd','string'),(38,'en_US','familyName',0,0,'x','string'),(39,'en_US','familyName',0,0,'Emma','string'),(40,'en_US','familyName',0,0,'Ellwood','string'),(41,'en_US','familyName',0,0,'Langlois','string'),(42,'en_US','familyName',0,0,'Hassell','string'),(43,'en_US','familyName',0,0,'Dias','string'),(44,'en_US','familyName',0,0,'Pickering','string'),(45,'en_US','familyName',0,0,'Jesus','string'),(46,'en_US','familyName',0,0,'Connolly','string'),(47,'en_US','familyName',0,0,'Cheyne','string'),(48,'en_US','familyName',0,0,'Montres','string'),(49,'en_US','familyName',0,0,'Tomazes','string'),(50,'en_US','familyName',0,0,'Oaks','string'),(51,'en_US','familyName',0,0,'Bagwell','string'),(52,'en_US','familyName',0,0,'Cheng','string'),(53,'en_US','familyName',0,0,'Buxton','string'),(54,'en_US','familyName',0,0,'Novaes','string'),(55,'en_US','familyName',0,0,'O\'Callaghan','string'),(56,'en_US','familyName',0,0,'Moura','string'),(57,'en_US','familyName',0,0,'Hermann','string'),(58,'en_US','familyName',0,0,'McClelland','string'),(59,'en_US','familyName',0,0,'Mendonca','string'),(60,'en_US','familyName',0,0,'Muriel','string'),(61,'en_US','familyName',0,0,'Cunha','string'),(62,'en_US','familyName',0,0,'Glaze','string'),(63,'en_US','familyName',0,0,'Wurfel','string'),(64,'en_US','familyName',0,0,'Snoddy','string'),(65,'en_US','familyName',0,0,'Vaz','string'),(66,'en_US','familyName',0,0,'Rosa','string'),(67,'en_US','familyName',0,0,'Schott','string'),(68,'en_US','familyName',0,0,'Burdick','string'),(69,'en_US','familyName',0,0,'Cruz','string'),(70,'en_US','familyName',0,0,'Carvalho','string'),(71,'en_US','familyName',0,0,'Montenegro','string'),(72,'en_US','familyName',0,0,'Rhoden','string'),(73,'en_US','familyName',0,0,'Caraballo','string'),(74,'en_US','familyName',0,0,'Ewald','string'),(75,'en_US','familyName',0,0,'Ranson','string'),(76,'en_US','familyName',0,0,'Daves','string'),(77,'en_US','familyName',0,0,'Boyes','string'),(78,'en_US','familyName',0,0,'Birmingham','string'),(79,'en_US','familyName',0,0,'Cocks','string'),(80,'en_US','familyName',0,0,'Schott','string'),(81,'en_US','familyName',0,0,'Novaes','string'),(82,'en_US','familyName',0,0,'Michalik','string'),(83,'en_US','familyName',0,0,'Novaes','string'),(84,'en_US','familyName',0,0,'Carvalho','string'),(85,'en_US','familyName',0,0,'Lefkowitz','string'),(86,'en_US','familyName',0,0,'Mettler','string'),(87,'en_US','familyName',0,0,'Willie','string'),(88,'en_US','familyName',0,0,'Durant','string'),(89,'en_US','familyName',0,0,'Tedeschi','string'),(90,'en_US','familyName',0,0,'Picton','string'),(91,'en_US','familyName',0,0,'Hardiman','string'),(92,'en_US','familyName',0,0,'Gifford','string'),(93,'en_US','familyName',0,0,'Nickle','string'),(94,'en_US','familyName',0,0,'Sales','string'),(95,'en_US','familyName',0,0,'Lightner','string'),(96,'en_US','familyName',0,0,'Otto','string'),(97,'en_US','familyName',0,0,'Piddington','string'),(98,'en_US','familyName',0,0,'Mendonca','string'),(99,'en_US','familyName',0,0,'Conforti','string'),(100,'en_US','familyName',0,0,'Fernandes','string'),(101,'en_US','familyName',0,0,'Marsh','string'),(102,'en_US','familyName',0,0,'Bibi','string'),(103,'en_US','familyName',0,0,'Junkins','string'),(104,'en_US','familyName',0,0,'Mendonca','string'),(105,'en_US','familyName',0,0,'Batey','string'),(106,'en_US','familyName',0,0,'Horseman','string'),(107,'en_US','familyName',0,0,'Franco','string'),(108,'en_US','familyName',0,0,'Majeski','string'),(109,'en_US','familyName',0,0,'Downie','string'),(110,'en_US','familyName',0,0,'Lopes','string'),(111,'en_US','familyName',0,0,'Hipple','string'),(112,'en_US','familyName',0,0,'Garner','string'),(113,'en_US','familyName',0,0,'Keeler','string'),(114,'en_US','familyName',0,0,'Hilliard','string'),(115,'en_US','familyName',0,0,'Ramsbotham','string'),(116,'en_US','familyName',0,0,'Patino','string'),(117,'en_US','familyName',0,0,'Tarr','string'),(118,'en_US','familyName',0,0,'Cardoso','string'),(119,'en_US','familyName',0,0,'Cranwell','string'),(120,'en_US','familyName',0,0,'Sulman','string'),(121,'en_US','familyName',0,0,'Pereira','string'),(122,'en_US','familyName',0,0,'Jesus','string'),(123,'en_US','familyName',0,0,'Shumaker','string'),(124,'en_US','familyName',0,0,'Alves','string'),(125,'en_US','familyName',0,0,'Oconnor','string'),(126,'en_US','familyName',0,0,'Ogilvy','string'),(127,'en_US','familyName',0,0,'Solis','string'),(128,'en_US','familyName',0,0,'Dolling','string'),(129,'en_US','familyName',0,0,'Burwell','string'),(130,'en_US','familyName',0,0,'Hudak','string'),(131,'en_US','familyName',0,0,'Hildreth','string'),(132,'en_US','familyName',0,0,'Pedersen','string'),(133,'en_US','familyName',0,0,'Nascimento','string'),(134,'en_US','familyName',0,0,'Ievers','string'),(135,'en_US','familyName',0,0,'Drescher','string'),(136,'en_US','familyName',0,0,'Caldeira','string'),(137,'en_US','familyName',0,0,'Raynor','string'),(138,'en_US','familyName',0,0,'Florez','string'),(139,'en_US','familyName',0,0,'Bell','string'),(140,'en_US','familyName',0,0,'Dick','string'),(141,'en_US','familyName',0,0,'Bunting','string'),(142,'en_US','familyName',0,0,'Hanton','string'),(143,'en_US','familyName',0,0,'Fogaca','string'),(144,'en_US','familyName',0,0,'Sumpter','string'),(145,'en_US','familyName',0,0,'Spears','string'),(146,'en_US','familyName',0,0,'Selph','string'),(147,'en_US','familyName',0,0,'Pittmann','string'),(148,'en_US','familyName',0,0,'Marden','string'),(149,'en_US','familyName',0,0,'Fawsitt','string'),(150,'en_US','familyName',0,0,'Cocks','string'),(151,'en_US','familyName',0,0,'Montenegro','string'),(152,'en_US','familyName',0,0,'Tam','string'),(153,'en_US','familyName',0,0,'Whitney','string'),(154,'en_US','familyName',0,0,'McQuade','string'),(155,'en_US','familyName',0,0,'Madison','string'),(156,'en_US','familyName',0,0,'Jacks','string'),(157,'en_US','familyName',0,0,'Caire','string'),(158,'en_US','familyName',0,0,'Holroyd','string'),(159,'en_US','familyName',0,0,'Florance','string'),(160,'en_US','familyName',0,0,'Silva','string'),(161,'en_US','familyName',0,0,'Vaz','string'),(162,'en_US','familyName',0,0,'Fountain','string'),(163,'en_US','familyName',0,0,'Northmore','string'),(164,'en_US','familyName',0,0,'Gabbard','string'),(165,'en_US','familyName',0,0,'Moura','string'),(166,'en_US','familyName',0,0,'Gilley','string'),(167,'en_US','familyName',0,0,'Leibowitz','string'),(168,'en_US','familyName',0,0,'Mulga','string'),(169,'en_US','familyName',0,0,'Francis','string'),(170,'en_US','familyName',0,0,'Quesinberry','string'),(171,'en_US','familyName',0,0,'Tindal','string'),(172,'en_US','familyName',0,0,'Pereira','string'),(173,'en_US','familyName',0,0,'Perez','string'),(174,'en_US','familyName',0,0,'Hedgepeth','string'),(175,'en_US','familyName',0,0,'Kirkpatrick','string'),(176,'en_US','familyName',0,0,'Lemberg','string'),(177,'en_US','familyName',0,0,'Gomes','string'),(178,'en_US','familyName',0,0,'Wight','string'),(179,'en_US','familyName',0,0,'Thorpe','string'),(180,'en_US','familyName',0,0,'Magana','string'),(181,'en_US','familyName',0,0,'Berryman','string'),(182,'en_US','familyName',0,0,'Elkins','string'),(183,'en_US','familyName',0,0,'Story','string'),(184,'en_US','familyName',0,0,'Oswalt','string'),(185,'en_US','familyName',0,0,'Barros','string'),(186,'en_US','familyName',0,0,'Loos','string'),(187,'en_US','familyName',0,0,'Porto','string'),(188,'en_US','familyName',0,0,'Perryman','string'),(189,'en_US','familyName',0,0,'Abercrombie','string'),(190,'en_US','familyName',0,0,'Born','string'),(191,'en_US','familyName',0,0,'Pires','string'),(192,'en_US','familyName',0,0,'Montes','string'),(193,'en_US','familyName',0,0,'Espinal','string'),(194,'en_US','familyName',0,0,'Ramey','string'),(195,'en_US','familyName',0,0,'Lemos','string'),(196,'en_US','familyName',0,0,'Marin','string'),(197,'en_US','familyName',0,0,'Bermudez','string'),(198,'en_US','familyName',0,0,'Fitzwater','string'),(199,'en_US','familyName',0,0,'Babcock','string'),(200,'en_US','familyName',0,0,'Lorenz','string'),(201,'en_US','familyName',0,0,'Skipper','string'),(202,'en_US','familyName',0,0,'Moffitt','string'),(203,'en_US','familyName',0,0,'Glaze','string'),(204,'en_US','familyName',0,0,'Tryon','string'),(205,'en_US','familyName',0,0,'Holyfield','string'),(206,'en_US','familyName',0,0,'Viante','string'),(207,'en_US','familyName',0,0,'Sierra','string'),(208,'en_US','familyName',0,0,'Rothschild','string'),(209,'en_US','familyName',0,0,'Slagle','string'),(210,'en_US','familyName',0,0,'Buffington','string'),(211,'en_US','familyName',0,0,'Jenks','string'),(212,'en_US','familyName',0,0,'Bundy','string'),(213,'en_US','familyName',0,0,'Kindel','string'),(214,'en_US','familyName',0,0,'Mannix','string'),(215,'en_US','familyName',0,0,'Frasier','string'),(216,'en_US','familyName',0,0,'Hartnett','string'),(217,'en_US','familyName',0,0,'Rounsevell','string'),(218,'en_US','familyName',0,0,'Finnegan','string'),(219,'en_US','familyName',0,0,'Pereira','string'),(220,'en_US','familyName',0,0,'Broadus','string'),(221,'en_US','familyName',0,0,'Kincheloe','string'),(222,'en_US','familyName',0,0,'Chambers','string'),(223,'en_US','familyName',0,0,'Oliva','string'),(224,'en_US','familyName',0,0,'Duarte','string'),(225,'en_US','familyName',0,0,'Searle','string'),(226,'en_US','familyName',0,0,'Carbajal','string'),(227,'en_US','familyName',0,0,'Newcombe','string'),(228,'en_US','familyName',0,0,'Haswell','string'),(229,'en_US','familyName',0,0,'Stable','string'),(230,'en_US','familyName',0,0,'Mccue','string'),(231,'en_US','familyName',0,0,'Angelo','string'),(232,'en_US','familyName',0,0,'Spedding','string'),(233,'en_US','familyName',0,0,'Nowlin','string'),(234,'en_US','familyName',0,0,'Barela','string'),(235,'en_US','familyName',0,0,'Kash','string'),(236,'en_US','familyName',0,0,'Pasco','string'),(237,'en_US','familyName',0,0,'McPhillamy','string'),(238,'en_US','familyName',0,0,'Coney','string'),(239,'en_US','familyName',0,0,'Mackellar','string'),(240,'en_US','familyName',0,0,'Nunes','string'),(241,'en_US','familyName',0,0,'Flinders','string'),(242,'en_US','familyName',0,0,'Strahan','string'),(243,'en_US','familyName',0,0,'Hass','string'),(244,'en_US','familyName',0,0,'Burkhart','string'),(245,'en_US','familyName',0,0,'Simon','string'),(246,'en_US','familyName',0,0,'Lipsey','string'),(247,'en_US','familyName',0,0,'Roussel','string'),(248,'en_US','familyName',0,0,'Church','string'),(249,'en_US','familyName',0,0,'McMinn','string'),(250,'en_US','familyName',0,0,'Seder','string'),(251,'en_US','familyName',0,0,'Holland','string'),(252,'en_US','familyName',0,0,'McLaurin','string'),(253,'en_US','familyName',0,0,'Lamaro','string'),(254,'en_US','familyName',0,0,'Westacott','string'),(255,'en_US','familyName',0,0,'Frueh','string'),(256,'en_US','familyName',0,0,'Fatnowna','string'),(257,'en_US','familyName',0,0,'Haigh','string'),(258,'en_US','familyName',0,0,'Gustafson','string'),(259,'en_US','familyName',0,0,'Rosenthal','string'),(260,'en_US','familyName',0,0,'Hartley','string'),(261,'en_US','familyName',0,0,'Cayton','string'),(262,'en_US','familyName',0,0,'Maresca','string'),(263,'en_US','familyName',0,0,'Trumper','string'),(264,'en_US','familyName',0,0,'Costa','string'),(265,'en_US','familyName',0,0,'Reichstein','string'),(266,'en_US','familyName',0,0,'Aldridge','string'),(267,'en_US','familyName',0,0,'Bowser','string'),(268,'en_US','familyName',0,0,'Blanton','string'),(269,'en_US','familyName',0,0,'Cavalcanti','string'),(270,'en_US','familyName',0,0,'Viante','string'),(271,'en_US','familyName',0,0,'Kinne','string'),(272,'en_US','familyName',0,0,'Starke','string'),(273,'en_US','familyName',0,0,'Stump','string'),(274,'en_US','familyName',0,0,'Zimin','string'),(275,'en_US','familyName',0,0,'Bibi','string'),(276,'en_US','familyName',0,0,'Quam','string'),(277,'en_US','familyName',0,0,'Braund','string'),(278,'en_US','familyName',0,0,'Oldham','string'),(279,'en_US','familyName',0,0,'Villa','string'),(280,'en_US','familyName',0,0,'Egge','string'),(281,'en_US','familyName',0,0,'Lacroix','string'),(282,'en_US','familyName',0,0,'Duarte','string'),(283,'en_US','familyName',0,0,'Carmody','string'),(284,'en_US','familyName',0,0,'Cremean','string'),(285,'en_US','familyName',0,0,'Soriano','string'),(286,'en_US','familyName',0,0,'Dendy','string'),(287,'en_US','familyName',0,0,'Arscott','string'),(288,'en_US','familyName',0,0,'Brice','string'),(289,'en_US','familyName',0,0,'Witt','string'),(290,'en_US','familyName',0,0,'Goodsell','string'),(291,'en_US','familyName',0,0,'Luz','string'),(292,'en_US','familyName',0,0,'Viante','string'),(293,'en_US','familyName',0,0,'Oshea','string'),(294,'en_US','familyName',0,0,'Fogaca','string'),(295,'en_US','familyName',0,0,'Fantin','string'),(296,'en_US','familyName',0,0,'Araujo','string'),(297,'en_US','familyName',0,0,'McNab','string'),(298,'en_US','familyName',0,0,'Guedes','string'),(299,'en_US','familyName',0,0,'Bernhardt','string'),(300,'en_US','familyName',0,0,'Mounts','string'),(301,'en_US','familyName',0,0,'Thirkell','string'),(302,'en_US','familyName',0,0,'Machado','string'),(303,'en_US','familyName',0,0,'Byard','string'),(304,'en_US','familyName',0,0,'Barnett','string'),(305,'en_US','familyName',0,0,'Easley','string'),(306,'en_US','familyName',0,0,'Mendonca','string'),(307,'en_US','familyName',0,0,'Silva','string'),(308,'en_US','familyName',0,0,'Fogaca','string'),(309,'en_US','familyName',0,0,'Machado','string'),(310,'en_US','familyName',0,0,'Waddell','string'),(311,'en_US','familyName',0,0,'Sperry','string'),(312,'en_US','familyName',0,0,'Stuart','string'),(313,'en_US','familyName',0,0,'Kellway','string'),(314,'en_US','familyName',0,0,'Desmond','string'),(315,'en_US','familyName',0,0,'Braddon','string'),(316,'en_US','familyName',0,0,'Melo','string'),(317,'en_US','familyName',0,0,'Rendon','string'),(318,'en_US','familyName',0,0,'Jesus','string'),(319,'en_US','familyName',0,0,'Furphy','string'),(320,'en_US','familyName',0,0,'Sealey','string'),(321,'en_US','familyName',0,0,'Heritage','string'),(322,'en_US','familyName',0,0,'Antonieff','string'),(323,'en_US','familyName',0,0,'Blyth','string'),(324,'en_US','familyName',0,0,'Derose','string'),(325,'en_US','familyName',0,0,'Ernst','string'),(326,'en_US','familyName',0,0,'Cervantes','string'),(327,'en_US','familyName',0,0,'Naylor','string'),(328,'en_US','familyName',0,0,'Nogueira','string'),(329,'en_US','familyName',0,0,'Borella','string'),(330,'en_US','familyName',0,0,'Durham','string'),(331,'en_US','familyName',0,0,'Cushman','string'),(332,'en_US','familyName',0,0,'Stauffer','string'),(333,'en_US','familyName',0,0,'Bradford','string'),(334,'en_US','familyName',0,0,'Outhwaite','string'),(335,'en_US','familyName',0,0,'Pomeroy','string'),(336,'en_US','familyName',0,0,'Daugherty','string'),(337,'en_US','familyName',0,0,'Betche','string'),(338,'en_US','familyName',0,0,'Guardado','string'),(339,'en_US','familyName',0,0,'Hobler','string'),(340,'en_US','familyName',0,0,'Hough','string'),(341,'en_US','familyName',0,0,'Boan','string'),(342,'en_US','familyName',0,0,'Tonga','string'),(343,'en_US','familyName',0,0,'Bennett','string'),(344,'en_US','familyName',0,0,'McQuillen','string'),(345,'en_US','familyName',0,0,'Riddick','string'),(346,'en_US','familyName',0,0,'Gabriele','string'),(347,'en_US','familyName',0,0,'Lykins','string'),(348,'en_US','familyName',0,0,'Spann','string'),(349,'en_US','familyName',0,0,'Kaur','string'),(350,'en_US','familyName',0,0,'Quilty','string'),(351,'en_US','familyName',0,0,'Cothran','string'),(352,'en_US','familyName',0,0,'Metters','string'),(353,'en_US','familyName',0,0,'Clarey','string'),(354,'en_US','familyName',0,0,'Clubbe','string'),(355,'en_US','familyName',0,0,'Reeder','string'),(356,'en_US','familyName',0,0,'Caldeira','string'),(357,'en_US','familyName',0,0,'Fennell','string'),(358,'en_US','familyName',0,0,'Goncalves','string'),(359,'en_US','familyName',0,0,'Doolan','string'),(360,'en_US','familyName',0,0,'Ferreira','string'),(361,'en_US','familyName',0,0,'Guedes','string'),(362,'en_US','familyName',0,0,'Rocha','string'),(363,'en_US','familyName',0,0,'Luz','string'),(364,'en_US','familyName',0,0,'Lombardi','string'),(365,'en_US','familyName',0,0,'Sterling','string'),(366,'en_US','familyName',0,0,'Galleghan','string'),(367,'en_US','familyName',0,0,'Yulianti','string'),(368,'en_US','familyName',0,0,'Mota','string'),(369,'en_US','familyName',0,0,'Tietkens','string'),(370,'en_US','familyName',0,0,'Nye','string'),(371,'en_US','familyName',0,0,'Putra','string'),(372,'en_US','familyName',0,0,'Courtney','string'),(373,'en_US','familyName',0,0,'Clifton','string'),(374,'en_US','familyName',0,0,'Marvin','string'),(375,'en_US','familyName',0,0,'Makinson','string'),(376,'en_US','familyName',0,0,'McCallum','string'),(377,'en_US','familyName',0,0,'Schott','string'),(378,'en_US','familyName',0,0,'Goodsell','string'),(379,'en_US','familyName',0,0,'Marden','string'),(380,'en_US','familyName',0,0,'Kesteven','string'),(381,'en_US','familyName',0,0,'Gillott','string'),(382,'en_US','familyName',0,0,'Bonds','string'),(383,'en_US','familyName',0,0,'Huntington','string'),(384,'en_US','familyName',0,0,'Waldron','string'),(385,'en_US','familyName',0,0,'Penn','string'),(386,'en_US','familyName',0,0,'Cordeaux','string'),(387,'en_US','familyName',0,0,'Erickson','string'),(388,'en_US','familyName',0,0,'Nepean','string'),(389,'en_US','familyName',0,0,'waluyo','string'),(390,'en_US','familyName',0,0,'Thring','string'),(391,'en_US','familyName',0,0,'Balcombe','string'),(392,'en_US','familyName',0,0,'Silveira','string'),(393,'en_US','familyName',0,0,'Castella','string'),(394,'en_US','familyName',0,0,'Delaney','string'),(395,'en_US','familyName',0,0,'Gilruth','string'),(396,'en_US','familyName',0,0,'Moraes','string'),(397,'en_US','familyName',0,0,'Crofts','string'),(398,'en_US','familyName',0,0,'Pickett','string'),(399,'en_US','familyName',0,0,'Traks','string'),(400,'en_US','familyName',0,0,'Melo','string'),(401,'en_US','familyName',0,0,'Lemons','string'),(402,'en_US','familyName',0,0,'Gladys','string'),(403,'en_US','familyName',0,0,'Ribeiro','string'),(404,'en_US','familyName',0,0,'Ferreira','string'),(405,'en_US','familyName',0,0,'Reasoner','string'),(406,'en_US','familyName',0,0,'Duesbury','string'),(407,'en_US','familyName',0,0,'Cardillo','string'),(408,'en_US','familyName',0,0,'Pierson','string'),(409,'en_US','familyName',0,0,'Vroland','string'),(410,'en_US','familyName',0,0,'Wiegand','string'),(411,'en_US','familyName',0,0,'Styles','string'),(412,'en_US','familyName',0,0,'Donato','string'),(413,'en_US','familyName',0,0,'Walls','string'),(414,'en_US','familyName',0,0,'Boismenu','string'),(415,'en_US','familyName',0,0,'Blaubaum','string'),(416,'en_US','familyName',0,0,'Nieto','string'),(417,'en_US','familyName',0,0,'Aldrich','string'),(418,'en_US','familyName',0,0,'Baine','string'),(419,'en_US','familyName',0,0,'Gerste','string'),(420,'en_US','familyName',0,0,'Romilly','string'),(421,'en_US','familyName',0,0,'Prewitt','string'),(422,'en_US','familyName',0,0,'Junker','string'),(423,'en_US','familyName',0,0,'Dees','string'),(424,'en_US','familyName',0,0,'Curr','string'),(425,'en_US','familyName',0,0,'Andes','string'),(426,'en_US','familyName',0,0,'Forro','string'),(427,'en_US','familyName',0,0,'Rosa','string'),(428,'en_US','familyName',0,0,'Tomazes','string'),(429,'en_US','familyName',0,0,'Kethel','string'),(430,'en_US','familyName',0,0,'Jesus','string'),(431,'en_US','familyName',0,0,'Mundy','string'),(432,'en_US','familyName',0,0,'Blacket','string'),(433,'en_US','familyName',0,0,'Macy','string'),(434,'en_US','familyName',0,0,'Northfield','string'),(435,'en_US','familyName',0,0,'Mcgehee','string'),(436,'en_US','familyName',0,0,'Free','string'),(437,'en_US','familyName',0,0,'Kerry','string'),(438,'en_US','familyName',0,0,'Estep','string'),(439,'en_US','familyName',0,0,'Kearns','string'),(440,'en_US','familyName',0,0,'Cottle','string'),(441,'en_US','familyName',0,0,'Hudd','string'),(442,'en_US','familyName',0,0,'Kiel','string'),(443,'en_US','familyName',0,0,'Kash','string'),(444,'en_US','familyName',0,0,'Kelleher','string'),(445,'en_US','familyName',0,0,'Schramm','string'),(446,'en_US','familyName',0,0,'Null','string'),(447,'en_US','familyName',0,0,'Marzano','string'),(448,'en_US','familyName',0,0,'Shafer','string'),(449,'en_US','familyName',0,0,'Schurr','string'),(450,'en_US','familyName',0,0,'raizen','string'),(451,'en_US','familyName',0,0,'Souza','string'),(452,'en_US','familyName',0,0,'Porto','string'),(453,'en_US','familyName',0,0,'Reis','string'),(454,'en_US','familyName',0,0,'Kuncoro','string'),(455,'en_US','familyName',0,0,'Hillgrove','string'),(456,'en_US','familyName',0,0,'Fihelly','string'),(457,'en_US','familyName',0,0,'susanto','string'),(458,'en_US','familyName',0,0,'Stout','string'),(459,'en_US','familyName',0,0,'Saylors','string'),(460,'en_US','familyName',0,0,'Traks','string'),(461,'en_US','familyName',0,0,'Francis','string'),(462,'en_US','familyName',0,0,'Harding','string'),(463,'en_US','familyName',0,0,'Campos','string'),(464,'en_US','familyName',0,0,'Newby','string'),(465,'en_US','familyName',0,0,'Bagus','string'),(466,'en_US','familyName',0,0,'Katz','string'),(467,'en_US','familyName',0,0,'Pires','string'),(468,'en_US','familyName',0,0,'Dundalli','string'),(469,'en_US','familyName',0,0,'Tuggle','string'),(470,'en_US','familyName',0,0,'Humphreys','string'),(471,'en_US','familyName',0,0,'Lima','string'),(472,'en_US','familyName',0,0,'Bibb','string'),(473,'en_US','familyName',0,0,'Bowser','string'),(474,'en_US','familyName',0,0,'Sells','string'),(475,'en_US','familyName',0,0,'Lowe','string'),(476,'en_US','familyName',0,0,'Kneebone','string'),(477,'en_US','familyName',0,0,'Westall','string'),(478,'en_US','familyName',0,0,'Finsch','string'),(479,'en_US','familyName',0,0,'Kight','string'),(480,'en_US','familyName',0,0,'Moreira','string'),(481,'en_US','familyName',0,0,'Tomazes','string'),(482,'en_US','familyName',0,0,'Hoke','string'),(483,'en_US','familyName',0,0,'Goncalves','string'),(484,'en_US','familyName',0,0,'Spangler','string'),(485,'en_US','familyName',0,0,'Joshua','string'),(486,'en_US','familyName',0,0,'Rocha','string'),(487,'en_US','familyName',0,0,'Carrasco','string'),(488,'en_US','familyName',0,0,'Schwab','string'),(489,'en_US','familyName',0,0,'Aguirre','string'),(490,'en_US','familyName',0,0,'Baltzell','string'),(491,'en_US','familyName',0,0,'Jenkinson','string'),(492,'en_US','familyName',0,0,'Steffen','string'),(493,'en_US','familyName',0,0,'Mulkey','string'),(494,'en_US','familyName',0,0,'Kirwan','string'),(495,'en_US','familyName',0,0,'Northmore','string'),(496,'en_US','familyName',0,0,'Fergerson','string'),(497,'en_US','familyName',0,0,'Blakely','string'),(498,'en_US','familyName',0,0,'Haro','string'),(499,'en_US','familyName',0,0,'Melancon','string'),(500,'en_US','familyName',0,0,'Kirch','string'),(501,'en_US','familyName',0,0,'Gula','string'),(502,'en_US','familyName',0,0,'Westgarth','string'),(503,'en_US','familyName',0,0,'Slade','string'),(504,'en_US','familyName',0,0,'Nicklin','string'),(505,'en_US','familyName',0,0,'Gleason','string'),(506,'en_US','familyName',0,0,'Washburn','string'),(507,'en_US','familyName',0,0,'Williamson','string'),(508,'en_US','familyName',0,0,'Rinaldi','string'),(509,'en_US','familyName',0,0,'Goss','string'),(510,'en_US','familyName',0,0,'Bivins','string'),(511,'en_US','familyName',0,0,'Mockridge','string'),(512,'en_US','familyName',0,0,'Eckert','string'),(513,'en_US','familyName',0,0,'Hidayati','string'),(514,'en_US','familyName',0,0,'Ralph','string'),(515,'en_US','familyName',0,0,'Farias','string'),(516,'en_US','familyName',0,0,'Villa','string'),(517,'en_US','familyName',0,0,'Mendonca','string'),(518,'en_US','familyName',0,0,'Caldeira','string'),(519,'en_US','familyName',0,0,'Downs','string'),(520,'en_US','familyName',0,0,'Carvalho','string'),(521,'en_US','familyName',0,0,'Alves','string'),(522,'en_US','familyName',0,0,'Tomas','string'),(523,'en_US','familyName',0,0,'Lovelace','string'),(524,'en_US','familyName',0,0,'Cornwell','string'),(525,'en_US','familyName',0,0,'Boyd','string'),(526,'en_US','familyName',0,0,'Wertheim','string'),(527,'en_US','familyName',0,0,'Donoghue','string'),(528,'en_US','familyName',0,0,'Felan','string'),(529,'en_US','familyName',0,0,'Broussard','string'),(530,'en_US','familyName',0,0,'kejepit','string'),(531,'en_US','familyName',0,0,'Sachse','string'),(532,'en_US','familyName',0,0,'Faust','string'),(533,'en_US','familyName',0,0,'McLeish','string'),(534,'en_US','familyName',0,0,'Rhea','string'),(535,'en_US','familyName',0,0,'Harriman','string'),(536,'en_US','familyName',0,0,'Melo','string'),(537,'en_US','familyName',0,0,'Mendes','string'),(538,'en_US','familyName',0,0,'Traks','string'),(539,'en_US','familyName',0,0,'Melo','string'),(540,'en_US','familyName',0,0,'Ridley','string'),(541,'en_US','familyName',0,0,'Herrera','string'),(542,'en_US','familyName',0,0,'Villa','string'),(543,'en_US','familyName',0,0,'Teixeira','string'),(544,'en_US','familyName',0,0,'Souza','string'),(545,'en_US','familyName',0,0,'Lopes','string'),(546,'en_US','familyName',0,0,'Amaral','string'),(547,'en_US','familyName',0,0,'Pereira','string'),(548,'en_US','familyName',0,0,'Hindwood','string'),(549,'en_US','familyName',0,0,'Castro','string'),(550,'en_US','familyName',0,0,'Aragon','string'),(551,'en_US','familyName',0,0,'Mack','string'),(552,'en_US','familyName',0,0,'Walter','string'),(553,'en_US','familyName',0,0,'Leverette','string'),(554,'en_US','familyName',0,0,'Elmore','string'),(555,'en_US','familyName',0,0,'Magana','string'),(556,'en_US','familyName',0,0,'Henn','string'),(557,'en_US','familyName',0,0,'Blakey','string'),(558,'en_US','familyName',0,0,'Askins','string'),(559,'en_US','familyName',0,0,'Hidayati','string'),(560,'en_US','familyName',0,0,'Moreira','string'),(561,'en_US','familyName',0,0,'Swinburne','string'),(562,'en_US','familyName',0,0,'Pinto','string'),(563,'en_US','familyName',0,0,'Porto','string'),(564,'en_US','familyName',0,0,'Francis','string'),(565,'en_US','familyName',0,0,'Araujo','string'),(566,'en_US','familyName',0,0,'Maughan','string'),(567,'en_US','familyName',0,0,'Kirkhope','string'),(568,'en_US','familyName',0,0,'Dumolo','string'),(569,'en_US','familyName',0,0,'Souza','string'),(570,'en_US','familyName',0,0,'Winkel','string'),(571,'en_US','familyName',0,0,'Chung','string'),(572,'en_US','familyName',0,0,'Perez','string'),(573,'en_US','familyName',0,0,'Ebersbach','string'),(574,'en_US','familyName',0,0,'Greenberg','string'),(575,'en_US','familyName',0,0,'Oliveira','string'),(576,'en_US','familyName',0,0,'Freese','string'),(577,'en_US','familyName',0,0,'Sleigh','string'),(578,'en_US','familyName',0,0,'Granier','string'),(579,'en_US','familyName',0,0,'Haris','string'),(580,'en_US','familyName',0,0,'Gall','string'),(581,'en_US','familyName',0,0,'Guedes','string'),(582,'en_US','familyName',0,0,'Decicco','string'),(583,'en_US','familyName',0,0,'Mendonca','string'),(584,'en_US','familyName',0,0,'Pereira','string'),(585,'en_US','familyName',0,0,'Rocha','string'),(586,'en_US','familyName',0,0,'Gibbes','string'),(587,'en_US','familyName',0,0,'Reid','string'),(588,'en_US','familyName',0,0,'Mendes','string'),(589,'en_US','familyName',0,0,'Heffner','string'),(590,'en_US','familyName',0,0,'Pereira','string'),(591,'en_US','familyName',0,0,'Porto','string'),(592,'en_US','familyName',0,0,'Jesus','string'),(593,'en_US','familyName',0,0,'Peixoto','string'),(594,'en_US','familyName',0,0,'Lopes','string'),(595,'en_US','familyName',0,0,'Rocha','string'),(596,'en_US','familyName',0,0,'Silva','string'),(597,'en_US','familyName',0,0,'Viana','string'),(598,'en_US','familyName',0,0,'Martins','string'),(599,'en_US','familyName',0,0,'Campos','string'),(600,'en_US','familyName',0,0,'Lima','string'),(601,'en_US','familyName',0,0,'Oliveira','string'),(602,'en_US','familyName',0,0,'Viana','string'),(603,'en_US','familyName',0,0,'Vieira','string'),(604,'en_US','familyName',0,0,'das Neves','string'),(605,'en_US','familyName',0,0,'Dias','string'),(606,'en_US','familyName',0,0,'Fernandes','string'),(607,'en_US','familyName',0,0,'Novaes','string'),(608,'en_US','familyName',0,0,'da Mata','string'),(609,'en_US','familyName',0,0,'da Mata','string'),(610,'en_US','familyName',0,0,'Moraes','string'),(611,'en_US','familyName',0,0,'Pereira','string'),(612,'en_US','familyName',0,0,'Rezende','string'),(613,'en_US','familyName',0,0,'Teixeira','string'),(614,'en_US','familyName',0,0,'Mendes','string'),(615,'en_US','familyName',0,0,'da Luz','string'),(616,'en_US','familyName',0,0,'Marques','string'),(617,'en_US','familyName',0,0,'Castro','string'),(618,'en_US','familyName',0,0,'Gonçalves','string'),(619,'en_US','familyName',0,0,'Moreira','string'),(620,'en_US','familyName',0,0,'Almeida','string'),(621,'en_US','familyName',0,0,'Fernandes','string'),(622,'en_US','familyName',0,0,'da Rosa','string'),(623,'en_US','familyName',0,0,'Carvalho','string'),(624,'en_US','familyName',0,0,'Moraes','string'),(625,'en_US','familyName',0,0,'Mendes','string'),(626,'en_US','familyName',0,0,'Gomes','string'),(627,'en_US','familyName',0,0,'da Mota','string'),(628,'en_US','familyName',0,0,'Martins','string'),(629,'en_US','familyName',0,0,'Mendes','string'),(630,'en_US','familyName',0,0,'Jesus','string'),(631,'en_US','familyName',0,0,'da Cruz','string'),(632,'en_US','familyName',0,0,'Fernandes','string'),(633,'en_US','familyName',0,0,'Cardoso','string'),(634,'en_US','familyName',0,0,'Carvalho','string'),(635,'en_US','familyName',0,0,'Costa','string'),(636,'en_US','familyName',0,0,'Quinonez','string'),(637,'en_US','familyName',0,0,'das Neves','string'),(638,'en_US','familyName',0,0,'Paz','string'),(639,'en_US','familyName',0,0,'Aragão','string'),(640,'en_US','familyName',0,0,'Vieira','string'),(641,'en_US','familyName',0,0,'Tatik Trisnowati','string'),(642,'en_US','familyName',0,0,'Ribeiro','string'),(643,'en_US','familyName',0,0,'Gomes','string'),(644,'en_US','familyName',0,0,'da Cunha','string'),(645,'en_US','familyName',0,0,'Gomes','string'),(646,'en_US','familyName',0,0,'Araújo','string'),(647,'en_US','familyName',0,0,'da Cruz','string'),(648,'en_US','familyName',0,0,'Novaes','string'),(649,'en_US','familyName',0,0,'da Rocha','string'),(650,'en_US','familyName',0,0,'Rodrigues','string'),(651,'en_US','familyName',0,0,'da Rosa','string'),(652,'en_US','familyName',0,0,'Jesus','string'),(653,'en_US','familyName',0,0,'da Rocha','string'),(654,'en_US','familyName',0,0,'Cavalcanti','string'),(655,'en_US','familyName',0,0,'Nunes','string'),(656,'en_US','familyName',0,0,'Vieira','string'),(657,'en_US','familyName',0,0,'Novaes','string'),(658,'en_US','familyName',0,0,'Fernandes','string'),(659,'en_US','familyName',0,0,'Mendes','string'),(660,'en_US','familyName',0,0,'Mendes','string'),(661,'en_US','familyName',0,0,'das Neves','string'),(662,'en_US','familyName',0,0,'Gonçalves','string'),(663,'en_US','familyName',0,0,'Porto','string'),(664,'en_US','familyName',0,0,'da Cruz','string'),(665,'en_US','familyName',0,0,'Oliveira','string'),(666,'en_US','familyName',0,0,'Rocha','string'),(667,'en_US','familyName',0,0,'Almeida','string'),(668,'en_US','familyName',0,0,'Barbosa','string'),(669,'en_US','familyName',0,0,'Ribeiro','string'),(670,'en_US','familyName',0,0,'Porto','string'),(671,'en_US','familyName',0,0,'Cavalcanti','string'),(672,'en_US','familyName',0,0,'Castro','string'),(673,'en_US','familyName',0,0,'Carvalho','string'),(9,'en_US','preferredPublicName',0,0,'54 AlexaTuh AlexaTuh AlexaTuhAN','string'),(11,'en_US','preferredPublicName',0,0,'33 AlenkaTuh AlenkaTuh AlenkaTuhGM','string'),(13,'en_US','preferredPublicName',0,0,'a a a a','string'),(17,'en_US','preferredPublicName',0,0,'asdasdasd asdad asdad asdasdasd','string'),(18,'en_US','preferredPublicName',0,0,'a mraf04 a d','string'),(19,'en_US','preferredPublicName',0,0,'haja h h f','string'),(20,'en_US','preferredPublicName',0,0,'x x x x','string'),(674,'en_US','affiliation',0,0,'Akper Insan Husada Surakarta','string'),(674,'en_US','givenName',0,0,'tatik trisnowati','string'),(674,'en_US','familyName',0,0,'tatik','string'),(675,'en_US','affiliation',0,0,'lecturer','string'),(675,'en_US','givenName',0,0,'Irna','string'),(675,'en_US','familyName',0,0,'Kartina','string'),(675,'en_US','preferredPublicName',0,0,'middle name','string'),(676,'en_US','affiliation',0,0,'Universitas Aisyiyah Yogyakarta','string'),(676,'en_US','givenName',0,0,'Kustiningsih','string'),(676,'en_US','familyName',0,0,'','string'),(677,'en_US','affiliation',0,0,'N','string'),(677,'en_US','givenName',0,0,'Jj','string'),(677,'en_US','familyName',0,0,'Nn','string'),(678,'en_US','affiliation',0,0,'K','string'),(678,'en_US','givenName',0,0,'J','string'),(678,'en_US','familyName',0,0,'J','string'),(679,'en_US','affiliation',0,0,'J','string'),(679,'en_US','givenName',0,0,'J','string'),(679,'en_US','familyName',0,0,'J','string'),(680,'en_US','affiliation',0,0,'K','string'),(680,'en_US','givenName',0,0,'K','string'),(680,'en_US','familyName',0,0,'K','string'),(681,'en_US','affiliation',0,0,'N','string'),(681,'en_US','givenName',0,0,'J','string'),(681,'en_US','familyName',0,0,'J','string'),(682,'en_US','affiliation',0,0,'N','string'),(682,'en_US','givenName',0,0,'N','string'),(682,'en_US','familyName',0,0,'B','string'),(683,'en_US','affiliation',0,0,'Ffff','string'),(683,'en_US','givenName',0,0,'Aass','string'),(683,'en_US','familyName',0,0,'','string'),(684,'en_US','affiliation',0,0,'Ffff','string'),(684,'en_US','givenName',0,0,'Aass','string'),(684,'en_US','familyName',0,0,'','string'),(685,'en_US','affiliation',0,0,'poltekkes kemenkes malang','string'),(685,'en_US','givenName',0,0,'Marsaid','string'),(685,'en_US','familyName',0,0,'Marsaid','string'),(686,'en_US','affiliation',0,0,'fdfdf','string'),(686,'en_US','givenName',0,0,'Maria','string'),(686,'en_US','familyName',0,0,'Aguirre','string'),(687,'en_US','affiliation',0,0,'Poltekkes Kemenkes Jayapura','string'),(687,'en_US','givenName',0,0,'Sri','string'),(687,'en_US','familyName',0,0,'Wahyuni','string'),(688,'en_US','affiliation',0,0,'Universitas Sulawesi Barat','string'),(688,'en_US','givenName',0,0,'junaedi','string'),(688,'en_US','familyName',0,0,'yunding','string'),(689,'en_US','affiliation',0,0,'poltekkes jayapura','string'),(689,'en_US','givenName',0,0,'ika wijayanti','string'),(689,'en_US','familyName',0,0,'','string'),(690,'en_US','affiliation',0,0,'Jsj','string'),(690,'en_US','givenName',0,0,'Rois','string'),(690,'en_US','familyName',0,0,'Nkdj','string'),(691,'en_US','affiliation',0,0,'Institut Teknologi Kesehatan dan Sains Muhammadiyah Sidrap','string'),(691,'en_US','givenName',0,0,'sulaeman','string'),(691,'en_US','familyName',0,0,'sulaeman','string'),(691,'en_US','signature',0,0,'','string'),(692,'en_US','affiliation',0,0,'Y','string'),(692,'en_US','givenName',0,0,'Y','string'),(692,'en_US','familyName',0,0,'Y','string'),(693,'en_US','affiliation',0,0,'dmdmdmdm','string'),(693,'en_US','givenName',0,0,'jsjsjs','string'),(693,'en_US','familyName',0,0,'dkdkmdms','string'),(694,'en_US','affiliation',0,0,'S','string'),(694,'en_US','givenName',0,0,'D','string'),(694,'en_US','familyName',0,0,'S','string'),(695,'en_US','affiliation',0,0,'Djdndn','string'),(695,'en_US','givenName',0,0,'Snsnn','string'),(695,'en_US','familyName',0,0,'Dndn','string'),(696,'en_US','affiliation',0,0,'asd','string'),(696,'en_US','givenName',0,0,'mhmed','string'),(696,'en_US','familyName',0,0,'hasaneen','string'),(697,'en_US','biography',0,0,'','string'),(697,'en_US','signature',0,0,'','string'),(697,'en_US','affiliation',0,0,'','string'),(697,'en_US','givenName',0,0,'Agnes','string'),(697,'en_US','familyName',0,0,'Sri Hartini','string'),(697,'en_US','preferredPublicName',0,0,'','string'),(697,'','orcid',0,0,'','string'),(698,'en_US','biography',0,0,'','string'),(698,'en_US','signature',0,0,'','string'),(698,'en_US','affiliation',0,0,'','string'),(698,'en_US','givenName',0,0,'Ida','string'),(698,'en_US','familyName',0,0,'Untari','string'),(698,'en_US','preferredPublicName',0,0,'','string'),(698,'','orcid',0,0,'','string'),(699,'en_US','biography',0,0,'','string'),(699,'en_US','signature',0,0,'','string'),(699,'en_US','affiliation',0,0,'','string'),(699,'en_US','givenName',0,0,'Dwi ','string'),(699,'en_US','familyName',0,0,'Ariani Sulistyowati','string'),(699,'en_US','preferredPublicName',0,0,'','string'),(699,'','orcid',0,0,'','string');

--
-- Table structure for table `user_user_groups`
--

CREATE TABLE `user_user_groups` (
  `user_group_id` bigint(20) NOT NULL,
  `user_id` bigint(20) NOT NULL,
  UNIQUE KEY `user_user_groups_pkey` (`user_group_id`,`user_id`),
  KEY `user_user_groups_user_group_id` (`user_group_id`),
  KEY `user_user_groups_user_id` (`user_id`)
) ENGINE=MyISAM DEFAULT CHARSET=latin1;

--
-- Dumping data for table `user_user_groups`
--

INSERT INTO `user_user_groups` VALUES (1,1),(2,1),(2,4),(2,389),(3,1),(3,4),(4,1),(4,4),(5,1),(6,1),(7,1),(8,1),(9,1),(10,1),(11,1),(12,1),(13,1),(14,1),(14,3),(14,5),(14,6),(14,7),(14,9),(14,10),(14,11),(14,12),(14,14),(14,17),(14,19),(14,20),(14,21),(14,22),(14,23),(14,24),(14,25),(14,26),(14,27),(14,28),(14,29),(14,30),(14,31),(14,32),(14,33),(14,34),(14,35),(14,36),(14,37),(14,38),(14,39),(14,40),(14,41),(14,42),(14,43),(14,44),(14,45),(14,46),(14,47),(14,48),(14,49),(14,50),(14,51),(14,52),(14,53),(14,54),(14,55),(14,56),(14,57),(14,58),(14,59),(14,60),(14,61),(14,62),(14,63),(14,64),(14,65),(14,66),(14,67),(14,68),(14,69),(14,70),(14,71),(14,72),(14,73),(14,74),(14,75),(14,76),(14,77),(14,78),(14,79),(14,80),(14,81),(14,82),(14,83),(14,84),(14,85),(14,86),(14,87),(14,88),(14,89),(14,90),(14,91),(14,92),(14,93),(14,94),(14,95),(14,96),(14,97),(14,98),(14,99),(14,100),(14,101),(14,102),(14,103),(14,104),(14,105),(14,106),(14,107),(14,108),(14,109),(14,110),(14,111),(14,112),(14,113),(14,114),(14,115),(14,116),(14,117),(14,118),(14,119),(14,120),(14,121),(14,122),(14,123),(14,124),(14,125),(14,126),(14,127),(14,128),(14,129),(14,130),(14,131),(14,132),(14,133),(14,134),(14,135),(14,136),(14,137),(14,138),(14,139),(14,140),(14,141),(14,142),(14,143),(14,144),(14,145),(14,146),(14,147),(14,148),(14,149),(14,150),(14,151),(14,152),(14,153),(14,154),(14,155),(14,156),(14,157),(14,158),(14,159),(14,160),(14,161),(14,162),(14,163),(14,164),(14,165),(14,166),(14,167),(14,168),(14,169),(14,170),(14,171),(14,172),(14,173),(14,174),(14,175),(14,176),(14,177),(14,178),(14,179),(14,180),(14,181),(14,182),(14,183),(14,184),(14,185),(14,186),(14,187),(14,188),(14,189),(14,190),(14,191),(14,192),(14,193),(14,194),(14,195),(14,196),(14,197),(14,198),(14,199),(14,200),(14,201),(14,202),(14,203),(14,204),(14,205),(14,206),(14,207),(14,208),(14,209),(14,210),(14,211),(14,212),(14,213),(14,214),(14,215),(14,216),(14,217),(14,218),(14,219),(14,220),(14,221),(14,222),(14,223),(14,224),(14,225),(14,226),(14,227),(14,228),(14,229),(14,230),(14,231),(14,232),(14,233),(14,234),(14,235),(14,236),(14,237),(14,238),(14,239),(14,240),(14,241),(14,242),(14,243),(14,244),(14,245),(14,246),(14,247),(14,248),(14,249),(14,250),(14,251),(14,252),(14,253),(14,254),(14,255),(14,256),(14,257),(14,258),(14,259),(14,260),(14,261),(14,262),(14,263),(14,264),(14,265),(14,266),(14,267),(14,268),(14,269),(14,270),(14,271),(14,272),(14,273),(14,274),(14,275),(14,276),(14,277),(14,278),(14,279),(14,280),(14,281),(14,282),(14,283),(14,284),(14,285),(14,286),(14,287),(14,288),(14,289),(14,290),(14,291),(14,292),(14,293),(14,294),(14,295),(14,296),(14,297),(14,298),(14,299),(14,300),(14,301),(14,302),(14,303),(14,304),(14,305),(14,306),(14,307),(14,308),(14,309),(14,310),(14,311),(14,312),(14,313),(14,314),(14,315),(14,316),(14,317),(14,318),(14,319),(14,320),(14,321),(14,322),(14,323),(14,324),(14,325),(14,326),(14,327),(14,328),(14,329),(14,330),(14,331),(14,332),(14,333),(14,334),(14,335),(14,336),(14,337),(14,338),(14,339),(14,340),(14,341),(14,342),(14,343),(14,344),(14,345),(14,346),(14,347),(14,348),(14,349),(14,350),(14,351),(14,352),(14,353),(14,354),(14,355),(14,356),(14,357),(14,358),(14,359),(14,360),(14,361),(14,362),(14,363),(14,364),(14,365),(14,366),(14,367),(14,368),(14,369),(14,370),(14,371),(14,372),(14,373),(14,374),(14,375),(14,376),(14,377),(14,378),(14,379),(14,380),(14,381),(14,382),(14,383),(14,384),(14,385),(14,386),(14,387),(14,388),(14,390),(14,391),(14,392),(14,393),(14,394),(14,395),(14,396),(14,397),(14,398),(14,399),(14,400),(14,401),(14,402),(14,403),(14,404),(14,405),(14,406),(14,407),(14,408),(14,409),(14,410),(14,411),(14,412),(14,413),(14,414),(14,415),(14,416),(14,417),(14,418),(14,419),(14,420),(14,421),(14,422),(14,423),(14,424),(14,425),(14,426),(14,427),(14,428),(14,429),(14,430),(14,431),(14,432),(14,433),(14,434),(14,435),(14,436),(14,437),(14,438),(14,439),(14,440),(14,441),(14,442),(14,443),(14,444),(14,445),(14,446),(14,447),(14,448),(14,449),(14,450),(14,451),(14,452),(14,453),(14,454),(14,455),(14,456),(14,457),(14,458),(14,459),(14,460),(14,461),(14,462),(14,463),(14,464),(14,465),(14,466),(14,467),(14,468),(14,469),(14,470),(14,471),(14,472),(14,473),(14,474),(14,475),(14,476),(14,477),(14,478),(14,479),(14,480),(14,481),(14,482),(14,483),(14,484),(14,485),(14,486),(14,487),(14,488),(14,489),(14,490),(14,491),(14,492),(14,493),(14,494),(14,495),(14,496),(14,497),(14,498),(14,499),(14,500),(14,501),(14,502),(14,503),(14,504),(14,505),(14,506),(14,507),(14,508),(14,509),(14,510),(14,511),(14,512),(14,513),(14,514),(14,515),(14,516),(14,517),(14,518),(14,519),(14,520),(14,521),(14,522),(14,523),(14,524),(14,525),(14,526),(14,527),(14,528),(14,529),(14,530),(14,531),(14,532),(14,533),(14,534),(14,535),(14,536),(14,537),(14,538),(14,539),(14,540),(14,541),(14,542),(14,543),(14,544),(14,545),(14,546),(14,547),(14,548),(14,549),(14,550),(14,551),(14,552),(14,553),(14,554),(14,555),(14,556),(14,557),(14,558),(14,559),(14,560),(14,561),(14,562),(14,563),(14,564),(14,565),(14,566),(14,567),(14,568),(14,569),(14,570),(14,571),(14,572),(14,573),(14,574),(14,575),(14,576),(14,577),(14,578),(14,579),(14,580),(14,581),(14,582),(14,583),(14,584),(14,585),(14,586),(14,587),(14,588),(14,589),(14,590),(14,591),(14,592),(14,593),(14,594),(14,595),(14,596),(14,597),(14,598),(14,599),(14,600),(14,601),(14,602),(14,603),(14,604),(14,605),(14,606),(14,607),(14,608),(14,609),(14,610),(14,611),(14,612),(14,613),(14,614),(14,615),(14,616),(14,617),(14,618),(14,619),(14,620),(14,621),(14,622),(14,623),(14,624),(14,625),(14,626),(14,627),(14,628),(14,629),(14,630),(14,631),(14,632),(14,633),(14,634),(14,635),(14,636),(14,637),(14,638),(14,639),(14,640),(14,641),(14,642),(14,643),(14,644),(14,645),(14,646),(14,647),(14,648),(14,649),(14,650),(14,651),(14,652),(14,653),(14,654),(14,655),(14,656),(14,657),(14,658),(14,659),(14,660),(14,661),(14,662),(14,663),(14,664),(14,665),(14,666),(14,667),(14,668),(14,669),(14,670),(14,671),(14,672),(14,673),(14,674),(14,675),(14,676),(14,677),(14,681),(14,682),(14,683),(14,686),(14,687),(14,689),(14,690),(14,692),(14,693),(14,695),(14,696),(14,699),(15,1),(16,1),(16,2),(16,6),(16,17),(16,22),(16,23),(16,24),(16,26),(16,27),(16,30),(16,36),(16,367),(16,454),(16,457),(16,465),(16,513),(16,559),(16,641),(16,674),(16,675),(16,676),(16,677),(16,678),(16,679),(16,680),(16,681),(16,682),(16,683),(16,684),(16,685),(16,688),(16,689),(16,690),(16,691),(16,692),(16,693),(16,694),(16,695),(16,696),(16,697),(16,698),(17,1),(17,6),(17,9),(17,10),(17,11),(17,17),(17,18),(17,21),(17,22),(17,23),(17,24),(17,25),(17,26),(17,27),(17,28),(17,29),(17,30),(17,31),(17,32),(17,33),(17,34),(17,35),(17,36),(17,37),(17,38),(17,39),(17,40),(17,41),(17,42),(17,43),(17,44),(17,45),(17,46),(17,47),(17,48),(17,49),(17,50),(17,51),(17,52),(17,53),(17,54),(17,55),(17,56),(17,57),(17,58),(17,59),(17,60),(17,61),(17,62),(17,63),(17,64),(17,65),(17,66),(17,67),(17,68),(17,69),(17,70),(17,71),(17,72),(17,73),(17,74),(17,75),(17,76),(17,77),(17,78),(17,79),(17,80),(17,81),(17,82),(17,83),(17,84),(17,85),(17,86),(17,87),(17,88),(17,89),(17,90),(17,91),(17,92),(17,93),(17,94),(17,95),(17,96),(17,97),(17,98),(17,99),(17,100),(17,101),(17,102),(17,103),(17,104),(17,105),(17,106),(17,107),(17,108),(17,109),(17,110),(17,111),(17,112),(17,113),(17,114),(17,115),(17,116),(17,117),(17,118),(17,119),(17,120),(17,121),(17,122),(17,123),(17,124),(17,125),(17,126),(17,127),(17,128),(17,129),(17,130),(17,131),(17,132),(17,133),(17,134),(17,135),(17,136),(17,137),(17,138),(17,139),(17,140),(17,141),(17,142),(17,143),(17,144),(17,145),(17,146),(17,147),(17,148),(17,149),(17,150),(17,151),(17,152),(17,153),(17,154),(17,155),(17,156),(17,157),(17,158),(17,159),(17,160),(17,161),(17,162),(17,163),(17,164),(17,165),(17,166),(17,167),(17,168),(17,169),(17,170),(17,171),(17,172),(17,173),(17,174),(17,175),(17,176),(17,177),(17,178),(17,179),(17,180),(17,181),(17,182),(17,183),(17,184),(17,185),(17,186),(17,187),(17,188),(17,189),(17,190),(17,191),(17,192),(17,193),(17,194),(17,195),(17,196),(17,197),(17,198),(17,199),(17,200),(17,201),(17,202),(17,203),(17,204),(17,205),(17,206),(17,207),(17,208),(17,209),(17,210),(17,211),(17,212),(17,213),(17,214),(17,215),(17,216),(17,217),(17,218),(17,219),(17,220),(17,221),(17,222),(17,223),(17,224),(17,225),(17,226),(17,227),(17,228),(17,229),(17,230),(17,231),(17,232),(17,233),(17,234),(17,235),(17,236),(17,237),(17,238),(17,239),(17,240),(17,241),(17,242),(17,243),(17,244),(17,245),(17,246),(17,247),(17,248),(17,249),(17,250),(17,251),(17,252),(17,253),(17,254),(17,255),(17,256),(17,257),(17,258),(17,259),(17,260),(17,261),(17,262),(17,263),(17,264),(17,265),(17,266),(17,267),(17,268),(17,269),(17,270),(17,271),(17,272),(17,273),(17,274),(17,275),(17,276),(17,277),(17,278),(17,279),(17,280),(17,281),(17,282),(17,283),(17,284),(17,285),(17,286),(17,287),(17,288),(17,289),(17,290),(17,291),(17,292),(17,293),(17,294),(17,295),(17,296),(17,297),(17,298),(17,299),(17,300),(17,301),(17,302),(17,303),(17,304),(17,305),(17,306),(17,307),(17,308),(17,309),(17,310),(17,311),(17,312),(17,313),(17,314),(17,315),(17,316),(17,317),(17,318),(17,319),(17,320),(17,321),(17,322),(17,323),(17,324),(17,325),(17,326),(17,327),(17,328),(17,329),(17,330),(17,331),(17,332),(17,333),(17,334),(17,335),(17,336),(17,337),(17,338),(17,339),(17,340),(17,341),(17,342),(17,343),(17,344),(17,345),(17,346),(17,347),(17,348),(17,349),(17,350),(17,351),(17,352),(17,353),(17,354),(17,355),(17,356),(17,357),(17,358),(17,359),(17,360),(17,361),(17,362),(17,363),(17,364),(17,365),(17,366),(17,367),(17,368),(17,369),(17,370),(17,371),(17,372),(17,373),(17,374),(17,375),(17,376),(17,377),(17,378),(17,379),(17,380),(17,381),(17,382),(17,383),(17,384),(17,385),(17,386),(17,387),(17,388),(17,390),(17,391),(17,392),(17,393),(17,394),(17,395),(17,396),(17,397),(17,398),(17,399),(17,400),(17,401),(17,402),(17,403),(17,404),(17,405),(17,406),(17,407),(17,408),(17,409),(17,410),(17,411),(17,412),(17,413),(17,414),(17,415),(17,416),(17,417),(17,418),(17,419),(17,420),(17,421),(17,422),(17,423),(17,424),(17,425),(17,426),(17,427),(17,428),(17,429),(17,430),(17,431),(17,432),(17,433),(17,434),(17,435),(17,436),(17,437),(17,438),(17,439),(17,440),(17,441),(17,442),(17,443),(17,444),(17,445),(17,446),(17,447),(17,448),(17,449),(17,450),(17,451),(17,452),(17,453),(17,454),(17,455),(17,456),(17,457),(17,458),(17,459),(17,460),(17,461),(17,462),(17,463),(17,464),(17,465),(17,466),(17,467),(17,468),(17,469),(17,470),(17,471),(17,472),(17,473),(17,474),(17,475),(17,476),(17,477),(17,478),(17,479),(17,480),(17,481),(17,482),(17,483),(17,484),(17,485),(17,486),(17,487),(17,488),(17,489),(17,490),(17,491),(17,492),(17,493),(17,494),(17,495),(17,496),(17,497),(17,498),(17,499),(17,500),(17,501),(17,502),(17,503),(17,504),(17,505),(17,506),(17,507),(17,508),(17,509),(17,510),(17,511),(17,512),(17,513),(17,514),(17,515),(17,516),(17,517),(17,518),(17,519),(17,520),(17,521),(17,522),(17,523),(17,524),(17,525),(17,526),(17,527),(17,528),(17,529),(17,531),(17,532),(17,533),(17,534),(17,535),(17,536),(17,537),(17,538),(17,539),(17,540),(17,541),(17,542),(17,543),(17,544),(17,545),(17,546),(17,547),(17,548),(17,549),(17,550),(17,551),(17,552),(17,553),(17,554),(17,555),(17,556),(17,557),(17,558),(17,559),(17,560),(17,561),(17,562),(17,563),(17,564),(17,565),(17,566),(17,567),(17,568),(17,569),(17,570),(17,571),(17,572),(17,573),(17,574),(17,575),(17,576),(17,577),(17,578),(17,579),(17,580),(17,581),(17,582),(17,583),(17,584),(17,585),(17,586),(17,587),(17,588),(17,589),(17,590),(17,591),(17,592),(17,593),(17,594),(17,595),(17,596),(17,597),(17,598),(17,599),(17,600),(17,601),(17,602),(17,603),(17,604),(17,605),(17,606),(17,607),(17,608),(17,609),(17,610),(17,611),(17,612),(17,613),(17,614),(17,615),(17,616),(17,617),(17,618),(17,619),(17,620),(17,621),(17,622),(17,623),(17,624),(17,625),(17,626),(17,627),(17,628),(17,629),(17,630),(17,631),(17,632),(17,633),(17,634),(17,635),(17,636),(17,637),(17,638),(17,639),(17,640),(17,641),(17,642),(17,643),(17,644),(17,645),(17,646),(17,647),(17,648),(17,649),(17,650),(17,651),(17,652),(17,653),(17,654),(17,655),(17,656),(17,657),(17,658),(17,659),(17,660),(17,661),(17,662),(17,663),(17,664),(17,665),(17,666),(17,667),(17,668),(17,669),(17,670),(17,671),(17,672),(17,673),(17,679),(17,683),(17,686),(17,687),(18,1);

--
-- Table structure for table `users`
--

CREATE TABLE `users` (
  `user_id` bigint(20) NOT NULL AUTO_INCREMENT,
  `username` varchar(32) NOT NULL,
  `password` varchar(255) NOT NULL,
  `email` varchar(255) NOT NULL,
  `url` varchar(2047) DEFAULT NULL,
  `phone` varchar(32) DEFAULT NULL,
  `mailing_address` varchar(255) DEFAULT NULL,
  `country` varchar(90) DEFAULT NULL,
  `locales` varchar(255) DEFAULT NULL,
  `date_last_email` datetime DEFAULT NULL,
  `date_registered` datetime NOT NULL,
  `date_validated` datetime DEFAULT NULL,
  `date_last_login` datetime NOT NULL,
  `must_change_password` tinyint(4) DEFAULT NULL,
  `auth_id` bigint(20) DEFAULT NULL,
  `auth_str` varchar(255) DEFAULT NULL,
  `disabled` tinyint(4) NOT NULL DEFAULT 0,
  `disabled_reason` text DEFAULT NULL,
  `billing_address` varchar(255) DEFAULT NULL,
  `inline_help` tinyint(4) DEFAULT NULL,
  `gossip` text DEFAULT NULL,
  PRIMARY KEY (`user_id`),
  UNIQUE KEY `users_username` (`username`),
  UNIQUE KEY `users_email` (`email`)
) ENGINE=MyISAM AUTO_INCREMENT=700 DEFAULT CHARSET=latin1;

--
-- Dumping data for table `users`
--

INSERT INTO `users` VALUES (1,'admin','$2y$10$eMHhxacCVmb46ggerVklYONnL/WNz0yxTJiX7aUtkjegToBjWth1m','akper.insada@gmail.com','','','','','',NULL,'2016-06-29 15:21:06',NULL,'2022-03-01 08:33:09',0,NULL,NULL,0,NULL,NULL,0,NULL),(2,'reviewer','a68bb81340cc435be63e6b2d4bb1b684','reviewerakper.insada@gmail.com','','','','','',NULL,'2016-06-29 15:40:36',NULL,'2016-06-29 15:40:36',0,NULL,NULL,0,NULL,NULL,NULL,NULL),(3,'penulis','252221af0008ca1759a54a3c891cb21d','penulisakper.insada@gmail.com','','','','','',NULL,'2016-06-29 15:41:30',NULL,'2016-06-29 15:41:30',0,NULL,NULL,0,NULL,NULL,NULL,NULL),(4,'editor','d847b3e42fa053f6033fcfec99646b14','editorakper.insada@gmail.com','','','','','',NULL,'2016-06-29 15:42:28',NULL,'2016-06-29 15:42:28',0,NULL,NULL,0,NULL,NULL,0,NULL),(5,'endang','e6c4bfe07d65ff175c8716a2aaec6b88','endanginsada@gmail.com','','','','','',NULL,'2016-06-30 12:53:14',NULL,'2016-06-30 13:05:43',0,NULL,NULL,0,NULL,NULL,NULL,NULL),(6,'xaveroz','c37c24e1ad255ac37746c8abd9837004','ranggerpower078@gmail.com','','','','','',NULL,'2016-09-22 05:50:58',NULL,'2016-09-22 05:50:59',0,NULL,NULL,0,NULL,NULL,NULL,NULL),(7,'mantu','566c08ce54d5d7ca69807670f36a3bac','dancoeg9@yahoo.com','','','','','',NULL,'2016-09-24 03:44:28',NULL,'2016-09-24 03:44:28',0,NULL,NULL,0,NULL,NULL,NULL,NULL),(8,'ssssssss','0217ff3e0660a0c68a3b88a6e65234f9','asuy@gmail.com','','','','','',NULL,'2016-10-31 18:54:46',NULL,'2016-10-31 18:54:46',0,NULL,NULL,0,NULL,NULL,NULL,NULL),(9,'alexatuh','df6060d4dff416cc252e369bac8f7af6','rabotainkh@gmail.com','http://youtu.be/Y4Stdtu1fRk','123456','rabotainkh@gmail.com','UA','',NULL,'2016-11-18 18:55:39',NULL,'2016-11-18 18:55:39',0,NULL,NULL,0,NULL,NULL,NULL,NULL),(10,'alinochkatuh','3b8734d3326d371435f5295d2de49a62','yourmailtkimm@mail.ru','http://youtu.be/1Zd-_eJAZV8','123456','yourmailtkimm@mail.ru','UA','',NULL,'2016-11-24 07:08:13',NULL,'2016-11-24 07:08:13',0,NULL,NULL,0,NULL,NULL,NULL,NULL),(11,'alenkatuh','a03cf94ecd1944cc7ba50ac892dcaf08','yourmailmrsrei@mail.ru','http://youtu.be/1Zd-_eJAZV8','123456','yourmailmrsrei@mail.ru','UA','',NULL,'2016-11-26 14:14:53',NULL,'2016-11-26 14:14:54',0,NULL,NULL,0,NULL,NULL,NULL,NULL),(12,'kuuhaku','d2fd6a6c77099e1ad8af4167bf9ff5a1','kuuhaku221@how.com','','','','','',NULL,'2016-12-16 15:39:06',NULL,'2016-12-16 15:39:06',0,NULL,NULL,0,NULL,NULL,NULL,NULL),(13,'angga','131a60b1ac9117bb2bc8b427d7954337','asubanget@gmail.com','http://xnxx.com','1234543344322','a','BD','',NULL,'2016-12-19 05:55:36',NULL,'2016-12-19 05:55:36',0,NULL,NULL,0,NULL,NULL,NULL,NULL),(14,'dhdwiadhawih','c90a6772548dbd1864b04c0a789263fc','ajwidjawidja@gmail.com','','','','','',NULL,'2016-12-22 18:56:36',NULL,'2016-12-22 18:56:36',0,NULL,NULL,0,NULL,NULL,NULL,NULL),(15,'asasas','732c30b83c9648fa2723686a0080381a','ssss@gmail.com','','','','','',NULL,'2017-03-11 22:18:10',NULL,'2017-03-11 22:18:10',0,NULL,NULL,0,NULL,NULL,NULL,NULL),(16,'sasas','bbe1508b7a77f6f399127ed898e1d3e6','sas@gmail.com','','','','','',NULL,'2017-03-12 02:01:37',NULL,'2017-03-12 02:01:37',0,NULL,NULL,0,NULL,NULL,NULL,NULL),(17,'bhsdoc','6a29243f6426e767db9e06ad7b604d45','lawyeenzdotid@gmail.com','http://xnxx.go.id','02155545','asdasdasdasdas','ID','',NULL,'2017-03-12 02:02:14',NULL,'2017-03-12 02:02:15',0,NULL,NULL,0,NULL,NULL,NULL,NULL),(18,'super','d7f543b836580d14a739f12c70c3ff91','crackfromdistance@gmail.com','','089877888888','ggg','','',NULL,'2018-04-19 01:59:50',NULL,'2018-04-19 01:59:50',0,NULL,NULL,0,NULL,NULL,NULL,NULL),(19,'sapaa','fb3dd7f0e056fa0068b378b7725572bd','bbaseng048@gmail.com','','089876166774','djj','','',NULL,'2018-04-19 02:06:35',NULL,'2018-04-19 02:21:17',0,NULL,NULL,0,NULL,NULL,NULL,NULL),(20,'stephan','$2y$10$OJs4ZDOXlXtXMZ1gBjkbDu2q3JdDWEZa/lUMaeXjTFZXCtw7bm4N6','anonproxy29@gmail.com','http://a.com','1','ew','AS','',NULL,'2018-04-21 14:33:59',NULL,'2019-02-14 11:36:16',0,NULL,NULL,0,NULL,NULL,0,NULL),(21,'evaelviana','$2y$10$0riC5lGGhtElvned0hQJie9xlKL.qsefwA1TcFa3YfU0Nr91AMSva','eva.elviana96@gmail.com',NULL,NULL,NULL,'ID','',NULL,'2018-06-18 06:57:18',NULL,'2018-06-18 06:57:18',0,NULL,NULL,0,NULL,NULL,1,NULL),(22,'ristuputri14','$2y$10$wmk4pk6M6Pc4stHW5o.3kuuupIzQJnhM5XEMifpqvzpPj0.ulGGCK','ristuputri@gmail.com',NULL,NULL,NULL,'ID','',NULL,'2018-09-13 10:05:58',NULL,'2018-09-13 10:05:58',0,NULL,NULL,0,NULL,NULL,1,NULL),(23,'artialita','$2y$10$46nlFOfnBgD51lrdLn.Ymep6PByMwg4f/SzrIM2EIkIQosyHNLutW','hardaoktaviani@yahoo.com',NULL,NULL,NULL,'ID','',NULL,'2018-09-13 10:45:03',NULL,'2018-09-23 11:09:16',0,NULL,NULL,0,NULL,NULL,1,NULL),(24,'mudafiqoh01','$2y$10$h09QHw0OuxZlG6UZOnJm6uAT1KCIePPAJC9fNvuRRyoSbT4Nsje/.','afiawaliya110@gmail.com',NULL,NULL,NULL,'ID','',NULL,'2018-09-13 11:27:11',NULL,'2018-09-24 15:28:51',0,NULL,NULL,0,NULL,NULL,1,NULL),(25,'yollaekisaputri','$2y$10$DT8LTJ0Q0vk7ZBdbZLkB1uWaF5TcQhDc4jbYYm5UarQgX/IBelpnS','yollaekisaputri40@yahoo.com',NULL,NULL,NULL,'ID','',NULL,'2018-09-13 11:50:51',NULL,'2018-09-13 12:02:28',0,NULL,NULL,0,NULL,NULL,1,NULL),(26,'nenymartiningsih','$2y$10$fEDLq0YSutP9DmLFmrwGpO3K3OzgChvvVzuGmHgUC4kgZJVN6hgry','nenymartiningsih@gmail.com',NULL,NULL,NULL,'ID','',NULL,'2018-09-20 15:43:29',NULL,'2018-09-20 15:50:01',0,NULL,NULL,0,NULL,NULL,1,NULL),(27,'yustinsapti3','$2y$10$bBdB8m3lGX.juiclhsUnX.LcosAvuzqhVgQOxNz/0Oi/by/Q2VwiC','yustinsapti3@gmail.com',NULL,NULL,NULL,'ID','',NULL,'2018-09-20 16:14:38',NULL,'2018-10-11 15:46:23',0,NULL,NULL,0,NULL,NULL,1,NULL),(28,'rina','$2y$10$iYZn0k0g.lnRcdScjg8hGeyDOZxMuWtJXmN/B9bahUcAy2dFCmjja','rinasulisparamedis@gmail.com',NULL,NULL,NULL,'ID','',NULL,'2018-09-20 16:30:29',NULL,'2018-09-20 16:39:51',0,NULL,NULL,0,NULL,NULL,1,NULL),(29,'clayzero','$2y$10$GzaaZ6q9wIARwo/E54nMH.NSjqtxHdD363dzpY9Mlwb4EI8.fU9f.','caesarevan23@gmail.com',NULL,NULL,NULL,'DZ','',NULL,'2018-10-28 16:18:02',NULL,'2018-10-28 16:18:17',0,NULL,NULL,0,NULL,NULL,1,NULL),(30,'abaraiady','$2y$10$PCXoEk5ZKVg01fCCprkhE.x6YdnqVax3oMAmAXrvNmKi.BqF8ez5u','Ady_thelordofkingdom@yahoo.co.id',NULL,NULL,NULL,'ID','',NULL,'2018-11-07 22:50:44',NULL,'2018-11-07 22:50:44',0,NULL,NULL,0,NULL,NULL,1,NULL),(31,'fatma','$2y$10$aa5FgnKeOmBoUZa3X2XahO1lIrzPACovu6lvLS3HmdVPIT30y2mri','fatmarani25@gmail.com',NULL,NULL,NULL,'ID','',NULL,'2018-11-14 18:00:33',NULL,'2018-11-14 18:00:34',0,NULL,NULL,0,NULL,NULL,1,NULL),(32,'ririnwahyu','$2y$10$k8nAr3OcPgapgJbNM7b5ueoE7jRulm13i02fO6HRR/W4d8NKaLDNG','ririnwahyu@unisayogya.ac.id',NULL,NULL,NULL,'ID','',NULL,'2018-11-26 10:42:39',NULL,'2018-11-26 10:42:39',0,NULL,NULL,0,NULL,NULL,1,NULL),(33,'ana','$2y$10$sJh1ak7iKu1nlZyhW3G76.WuRwFB93d7widLMj6v494n.jzbxW85C','anakusumawardani18@gmail.com',NULL,NULL,NULL,'ID','',NULL,'2018-12-05 21:09:48',NULL,'2018-12-05 21:09:48',0,NULL,NULL,0,NULL,NULL,1,NULL),(34,'clayzero1','$2y$10$gTWRoOfBHuDKTG7/rhUfJuuxKwA1pZuDsCm805nL4c78qbvx.7Xuu','caesarevan231@gmail.com',NULL,NULL,NULL,'BH','',NULL,'2018-12-09 17:15:07',NULL,'2018-12-09 17:15:07',0,NULL,NULL,0,NULL,NULL,1,NULL),(35,'sadsadsa','$2y$10$aKXra8ghOpPVqG59BbzKzuATpusYYvmlePkMXLE8rgG1FJCiGMPv6','retasbro.01@gmail.com',NULL,NULL,NULL,'AF','',NULL,'2018-12-30 22:03:56',NULL,'2018-12-30 22:03:56',0,NULL,NULL,0,NULL,NULL,1,NULL),(36,'jokowa','$2y$10$xPwuZthUXshF3r2uFYeUZe.1AVslgqxKtuTrjB4ZxR7fVF.2qBxG.','jokowa73@gmail.com',NULL,NULL,NULL,'ID','',NULL,'2019-01-04 20:27:58',NULL,'2020-07-01 11:40:41',0,NULL,NULL,0,NULL,NULL,1,NULL),(37,'asd','$2y$10$QOc2wMKCOVHlSdjkBYUkJOnAGYSmRq4gaEGMO6p0CUPVQ9ntCKeaC','newbiepentest@gmail.com',NULL,NULL,NULL,'AF','',NULL,'2019-02-20 11:43:00',NULL,'2019-02-20 11:43:01',0,NULL,NULL,0,NULL,NULL,1,NULL),(38,'sinonx','$2y$10$tjaMhjSJGsx5U2fFqNNzu.sgkXIqOeyi7wwY5olJmBm91C/z/vRhe','a@y.co',NULL,NULL,NULL,'DZ','',NULL,'2019-05-05 10:09:20',NULL,'2019-05-05 10:09:20',0,NULL,NULL,0,NULL,NULL,1,NULL),(39,'guadalupee','$2y$10$uFnSUwzY7dZiO/fWeOk16OeFQGGJY7ddLc/CRDyocaMV06iFrBa.C','guadalupeemma@live.com',NULL,NULL,NULL,'DE','',NULL,'2019-05-23 04:43:31',NULL,'2019-05-23 04:43:32',0,NULL,NULL,0,NULL,NULL,1,NULL),(40,'trentj5770','$2y$10$HHXeMeQjmLckskWvjW.mSO.IfEiTntSNCJzc/gJqgRivw0xWp6p92','trent_ellwood@gmail.com',NULL,NULL,NULL,'AU','',NULL,'2019-05-23 04:57:03',NULL,'2019-05-23 04:57:03',0,NULL,NULL,0,NULL,NULL,1,NULL),(41,'raphaellan','$2y$10$MKobKfWjPrxFQULbamBpU.YIsJWO4dHbS.43CZrgXtYVBAOjwP/bC','raphael.langlois@web.de',NULL,NULL,NULL,'AT','',NULL,'2019-05-23 05:56:45',NULL,'2019-05-23 05:56:45',0,NULL,NULL,0,NULL,NULL,1,NULL),(42,'michelehas','$2y$10$I3qrA0BlKF08He6grD7TSeVJB6zc7/4fOEyQy1IQC3i0IjFgfFzDi','michelehassell@gmail.com',NULL,NULL,NULL,'VU','',NULL,'2019-05-23 07:43:21',NULL,'2019-05-23 07:43:21',0,NULL,NULL,0,NULL,NULL,1,NULL),(43,'marinadias','$2y$10$DE7WOuC6cU.t2huYnfDsWOJR6Zc.kAjY8WIMEcnEgtt/i7UOBInKq','marinadias@inbox.com',NULL,NULL,NULL,'BE','',NULL,'2019-05-23 08:52:14',NULL,'2019-05-23 08:52:14',0,NULL,NULL,0,NULL,NULL,1,NULL),(44,'shaynapick','$2y$10$cMOI8c4I9/5B7Gq30maPZOn5zIfLjyxg96oPoJNAZAG1BnURQvhZS','shayna.pickering@yahoo.de',NULL,NULL,NULL,'IT','',NULL,'2019-05-23 09:47:06',NULL,'2019-05-23 09:47:06',0,NULL,NULL,0,NULL,NULL,1,NULL),(45,'marinajesu','$2y$10$jG9zGAOACBB2JjNP3BVft.J0PKzl6Y7V/WiRrGezI4681ehlidmzm','marinajesus@freenet.de',NULL,NULL,NULL,'US','',NULL,'2019-05-23 10:10:24',NULL,'2019-05-23 10:10:24',0,NULL,NULL,0,NULL,NULL,1,NULL),(46,'isabellaco','$2y$10$7tolVxnG8tYV0sXElqA34.3ItGyv6/BM2TS4X9EtndpHYY4CedU1e','isabellaconnolly@gawab.com',NULL,NULL,NULL,'AU','',NULL,'2019-05-23 11:37:58',NULL,'2019-05-23 11:37:58',0,NULL,NULL,0,NULL,NULL,1,NULL),(47,'ulrikechey','$2y$10$oIXmYNkBpB2x5GMmiA05juJwS7ihdRUEyNvcOroXQ/dXZ9W7cqu.i','ulrikecheyne@gmail.com',NULL,NULL,NULL,'AU','',NULL,'2019-05-23 11:45:16',NULL,'2019-05-23 11:45:16',0,NULL,NULL,0,NULL,NULL,1,NULL),(48,'melissazxp','$2y$10$GyqjavFQETaux7r1bZKFQObn3FpIZiruB26DyOV6JfovL4hpl/3SC','melissamontres@gmail.com',NULL,NULL,NULL,'AU','',NULL,'2019-05-23 12:02:24',NULL,'2019-05-23 12:02:24',0,NULL,NULL,0,NULL,NULL,1,NULL),(49,'isistomaze','$2y$10$zdyVMIDSNZ6DKQbW9CaAyefbD1CwIVEYqqpClgFocV5Vmh3QEzaa2','isistomazes@gmail.com',NULL,NULL,NULL,'AT','',NULL,'2019-05-23 16:14:26',NULL,'2019-05-23 16:14:26',0,NULL,NULL,0,NULL,NULL,1,NULL),(50,'patsyoaks3','$2y$10$So.j4CTjeD2hWHvBYtTzZemmXR68SF45om2A9731XhirHRKRC6v0i','patsyoaks@web.de',NULL,NULL,NULL,'BR','',NULL,'2019-05-23 16:32:05',NULL,'2019-05-23 16:32:05',0,NULL,NULL,0,NULL,NULL,1,NULL),(51,'conrad8674','$2y$10$9O4mtFEzDlY02bKK7pR.uO4GRC78hOtNM/i5CwZQVqyqYa3xxWv/i','conrad.bagwell@web.de',NULL,NULL,NULL,'IR','',NULL,'2019-05-23 16:50:18',NULL,'2019-05-23 16:50:18',0,NULL,NULL,0,NULL,NULL,1,NULL),(52,'sharicheng','$2y$10$P7oQ1oSwO.I8GLfMajq.T.IVJCemOPSUq0/Goe6H9.PNlaKTRDdy.','sharicheng@yahoo.com',NULL,NULL,NULL,'DE','',NULL,'2019-05-23 17:30:19',NULL,'2019-05-23 17:30:19',0,NULL,NULL,0,NULL,NULL,1,NULL),(53,'kalibuxton','$2y$10$y4nETZx721Oor2EF3CfW1ug3SbKkctL1Og9cezlaSEOBUkLSSUw7i','kali.buxton@zoho.com',NULL,NULL,NULL,'IT','',NULL,'2019-05-23 18:35:13',NULL,'2019-05-23 18:35:14',0,NULL,NULL,0,NULL,NULL,1,NULL),(54,'leticianov','$2y$10$pNSWsPdZWhYTTAcN6cmlW.v7G9tVsq6GWUcoLCjvJ04ON9ayAvkZK','leticia_novaes@gmail.com',NULL,NULL,NULL,'US','',NULL,'2019-05-23 18:57:42',NULL,'2019-05-23 18:57:43',0,NULL,NULL,0,NULL,NULL,1,NULL),(55,'noahocalla','$2y$10$U1xl1jdfEru/vVpuqyBYOeORe.ZD0yoB9bourEujk8A6SQyUHlTra','noah.ocallaghan@t-online.de',NULL,NULL,NULL,'NL','',NULL,'2019-05-23 19:01:25',NULL,'2019-05-23 19:01:25',0,NULL,NULL,0,NULL,NULL,1,NULL),(56,'enzomoura','$2y$10$hZmMXWyq1R4Ju2Inl212g.DIpZLL/XOFSy.kaEBPR.DiVmLO594LO','enzomoura@gmail.com',NULL,NULL,NULL,'NL','',NULL,'2019-05-23 20:12:52',NULL,'2019-05-23 20:12:53',0,NULL,NULL,0,NULL,NULL,1,NULL),(57,'patrickher','$2y$10$3k502GLDzZ3Wr60mRq.bzOKolOfHsRksiqP/RH5JbCjCSvGPEQSDq','patrickhermann@yahoo.de',NULL,NULL,NULL,'US','',NULL,'2019-05-23 20:42:17',NULL,'2019-05-23 20:42:17',0,NULL,NULL,0,NULL,NULL,1,NULL),(58,'jedmcclell','$2y$10$nZS39kS217aHWtih/r6Vzee.FlyFS1FQ9UKpKaVGDxMR1SOV0vCKq','jed_mcclelland@gmail.com',NULL,NULL,NULL,'CH','',NULL,'2019-05-23 21:55:42',NULL,'2019-05-23 21:55:42',0,NULL,NULL,0,NULL,NULL,1,NULL),(59,'esthermend','$2y$10$qh5CqkeFuZA5npffG8Sx2.7bXXBSJoKj8LN8mdPq0F/y.5gCl04eW','esthermendonca@web.de',NULL,NULL,NULL,'GB','',NULL,'2019-05-23 22:31:24',NULL,'2019-05-23 22:31:24',0,NULL,NULL,0,NULL,NULL,1,NULL),(60,'chandraj60','$2y$10$bjMXUm/E7h20H8QV8ViR4.6hvnF4pCCm9EQSLS2MztUACryMMqnEy','chandramuriel@gawab.com',NULL,NULL,NULL,'FR','',NULL,'2019-05-23 23:02:21',NULL,'2019-05-23 23:02:21',0,NULL,NULL,0,NULL,NULL,1,NULL),(61,'anas187383','$2y$10$GidFIVpK8wpQKGxmLkh3GuOTDGIWDUpbeYaliFuIgzazf0HDiL4mK','anacunha@aol.com',NULL,NULL,NULL,'DE','',NULL,'2019-05-23 23:56:27',NULL,'2019-05-23 23:56:28',0,NULL,NULL,0,NULL,NULL,1,NULL),(62,'louveniagl','$2y$10$2b9nXOXK2Mqp/l71QhRYSuKSAzm8HXyrvuv616Omax0IAB4gZ77J6','louvenia_glaze@gmail.com',NULL,NULL,NULL,'OM','',NULL,'2019-05-24 00:50:41',NULL,'2019-05-24 00:50:42',0,NULL,NULL,0,NULL,NULL,1,NULL),(63,'hcyvilma11','$2y$10$RgGFxDCQIsNxSs4XWVjgY.euLjIwTKrV36Iqww6GxEiWVqn8BBJfq','vilmawurfel@aol.com',NULL,NULL,NULL,'NL','',NULL,'2019-05-24 01:18:34',NULL,'2019-05-24 01:18:34',0,NULL,NULL,0,NULL,NULL,1,NULL),(64,'leilanisno','$2y$10$xb6ORWK4ki3Huf4Js.I28OD7/F6/Y6hqlEYUEH8Cq10SkCPYrQgIm','leilani.snoddy@t-online.de',NULL,NULL,NULL,'GA','',NULL,'2019-05-24 01:27:01',NULL,'2019-05-24 01:27:02',0,NULL,NULL,0,NULL,NULL,1,NULL),(65,'mgvrafaela','$2y$10$EDZlxJCzWgQl.bPr/SOKbO1qQCJQ8SbAvaEGgTTQVZzhBru2oKjRW','rafaelavaz@yahoo.de',NULL,NULL,NULL,'AU','',NULL,'2019-05-24 02:22:57',NULL,'2019-05-24 02:22:57',0,NULL,NULL,0,NULL,NULL,1,NULL),(66,'enzorosa09','$2y$10$2MvnmxGnwguFX4pxsShnR.cS6rm5./yJj1W94jOAQ8nuGsZ0frz2q','enzorosa@gmx.de',NULL,NULL,NULL,'AT','',NULL,'2019-05-24 04:22:17',NULL,'2019-05-24 04:22:18',0,NULL,NULL,0,NULL,NULL,1,NULL),(67,'brunoschot','$2y$10$ZOFIVbOpiAKv1YSEBCJ4IuL1ZStSVYqmF2Nv4Bnpv5meqtj7qKw.6','brunoschott@arcor.de',NULL,NULL,NULL,'IT','',NULL,'2019-05-24 05:24:51',NULL,'2019-05-24 05:24:51',0,NULL,NULL,0,NULL,NULL,1,NULL),(68,'darrelburd','$2y$10$aT8W0bWSmPByG9vHX8OmeuaHYQVHj1cJ9iBeojA0tiHT1v0JKahbi','darrelburdick@arcor.de',NULL,NULL,NULL,'NL','',NULL,'2019-05-24 06:44:24',NULL,'2019-05-24 06:44:24',0,NULL,NULL,0,NULL,NULL,1,NULL),(69,'bhqalberto','$2y$10$nEPRBQYiUwr/cyHxx/igV.yMBMGN6e/xUYbPzQoctjZWa.15n30EC','albertocruz@arcor.de',NULL,NULL,NULL,'DE','',NULL,'2019-05-24 06:56:01',NULL,'2019-05-24 06:56:02',0,NULL,NULL,0,NULL,NULL,1,NULL),(70,'claudiacar','$2y$10$Gwgjwo85WKKvjnbXhyb6jObDRTtCkKev3c.uUOB/LDtiDU2RgwtPW','claudia.carvalho@yahoo.com',NULL,NULL,NULL,'IT','',NULL,'2019-05-24 07:25:11',NULL,'2019-05-24 07:25:12',0,NULL,NULL,0,NULL,NULL,1,NULL),(71,'claudiomon','$2y$10$mEAO6Goe3JZq59TnMHOa6.b9X4DxPhzVvt9T6KegSO2ZjlfDUABJW','claudio.montenegro@zoho.com',NULL,NULL,NULL,'AU','',NULL,'2019-05-24 09:00:07',NULL,'2019-05-24 09:00:07',0,NULL,NULL,0,NULL,NULL,1,NULL),(72,'breannarho','$2y$10$f.fbL6glW0kSm6L95A1xPe7v..GaVIBLHYJmXpnNW3RL.FE8r6ySm','breannarhoden@zoho.com',NULL,NULL,NULL,'IT','',NULL,'2019-05-25 12:17:55',NULL,'2019-05-25 12:17:55',0,NULL,NULL,0,NULL,NULL,1,NULL),(73,'nateboo692','$2y$10$fiRO87oXtFqC74Sm3cMk0ulhfUP5EI.TsJCTRU.9dFnIgRicxC2xi','natecaraballo@inbox.com',NULL,NULL,NULL,'CH','',NULL,'2019-05-25 12:56:43',NULL,'2019-05-25 12:56:43',0,NULL,NULL,0,NULL,NULL,1,NULL),(74,'leslilvm22','$2y$10$Ykpiy9L1meN0VSsbbuheeuTxpfJapugCegmTaN0bdHv7bJc3Km4oy','lesli_ewald@whale-mail.com',NULL,NULL,NULL,'IS','',NULL,'2019-05-26 00:00:22',NULL,'2019-05-26 00:00:22',0,NULL,NULL,0,NULL,NULL,1,NULL),(75,'ryderranso','$2y$10$AD9YecLwHMH4ASrQ5mEroOpL0nCwy8czPaCgsWJF27jxz1HFo.58a','ryder.ranson@yahoo.de',NULL,NULL,NULL,'FR','',NULL,'2019-05-26 03:58:33',NULL,'2019-05-26 03:58:33',0,NULL,NULL,0,NULL,NULL,1,NULL),(76,'jestinedav','$2y$10$5UV0baHHWiIiQc8cedGgOuJbpFCXMjspNpzcukMeoMhHuNRAuWDmu','jestinedaves@gmail.com',NULL,NULL,NULL,'CH','',NULL,'2019-05-26 06:56:43',NULL,'2019-05-26 06:56:44',0,NULL,NULL,0,NULL,NULL,1,NULL),(77,'andra06e9','$2y$10$rpTdYPXtP2CmWVHKyHXZXe74iCq.mUky5f.9xYx3Wd/cpe91DPq8y','andraboyes@t-online.de',NULL,NULL,NULL,'NL','',NULL,'2019-05-26 11:53:50',NULL,'2019-05-26 11:53:51',0,NULL,NULL,0,NULL,NULL,1,NULL),(78,'sonjabirmi','$2y$10$S7HST1EXevOClfrASuMMs.QjAua62jxE0sHJuJayLIGVxds.ajnCK','sonjabirmingham@live.com',NULL,NULL,NULL,'DE','',NULL,'2019-05-26 14:02:57',NULL,'2019-05-26 14:02:57',0,NULL,NULL,0,NULL,NULL,1,NULL),(79,'tishacocks','$2y$10$agbSIu8SKv/dlin3n587ue23jFdDpN8CVNXNGIKoCjeskYqwuafeS','tishacocks@yahoo.com',NULL,NULL,NULL,'AU','',NULL,'2019-05-26 14:57:45',NULL,'2019-05-26 14:57:46',0,NULL,NULL,0,NULL,NULL,1,NULL),(80,'emanueld11','$2y$10$/Ufnm9QVYjHKwph2YloV3uzMBzh.C/iuxMuTPUjc3SYWAY.NEyu8q','emanuelschott@vegemail.com',NULL,NULL,NULL,'IS','',NULL,'2019-05-26 17:36:58',NULL,'2019-05-26 17:36:59',0,NULL,NULL,0,NULL,NULL,1,NULL),(81,'rodrigonov','$2y$10$FN7M.Qlc7Hkdy4QlmJ.QmOalLRuJ71KlGxShJZetiV0Tcf7ypFLHe','rodrigonovaes@gmail.com',NULL,NULL,NULL,'NL','',NULL,'2019-05-26 17:56:52',NULL,'2019-05-26 17:56:52',0,NULL,NULL,0,NULL,NULL,1,NULL),(82,'evelynmich','$2y$10$ZomoxVbyxd0xn/dMwCn/VujKntYBMMTCAwk811TCQEZCDmQI39cGi','evelynmichalik@gmail.com',NULL,NULL,NULL,'NL','',NULL,'2019-05-26 20:51:56',NULL,'2019-05-26 20:51:57',0,NULL,NULL,0,NULL,NULL,1,NULL),(83,'heloisa239','$2y$10$twOgu2NjurGlYFm.v.mk/.As.Qx6/rjBZ1qnuWdnyrqEY4oesbHv6','heloisanovaes@gmail.com',NULL,NULL,NULL,'PL','',NULL,'2019-05-26 22:56:01',NULL,'2019-05-26 22:56:01',0,NULL,NULL,0,NULL,NULL,1,NULL),(84,'lorenzocar','$2y$10$IAz9PsXnuxWHM2l6UkJfIuhc3reD1M6X2mEL7Cg/MzrmhzQv4k9Ze','lorenzocarvalho@gmail.com',NULL,NULL,NULL,'IT','',NULL,'2019-05-27 00:29:35',NULL,'2019-05-27 00:29:36',0,NULL,NULL,0,NULL,NULL,1,NULL),(85,'dfqmanie4','$2y$10$HP8elM3O/YPwseYNKPsijuvvj9IL0XVkqOQj8z8fl3vlleBMPgt9a','manielefkowitz@yahoo.de',NULL,NULL,NULL,'IT','',NULL,'2019-05-27 02:38:56',NULL,'2019-05-27 02:38:56',0,NULL,NULL,0,NULL,NULL,1,NULL),(86,'kourtney74','$2y$10$egyHyaEQj/H3sUVwzE5vaeHNyafz2slk7xRk.sRzxUbPX0mqiLr6S','kourtneymettler@gmail.com',NULL,NULL,NULL,'AU','',NULL,'2019-05-27 03:52:30',NULL,'2019-05-27 03:52:31',0,NULL,NULL,0,NULL,NULL,1,NULL),(87,'candicewil','$2y$10$SKwzq0pP9gCBFynQf98Lzu5h7EpMkzBFLc3J/iUEd9epAh1er5ODq','candice.willie@gmx.net',NULL,NULL,NULL,'IT','',NULL,'2019-05-27 07:41:42',NULL,'2019-05-27 07:41:42',0,NULL,NULL,0,NULL,NULL,1,NULL),(88,'linneadura','$2y$10$oaKagNSd9wiUoF4qjHWMruTeV8.bUGITDVJa9pGQ2VwKiipI.uk0e','linneadurant@gmail.com',NULL,NULL,NULL,'FR','',NULL,'2019-05-27 08:29:03',NULL,'2019-05-27 08:29:03',0,NULL,NULL,0,NULL,NULL,1,NULL),(89,'terrellted','$2y$10$zdbQuwHkiStjIqNiIJp..OV8Uzx.2Ayq/0PKH5XytNLKTYeNDDfFO','terrelltedeschi@aol.com',NULL,NULL,NULL,'IS','',NULL,'2019-05-27 15:54:51',NULL,'2019-05-27 15:54:51',0,NULL,NULL,0,NULL,NULL,1,NULL),(90,'cherylpict','$2y$10$lLSYqsolGYskmzCArU5gSOaGb2NMPDVjF1MpOhAMyXUadLpptdAdS','cherylpicton@yahoo.com',NULL,NULL,NULL,'CH','',NULL,'2019-05-27 18:16:13',NULL,'2019-05-27 18:16:13',0,NULL,NULL,0,NULL,NULL,1,NULL),(91,'johniehard','$2y$10$oyxv.Ow0g5evbnCTDGXHIuUVqoedLkHcl7e0V0jdNgaNxAnA9znoS','johniehardiman@gmail.com',NULL,NULL,NULL,'GB','',NULL,'2019-05-27 19:26:58',NULL,'2019-05-27 19:26:58',0,NULL,NULL,0,NULL,NULL,1,NULL),(92,'kinggiffor','$2y$10$LK8lyPe5CPpfSGaYrVrb.e3c7FnT1oiyna9q.ZLZld4m7w4fpOQG2','kinggifford@gmail.com',NULL,NULL,NULL,'CA','',NULL,'2019-05-27 22:38:33',NULL,'2019-05-27 22:38:33',0,NULL,NULL,0,NULL,NULL,1,NULL),(93,'liamnickle','$2y$10$MacrFRw8lL2Bu3bfAbu.I.tdOeE0esK9khNBlwJIK3EEaafHVv.g6','liamnickle@yahoo.com',NULL,NULL,NULL,'AU','',NULL,'2019-05-27 22:48:49',NULL,'2019-05-27 22:48:49',0,NULL,NULL,0,NULL,NULL,1,NULL),(94,'viniciussa','$2y$10$.NWi9.fxr87gSIA/ZJSSaOvtv6DAY4rUAMydEjrKRD.S8JgMqYYli','vinicius_sales@gmail.com',NULL,NULL,NULL,'CA','',NULL,'2019-05-27 22:58:38',NULL,'2019-05-27 22:58:39',0,NULL,NULL,0,NULL,NULL,1,NULL),(95,'bennieligh','$2y$10$vFcBDZ98u5MbBJmHfoFwFe64AZt5KJzmQDGONYOXA728RkwVhMlRG','bennie_lightner@gmail.com',NULL,NULL,NULL,'US','',NULL,'2019-05-28 02:30:49',NULL,'2019-05-28 02:30:49',0,NULL,NULL,0,NULL,NULL,1,NULL),(96,'clarissaot','$2y$10$4XIIE59tJxds.HW2BOo3deOmhOtazqtlJc9Z7s18QC75jnXrJ03im','clarissaotto@inbox.com',NULL,NULL,NULL,'IT','',NULL,'2019-05-28 02:41:06',NULL,'2019-05-28 02:41:06',0,NULL,NULL,0,NULL,NULL,1,NULL),(97,'samz280224','$2y$10$imRZQArNZrwoP06fliOglOzOfp5XSIG1o2DTuEoK2wXS16mHWoPlK','sampiddington@freenet.de',NULL,NULL,NULL,'FR','',NULL,'2019-05-28 05:34:35',NULL,'2019-05-28 05:34:35',0,NULL,NULL,0,NULL,NULL,1,NULL),(98,'cauamendon','$2y$10$pLw4Jfn1JiCKSTqa8EU0Ju4lOfkZlAJXqqx7gnlW3n65c3N9Aos86','cauamendonca@yahoo.com',NULL,NULL,NULL,'DE','',NULL,'2019-05-28 07:30:38',NULL,'2019-05-28 07:30:38',0,NULL,NULL,0,NULL,NULL,1,NULL),(99,'donnellcon','$2y$10$2Qwif8f4fdXxn2NQ68YcPurni7bi2vMPsJHM9.egSsODmvYiDWuXC','donnellconforti@care2.com',NULL,NULL,NULL,'AT','',NULL,'2019-05-28 08:37:28',NULL,'2019-05-28 08:37:29',0,NULL,NULL,0,NULL,NULL,1,NULL),(100,'nicolefern','$2y$10$FJhV4XidS3oclHMSOcpOUex.xfpxvr37AvOGo5KSU6GKFOoh/iC3u','nicolefernandes@gmail.com',NULL,NULL,NULL,'CA','',NULL,'2019-05-28 11:10:24',NULL,'2019-05-28 11:10:24',0,NULL,NULL,0,NULL,NULL,1,NULL),(101,'jadamarsh5','$2y$10$2lHWLHrq4LFHXEJLDmF6fevisZP1Ghw4.OHGVKk0HIfcPGGlrM2We','jadamarsh@web.de',NULL,NULL,NULL,'CH','',NULL,'2019-05-28 11:25:50',NULL,'2019-05-28 11:25:50',0,NULL,NULL,0,NULL,NULL,1,NULL),(102,'cathernn60','$2y$10$cGYEkGuIvJ5h9dXW4HfJcu4Hj.A0Lk5R0M2lo/54vZA5zoxcYoQO.','cathernbibi@gmail.com',NULL,NULL,NULL,'BE','',NULL,'2019-05-28 12:16:57',NULL,'2019-05-28 12:16:57',0,NULL,NULL,0,NULL,NULL,1,NULL),(103,'esmeraldaj','$2y$10$00oL65orx3JneGRuguvIAuoeIVYQbChxkp1/RcDXsS0eBswidwgaG','esmeraldajunkins@gmail.com',NULL,NULL,NULL,'PL','',NULL,'2019-05-28 12:43:51',NULL,'2019-05-28 12:43:52',0,NULL,NULL,0,NULL,NULL,1,NULL),(104,'benjaminme','$2y$10$XCL.vR2po0PqX9PA7.rWDeGHjjvX0dp4j4aPhqXobeieq7JcbHWhu','benjaminmendonca@gmail.com',NULL,NULL,NULL,'NL','',NULL,'2019-05-28 13:17:44',NULL,'2019-05-28 13:17:44',0,NULL,NULL,0,NULL,NULL,1,NULL),(105,'jannodx216','$2y$10$yc8c1ksH4YB8mTK9pncedOOPhpEzwxWfA6fNQFtMyrYwPV2AknsfG','jannbatey@gmail.com',NULL,NULL,NULL,'US','',NULL,'2019-05-28 16:01:31',NULL,'2019-05-28 16:01:31',0,NULL,NULL,0,NULL,NULL,1,NULL),(106,'jeanniehor','$2y$10$TAXpSzrkQPakGEf3sZ5VTOCpc8ZV2i6qoSbdkwO2sws4OBcQrAiwS','jeannie.horseman@gmail.com',NULL,NULL,NULL,'AT','',NULL,'2019-05-28 16:27:17',NULL,'2019-05-28 16:27:17',0,NULL,NULL,0,NULL,NULL,1,NULL),(107,'nxfwilliam','$2y$10$/FnE2lDHmU4knk8XpQkOGOuULJPZF1XGla1pl4N5sfC2BWbvFrJCi','williamsfranco@aol.com',NULL,NULL,NULL,'BR','',NULL,'2019-05-28 16:47:33',NULL,'2019-05-28 16:47:34',0,NULL,NULL,0,NULL,NULL,1,NULL),(108,'lethamajes','$2y$10$ciodI0RTjXHbeuad7JjVjeMlsIk7/xnuTBnwnpL/87jcRQ64L.4uK','lethamajeski@freenet.de',NULL,NULL,NULL,'IT','',NULL,'2019-05-28 18:39:08',NULL,'2019-05-28 18:39:09',0,NULL,NULL,0,NULL,NULL,1,NULL),(109,'margaretad','$2y$10$PuUs2npKnXvRDkzU.jIMseDI7O6RI044wYP4gIziSVd00UB/8lHjW','margareta.downie@freenet.de',NULL,NULL,NULL,'SE','',NULL,'2019-05-28 18:58:36',NULL,'2019-05-28 18:58:37',0,NULL,NULL,0,NULL,NULL,1,NULL),(110,'catarinap7','$2y$10$kfsLleiYqO41CPPGizP3heDGAsAabwFBn1P9l5WaXdLO2RsMYLAV.','catarinalopes@web.de',NULL,NULL,NULL,'PL','',NULL,'2019-05-28 19:15:01',NULL,'2019-05-28 19:15:01',0,NULL,NULL,0,NULL,NULL,1,NULL),(111,'mattiehipp','$2y$10$YUbv07e3qsn25beZQeH.Ye1wTOs7GTzALPZwOTjWm3R1lompGO//C','mattiehipple@arcor.de',NULL,NULL,NULL,'FR','',NULL,'2019-05-28 19:24:09',NULL,'2019-05-28 19:24:09',0,NULL,NULL,0,NULL,NULL,1,NULL),(112,'danielegar','$2y$10$nlHw/af7E6LoZLlfhMuQSOKuc18BgvvUIiUNdpYUnQInGhrJoLnnC','danielegarner@zoho.com',NULL,NULL,NULL,'SE','',NULL,'2019-05-28 21:37:21',NULL,'2019-05-28 21:37:21',0,NULL,NULL,0,NULL,NULL,1,NULL),(113,'arielkeele','$2y$10$RAamQQKb0Jusq.7R86.7B.TCU6HvPCzcOUsZVQxeKWO/Xmbn30xA6','arielkeeler@zoho.com',NULL,NULL,NULL,'US','',NULL,'2019-05-28 21:39:28',NULL,'2019-05-28 21:39:28',0,NULL,NULL,0,NULL,NULL,1,NULL),(114,'sharonhill','$2y$10$RPGhbjcCrja0CoXsBshAS.Sqt9xuyOdhzeYEKOMO4JSCPZtX.7Gga','sharonhilliard@gmail.com',NULL,NULL,NULL,'IT','',NULL,'2019-05-28 21:52:21',NULL,'2019-05-28 21:52:21',0,NULL,NULL,0,NULL,NULL,1,NULL),(115,'connorrams','$2y$10$/2CTzSK9kt2v83N4LYROFufNngt.JQJIlWOiQGSFY2p5OwnAFmKTW','connorramsbotham@gmail.com',NULL,NULL,NULL,'AU','',NULL,'2019-05-28 22:15:28',NULL,'2019-05-28 22:15:28',0,NULL,NULL,0,NULL,NULL,1,NULL),(116,'tanishapat','$2y$10$VB8jScR2d5NtgAu3T4S5TO71WB5znKKHzY3JLD9bbUvBZRlvqur.a','tanishapatino@aol.com',NULL,NULL,NULL,'FR','',NULL,'2019-05-29 01:43:45',NULL,'2019-05-29 01:43:46',0,NULL,NULL,0,NULL,NULL,1,NULL),(117,'herminetar','$2y$10$jaPIvoNgZZ0W85aC9AE/8OOCN2sBxtLEAH8dWVIrh3bMHixvfFXtC','herminetarr@yahoo.de',NULL,NULL,NULL,'FR','',NULL,'2019-05-29 02:30:35',NULL,'2019-05-29 02:30:35',0,NULL,NULL,0,NULL,NULL,1,NULL),(118,'benicio082','$2y$10$qbI9NEe.ynUVEE43AIGLp.a9sZfxkkk7OziaknUxXSNAdVRXZzeMS','benicio_cardoso@gmail.com',NULL,NULL,NULL,'PL','',NULL,'2019-05-29 02:36:01',NULL,'2019-05-29 02:36:02',0,NULL,NULL,0,NULL,NULL,1,NULL),(119,'carinacran','$2y$10$f3pvZLpwJTAIfBrD7pX2TuQDuURVGtDT8/.nJpj8mIjlGuMS3.u06','carinacranwell@arcor.de',NULL,NULL,NULL,'US','',NULL,'2019-05-29 03:33:49',NULL,'2019-05-29 03:33:49',0,NULL,NULL,0,NULL,NULL,1,NULL),(120,'jerrysulma','$2y$10$eIXFiuKSXkgfEckSnguhAOvux2fKZaNn8ikeQEylf1uhSxS6sXxU2','jerrysulman@yahoo.com',NULL,NULL,NULL,'IT','',NULL,'2019-05-29 03:36:31',NULL,'2019-05-29 03:36:31',0,NULL,NULL,0,NULL,NULL,1,NULL),(121,'betinapere','$2y$10$TGqoeW6Oa5k3lao2mtM.weCoL8tV8F7tS88bhqd7gi4FE10SX/2PO','betinapereira@gmail.com',NULL,NULL,NULL,'NL','',NULL,'2019-05-29 03:38:23',NULL,'2019-05-29 03:38:23',0,NULL,NULL,0,NULL,NULL,1,NULL),(122,'laura7074','$2y$10$BXY4KPcDmyn4Aq7/W/prneU6M2LB.MA1Q9Ngp1uxvC9KysM3DEn.a','laura_jesus@inbox.com',NULL,NULL,NULL,'DK','',NULL,'2019-05-29 03:49:36',NULL,'2019-05-29 03:49:38',0,NULL,NULL,0,NULL,NULL,1,NULL),(123,'wildashuma','$2y$10$WVthWkl8hqiYX8H1uoN6wOio95cdiM2VmiAOcvS4P7C3Yn2fqWBfu','wildashumaker@zoho.com',NULL,NULL,NULL,'DE','',NULL,'2019-05-29 04:38:44',NULL,'2019-05-29 04:38:44',0,NULL,NULL,0,NULL,NULL,1,NULL),(124,'thiagoalve','$2y$10$.LaWKpAMno/IbFgA1aZ/humKnavczOqRweF6vL8TovEykVwTsOr..','thiagoalves@gmx.de',NULL,NULL,NULL,'BE','',NULL,'2019-05-29 05:05:55',NULL,'2019-05-29 05:05:55',0,NULL,NULL,0,NULL,NULL,1,NULL),(125,'sethoconno','$2y$10$Hv2fdzhYPDYtScj8G7RygetEaWw5JI02f4mcTsJ5P6oYUP6VIKDm6','sethoconnor@gmail.com',NULL,NULL,NULL,'AU','',NULL,'2019-05-29 05:08:40',NULL,'2019-05-29 05:08:40',0,NULL,NULL,0,NULL,NULL,1,NULL),(126,'dfshoracio','$2y$10$5MxSxJOlwUsGpAwW76SjBeaVFL0Y3kUMBRawSwpNRZJQ.MA9R4UHG','horacioogilvy@bigstring.com',NULL,NULL,NULL,'CH','',NULL,'2019-05-29 06:47:55',NULL,'2019-05-29 06:47:55',0,NULL,NULL,0,NULL,NULL,1,NULL),(127,'elinorsoli','$2y$10$qneSapOm/kaT1XTPTK1meO26SkAz3bXxtvh7Zeo3.XdHsybCYJkOe','elinor.solis@aol.com',NULL,NULL,NULL,'NO','',NULL,'2019-05-29 08:18:17',NULL,'2019-05-29 08:18:18',0,NULL,NULL,0,NULL,NULL,1,NULL),(128,'sonyadolli','$2y$10$KTlnmoEU.juWXtCzQOxeQOGvV8Sb8Wzh/3jBjcF4frkbDul3s1c.6','sonyadolling@arcor.de',NULL,NULL,NULL,'AU','',NULL,'2019-05-29 09:27:33',NULL,'2019-05-29 09:27:33',0,NULL,NULL,0,NULL,NULL,1,NULL),(129,'vernellbur','$2y$10$gnDa/G98HfDeKHb3asav7uWAZmQgkGmizLlCEUv/CfTQ8hx6Iecjq','vernellburwell@gmail.com',NULL,NULL,NULL,'IT','',NULL,'2019-05-29 09:48:09',NULL,'2019-05-29 09:48:09',0,NULL,NULL,0,NULL,NULL,1,NULL),(130,'yjdesperan','$2y$10$E3NtF6hVS1gbNS4rZu4KSOKlsD1D8dLo5IsZZThiz3EWpZLpEpjyi','esperanzahudak@zoho.com',NULL,NULL,NULL,'KH','',NULL,'2019-05-29 11:38:54',NULL,'2019-05-29 11:38:54',0,NULL,NULL,0,NULL,NULL,1,NULL),(131,'augusthild','$2y$10$8EFl/cSalRoAM38zrUZr7utnXPaFpRu90SOTMgqn/Cz3wcuL9UgU.','august.hildreth@gmail.com',NULL,NULL,NULL,'BR','',NULL,'2019-05-29 13:13:46',NULL,'2019-05-29 13:13:46',0,NULL,NULL,0,NULL,NULL,1,NULL),(132,'cindapeder','$2y$10$kZFxy2jMtMfBPdJHBTSwfegLxOpoAs6yIciKmkhZaU9kA5J.uB0j2','cindapedersen@gmail.com',NULL,NULL,NULL,'DK','',NULL,'2019-05-29 13:41:36',NULL,'2019-05-29 13:41:36',0,NULL,NULL,0,NULL,NULL,1,NULL),(133,'joaonascim','$2y$10$G2l1wOHCYT4HVL/oZF.ddehq0bhpCIq7O0qhCC6iVTFodnqoGq3ai','joaonascimento@jetemail.net',NULL,NULL,NULL,'DE','',NULL,'2019-05-29 14:50:34',NULL,'2019-05-29 14:50:35',0,NULL,NULL,0,NULL,NULL,1,NULL),(134,'cvzkimberl','$2y$10$U5axvQH5tFDTJcINNrqbAeOp7432KSscsglNfpV1w6XDPz4yizUrO','kimberlyievers@web.de',NULL,NULL,NULL,'NO','',NULL,'2019-05-29 17:16:51',NULL,'2019-05-29 17:16:52',0,NULL,NULL,0,NULL,NULL,1,NULL),(135,'tarendresc','$2y$10$/KBzdoYxkS1sHfBdWYqNX.IGCK5/XiGzj9t7ZYm0PFW6jkoDJY98G','taren.drescher@justemail.net',NULL,NULL,NULL,'AT','',NULL,'2019-05-29 19:02:43',NULL,'2019-05-29 19:02:43',0,NULL,NULL,0,NULL,NULL,1,NULL),(136,'marinacald','$2y$10$.SNnAEtiIPWLscv0b26gqeLoGXXlvYR3vJAXwgb2M9cUWYjdB7y9K','marinacaldeira@airpost.net',NULL,NULL,NULL,'NL','',NULL,'2019-05-29 19:52:30',NULL,'2019-05-29 19:52:31',0,NULL,NULL,0,NULL,NULL,1,NULL),(137,'genevievez','$2y$10$hjpM0VREOYPXt5yY/2OAe.X2uSos5x5RYZetpyy5Dsf6sbcrHAbLG','genevieve.raynor@gmail.com',NULL,NULL,NULL,'AT','',NULL,'2019-05-29 20:30:03',NULL,'2019-05-29 20:30:03',0,NULL,NULL,0,NULL,NULL,1,NULL),(138,'victoriafl','$2y$10$fUA4qoXayqYfBnwthbaPCOvqSHuZuQq1qPeemZtqdcRZzNihIqIIm','victoriaflorez@arcor.de',NULL,NULL,NULL,'IS','',NULL,'2019-05-29 20:33:22',NULL,'2019-05-29 20:33:23',0,NULL,NULL,0,NULL,NULL,1,NULL),(139,'stephanieb','$2y$10$z6iRUcizyjwpp5c3bMmtOu36rgxEFWZPtYDAOWJpGPUjfHyhyJXvy','stephaniebell@gmail.com',NULL,NULL,NULL,'DE','',NULL,'2019-05-29 20:39:19',NULL,'2019-05-29 20:39:19',0,NULL,NULL,0,NULL,NULL,1,NULL),(140,'quyendick','$2y$10$1EkE63OUGfz/i9EIJz26qOM7L9sTaMCrNIcgyTpu7cf0AkAp1.U0W','quyendick@zoho.com',NULL,NULL,NULL,'DE','',NULL,'2019-05-29 20:54:23',NULL,'2019-05-29 20:54:24',0,NULL,NULL,0,NULL,NULL,1,NULL),(141,'charlenebu','$2y$10$sK21ww1eDd8ftDnZfi9E0OOutGSQ7J9mkfjE.J3Kdiy3FjUahG8fi','charlenebunting@t-online.de',NULL,NULL,NULL,'IT','',NULL,'2019-05-29 21:58:01',NULL,'2019-05-29 21:58:02',0,NULL,NULL,0,NULL,NULL,1,NULL),(142,'jeanniehan','$2y$10$WhjOsWAJPv0UZ1XB/t7mLuv9IKDg64Dv7brA7Q.oNenobJnZWVN7i','jeanniehanton@gmail.com',NULL,NULL,NULL,'IT','',NULL,'2019-05-29 23:58:03',NULL,'2019-05-29 23:58:04',0,NULL,NULL,0,NULL,NULL,1,NULL),(143,'benjaminfo','$2y$10$V8LpB8V6iC5GZ6hkiN1nnusyV/ix6IGhgyTcquQZi1gygVScPr5Be','benjaminfogaca@live.de',NULL,NULL,NULL,'NO','',NULL,'2019-05-30 01:09:23',NULL,'2019-05-30 01:09:23',0,NULL,NULL,0,NULL,NULL,1,NULL),(144,'tonysumpte','$2y$10$1aJTzARcLAN.HCdemwegYORus8XvmAPSUycG15Bd./OyY//Ofr7mi','tonysumpter@web.de',NULL,NULL,NULL,'AT','',NULL,'2019-05-30 01:44:58',NULL,'2019-05-30 01:44:58',0,NULL,NULL,0,NULL,NULL,1,NULL),(145,'maddisonsp','$2y$10$EAVCU/MKTzMqQiM4.KHWOOKvcQLLz1FEqPFEbZZRmEba1fDERs4QC','maddisonspears@aol.com',NULL,NULL,NULL,'AU','',NULL,'2019-05-30 03:18:52',NULL,'2019-05-30 03:18:52',0,NULL,NULL,0,NULL,NULL,1,NULL),(146,'kristaselp','$2y$10$gNDv4GhVDfY0Zem2MU8qeOzlkvO/Ek.D7hlZ7FlTRYX5Cz0RnTARG','krista_selph@gmail.com',NULL,NULL,NULL,'CH','',NULL,'2019-05-30 04:20:46',NULL,'2019-05-30 04:20:46',0,NULL,NULL,0,NULL,NULL,1,NULL),(147,'nikolepitt','$2y$10$4l7QB6YxMeDoUdG6YVFOtO0vfR2fGjmeOEsrkFZEsRrtKp6TO8s16','nikole.pittmann@aol.com',NULL,NULL,NULL,'NL','',NULL,'2019-05-30 04:25:57',NULL,'2019-05-30 04:25:58',0,NULL,NULL,0,NULL,NULL,1,NULL),(148,'finleymard','$2y$10$oyENuLyR9tn0y9lZwWyDS.1slSJBrcwyfsn9Z17/GqPYEWp4m2JYG','finley.marden@gmail.com',NULL,NULL,NULL,'BR','',NULL,'2019-05-30 04:34:13',NULL,'2019-05-30 04:34:13',0,NULL,NULL,0,NULL,NULL,1,NULL),(149,'zarafawsit','$2y$10$1qI2rriLcY7Dbrjc53G8Ze/VW5ZSW/rszDgxgXMm7dcgkeLdZM6zi','zarafawsitt@gmail.com',NULL,NULL,NULL,'PL','',NULL,'2019-05-30 05:39:24',NULL,'2019-05-30 05:39:24',0,NULL,NULL,0,NULL,NULL,1,NULL),(150,'zacharycoc','$2y$10$Xco8xhKcbcxfr5vqCzV/FeNiolpcXTF.wedVV297OCqfPvgqfxnAq','zachary_cocks@gmail.com',NULL,NULL,NULL,'AT','',NULL,'2019-05-30 06:41:38',NULL,'2019-05-30 06:41:38',0,NULL,NULL,0,NULL,NULL,1,NULL),(151,'danielmont','$2y$10$zt0opTt2IjPE40nFjjbgduDxvlQYh93XAjva78LUZJ9ZDK.WWJI8q','danielmontenegro@yahoo.de',NULL,NULL,NULL,'FR','',NULL,'2019-05-30 08:06:58',NULL,'2019-05-30 08:06:58',0,NULL,NULL,0,NULL,NULL,1,NULL),(152,'andreatam','$2y$10$mWPIJ.l133p..8hdUoHpxuQgDUgejl6vBfCDXBfFstB1aQGMNCdMC','andreatam@yahoo.com',NULL,NULL,NULL,'DE','',NULL,'2019-05-30 08:44:24',NULL,'2019-05-30 08:44:25',0,NULL,NULL,0,NULL,NULL,1,NULL),(153,'julissawhi','$2y$10$zuljhKY/MRihmcSxlndW4uVfcUiI758VxT.QwdAT1ti7T0tk5vh9K','julissawhitney@gmx.net',NULL,NULL,NULL,'IT','',NULL,'2019-05-30 10:21:44',NULL,'2019-05-30 10:21:44',0,NULL,NULL,0,NULL,NULL,1,NULL),(154,'chandra95d','$2y$10$9vVyCort5JG7F3AzM.CZvuZ1Fxeij29Za.1tlNSxQeBp5Ypsi.lGi','chandramcquade@gmail.com',NULL,NULL,NULL,'GB','',NULL,'2019-05-30 11:01:02',NULL,'2019-05-30 11:01:02',0,NULL,NULL,0,NULL,NULL,1,NULL),(155,'leliamadis','$2y$10$lyg4K9lfkETuLrEd9cr2/uuYsihoAw6O0oQcgSecoj36wG5a0RJbe','leliamadison@gmail.com',NULL,NULL,NULL,'IT','',NULL,'2019-05-30 11:09:35',NULL,'2019-05-30 11:09:35',0,NULL,NULL,0,NULL,NULL,1,NULL),(156,'maurinejac','$2y$10$X5RLaYP86YARnOXxTw39BeLajL0wydUR79dXf6lH4MGZews4m8WNG','maurinejacks@gmail.com',NULL,NULL,NULL,'AU','',NULL,'2019-05-30 11:29:57',NULL,'2019-05-30 11:29:57',0,NULL,NULL,0,NULL,NULL,1,NULL),(157,'marsha1277','$2y$10$2Kevh0l6/OlEpwH94WXRhe45j6Q3DISS2lc25GL1eOXwaAMv9MRpS','marshacaire@arcor.de',NULL,NULL,NULL,'IT','',NULL,'2019-05-30 12:01:43',NULL,'2019-05-30 12:01:43',0,NULL,NULL,0,NULL,NULL,1,NULL),(158,'qjbjustina','$2y$10$oI/x1iEVZnPadvWxhAhVtODKyOlOp6q.UOOSpDX22KGSWOI1olldG','justina.holroyd@gmail.com',NULL,NULL,NULL,'AT','',NULL,'2019-05-30 12:53:00',NULL,'2019-05-30 12:53:00',0,NULL,NULL,0,NULL,NULL,1,NULL),(159,'florenciaf','$2y$10$9BAYLEpRLu7TQo7i27prteU9h2rXyimCmCx.B4heAloVhAd2r63PK','florenciaflorance@yahoo.com',NULL,NULL,NULL,'IT','',NULL,'2019-05-30 13:08:47',NULL,'2019-05-30 13:08:48',0,NULL,NULL,0,NULL,NULL,1,NULL),(160,'francisco1','$2y$10$Te7aQUWxHt0GMWb/tK4Z0.tTvvdMU7b2Zrtt0g94nLdu9OrZfmj4O','francisco.silva@t-online.de',NULL,NULL,NULL,'AT','',NULL,'2019-05-30 13:13:22',NULL,'2019-05-30 13:13:22',0,NULL,NULL,0,NULL,NULL,1,NULL),(161,'dajthomas4','$2y$10$WkoAlv8SOOw8tkp93wDCyO/69i1Rbl.V6tC6jH84GyXXj9VLNuFcm','thomasvaz@gmail.com',NULL,NULL,NULL,'AT','',NULL,'2019-05-30 13:19:45',NULL,'2019-05-30 13:19:45',0,NULL,NULL,0,NULL,NULL,1,NULL),(162,'harriette7','$2y$10$dAvlLrSxzV8aT0uXUcFbbeefxrQAlT1n7KLI8o5OBivGaxqzkQVB6','harriettfountain@bigstring.com',NULL,NULL,NULL,'AT','',NULL,'2019-05-30 13:40:00',NULL,'2019-05-30 13:40:01',0,NULL,NULL,0,NULL,NULL,1,NULL),(163,'vickeynort','$2y$10$OHPDiDGeTdXgNWgiwL2AQOPsDC0mBbUwul3tE8nPRryG2zVSqUF/C','vickeynorthmore@gmail.com',NULL,NULL,NULL,'PL','',NULL,'2019-05-30 14:09:52',NULL,'2019-05-30 14:09:53',0,NULL,NULL,0,NULL,NULL,1,NULL),(164,'rosemaryga','$2y$10$LthHzIWg4grclgXVSEslL.TExcVoxffqjtoEfSna7ja6O3f/c8mA6','rosemary_gabbard@t-online.de',NULL,NULL,NULL,'PL','',NULL,'2019-05-30 18:28:08',NULL,'2019-05-30 18:28:09',0,NULL,NULL,0,NULL,NULL,1,NULL),(165,'luccamoura','$2y$10$YqQBVGUrCndZNfO16cflie3.GJwlwmIn192AlqHiXLX5ea.xxu1eu','luccamoura@freenet.de',NULL,NULL,NULL,'SE','',NULL,'2019-05-30 18:50:07',NULL,'2019-05-30 18:50:08',0,NULL,NULL,0,NULL,NULL,1,NULL),(166,'danngilley','$2y$10$w6QrFy.da9ArMudMlXEl7.0SYhGFBU8pNVoWHmvqDLM7x4Bq4X/A6','danngilley@googlemail.com',NULL,NULL,NULL,'FR','',NULL,'2019-05-30 21:02:12',NULL,'2019-05-30 21:02:12',0,NULL,NULL,0,NULL,NULL,1,NULL),(167,'laurindale','$2y$10$DeCqF3tj0ms0j/0GbeXHC.TCjxxOgnrT2mRNj6hkqyMOuT47isilG','laurindaleibowitz@web.de',NULL,NULL,NULL,'IT','',NULL,'2019-05-30 21:51:08',NULL,'2019-05-30 21:51:09',0,NULL,NULL,0,NULL,NULL,1,NULL),(168,'ceciliamul','$2y$10$i9HhhwBsEj0Cp2IUGnUWtuoMLm8akzcBq1fiYQl4wMHEOQ9ib8fm6','cecilia.mulga@arcor.de',NULL,NULL,NULL,'DE','',NULL,'2019-05-30 22:08:26',NULL,'2019-05-30 22:08:27',0,NULL,NULL,0,NULL,NULL,1,NULL),(169,'esther4776','$2y$10$NHhRBbg8ZnPtNF1J6mpVruoKS0uAQRSZY1G/QtuOxPfEU42g/2Qee','estherfrancis@gawab.com',NULL,NULL,NULL,'AU','',NULL,'2019-05-30 22:34:19',NULL,'2019-05-30 22:34:19',0,NULL,NULL,0,NULL,NULL,1,NULL),(170,'angelinaqu','$2y$10$YVz/wXY7Y.O3EGKR/F7K9OpPPN494CkY28sDx6XagEEtvexwgVQtS','angelinaquesinberry@fastmail.cn',NULL,NULL,NULL,'IT','',NULL,'2019-05-30 22:35:20',NULL,'2019-05-30 22:35:20',0,NULL,NULL,0,NULL,NULL,1,NULL),(171,'stacytinda','$2y$10$NropPMleXTsfuqL6PoxkGeipuEexEIozdfYAxy3dIzzSNzYo0JXWW','stacytindal@wildmail.com',NULL,NULL,NULL,'DK','',NULL,'2019-05-30 23:07:59',NULL,'2019-05-30 23:07:59',0,NULL,NULL,0,NULL,NULL,1,NULL),(172,'heitorpere','$2y$10$pqB9QtrxnqUgshD0rhu2D.ZMHlN9LUVnakKgPp7BSSI1mvt6PdVo.','heitor.pereira@freenet.de',NULL,NULL,NULL,'AU','',NULL,'2019-05-30 23:12:08',NULL,'2019-05-30 23:12:08',0,NULL,NULL,0,NULL,NULL,1,NULL),(173,'luizaperez','$2y$10$kxmfw64AaxVvnk4uHyIuPeoDACYrQDZRBIZl6IdAFw6WUpfmb7thm','luiza_perez@zoho.com',NULL,NULL,NULL,'AU','',NULL,'2019-05-30 23:44:16',NULL,'2019-05-30 23:44:16',0,NULL,NULL,0,NULL,NULL,1,NULL),(174,'donettehed','$2y$10$lEgeClvJ7TA3pKJvJYMy7.F.ABkeu3YqqOlJGmoIr738x2Fqnn9Im','donettehedgepeth@gmx.de',NULL,NULL,NULL,'AT','',NULL,'2019-05-31 00:21:11',NULL,'2019-05-31 00:21:12',0,NULL,NULL,0,NULL,NULL,1,NULL),(175,'marielkirk','$2y$10$AeembnvM.kkO8O7XynebK.HfnDxj3XbdQcNjBwIzIyxgBoIM.Ulle','marielkirkpatrick@yahoo.de',NULL,NULL,NULL,'BR','',NULL,'2019-05-31 00:48:49',NULL,'2019-05-31 00:48:49',0,NULL,NULL,0,NULL,NULL,1,NULL),(176,'gabrielale','$2y$10$V9yTVrhrjXp477sbs/aivOcoRT8yv3Yj4NWbDICtcodkD3ZUHgJz6','gabrielalemberg@gmail.com',NULL,NULL,NULL,'US','',NULL,'2019-05-31 04:02:57',NULL,'2019-05-31 04:02:57',0,NULL,NULL,0,NULL,NULL,1,NULL),(177,'bernardogo','$2y$10$dpQWdZ3KKDVzLkEeH7opSuifGD4dgoXFkE1QhapUSajQWBXMs7RAu','bernardogomes@gmail.com',NULL,NULL,NULL,'AT','',NULL,'2019-05-31 05:03:39',NULL,'2019-05-31 05:03:40',0,NULL,NULL,0,NULL,NULL,1,NULL),(178,'karissawig','$2y$10$pBLuCVZEKKYzMFfr.PIq4.Bp60aXtE5bMexKOtMKdJr42BaqDR/de','karissawight@aol.com',NULL,NULL,NULL,'FR','',NULL,'2019-05-31 05:15:52',NULL,'2019-05-31 05:15:52',0,NULL,NULL,0,NULL,NULL,1,NULL),(179,'romathorpe','$2y$10$h20CyTtx472PFq2aXyGkmu9VC0DzRF90Jj81JP5nv6VmJA2g0mo7.','romathorpe@t-online.de',NULL,NULL,NULL,'IS','',NULL,'2019-05-31 08:23:12',NULL,'2019-05-31 08:23:12',0,NULL,NULL,0,NULL,NULL,1,NULL),(180,'luciomagan','$2y$10$i.BzvHq5UU5GgL9ohFWTKuKw/b47lBDcqPlXC5jNz6PcGLeWQx5W6','luciomagana@t-online.de',NULL,NULL,NULL,'FR','',NULL,'2019-05-31 09:59:27',NULL,'2019-05-31 09:59:27',0,NULL,NULL,0,NULL,NULL,1,NULL),(181,'audreaberr','$2y$10$Dy48odtbiTnzNctvqCYOfO6hZh2YwwW9uasL8lJcEQdnWFDFk9uYG','audreaberryman@gmail.com',NULL,NULL,NULL,'AT','',NULL,'2019-05-31 10:10:40',NULL,'2019-05-31 10:10:40',0,NULL,NULL,0,NULL,NULL,1,NULL),(182,'kathyelkin','$2y$10$2UU0CZKWFIKtWPO9pV3RtOxSlTs7/GzVUSGotJGawvsLYC537I..y','kathyelkins@zoho.com',NULL,NULL,NULL,'AT','',NULL,'2019-05-31 11:33:40',NULL,'2019-05-31 11:33:41',0,NULL,NULL,0,NULL,NULL,1,NULL),(183,'marcostory','$2y$10$kYxQvxcuWbQkYuxj4lpm9.G4qfewIolpN6JE6lPQk.J5yUwfpB5Rm','marco_story@gmail.com',NULL,NULL,NULL,'GB','',NULL,'2019-05-31 12:15:37',NULL,'2019-05-31 12:15:37',0,NULL,NULL,0,NULL,NULL,1,NULL),(184,'layneoswal','$2y$10$dGujWUFKmRF3DNg37hRtReVZG9bRS0ZYCNjnKx6MMVX5MZD/TSnhi','layneoswalt@t-online.de',NULL,NULL,NULL,'CH','',NULL,'2019-05-31 15:55:09',NULL,'2019-05-31 15:55:10',0,NULL,NULL,0,NULL,NULL,1,NULL),(185,'nicolezkn3','$2y$10$Tp2oIkr6mTubb3nxJNdlKeVe58zbodYssPuzqeu1L1ud6nY5ORhoi','nicole.barros@gawab.com',NULL,NULL,NULL,'AT','',NULL,'2019-05-31 16:29:13',NULL,'2019-05-31 16:29:13',0,NULL,NULL,0,NULL,NULL,1,NULL),(186,'katrin6860','$2y$10$.sqSPPzwNfZKEEjzPpXqo.5s3Q.4YXYiXBMZzM.OPPtNd6trANKEK','katrinloos@whale-mail.com',NULL,NULL,NULL,'PS','',NULL,'2019-05-31 18:01:24',NULL,'2019-05-31 18:01:24',0,NULL,NULL,0,NULL,NULL,1,NULL),(187,'elsaporto','$2y$10$ORMftCGoGzFTS/Yv0QPItOqsW92GQAsAih3cpPInAMIdkgqGncrCm','elsaporto@web.de',NULL,NULL,NULL,'US','',NULL,'2019-05-31 18:10:43',NULL,'2019-05-31 18:10:43',0,NULL,NULL,0,NULL,NULL,1,NULL),(188,'candiceper','$2y$10$RBhydyV8K/InKH/KpTFWluc89WD.Zo4tWm4JEagwb/JsnYMT1nj7O','candiceperryman@gmail.com',NULL,NULL,NULL,'FR','',NULL,'2019-05-31 19:03:14',NULL,'2019-05-31 19:03:14',0,NULL,NULL,0,NULL,NULL,1,NULL),(189,'altonaberc','$2y$10$5ZDviOtLGVyeB.n/PR27d.TCcJvvLxjiY8XV3GFzmNKXn.5gCoB4y','altonabercrombie@freenet.de',NULL,NULL,NULL,'AT','',NULL,'2019-05-31 19:35:01',NULL,'2019-05-31 19:35:01',0,NULL,NULL,0,NULL,NULL,1,NULL),(190,'moisesborn','$2y$10$m7ezAqaVeRIUsmJMAAZQCe4CfW.odqXX5OQSUv1oIf5GVS835hMKC','moisesborn@gmail.com',NULL,NULL,NULL,'GB','',NULL,'2019-05-31 22:39:59',NULL,'2019-05-31 22:39:59',0,NULL,NULL,0,NULL,NULL,1,NULL),(191,'thiagopire','$2y$10$DBeJ50gitRn9o1gDLayRsuG7myO7Amv8yyOE2S7i9VFsckGOF/OF2','thiago_pires@t-online.de',NULL,NULL,NULL,'DE','',NULL,'2019-05-31 23:14:16',NULL,'2019-05-31 23:14:16',0,NULL,NULL,0,NULL,NULL,1,NULL),(192,'eduardonbd','$2y$10$ewGRuCw3pukPL5bG0Bq9suHidCkwCZFq0LhLC1pYzRvWooQrvk22m','eduardomontes@yahoo.de',NULL,NULL,NULL,'IT','',NULL,'2019-05-31 23:45:02',NULL,'2019-05-31 23:45:02',0,NULL,NULL,0,NULL,NULL,1,NULL),(193,'danielespi','$2y$10$TOy/OLCmwHXFmMeEBOr/0OeNpdromirAn2D.5akD/w3P77crlFFBm','daniel.espinal@live.com',NULL,NULL,NULL,'DE','',NULL,'2019-06-01 00:30:41',NULL,'2019-06-01 00:30:42',0,NULL,NULL,0,NULL,NULL,1,NULL),(194,'gradyramey','$2y$10$we6nNTucsUEvLig3WrfpoO/I1kZki6udy.rK.LvBtwzxinS/Cxlz2','grady.ramey@hotmail.com',NULL,NULL,NULL,'DK','',NULL,'2019-06-01 01:15:43',NULL,'2019-06-01 01:15:43',0,NULL,NULL,0,NULL,NULL,1,NULL),(195,'elsat6115','$2y$10$jkBUCXJaxiNwhTHhyEXRduvDAFO3Q9JLjfUBjLNVXluq8MhdnizfC','elsa_lemos@the-fastest.net',NULL,NULL,NULL,'AT','',NULL,'2019-06-01 01:58:34',NULL,'2019-06-01 01:58:34',0,NULL,NULL,0,NULL,NULL,1,NULL),(196,'alexandria','$2y$10$Y8FHQD9W.Flbr3OMZrSMg..iONU3jPwiEZ34Ee49FMgyFb.i90KyO','alexandriamarin@aol.com',NULL,NULL,NULL,'DE','',NULL,'2019-06-01 03:01:44',NULL,'2019-06-01 03:01:44',0,NULL,NULL,0,NULL,NULL,1,NULL),(197,'alejandrob','$2y$10$SlBjLJi3cple92IBwinXTO.dIhrH4LdEukkdnPLxKHe6gHUnbLo2i','alejandrobermudez@gmail.com',NULL,NULL,NULL,'NO','',NULL,'2019-06-01 04:35:29',NULL,'2019-06-01 04:35:29',0,NULL,NULL,0,NULL,NULL,1,NULL),(198,'mildredfit','$2y$10$o4HS8K22gMKld4aXbFniuulrtcq1oDBVcSVczVQBvvLV.wYBdCRIm','mildred_fitzwater@freenet.de',NULL,NULL,NULL,'PF','',NULL,'2019-06-01 06:44:28',NULL,'2019-06-01 06:44:28',0,NULL,NULL,0,NULL,NULL,1,NULL),(199,'russel33j2','$2y$10$jW6WC88X5JKfyfnDDI88meDR2RhPwPTNO51Jz5uwnYRX6P1Rwcp/K','russelbabcock@bigstring.com',NULL,NULL,NULL,'ZA','',NULL,'2019-06-01 06:58:32',NULL,'2019-06-01 06:58:32',0,NULL,NULL,0,NULL,NULL,1,NULL),(200,'genevalore','$2y$10$oW22n8siagO/S39vhjFA1uSWBahmo2bmf9ANaHD.1BV/nB296hZL2','genevalorenz@web.de',NULL,NULL,NULL,'DE','',NULL,'2019-06-01 07:11:37',NULL,'2019-06-01 07:11:37',0,NULL,NULL,0,NULL,NULL,1,NULL),(201,'wiltonskip','$2y$10$ZvAeN4k..h6xXKrXb37Z0.C/pz4/YtV3nYjWBaZzr8xt1R5e3ikAm','wilton_skipper@gmx.net',NULL,NULL,NULL,'AT','',NULL,'2019-06-01 08:11:33',NULL,'2019-06-01 08:11:33',0,NULL,NULL,0,NULL,NULL,1,NULL),(202,'gregorymof','$2y$10$ClAl0vsuV6smevHr1JVPveev6nN7Nk4gJS8.ITL39vH/hMDDHUnWC','gregorymoffitt@gmail.com',NULL,NULL,NULL,'BE','',NULL,'2019-06-01 09:50:51',NULL,'2019-06-01 09:50:52',0,NULL,NULL,0,NULL,NULL,1,NULL),(203,'lauraglaze','$2y$10$2m1y06qeQL3u7i2q5Z8zFu8Ckol4UvJJhUnonuXfTtvZtFCKbjACS','lauraglaze@yahoo.com',NULL,NULL,NULL,'AT','',NULL,'2019-06-01 10:59:32',NULL,'2019-06-01 10:59:32',0,NULL,NULL,0,NULL,NULL,1,NULL),(204,'dessie97c3','$2y$10$mjgmkVA5Rnf/2vMbMupBX.HhlkWNc9j2ypPNSk6Wb/t1TcVQjJYH6','dessietryon@t-online.de',NULL,NULL,NULL,'FR','',NULL,'2019-06-01 12:22:14',NULL,'2019-06-01 12:22:15',0,NULL,NULL,0,NULL,NULL,1,NULL),(205,'shoshanax8','$2y$10$bLWBTH0u6EJq4111S1gHGu2TgJEGchpZUkr442I71E0s1JyqSCmiW','shoshanaholyfield@gmx.net',NULL,NULL,NULL,'IT','',NULL,'2019-06-01 12:50:04',NULL,'2019-06-01 12:50:04',0,NULL,NULL,0,NULL,NULL,1,NULL),(206,'murilovian','$2y$10$hoWnpbflnalyqpw/e6T0eehlxa2o6jpZOoUuIbITz5h3VGCKoEWWy','muriloviante@gmail.com',NULL,NULL,NULL,'AU','',NULL,'2019-06-01 13:09:16',NULL,'2019-06-01 13:09:16',0,NULL,NULL,0,NULL,NULL,1,NULL),(207,'voldeana4','$2y$10$WQCn0MMaaU/OB2tzoIlk8um8I9WWe2J6EPnI.Q7NiI9pm6iVR/Uby','deanasierra@freenet.de',NULL,NULL,NULL,'NL','',NULL,'2019-06-01 15:23:38',NULL,'2019-06-01 15:23:38',0,NULL,NULL,0,NULL,NULL,1,NULL),(208,'blakeroths','$2y$10$FXA8QLjw5DRY.i1D3MCmVukBa7j3zXwNLy/VChP.c456GQUaw3yTK','blake_rothschild@gawab.com',NULL,NULL,NULL,'BR','',NULL,'2019-06-01 15:48:16',NULL,'2019-06-01 15:48:16',0,NULL,NULL,0,NULL,NULL,1,NULL),(209,'chasitysla','$2y$10$Jt1vE4BXiimjQb4/Ek7i1.FK5vBtKQyRsXB7ZvODduHPyvUnt/Pfq','chasityslagle@gmail.com',NULL,NULL,NULL,'FR','',NULL,'2019-06-01 17:07:03',NULL,'2019-06-01 17:07:03',0,NULL,NULL,0,NULL,NULL,1,NULL),(210,'nrekiera31','$2y$10$uEyCRowrKAwRWACkTwe7De866MV/fzdWMZHQm00q.slYQXi.27GEe','kierabuffington@t-online.de',NULL,NULL,NULL,'BE','',NULL,'2019-06-01 17:38:37',NULL,'2019-06-01 17:38:38',0,NULL,NULL,0,NULL,NULL,1,NULL),(211,'maximojenk','$2y$10$sz1xm5DGcPDMJrcMtVahNu0xQUBzNwi1ngBZKQ7b9FXplkAS1DMXq','maximojenks@gmail.com',NULL,NULL,NULL,'CA','',NULL,'2019-06-01 18:28:21',NULL,'2019-06-01 18:28:21',0,NULL,NULL,0,NULL,NULL,1,NULL),(212,'fabianbund','$2y$10$o6gGqX9.D1QV3VpQpqKR8uSE2HHhNWoStotHzvObm6R6LFWNcdl/6','fabian.bundy@gmail.com',NULL,NULL,NULL,'FR','',NULL,'2019-06-01 20:40:42',NULL,'2019-06-01 20:40:42',0,NULL,NULL,0,NULL,NULL,1,NULL),(213,'romeokinde','$2y$10$J/3UPQM.bCLBhvA7DAWi3.1OjNEBABXzwBfqhqaqwWiTfdViVkSTq','romeokindel@bigstring.com',NULL,NULL,NULL,'FR','',NULL,'2019-06-01 21:09:12',NULL,'2019-06-01 21:09:13',0,NULL,NULL,0,NULL,NULL,1,NULL),(214,'leathamann','$2y$10$.g.236UDtPfUG6eLH645V.nbNW5Wjs2z1zhcdLebNytamOvw7QY3S','leathamannix@inbox.com',NULL,NULL,NULL,'IS','',NULL,'2019-06-02 00:30:52',NULL,'2019-06-02 00:30:52',0,NULL,NULL,0,NULL,NULL,1,NULL),(215,'ivanfrasie','$2y$10$WF3CdnT05rljNF3BlaBBC.vCM4o8.cI4ttHK01ODF3djiFptrChry','ivanfrasier@arcor.de',NULL,NULL,NULL,'US','',NULL,'2019-06-02 01:49:38',NULL,'2019-06-02 01:49:39',0,NULL,NULL,0,NULL,NULL,1,NULL),(216,'joshhartne','$2y$10$vYJ59/7st/8v546QNajsAeBzOOZHByiZ6e1VonEjlU3hWXF218GHG','joshhartnett@gmail.com',NULL,NULL,NULL,'US','',NULL,'2019-06-02 03:07:18',NULL,'2019-06-02 03:07:19',0,NULL,NULL,0,NULL,NULL,1,NULL),(217,'raulrounse','$2y$10$ZShE5DE8sbL7i/fJYES5.uEmQxg9iAXQmYFa55OjyN6GmAG6c5Doi','raulrounsevell@gmail.com',NULL,NULL,NULL,'CH','',NULL,'2019-06-02 04:11:21',NULL,'2019-06-02 04:11:21',0,NULL,NULL,0,NULL,NULL,1,NULL),(218,'marjoriefi','$2y$10$GfIQmldQSVD3WMcLrFj5/O5KhxsJ9oWcoQHz27IWThK3onIO3hK6O','marjoriefinnegan@yahoo.com',NULL,NULL,NULL,'CA','',NULL,'2019-06-02 04:31:10',NULL,'2019-06-02 04:31:11',0,NULL,NULL,0,NULL,NULL,1,NULL),(219,'gabrielper','$2y$10$SWCT5C//jWwXxVLrv6pUGul9sUtTSRxsZeEpEQ4vJPsq3GYKETDve','gabriel.pereira@inbox.com',NULL,NULL,NULL,'AU','',NULL,'2019-06-02 05:17:15',NULL,'2019-06-02 05:17:15',0,NULL,NULL,0,NULL,NULL,1,NULL),(220,'sunnyu458','$2y$10$.6EWrGYQ/hgKo/fhLAYYeOIB.C.uLRzY4378xjWLJObUs/9ZsBSWq','sunnybroadus@gmail.com',NULL,NULL,NULL,'DE','',NULL,'2019-06-02 10:32:29',NULL,'2019-06-02 10:32:30',0,NULL,NULL,0,NULL,NULL,1,NULL),(221,'antoinette','$2y$10$S0OPezNY/mPGDI1CTOLKYesY2Hdl5Z9YaYYgaBCnlGtJrK7E4y7h6','antoinettekincheloe@yahoo.de',NULL,NULL,NULL,'DK','',NULL,'2019-06-02 12:41:02',NULL,'2019-06-02 12:41:03',0,NULL,NULL,0,NULL,NULL,1,NULL),(222,'katherinec','$2y$10$aI70olLydQN1aX07Rnv5yuysd9FNCcA8d335io7LiFqVnnjYBRGte','katherinechambers@bigstring.com',NULL,NULL,NULL,'DK','',NULL,'2019-06-02 15:11:51',NULL,'2019-06-02 15:11:52',0,NULL,NULL,0,NULL,NULL,1,NULL),(223,'bridgettol','$2y$10$Hz6nMRmW3Hrs4zMotfZWte8.Ji.5ONoMvi5moTqLVI5wIx8qKgZqS','bridgett.oliva@yahoo.de',NULL,NULL,NULL,'DE','',NULL,'2019-06-02 15:29:18',NULL,'2019-06-02 15:29:19',0,NULL,NULL,0,NULL,NULL,1,NULL),(224,'nicoleduar','$2y$10$OgPM1RQFgVKIIlPiZFbbru2.bm0Y27wEWbXIniix8ICFsNKuYeVGy','nicoleduarte@zoho.com',NULL,NULL,NULL,'NO','',NULL,'2019-06-02 17:22:45',NULL,'2019-06-02 17:22:45',0,NULL,NULL,0,NULL,NULL,1,NULL),(225,'leticiasea','$2y$10$oc7HcSCx3p4IAsHDEnqYcO/bFiTMzchbXd0lqbq65TE/sLUbjJ.9W','leticiasearle@animail.net',NULL,NULL,NULL,'IT','',NULL,'2019-06-02 18:35:02',NULL,'2019-06-02 18:35:02',0,NULL,NULL,0,NULL,NULL,1,NULL),(226,'tracicarba','$2y$10$rKju1XI60KUuNL4LWgNMQubGrHKDldWZHg0RQk8Aw5Ru2bevXOfYe','tracicarbajal@gmail.com',NULL,NULL,NULL,'IS','',NULL,'2019-06-02 19:13:00',NULL,'2019-06-02 19:13:00',0,NULL,NULL,0,NULL,NULL,1,NULL),(227,'wiltonnewc','$2y$10$.jIR3cI.e6Ast.1bKlPIeeY/O2SiylMDfhhkFZ3OaqMLddNHFNZf2','wiltonnewcombe@gmail.com',NULL,NULL,NULL,'NL','',NULL,'2019-06-02 19:55:02',NULL,'2019-06-02 19:55:02',0,NULL,NULL,0,NULL,NULL,1,NULL),(228,'hamishhasw','$2y$10$bC5VPyGjmW2FSmKKN/oA0u5O6hs8tWE00rPJ3HKESiWcM/bCQE3Ki','hamishhaswell@peacemail.com',NULL,NULL,NULL,'CA','',NULL,'2019-06-02 21:16:45',NULL,'2019-06-02 21:16:45',0,NULL,NULL,0,NULL,NULL,1,NULL),(229,'kbeandy983','$2y$10$ad5Xi8x.RhhmlLjwVCVM7Ocv9XeICXCLYvQ62khV0dKEg.9Fiopna','andystable@care2.com',NULL,NULL,NULL,'FR','',NULL,'2019-06-02 23:57:56',NULL,'2019-06-02 23:57:57',0,NULL,NULL,0,NULL,NULL,1,NULL),(230,'ashleemccu','$2y$10$kvlQMrkPd9brtyS480c6ueiCUMxvbmZRtAKXMhSwS7ON8HPZ1gaSG','ashleemccue@t-online.de',NULL,NULL,NULL,'FR','',NULL,'2019-06-03 01:26:50',NULL,'2019-06-03 01:26:51',0,NULL,NULL,0,NULL,NULL,1,NULL),(231,'jerrellq13','$2y$10$jxctsqwV6LqwYCbgThasFueVFkY7BtXfmCtfajH/u7f8WG9yF8rd6','jerrell_angelo@yahoo.de',NULL,NULL,NULL,'BE','',NULL,'2019-06-03 04:36:31',NULL,'2019-06-03 04:36:32',0,NULL,NULL,0,NULL,NULL,1,NULL),(232,'ermaspeddi','$2y$10$/8niyE/4R7sDcgEN3JNn2.e9Npj3yGXwLGqBMijmZFXBqsmPMT8VG','ermaspedding@aol.com',NULL,NULL,NULL,'AT','',NULL,'2019-06-03 06:58:42',NULL,'2019-06-03 06:58:42',0,NULL,NULL,0,NULL,NULL,1,NULL),(233,'pamelanowl','$2y$10$B0bJusV6n03uJi4weQCO2eE3mIJPU.66NZLKyfNzp50i6UaAfFnfa','pamela_nowlin@inbox.com',NULL,NULL,NULL,'SE','',NULL,'2019-06-03 07:10:31',NULL,'2019-06-03 07:10:32',0,NULL,NULL,0,NULL,NULL,1,NULL),(234,'zenaidabar','$2y$10$XwHBltmJSsABgsY0DKAut.RxHaJTntFrshQDl8zVHkPMtvS5/7s9O','zenaida.barela@gmail.com',NULL,NULL,NULL,'FR','',NULL,'2019-06-03 07:16:08',NULL,'2019-06-03 07:16:08',0,NULL,NULL,0,NULL,NULL,1,NULL),(235,'bradleykas','$2y$10$kusxd5ZsSxSPaOMuA/xG1OYiW386/4ry3yqy615aY3iodETkA6Wqm','bradleykash@gmail.com',NULL,NULL,NULL,'US','',NULL,'2019-06-03 08:24:08',NULL,'2019-06-03 08:24:08',0,NULL,NULL,0,NULL,NULL,1,NULL),(236,'leonardopa','$2y$10$f/sFOuup5EGZo6.nSRwt.uP3qzJrSEJY6uqeRr3lSTW8i0yuxy3Ou','leonardo.pasco@gawab.com',NULL,NULL,NULL,'AU','',NULL,'2019-06-03 10:12:14',NULL,'2019-06-03 10:12:15',0,NULL,NULL,0,NULL,NULL,1,NULL),(237,'alfredrpx0','$2y$10$iQcpv2dNlXfDLmZMObqzh.aT7FUFIBuFijVX5YAr64rd2HzOoyuMa','alfred.mcphillamy@hotmail.com',NULL,NULL,NULL,'GB','',NULL,'2019-06-03 12:13:57',NULL,'2019-06-03 12:13:57',0,NULL,NULL,0,NULL,NULL,1,NULL),(238,'shawnconey','$2y$10$hR9aFJbcBjXySeWlNA5syOGhxcEXhyHcDIAklKv.ZgEeSLeXvPXAu','shawnconey@gmail.com',NULL,NULL,NULL,'IT','',NULL,'2019-06-03 13:20:26',NULL,'2019-06-03 13:20:27',0,NULL,NULL,0,NULL,NULL,1,NULL),(239,'vida151789','$2y$10$V7uiz/9wKoIehO72niisJ.pNq3FvMrEHGpau.oS5Vw3S9VcMDCHDq','vidamackellar@gmail.com',NULL,NULL,NULL,'FR','',NULL,'2019-06-03 15:07:32',NULL,'2019-06-03 15:07:32',0,NULL,NULL,0,NULL,NULL,1,NULL),(240,'luccanunes','$2y$10$.E2DG9xQbn/uzDB5rl72qeclvSzTLhU/lIWYLcXFKN.bqsHNSB.ZS','luccanunes@web.de',NULL,NULL,NULL,'PL','',NULL,'2019-06-03 17:49:23',NULL,'2019-06-03 17:49:23',0,NULL,NULL,0,NULL,NULL,1,NULL),(241,'flynnflind','$2y$10$K25blMs0suEfpirMdnUIHub8spCFiBzvHIZpHCaOtr7jgihbDrfXW','flynnflinders@inbox.com',NULL,NULL,NULL,'GB','',NULL,'2019-06-03 17:50:50',NULL,'2019-06-03 17:50:51',0,NULL,NULL,0,NULL,NULL,1,NULL),(242,'valenciast','$2y$10$Gk2v0DcA.qSShqZDnWjMzu4PZznks9sldMSXO9CYJuqb8xMcAdXF6','valenciastrahan@yahoo.com',NULL,NULL,NULL,'IT','',NULL,'2019-06-03 18:05:36',NULL,'2019-06-03 18:05:36',0,NULL,NULL,0,NULL,NULL,1,NULL),(243,'zxdbea3626','$2y$10$CYzy8KgTJixqu519cVxzruykveYWl5/dSreQAVDqD9qU2QwpWx.TC','beahass@gmail.com',NULL,NULL,NULL,'AU','',NULL,'2019-06-03 18:20:53',NULL,'2019-06-03 18:20:53',0,NULL,NULL,0,NULL,NULL,1,NULL),(244,'skyeburkha','$2y$10$64ZioC/w/94vCIOSmh1e..9cqilEoVibUZ3EBxaBJNIqE2VbUzzoG','skyeburkhart@gmail.com',NULL,NULL,NULL,'PL','',NULL,'2019-06-03 21:07:19',NULL,'2019-06-03 21:07:19',0,NULL,NULL,0,NULL,NULL,1,NULL),(245,'clarissasi','$2y$10$4xtEKM9xu7l0FO/19LTtSee0wiyXGwMoW1aZjKqYlW10EcFhWzy4C','clarissasimon@aol.com',NULL,NULL,NULL,'AT','',NULL,'2019-06-03 21:43:46',NULL,'2019-06-03 21:43:47',0,NULL,NULL,0,NULL,NULL,1,NULL),(246,'lizalipsey','$2y$10$uP5koyDU1JQoJtSKcgqfluBbeJIArE9G6Ze5FySaaWBTUs0oYddOu','lizalipsey@yahoo.de',NULL,NULL,NULL,'BE','',NULL,'2019-06-04 03:11:00',NULL,'2019-06-04 03:11:00',0,NULL,NULL,0,NULL,NULL,1,NULL),(247,'robbierous','$2y$10$yg3XOM1TFn3Ge4TRujCW/unrCpDBNdeUfdJes9wGvM3TV5IHfjmHy','robbieroussel@aol.com',NULL,NULL,NULL,'US','',NULL,'2019-06-04 06:10:57',NULL,'2019-06-04 06:10:57',0,NULL,NULL,0,NULL,NULL,1,NULL),(248,'paulinachu','$2y$10$EJOc.Wy1lx3xKIiSB6tadO5gRSD4YbHsWjOvbUK.vo7Y.x3s8zoWS','paulinachurch@gmail.com',NULL,NULL,NULL,'NL','',NULL,'2019-06-04 13:20:33',NULL,'2019-06-04 13:20:33',0,NULL,NULL,0,NULL,NULL,1,NULL),(249,'orenmcminn','$2y$10$NGoCHoO5lpK/zqukmqfwIuigVKA81u2RC0vY7wr9T3tEieZUobY8u','oren.mcminn@gmail.com',NULL,NULL,NULL,'DK','',NULL,'2019-06-04 13:41:14',NULL,'2019-06-04 13:41:14',0,NULL,NULL,0,NULL,NULL,1,NULL),(250,'muhammadse','$2y$10$PzI2eXC/yYesqRuFkneQROBTwW27kngmw4Ar.Xh/UB951b1o.Wnsi','muhammadseder@web.de',NULL,NULL,NULL,'AT','',NULL,'2019-06-04 14:01:31',NULL,'2019-06-04 14:01:32',0,NULL,NULL,0,NULL,NULL,1,NULL),(251,'jimmyholla','$2y$10$hNEJ/S1FafaWu2uvN77/k.G5J6jI2EbA0NuTwh6WZD1nmeZzWJXEC','jimmyholland@zoho.com',NULL,NULL,NULL,'CH','',NULL,'2019-06-04 15:35:57',NULL,'2019-06-04 15:35:58',0,NULL,NULL,0,NULL,NULL,1,NULL),(252,'margene01x','$2y$10$/pB020.22GUNgF6y1IhOt.OSatT9kJnj6y/X18ojQmbSIKmGkSfDe','margenemclaurin@gmail.com',NULL,NULL,NULL,'CH','',NULL,'2019-06-04 15:59:32',NULL,'2019-06-04 15:59:32',0,NULL,NULL,0,NULL,NULL,1,NULL),(253,'luannlamar','$2y$10$257qAfhaNCSW1L/LGxNlW.wHvTjUPus9vA7etiqhPIk.9Tw42vZSi','luannlamaro@arcor.de',NULL,NULL,NULL,'FR','',NULL,'2019-06-04 21:20:56',NULL,'2019-06-04 21:20:56',0,NULL,NULL,0,NULL,NULL,1,NULL),(254,'delphiaeno','$2y$10$IYDt1npOpzaQqOZCfdW2Y.YYGa/BR0EPyzglTJk0ecBh3GgiSzjyi','delphia_westacott@peacemail.com',NULL,NULL,NULL,'YE','',NULL,'2019-06-04 23:28:42',NULL,'2019-06-04 23:28:42',0,NULL,NULL,0,NULL,NULL,1,NULL),(255,'shanicemum','$2y$10$cf.hBk1JICtMFQ2x/W5bk.xMISl.ZpBJRsWVa02r35vSoo2/1q0Ie','shanicefrueh@gawab.com',NULL,NULL,NULL,'US','',NULL,'2019-06-05 10:09:23',NULL,'2019-06-05 10:09:23',0,NULL,NULL,0,NULL,NULL,1,NULL),(256,'alishafatn','$2y$10$OXW9skp0qin6BDewcassjOC.4cuJ4PJ6w1.9hTuyhQq784Gyh1T2i','alishafatnowna@web.de',NULL,NULL,NULL,'SE','',NULL,'2019-06-05 14:52:00',NULL,'2019-06-05 14:52:01',0,NULL,NULL,0,NULL,NULL,1,NULL),(257,'jeanetteha','$2y$10$CA1GEVXEISX.yLNYLUmepOdikuaaAU4Q24i7Kg6UQ2YOC9QyQxJs2','jeanette.haigh@gmail.com',NULL,NULL,NULL,'DE','',NULL,'2019-06-05 14:56:10',NULL,'2019-06-05 14:56:10',0,NULL,NULL,0,NULL,NULL,1,NULL),(258,'charliegus','$2y$10$ZXXvppj7dCF2yCxDb.d00Ok4rTIB6u/KdFk9J4Z5z3dt8qVyZfCJe','charliegustafson@inbox.com',NULL,NULL,NULL,'AU','',NULL,'2019-06-05 15:20:56',NULL,'2019-06-05 15:20:57',0,NULL,NULL,0,NULL,NULL,1,NULL),(259,'shawnarose','$2y$10$ZadDemg6DQMVVPspXxqNpO2xGhw0mouIYf3cN8mOh1hfMF9v0Ojbq','shawnarosenthal@gmail.com',NULL,NULL,NULL,'LU','',NULL,'2019-06-05 15:25:41',NULL,'2019-06-05 15:25:42',0,NULL,NULL,0,NULL,NULL,1,NULL),(260,'darlahartl','$2y$10$Fl1KRhOXiHmR7gOTf521UO/IMi9MA8YdvRmlrI4MHOYL.m9dd/Xg6','darlahartley@aol.com',NULL,NULL,NULL,'AU','',NULL,'2019-06-05 16:22:54',NULL,'2019-06-05 16:22:55',0,NULL,NULL,0,NULL,NULL,1,NULL),(261,'terricayto','$2y$10$K.PN32w87pEgMS.5LAKkq.G6yY1eO1sStJKp/jTtaubRpxX/W5kKe','terri_cayton@yahoo.de',NULL,NULL,NULL,'FR','',NULL,'2019-06-05 16:51:05',NULL,'2019-06-05 16:51:05',0,NULL,NULL,0,NULL,NULL,1,NULL),(262,'cdwetta982','$2y$10$hTliWIk5Zx9ImeJH/7u35OghRWzCb6IWE9c3u1gu09U52mwk1N.5C','ettamaresca@gmail.com',NULL,NULL,NULL,'CD','',NULL,'2019-06-05 21:33:43',NULL,'2019-06-05 21:33:43',0,NULL,NULL,0,NULL,NULL,1,NULL),(263,'jennifertr','$2y$10$9qBwhcUHcpaDE1YzMnJwoOz/tLy9KosrDpVvYx8H2qAUwvhAfiYaK','jennifertrumper@postinbox.com',NULL,NULL,NULL,'US','',NULL,'2019-06-06 00:00:45',NULL,'2019-06-06 00:00:45',0,NULL,NULL,0,NULL,NULL,1,NULL),(264,'laviniacos','$2y$10$/Gp0xzDBYQmVvDjUdQOPv.lXKthKSBBZg0G1YI5DvPHAOrFQYz3Ye','laviniacosta@yahoo.de',NULL,NULL,NULL,'PL','',NULL,'2019-06-06 00:39:25',NULL,'2019-06-06 00:39:26',0,NULL,NULL,0,NULL,NULL,1,NULL),(265,'gjqreyna48','$2y$10$eYuDR1ZnwQR2THu3nNwUOewRkWzaB/oKD7wOB6axPVNVEEbvQLyDW','reynareichstein@gmail.com',NULL,NULL,NULL,'FR','',NULL,'2019-06-06 02:00:50',NULL,'2019-06-06 02:00:50',0,NULL,NULL,0,NULL,NULL,1,NULL),(266,'wileyaldri','$2y$10$f8zYWvBMwgLElCFffMc3W.mnpTg04bEXBA9OCBWrlL13vb9BpvuqG','wileyaldridge@mailftp.com',NULL,NULL,NULL,'FR','',NULL,'2019-06-06 04:28:11',NULL,'2019-06-06 04:28:11',0,NULL,NULL,0,NULL,NULL,1,NULL),(267,'lavadaqyp7','$2y$10$E0ograTnKagTvshcEqFWAO6hGJjGKoQ85ZyxxDWjYvyu5.blE9oVy','lavadabowser@inbox.com',NULL,NULL,NULL,'FR','',NULL,'2019-06-06 04:32:06',NULL,'2019-06-06 04:32:07',0,NULL,NULL,0,NULL,NULL,1,NULL),(268,'albertinaq','$2y$10$6cy0okoBLM0UzWeasFC0FOE453KCA6EOLZsi/mOUwtYGQ3NkT/l6q','albertinablanton@gmail.com',NULL,NULL,NULL,'CA','',NULL,'2019-06-06 04:54:56',NULL,'2019-06-06 04:54:56',0,NULL,NULL,0,NULL,NULL,1,NULL),(269,'lucascaval','$2y$10$LZ7Vq.wQ259vnYhV3NTSuu7d2o11QXdytjI98Fjr5dDcy3lElCjgm','lucas_cavalcanti@inbox.com',NULL,NULL,NULL,'NL','',NULL,'2019-06-06 05:47:09',NULL,'2019-06-06 05:47:09',0,NULL,NULL,0,NULL,NULL,1,NULL),(270,'nicolaslhm','$2y$10$jepCQ0fu7Ac6qmgRR3k3OOurYT6j6RHUzyQQSXVh/kp3pea.TRNVa','nicolasviante@hotmail.com',NULL,NULL,NULL,'AT','',NULL,'2019-06-06 06:40:36',NULL,'2019-06-06 06:40:36',0,NULL,NULL,0,NULL,NULL,1,NULL),(271,'dannykinne','$2y$10$omGAC.71e8vCx2F4ku4lQ.DaRkfpd3r6MFsxQRE4HL//DCy59KQLe','dannykinne@live.com',NULL,NULL,NULL,'GB','',NULL,'2019-06-06 08:16:50',NULL,'2019-06-06 08:16:50',0,NULL,NULL,0,NULL,NULL,1,NULL),(272,'alinastark','$2y$10$/Hivz01iA2Pta06DuJXvmun/FSv8DaTOW.lLyd.6t1jtU8cp1lKB.','alinastarke@gmail.com',NULL,NULL,NULL,'IT','',NULL,'2019-06-06 08:47:28',NULL,'2019-06-06 08:47:28',0,NULL,NULL,0,NULL,NULL,1,NULL),(273,'antoniastu','$2y$10$gwmd6gAq8iJNJXkRgSd6jurxRvd1mrSRTOZK99E49L2KG71j./cmS','antoniastump@gmail.com',NULL,NULL,NULL,'FR','',NULL,'2019-06-06 10:42:09',NULL,'2019-06-06 10:42:09',0,NULL,NULL,0,NULL,NULL,1,NULL),(274,'nadine0276','$2y$10$a/5DWOz6CygLBpqZAJxph.hWE/H6/R.CsKW2tNUE7B4MvwQKsmM7.','nadine.zimin@gawab.com',NULL,NULL,NULL,'IT','',NULL,'2019-06-06 11:12:10',NULL,'2019-06-06 11:12:10',0,NULL,NULL,0,NULL,NULL,1,NULL),(275,'emiliabibi','$2y$10$dhDHUtci4ohcTswfA6RSpusr2gn0hY4H97CuE62GBVR3ZJgDEl0zW','emiliabibi@gmail.com',NULL,NULL,NULL,'BE','',NULL,'2019-06-06 15:51:14',NULL,'2019-06-06 15:51:14',0,NULL,NULL,0,NULL,NULL,1,NULL),(276,'antony6083','$2y$10$uHgEjuSOtDrdAhrzpSFCXOdI2ZuSMWpsS11EGIhIdqtTfMVEYLu8y','antonyquam@freenet.de',NULL,NULL,NULL,'BE','',NULL,'2019-06-06 16:11:48',NULL,'2019-06-06 16:11:48',0,NULL,NULL,0,NULL,NULL,1,NULL),(277,'charlibrau','$2y$10$G0/64wa0wI8YZAoAoe5y.OEncp1YDUWxxG116QbogMcBTXDQjumqS','charlibraund@yahoo.com',NULL,NULL,NULL,'NL','',NULL,'2019-06-06 16:26:15',NULL,'2019-06-06 16:26:15',0,NULL,NULL,0,NULL,NULL,1,NULL),(278,'laylaoldha','$2y$10$.0yMMXX6lzawGGdZeHHX0uNKtnY2IXd3F8wIitmfKuVxtN/aBOUNS','layla_oldham@yahoo.com',NULL,NULL,NULL,'US','',NULL,'2019-06-06 16:55:31',NULL,'2019-06-06 16:55:32',0,NULL,NULL,0,NULL,NULL,1,NULL),(279,'isabellavi','$2y$10$j5p3pRQFA9qHWsW26045CORO09CHN0UNhBGlDVjO2jlIQQXXlUC66','isabellavilla@gmail.com',NULL,NULL,NULL,'DE','',NULL,'2019-06-06 19:33:12',NULL,'2019-06-06 19:33:12',0,NULL,NULL,0,NULL,NULL,1,NULL),(280,'thomasegge','$2y$10$PtqqXvyjCHhH3sgUi5Ru5.Rgd6ODeQEJ407lZEZuc63T/PhT51f8.','thomasegge@gmail.com',NULL,NULL,NULL,'DK','',NULL,'2019-06-06 19:52:57',NULL,'2019-06-06 19:52:57',0,NULL,NULL,0,NULL,NULL,1,NULL),(281,'rosemary70','$2y$10$O/9ooslnaylXERyGpBJ45Of3nSaF/KSNNhkIrbdeJukjxxK6hU2zO','rosemarylacroix@gmail.com',NULL,NULL,NULL,'AT','',NULL,'2019-06-06 20:08:29',NULL,'2019-06-06 20:08:29',0,NULL,NULL,0,NULL,NULL,1,NULL),(282,'joaquim828','$2y$10$zzeMId9LZZQ8i7QmmpksIuVxwaZcJ42MNgvG4K4pzmoWCn2lZX9Ve','joaquimduarte@inbox.com',NULL,NULL,NULL,'US','',NULL,'2019-06-06 21:25:37',NULL,'2019-06-06 21:25:37',0,NULL,NULL,0,NULL,NULL,1,NULL),(283,'leonidacar','$2y$10$fR1UofLjIhns9qAkHYvQYeF4P6bDdL9lb4yl/TIYbj7NJ5U8vzhWq','leonidacarmody@gmail.com',NULL,NULL,NULL,'DE','',NULL,'2019-06-07 05:01:44',NULL,'2019-06-07 05:01:45',0,NULL,NULL,0,NULL,NULL,1,NULL),(284,'merlecreme','$2y$10$7n..e.cz.DLyqvgYBXkxRutXfEYVgIG92ProA0nVRaeQAZ.8R2wqC','merle_cremean@gmail.com',NULL,NULL,NULL,'EC','',NULL,'2019-06-07 07:51:35',NULL,'2019-06-07 07:51:35',0,NULL,NULL,0,NULL,NULL,1,NULL),(285,'lisasorian','$2y$10$ub/VvF8Ip/AYc91gTPkBtulfoJZTPPIT92369bBXuqH50wwkkdNLO','lisasoriano@aol.com',NULL,NULL,NULL,'AT','',NULL,'2019-06-07 11:55:11',NULL,'2019-06-07 11:55:11',0,NULL,NULL,0,NULL,NULL,1,NULL),(286,'mervindend','$2y$10$Xv3cT9LpHTaeJAuHAIAcfO4yy.HHRVf/nJFZUekh3oT2foRXjfXzm','mervindendy@t-online.de',NULL,NULL,NULL,'AU','',NULL,'2019-06-07 13:27:44',NULL,'2019-06-07 13:27:44',0,NULL,NULL,0,NULL,NULL,1,NULL),(287,'rosalinaar','$2y$10$LMFAJyTmgsdIwX8hPRpiue24rNm6Uzn.2y6o12PIjuF8cx3FLMdiC','rosalinaarscott@freenet.de',NULL,NULL,NULL,'US','',NULL,'2019-06-08 04:27:07',NULL,'2019-06-08 04:27:08',0,NULL,NULL,0,NULL,NULL,1,NULL),(288,'shonabrice','$2y$10$ZBTOXPP2JCol1RkvehDnzO2kcUITxfjOSgtoxZ8wV2Fux5qP230MC','shonabrice@gmail.com',NULL,NULL,NULL,'MX','',NULL,'2019-06-08 05:11:47',NULL,'2019-06-08 05:11:48',0,NULL,NULL,0,NULL,NULL,1,NULL),(289,'jacintowit','$2y$10$G0pZQR4MP0Un2cYFPzKw1OeweGshATDaWX.qBJiqa8d7kOKBF3zEi','jacintowitt@care2.com',NULL,NULL,NULL,'GB','',NULL,'2019-06-08 05:45:05',NULL,'2019-06-08 05:45:05',0,NULL,NULL,0,NULL,NULL,1,NULL),(290,'kelleegood','$2y$10$4HuQJKykTMaaQlC1YcFad.d98UgWByCP6D45c4E6rxesS2VHuwhAS','kellee.goodsell@gmail.com',NULL,NULL,NULL,'DK','',NULL,'2019-06-08 07:23:17',NULL,'2019-06-08 07:23:17',0,NULL,NULL,0,NULL,NULL,1,NULL),(291,'samuely40','$2y$10$xipAa20IJjqvZMdgIBs07e3egsH1dng/FNSmMjTXbXynVznP5Pm8u','samuelluz@the-quickest.com',NULL,NULL,NULL,'NL','',NULL,'2019-06-08 07:37:27',NULL,'2019-06-08 07:37:27',0,NULL,NULL,0,NULL,NULL,1,NULL),(292,'betinavian','$2y$10$mtoLnd5ElPh3EwsBxbl6eeAnsqOlXkPwCDxW8Unqu4ZrlrVWUDU8.','betinaviante@googlemail.com',NULL,NULL,NULL,'AT','',NULL,'2019-06-08 08:30:56',NULL,'2019-06-08 08:30:56',0,NULL,NULL,0,NULL,NULL,1,NULL),(293,'louieoshea','$2y$10$DqxfHRyuG8EsoW.ViynKfOWwTZlbf9XJmcsnNZHIIUvTphWgOjLFS','louie.oshea@hotmail.de',NULL,NULL,NULL,'NO','',NULL,'2019-06-08 08:31:08',NULL,'2019-06-08 08:31:09',0,NULL,NULL,0,NULL,NULL,1,NULL),(294,'betofogaca','$2y$10$c1yy.M51LzPn2m.aUknwaepYyoDs5B71kfuzSIesrasDqdn143Y8G','beto.fogaca@gmx.de',NULL,NULL,NULL,'BE','',NULL,'2019-06-08 09:33:30',NULL,'2019-06-08 09:33:31',0,NULL,NULL,0,NULL,NULL,1,NULL),(295,'vincentfan','$2y$10$7KA/DucSIb47zxvOhaWgv.74oPe1M7YyeU3pNIMuqe1jvSZwc1oom','vincent.fantin@gmx.de',NULL,NULL,NULL,'US','',NULL,'2019-06-08 09:36:09',NULL,'2019-06-08 09:36:09',0,NULL,NULL,0,NULL,NULL,1,NULL),(296,'marinaarau','$2y$10$k0D96cB1i74fGVoLYUC8XOZe8W7Z5pDmYmS45ebTvrYJ4tBEgeiES','marina_araujo@wildmail.com',NULL,NULL,NULL,'VE','',NULL,'2019-06-08 09:50:39',NULL,'2019-06-08 09:50:39',0,NULL,NULL,0,NULL,NULL,1,NULL),(297,'rodgermcna','$2y$10$bgg5yN3FpLzSfot04U/UQOUqrjj77CgHiK63.iQU8bWsV66f.q/fy','rodger_mcnab@bigstring.com',NULL,NULL,NULL,'AT','',NULL,'2019-06-08 11:26:53',NULL,'2019-06-08 11:26:54',0,NULL,NULL,0,NULL,NULL,1,NULL),(298,'rafaelgued','$2y$10$Vn8XmRXcsfDGPStkWRUREOWIS00a8469h3PHEpXeADGykZUn9Js86','rafaelguedes@t-online.de',NULL,NULL,NULL,'CA','',NULL,'2019-06-08 12:46:23',NULL,'2019-06-08 12:46:24',0,NULL,NULL,0,NULL,NULL,1,NULL),(299,'mose38z232','$2y$10$987GPy2O0.FcicvROdbmUuyqmnQM3A23sHdkNBlRA1mEykfYC/.iK','mose_bernhardt@wildmail.com',NULL,NULL,NULL,'AT','',NULL,'2019-06-08 12:59:08',NULL,'2019-06-08 12:59:08',0,NULL,NULL,0,NULL,NULL,1,NULL),(300,'ajamounts','$2y$10$CmTdG7HafXEmIQApe3MKSeKKBudKr560Igr26F675SvMAnRS69aMu','ajamounts@freenet.de',NULL,NULL,NULL,'DK','',NULL,'2019-06-08 14:38:34',NULL,'2019-06-08 14:38:34',0,NULL,NULL,0,NULL,NULL,1,NULL),(301,'jaithirkel','$2y$10$bA00KTreIqRq8.pnZFn4l.dNRMqk2b4rnD1H1w8uc1MP.gXO16Tze','jai_thirkell@bigstring.com',NULL,NULL,NULL,'DE','',NULL,'2019-06-08 14:40:08',NULL,'2019-06-08 14:40:08',0,NULL,NULL,0,NULL,NULL,1,NULL),(302,'giovannama','$2y$10$dmjzhc7fqCxRvlrm6h5m.uNgADqEfeAHBfqX8gHsGir144dOpgySS','giovannamachado@gmail.com',NULL,NULL,NULL,'DK','',NULL,'2019-06-08 16:12:55',NULL,'2019-06-08 16:12:55',0,NULL,NULL,0,NULL,NULL,1,NULL),(303,'nathanielb','$2y$10$sRx9zFypkeWX79nGzl6ZneOO1dqpGE7xGdJ2T1fD2vqnkAerk3U4i','nathanielbyard@gmail.com',NULL,NULL,NULL,'FR','',NULL,'2019-06-08 17:44:11',NULL,'2019-06-08 17:44:11',0,NULL,NULL,0,NULL,NULL,1,NULL),(304,'cedricbarn','$2y$10$L8E0EwZnLn9.F3FPmJPH4ObmJLgMDW9trfzDSl.qWHJyy2KW0XfDu','cedricbarnett@yahoo.de',NULL,NULL,NULL,'PL','',NULL,'2019-06-08 18:23:41',NULL,'2019-06-08 18:23:41',0,NULL,NULL,0,NULL,NULL,1,NULL),(305,'holleyeasl','$2y$10$JCLUQEqdnrXgqWxJuyvydujx4FMxpTi2ZtFuIXT8X89o53n80Driu','holley_easley@inbox.com',NULL,NULL,NULL,'AU','',NULL,'2019-06-08 21:41:38',NULL,'2019-06-08 21:41:38',0,NULL,NULL,0,NULL,NULL,1,NULL),(306,'thomasmend','$2y$10$ng0ey5K5w88SnOLyAI6WTu/DKFPLHvDHhzT4hDshhsXJJnuRLUiAy','thomasmendonca@zoho.com',NULL,NULL,NULL,'CH','',NULL,'2019-06-09 00:47:11',NULL,'2019-06-09 00:47:11',0,NULL,NULL,0,NULL,NULL,1,NULL),(307,'marinasilv','$2y$10$TSUcH3ZIbWJPucdKzKwdU.EM0fKPNFVfaxkMtpeNPgO.ZobKoTuJi','marinasilva@bigstring.com',NULL,NULL,NULL,'CA','',NULL,'2019-06-09 03:24:24',NULL,'2019-06-09 03:24:24',0,NULL,NULL,0,NULL,NULL,1,NULL),(308,'ffemariana','$2y$10$mnVMqA7Unl8uNgOgBuzlwO4eFbYoT8rD2RgfRnTrQ5fxLOtKrv4e2','marianafogaca@gmail.com',NULL,NULL,NULL,'FR','',NULL,'2019-06-09 04:09:28',NULL,'2019-06-09 04:09:28',0,NULL,NULL,0,NULL,NULL,1,NULL),(309,'lorenzomac','$2y$10$95lYJB5NKENmCD.SfshynOhsJS8GWkOsxngI4/lNjOySDwPzxCmWm','lorenzomachado@t-online.de',NULL,NULL,NULL,'US','',NULL,'2019-06-09 05:49:11',NULL,'2019-06-09 05:49:11',0,NULL,NULL,0,NULL,NULL,1,NULL),(310,'marquitawa','$2y$10$aLDm1rv3M6W98A6wOuTGNeqoqft13UMyie5CitvWNqPUomqkbXNUO','marquita_waddell@gawab.com',NULL,NULL,NULL,'IT','',NULL,'2019-06-09 07:11:42',NULL,'2019-06-09 07:11:42',0,NULL,NULL,0,NULL,NULL,1,NULL),(311,'ervinsperr','$2y$10$ZKyul9xhpty5BFhWxh0U5e//Sqk5/LsSQasjzi0R1R4Dim5FAjlFu','ervin_sperry@gawab.com',NULL,NULL,NULL,'DE','',NULL,'2019-06-09 10:05:35',NULL,'2019-06-09 10:05:35',0,NULL,NULL,0,NULL,NULL,1,NULL),(312,'claudiastu','$2y$10$xeIqT/dG80CyhRxP8RVmUOZV/zBzMLQCE726FFtp5wAL3t3aCmxy.','claudia.stuart@gmail.com',NULL,NULL,NULL,'SE','',NULL,'2019-06-09 10:26:50',NULL,'2019-06-09 10:26:50',0,NULL,NULL,0,NULL,NULL,1,NULL),(313,'britneykel','$2y$10$feGvdw7isKWFZ8z9w5gwJufV79VUTfetwfsllh6EXbHG8wK6.6gm.','britneykellway@gmail.com',NULL,NULL,NULL,'IT','',NULL,'2019-06-09 12:00:14',NULL,'2019-06-09 12:00:14',0,NULL,NULL,0,NULL,NULL,1,NULL),(314,'sima812072','$2y$10$5ZYHlEKPRA3dl99YIwn53.E83iCjcXvSw9ZAc.bscCk3aop0UKXAy','simadesmond@gmail.com',NULL,NULL,NULL,'CH','',NULL,'2019-06-09 12:27:42',NULL,'2019-06-09 12:27:43',0,NULL,NULL,0,NULL,NULL,1,NULL),(315,'estherbrad','$2y$10$dhhjfoa19w4Gtd5d8ey0QOfDVhvF4ZrS/0aOvYNCNIGc8hbu8w53y','estherbraddon@hotmail.de',NULL,NULL,NULL,'IT','',NULL,'2019-06-09 16:08:04',NULL,'2019-06-09 16:08:04',0,NULL,NULL,0,NULL,NULL,1,NULL),(316,'thomasmelo','$2y$10$C5VQdCWGaqrtIk.CNhnbvenhTRp8hNribxLw4Hud9IsPhmnEfbJ0O','thomas.melo@gmail.com',NULL,NULL,NULL,'PL','',NULL,'2019-06-09 17:21:29',NULL,'2019-06-09 17:21:30',0,NULL,NULL,0,NULL,NULL,1,NULL),(317,'pearl47r83','$2y$10$B.KStSPdljj6ccPTapplaOcO4NdlLHcNG3Na4P3OGBZM4n7IfEmd.','pearlrendon@gmail.com',NULL,NULL,NULL,'US','',NULL,'2019-06-09 17:49:09',NULL,'2019-06-09 17:49:09',0,NULL,NULL,0,NULL,NULL,1,NULL),(318,'carlosjesu','$2y$10$x.SY8.m7OwZ62PVtaqJQDu.kbsmQfNRZF84Zyz0jLQG4VGA6PRFdm','carlosjesus@gmail.com',NULL,NULL,NULL,'FR','',NULL,'2019-06-09 19:01:06',NULL,'2019-06-09 19:01:07',0,NULL,NULL,0,NULL,NULL,1,NULL),(319,'breannafur','$2y$10$/OqDzkUrt6kDVorjTYU28.bDa5zPfNfY1N9tUu3eoGUMt2QobepTe','breannafurphy@yahoo.com',NULL,NULL,NULL,'DE','',NULL,'2019-06-09 19:02:42',NULL,'2019-06-09 19:02:43',0,NULL,NULL,0,NULL,NULL,1,NULL),(320,'burtonseal','$2y$10$SfWZ703z1fKUDk1femWewe.zpelZuLJvCANGHNh323ZLS/mYXJ9C.','burtonsealey@gmail.com',NULL,NULL,NULL,'NO','',NULL,'2019-06-09 19:55:03',NULL,'2019-06-09 19:55:03',0,NULL,NULL,0,NULL,NULL,1,NULL),(321,'maiheritag','$2y$10$IFxH2XW35fYn/h7iC1DD6.2GF8i003RDTR13Mtuzy3C2nk47sdGtS','maiheritage@zoho.com',NULL,NULL,NULL,'IT','',NULL,'2019-06-09 20:01:15',NULL,'2019-06-09 20:01:15',0,NULL,NULL,0,NULL,NULL,1,NULL),(322,'mtpdacia84','$2y$10$ReogH61Agxh/29.DZf8diewKy/wlBPdF6.8rSIQ.z8gP6nTVQHY3W','daciaantonieff@gmail.com',NULL,NULL,NULL,'NL','',NULL,'2019-06-09 22:15:05',NULL,'2019-06-09 22:15:05',0,NULL,NULL,0,NULL,NULL,1,NULL),(323,'fhrhermine','$2y$10$fS1rmsdXweJL/BSJ5LudXeXNZMqeooyBHATUHebZEmD5pyTlvEfGG','hermine.blyth@yahoo.com',NULL,NULL,NULL,'NA','',NULL,'2019-06-10 02:01:45',NULL,'2019-06-10 02:01:45',0,NULL,NULL,0,NULL,NULL,1,NULL),(324,'murieldero','$2y$10$vSDdqSWJlXbdgLiDc.u3WOGkCZT9M7ZwZSW3DaBoW8CLcwyE/eAA2','murielderose@gmail.com',NULL,NULL,NULL,'US','',NULL,'2019-06-10 07:05:53',NULL,'2019-06-10 07:05:53',0,NULL,NULL,0,NULL,NULL,1,NULL),(325,'sophiep69','$2y$10$/SsTvkianYXLzuB5pOPhCeKv0lFfewcJD6vGzuDhfp7q5dlrGPmxG','sophieernst@gmail.com',NULL,NULL,NULL,'DZ','',NULL,'2019-06-10 08:05:40',NULL,'2019-06-10 08:05:41',0,NULL,NULL,0,NULL,NULL,1,NULL),(326,'silascerva','$2y$10$fSYNNoBN68tyxHuqARzbe.R.ROli4X0ubxch2lLyE6kmhISWJRtOC','silascervantes@gmail.com',NULL,NULL,NULL,'AU','',NULL,'2019-06-10 08:45:50',NULL,'2019-06-10 08:45:50',0,NULL,NULL,0,NULL,NULL,1,NULL),(327,'lillianana','$2y$10$3tlHcztn9rTXFdHLFtaqhuO9brxH49mlIj53QH89T3Q8OCmipg//6','lilliana_naylor@hotmail.de',NULL,NULL,NULL,'AU','',NULL,'2019-06-10 11:33:44',NULL,'2019-06-10 11:33:44',0,NULL,NULL,0,NULL,NULL,1,NULL),(328,'sophianogu','$2y$10$M00u/4vFi99ezZvEccIvlOWDqJNTqv00kKTDP5Mni17jnaIHddL76','sophianogueira@gmail.com',NULL,NULL,NULL,'BE','',NULL,'2019-06-10 12:53:58',NULL,'2019-06-10 12:53:58',0,NULL,NULL,0,NULL,NULL,1,NULL),(329,'melaniebor','$2y$10$EKM4NBkWD9m0Ti8imOolA.tJQA2IcrK47ntc.NGYHrtCHS2sC2y5i','melanieborella@gawab.com',NULL,NULL,NULL,'IT','',NULL,'2019-06-10 19:18:15',NULL,'2019-06-10 19:18:15',0,NULL,NULL,0,NULL,NULL,1,NULL),(330,'tommiedurh','$2y$10$vXrfkZrhZLq7JRFC0U9Gz.unZO8KBQ1PINpE1brawHyl6qRuGYOL.','tommiedurham@bigstring.com',NULL,NULL,NULL,'DE','',NULL,'2019-06-11 10:21:43',NULL,'2019-06-11 10:21:44',0,NULL,NULL,0,NULL,NULL,1,NULL),(331,'elijahcush','$2y$10$yxvlJBablLhUEWYPxtuGMejWUgpYT1yzhI/vpYIWGT60NJ4DhA4Qa','elijahcushman@zoho.com',NULL,NULL,NULL,'FR','',NULL,'2019-06-11 11:40:17',NULL,'2019-06-11 11:40:17',0,NULL,NULL,0,NULL,NULL,1,NULL),(332,'hesterstau','$2y$10$sJ4g7MDe5OS788bLD6wk..B7/0DAkqKHZYkfELpZKzhzhu9wiOjKe','hester_stauffer@gmail.com',NULL,NULL,NULL,'DK','',NULL,'2019-06-11 15:44:26',NULL,'2019-06-11 15:44:26',0,NULL,NULL,0,NULL,NULL,1,NULL),(333,'annebradfo','$2y$10$e12COGOiCatBgTuzPHGNWeH06vKIkQyiXgnj.1/gC2o/RVNFfdK5K','annebradford@gmail.com',NULL,NULL,NULL,'CH','',NULL,'2019-06-11 16:23:19',NULL,'2019-06-11 16:23:20',0,NULL,NULL,0,NULL,NULL,1,NULL),(334,'carmelouth','$2y$10$lLjMBbURaz.PGPhHXv7xLutMS8QbeoI.UOFgu15MaRXh6hs8ag7Iq','carmel.outhwaite@gawab.com',NULL,NULL,NULL,'CA','',NULL,'2019-06-11 16:31:55',NULL,'2019-06-11 16:31:55',0,NULL,NULL,0,NULL,NULL,1,NULL),(335,'lucretiapo','$2y$10$qsYBa3Q.Boy2tx4kCHCduOZw4uXJHYK7ACf3G1URDPq.pMoug9YW2','lucretiapomeroy@web.de',NULL,NULL,NULL,'FR','',NULL,'2019-06-11 16:51:29',NULL,'2019-06-11 16:51:29',0,NULL,NULL,0,NULL,NULL,1,NULL),(336,'blanchedau','$2y$10$XcUV6QXEPwanddVcbmq/Du9AbLIkHjjUP.nQP9awzx2IAvEKzIMUa','blanchedaugherty@zoho.com',NULL,NULL,NULL,'NL','',NULL,'2019-06-11 18:18:55',NULL,'2019-06-11 18:18:55',0,NULL,NULL,0,NULL,NULL,1,NULL),(337,'koreybetch','$2y$10$f7xlt0wcDNjM6QrOArhIFOCSwJzkBVfxM8/3pmxeP1C8bDR6fJfgS','koreybetche@live.com',NULL,NULL,NULL,'NO','',NULL,'2019-06-11 18:55:14',NULL,'2019-06-11 18:55:15',0,NULL,NULL,0,NULL,NULL,1,NULL),(338,'joshguarda','$2y$10$GU8Gnmnj27q0t1XaTjpMzuQcIatzhi/zDBDttweeIDYhIU2XXLB3m','joshguardado@gmail.com',NULL,NULL,NULL,'AT','',NULL,'2019-06-11 19:11:20',NULL,'2019-06-11 19:11:21',0,NULL,NULL,0,NULL,NULL,1,NULL),(339,'evelynehob','$2y$10$lwztqG2zEGomVm3sRZjn9OUBxhiSc6sQKrYtOTbM6lq1/eHL69ozS','evelynehobler@live.com',NULL,NULL,NULL,'CH','',NULL,'2019-06-11 19:53:21',NULL,'2019-06-11 19:53:21',0,NULL,NULL,0,NULL,NULL,1,NULL),(340,'murrayhoug','$2y$10$CJ1eSloKkrv2CeIedMvYLuePimLBnm5gTOm9oGWszvyNa8QWz1nOi','murrayhough@yahoo.de',NULL,NULL,NULL,'FR','',NULL,'2019-06-12 01:04:06',NULL,'2019-06-12 01:04:07',0,NULL,NULL,0,NULL,NULL,1,NULL),(341,'marionboan','$2y$10$NqLTwFV3skwoJoUqi5B0p.RqB3fCZsepjfG5gw7Kvb7aFZ8RlXhkO','marionboan@gmail.com',NULL,NULL,NULL,'BE','',NULL,'2019-06-12 04:49:25',NULL,'2019-06-12 04:49:26',0,NULL,NULL,0,NULL,NULL,1,NULL),(342,'vidatonga7','$2y$10$6/YPRhdM7o3Cr16N0sTfrOSR0l1Qm0vMVJR/ZV/V8sEZy16eBdcSS','vidatonga@gmail.com',NULL,NULL,NULL,'FR','',NULL,'2019-06-12 08:41:57',NULL,'2019-06-12 08:41:58',0,NULL,NULL,0,NULL,NULL,1,NULL),(343,'hyman9256','$2y$10$jIyTGFZVVisIyArHbc6kz.j43XCZWZ6M.g31NCLtCIJ5U1arJWPyC','hymanbennett@freenet.de',NULL,NULL,NULL,'AT','',NULL,'2019-06-12 12:18:47',NULL,'2019-06-12 12:18:47',0,NULL,NULL,0,NULL,NULL,1,NULL),(344,'marko0674','$2y$10$7Jnpe2oC6cQ5Tvg8bgyHK.rR/5j3eHCyOFsNM6nb/buHFBSuu5h3e','markomcquillen@yahoo.de',NULL,NULL,NULL,'NP','',NULL,'2019-06-12 15:29:09',NULL,'2019-06-12 15:29:10',0,NULL,NULL,0,NULL,NULL,1,NULL),(345,'lornaejc3','$2y$10$.ocUAHjQS3Lm1DW5fQx4/uQSoOx/hC.QLFdey08I2mtQYaAnkvz36','lornariddick@gmx.net',NULL,NULL,NULL,'AT','',NULL,'2019-06-12 18:19:58',NULL,'2019-06-12 18:19:58',0,NULL,NULL,0,NULL,NULL,1,NULL),(346,'albertinag','$2y$10$IXhBH79lAXWxT0nNncAbZuTWBKNMQKccKWhbtN/rMlJVHBwhhgMkW','albertinagabriele@gmail.com',NULL,NULL,NULL,'GB','',NULL,'2019-06-13 16:56:25',NULL,'2019-06-13 16:56:26',0,NULL,NULL,0,NULL,NULL,1,NULL),(347,'garrylykin','$2y$10$eNl27oPTg9jQlm9ehJaNCuyVgiAxj6o1cX64TxVC5BTpIIBcDe3sC','garrylykins@yahoo.com',NULL,NULL,NULL,'AU','',NULL,'2019-06-14 02:57:02',NULL,'2019-06-14 02:57:02',0,NULL,NULL,0,NULL,NULL,1,NULL),(348,'thadspann3','$2y$10$Nhn6SUxVEmqpIsff.97JV.W8a311o1dsMlwNgCfLQ/YgPeSErSH1S','thadspann@gmail.com',NULL,NULL,NULL,'AT','',NULL,'2019-06-14 08:07:42',NULL,'2019-06-14 08:07:42',0,NULL,NULL,0,NULL,NULL,1,NULL),(349,'roccokaur5','$2y$10$cjSTU7Z555mW2ynZm0uxF.6a7wQ8PIezS6grMuIUzj9NkaPFFDsHK','rocco.kaur@freenet.de',NULL,NULL,NULL,'AT','',NULL,'2019-06-14 22:29:18',NULL,'2019-06-14 22:29:18',0,NULL,NULL,0,NULL,NULL,1,NULL),(350,'amyquilty7','$2y$10$SygFHqPi9rbIuerkoeu3t.wOprF2CTJBM97j9SK7Un72ceiYtbD7.','amyquilty@gmail.com',NULL,NULL,NULL,'BE','',NULL,'2019-06-16 00:19:27',NULL,'2019-06-16 00:19:28',0,NULL,NULL,0,NULL,NULL,1,NULL),(351,'mauracothr','$2y$10$9WrPhhixZ6dfvA6O0jBIdeaNFKzLPsAP4wuxoxVbWa8Q5ZNRM7lZ.','mauracothran@inbox.com',NULL,NULL,NULL,'DK','',NULL,'2019-06-16 04:27:49',NULL,'2019-06-16 04:27:49',0,NULL,NULL,0,NULL,NULL,1,NULL),(352,'willieofg9','$2y$10$jGURzfWbETBHYI9EbjwNGOlRdFkR66gfQOeVoY/SBbZ2K3A56F6lS','williemetters@yahoo.com',NULL,NULL,NULL,'IT','',NULL,'2019-06-19 03:05:51',NULL,'2019-06-19 03:05:51',0,NULL,NULL,0,NULL,NULL,1,NULL),(353,'marissacla','$2y$10$etgxmImWxCiycM1w/w/9UOBEiXHCdSVbXm2yTd3u0Nq19xBHUxd0u','marissa.clarey@gmail.com',NULL,NULL,NULL,'NL','',NULL,'2019-06-19 16:14:01',NULL,'2019-06-19 16:14:02',0,NULL,NULL,0,NULL,NULL,1,NULL),(354,'daleneclub','$2y$10$dj45kfM0gn9xmjYzRRVWUui8tfL0uFnC7bbLTZ5aG3yKZU0HxKXnm','dalene_clubbe@gmail.com',NULL,NULL,NULL,'AT','',NULL,'2019-06-19 17:43:44',NULL,'2019-06-19 17:43:45',0,NULL,NULL,0,NULL,NULL,1,NULL),(355,'angelika50','$2y$10$.XzRPjqY/UX9iIPmEgfksuENOSEmxY0NH7dndz0hEWRGZo4a7bnsO','angelika.reeder@aol.com',NULL,NULL,NULL,'CA','',NULL,'2019-06-20 05:12:33',NULL,'2019-06-20 05:12:33',0,NULL,NULL,0,NULL,NULL,1,NULL),(356,'thiagocald','$2y$10$ca.PR3JGEFdNupHyhdcJ5Obch1PFLJ7X3/VoGMEqb9XNKwLqO4MDy','thiagocaldeira@gawab.com',NULL,NULL,NULL,'AU','',NULL,'2019-06-22 03:41:38',NULL,'2019-06-22 03:41:39',0,NULL,NULL,0,NULL,NULL,1,NULL),(357,'florriefen','$2y$10$L3fZ/1UxSwTV.XGSyGfgC.NB7qkSEr409AP6DTZAf47L6dPMHppXi','florrie.fennell@gmail.com',NULL,NULL,NULL,'SE','',NULL,'2019-06-22 05:54:09',NULL,'2019-06-22 05:54:09',0,NULL,NULL,0,NULL,NULL,1,NULL),(358,'moniquegon','$2y$10$BQj2qhD48YWAFbblAK9UiOlH0uO8WgjKncQclIikTEBOI3/lNg2M.','monique_goncalves@gmail.com',NULL,NULL,NULL,'FR','',NULL,'2019-06-22 10:57:37',NULL,'2019-06-22 10:57:37',0,NULL,NULL,0,NULL,NULL,1,NULL),(359,'christophe','$2y$10$t6NZTnrxcApyYaFk5dkVP.jR3X2jZQB7SQL3O4zIyoxwCl7Z4aTze','christopherdoolan@vegemail.com',NULL,NULL,NULL,'BR','',NULL,'2019-06-22 18:06:07',NULL,'2019-06-22 18:06:07',0,NULL,NULL,0,NULL,NULL,1,NULL),(360,'rafaelferr','$2y$10$fSdnZibqlrID3DtAGBZW0uYdE416GMfY3sM8da2SEASTk.K66i3Bm','rafaelferreira@bigstring.com',NULL,NULL,NULL,'NO','',NULL,'2019-06-23 07:47:58',NULL,'2019-06-23 07:47:59',0,NULL,NULL,0,NULL,NULL,1,NULL),(361,'claudiague','$2y$10$whgRwULOA2SSO/ppMJ4mgevQ3NgO1WjCR5Z7aySfqA/QOcZuFthCm','claudia.guedes@gmail.com',NULL,NULL,NULL,'IS','',NULL,'2019-06-23 09:56:01',NULL,'2019-06-23 09:56:01',0,NULL,NULL,0,NULL,NULL,1,NULL),(362,'theorocha','$2y$10$fKn6OxVS8dsOIQ.51cozdOE2.KznoGhRj0.QnqsfwIlDMed6OOM5i','theorocha@arcor.de',NULL,NULL,NULL,'BE','',NULL,'2019-06-23 12:16:30',NULL,'2019-06-23 12:16:31',0,NULL,NULL,0,NULL,NULL,1,NULL),(363,'rznbenicio','$2y$10$mmKRFKb5xJRbUJ2RdYFA/OFTtz4IUv4LLlZ0Z46lcYi5EgopyFrj2','benicioluz@gmail.com',NULL,NULL,NULL,'AU','',NULL,'2019-06-23 19:58:56',NULL,'2019-06-23 19:58:56',0,NULL,NULL,0,NULL,NULL,1,NULL),(364,'lynnelomba','$2y$10$diHub4R7sgvXfd8.GXKvfeDz.wJhmY88SAOnZg1sPgg8KK2j6ZIby','lynnelombardi@gmail.com',NULL,NULL,NULL,'BE','',NULL,'2019-06-24 00:36:45',NULL,'2019-06-24 00:36:46',0,NULL,NULL,0,NULL,NULL,1,NULL),(365,'lelae14970','$2y$10$AfA46b3QD7fEUpm0GqO.eOfsKkwmFbmEvqAsqDfXeZSIo/Z/sOFFi','lelasterling@aol.com',NULL,NULL,NULL,'AU','',NULL,'2019-06-24 02:04:47',NULL,'2019-06-24 02:04:48',0,NULL,NULL,0,NULL,NULL,1,NULL),(366,'jaxongalle','$2y$10$sEe9ooYdPWxpKlhI2hKXoeTQpgFDFKLkoNdb3mfHPPfiVCTsNPqRy','jaxongalleghan@gmail.com',NULL,NULL,NULL,'BR','',NULL,'2019-06-24 06:37:40',NULL,'2019-06-24 06:37:40',0,NULL,NULL,0,NULL,NULL,1,NULL),(367,'natalia_r_yulianti','$2y$10$DYtNSR8BH2tsP2ml/hnExOB52c1/8dO6RsyrMCLMSV/z3Uln7rumS','natalia.r.yulianti@gmail.com',NULL,NULL,NULL,'ID','',NULL,'2019-06-24 13:35:48',NULL,'2019-06-24 13:35:49',0,NULL,NULL,0,NULL,NULL,1,NULL),(368,'felipemota','$2y$10$GqiUrXOSFvj/2hqFB3s.eOiiFKA9hJ18x/6QaBtBSsjntEFgXRhWS','felipe_mota@gmail.com',NULL,NULL,NULL,'US','',NULL,'2019-06-24 15:53:27',NULL,'2019-06-24 15:53:28',0,NULL,NULL,0,NULL,NULL,1,NULL),(369,'klobrady82','$2y$10$BTAzYvU32HN4NtKeNASAweZg2x0fvr4V9nYzybpgsHcleaBYudrdO','bradytietkens@gmx.de',NULL,NULL,NULL,'DE','',NULL,'2019-06-24 19:09:50',NULL,'2019-06-24 19:09:50',0,NULL,NULL,0,NULL,NULL,1,NULL),(370,'liennye666','$2y$10$0ZBIteRzt6Wxv0ZDeSLZRujLFwYeXToXT59bNA2595aLtS8N46SPq','liennye@web.de',NULL,NULL,NULL,'DE','',NULL,'2019-06-24 19:43:03',NULL,'2019-06-24 19:43:03',0,NULL,NULL,0,NULL,NULL,1,NULL),(371,'mahaguna','$2y$10$2Hr0wII7P0FAweYVpCQDzOOV.wI3urL.c29IJhRqFkudHxjvlqqw.','md.mahagunaputra@gmail.com',NULL,NULL,NULL,'ID','',NULL,'2019-06-24 21:16:31',NULL,'2019-06-24 21:18:12',0,NULL,NULL,0,NULL,NULL,1,NULL),(372,'bertiecour','$2y$10$4LSNbbIrWQIwALKypTe2Te5UT2CBrjOgrh9zenZGAhBqm3gzAauvS','bertiecourtney@gmail.com',NULL,NULL,NULL,'DE','',NULL,'2019-06-28 05:22:02',NULL,'2019-06-28 05:22:03',0,NULL,NULL,0,NULL,NULL,1,NULL),(373,'evaclifton','$2y$10$ucpOAIPuTKVH44OSLk9BteJyIN116r02nlgOyU6TAb.ygKdxTqXa.','evaclifton@freenet.de',NULL,NULL,NULL,'SE','',NULL,'2019-06-28 06:20:27',NULL,'2019-06-28 06:20:28',0,NULL,NULL,0,NULL,NULL,1,NULL),(374,'shalandama','$2y$10$.PrbmGjzOfI9RCukdGTaFeLgWv5ZosqMQweZFm2Rx4hR6sqwEQDcS','shalandamarvin@freenet.de',NULL,NULL,NULL,'FR','',NULL,'2019-06-28 16:58:55',NULL,'2019-06-28 16:58:55',0,NULL,NULL,0,NULL,NULL,1,NULL),(375,'vera77o85','$2y$10$NQbcV7S4hdjmO417sky7HOZunCCVcjJnqRk6QZp31xWwVkeRhXd/e','veramakinson@web.de',NULL,NULL,NULL,'AT','',NULL,'2019-06-28 20:05:00',NULL,'2019-06-28 20:05:00',0,NULL,NULL,0,NULL,NULL,1,NULL),(376,'marcellaev','$2y$10$bWIBU8CKT.hfG9Wb/Fg4sOuNQXHfeh8LReYaNsCTM..nH0mCCd7Ia','marcella_mccallum@peacemail.com',NULL,NULL,NULL,'DE','',NULL,'2019-06-29 01:33:57',NULL,'2019-06-29 01:33:57',0,NULL,NULL,0,NULL,NULL,1,NULL),(377,'deenaschot','$2y$10$V01/YOWAsIZ7e510FfzhIeTHv5QznRFM47rUOCyc8CB6q//VzqND.','deenaschott@gmail.com',NULL,NULL,NULL,'US','',NULL,'2019-06-29 10:26:41',NULL,'2019-06-29 10:26:42',0,NULL,NULL,0,NULL,NULL,1,NULL),(378,'kandif1689','$2y$10$f2Y6UPyKKL86OsFhVSmXLueCfUZ1VH1Ay49RtHo1rYRVpq8zNRlaW','kandigoodsell@arcor.de',NULL,NULL,NULL,'FR','',NULL,'2019-06-29 14:48:00',NULL,'2019-06-29 14:48:00',0,NULL,NULL,0,NULL,NULL,1,NULL),(379,'cherylemar','$2y$10$FvtcQOTI7j9JP1dRqTWj2.Z/JDPNhuXDKAlwxIxzZVuFQroCozGKG','cherylemarden@gmail.com',NULL,NULL,NULL,'CA','',NULL,'2019-06-29 22:13:20',NULL,'2019-06-29 22:13:21',0,NULL,NULL,0,NULL,NULL,1,NULL),(380,'fzrirma712','$2y$10$9eQTi69o2FYuXvS9s/f4Q.aZm9.IEIffMTXhSw8plKuIJzhHFemku','irmakesteven@aol.com',NULL,NULL,NULL,'NL','',NULL,'2019-06-30 13:50:12',NULL,'2019-06-30 13:50:12',0,NULL,NULL,0,NULL,NULL,1,NULL),(381,'marilynn01','$2y$10$a6F3TG5QWPk1fSJoH6wMvOAJ1Ne0sNLaLdZpcke6A6ovNEayM/AnS','marilynn_gillott@bigstring.com',NULL,NULL,NULL,'AU','',NULL,'2019-06-30 19:44:06',NULL,'2019-06-30 19:44:06',0,NULL,NULL,0,NULL,NULL,1,NULL),(382,'levibonds','$2y$10$86wtxtrO7JTWbdM3tClLSu5ejD.O1CpU5yiesfyH6Wm4IFytPPJ9e','levibonds@yahoo.com',NULL,NULL,NULL,'AT','',NULL,'2019-07-01 11:56:18',NULL,'2019-07-01 11:56:18',0,NULL,NULL,0,NULL,NULL,1,NULL),(383,'davidahunt','$2y$10$ltI0r5Q8KENYiAZeLbGT0eOyJSeq4DdQgX9TH2Sc74ZUdwABXcuuG','davida.huntington@gmx.net',NULL,NULL,NULL,'NL','',NULL,'2019-07-01 13:38:33',NULL,'2019-07-01 13:38:33',0,NULL,NULL,0,NULL,NULL,1,NULL),(384,'vitowaldro','$2y$10$qlDvhwwXNfSoWADZQYQAUuyySsXL6ZqP4ufUcu2Dqv3.1XEgiVWNm','vito_waldron@hotmail.com',NULL,NULL,NULL,'NL','',NULL,'2019-07-01 22:22:00',NULL,'2019-07-01 22:22:00',0,NULL,NULL,0,NULL,NULL,1,NULL),(385,'teodoropen','$2y$10$1N8g5pF//5IovCPad1LBpuEiCbSJcAD48KwZi96EfgLReZd6UYY6u','teodoropenn@gmail.com',NULL,NULL,NULL,'AT','',NULL,'2019-07-01 22:43:32',NULL,'2019-07-01 22:43:32',0,NULL,NULL,0,NULL,NULL,1,NULL),(386,'gudruncord','$2y$10$t699IiMr07KS2P5wWKExrO5GDtj4KmN2jN3B4ZvQjqa3qjNxmAzs.','gudruncordeaux@gmail.com',NULL,NULL,NULL,'CH','',NULL,'2019-07-02 00:39:18',NULL,'2019-07-02 00:39:18',0,NULL,NULL,0,NULL,NULL,1,NULL),(387,'carsoneric','$2y$10$0X8B7Hz1boJxsoJUD0.Z7OttCPo3K2Di7ojOc4OU9sgqO2smPuTFy','carsonerickson@gmail.com',NULL,NULL,NULL,'PL','',NULL,'2019-07-02 01:22:00',NULL,'2019-07-02 01:22:00',0,NULL,NULL,0,NULL,NULL,1,NULL),(388,'kandik8128','$2y$10$eNNDzLgx2HvmY0XMa4Hy1O9rNUm3Zoj6cb5iyo03BPpXAw4PKx/UG','kandinepean@gmail.com',NULL,NULL,NULL,'US','',NULL,'2019-07-03 07:45:12',NULL,'2019-07-03 07:45:13',0,NULL,NULL,0,NULL,NULL,1,NULL),(389,'jokowa73','$2y$10$ir9Cn01tcrEUILvXcGQm1emaDCJXpLXrLzqbAyam6eZ0kBgv.YQnu','lppm@akperinsanhusada.ac.id','','','','ID','',NULL,'2019-07-03 09:04:42',NULL,'2019-07-03 12:48:13',0,NULL,NULL,0,NULL,NULL,1,NULL),(390,'alejandrot','$2y$10$urEjiZO1Awo9VIwbw/fhdeC8.sWdOIJaT4utx7NQdbsoNid4f./6K','alejandro_thring@aol.com',NULL,NULL,NULL,'NL','',NULL,'2019-07-04 12:38:43',NULL,'2019-07-04 12:38:44',0,NULL,NULL,0,NULL,NULL,1,NULL),(391,'jeffrey270','$2y$10$q5ia/oPoj1cLvUZ2HaF4puiuz4i/r0BzOil47Cb52yb0y1nPyCyNi','jeffreybalcombe@arcor.de',NULL,NULL,NULL,'AT','',NULL,'2019-07-04 14:31:18',NULL,'2019-07-04 14:31:18',0,NULL,NULL,0,NULL,NULL,1,NULL),(392,'vicentesil','$2y$10$sbLvOKSJw7su/e00y3VKZOnhI5lqoVZKFt.DpGJrVsOUNn/nSayui','vicentesilveira@t-online.de',NULL,NULL,NULL,'DE','',NULL,'2019-07-05 06:28:20',NULL,'2019-07-05 06:28:21',0,NULL,NULL,0,NULL,NULL,1,NULL),(393,'kristoferc','$2y$10$dsE3GbsjKN1/g6s20ws5pOXlZdhxcKr1VMwzX1Ej.ZojuGQ9IXbXS','kristofercastella@gmail.com',NULL,NULL,NULL,'DE','',NULL,'2019-07-05 12:35:40',NULL,'2019-07-05 12:35:40',0,NULL,NULL,0,NULL,NULL,1,NULL),(394,'aundreadel','$2y$10$hw2mmYjrvTvoVOsnX2BfZeO2bKbnzILt7UFKUJu/YiNFHxpHKPDi2','aundreadelaney@t-online.de',NULL,NULL,NULL,'IT','',NULL,'2019-07-05 17:33:13',NULL,'2019-07-05 17:33:13',0,NULL,NULL,0,NULL,NULL,1,NULL),(395,'hosea28608','$2y$10$7cyUufVTbIyL9wwcXGgaDOR4Y6yFlOUwy8/aSIHXkhR/0eq1YiYBS','hoseagilruth@gmail.com',NULL,NULL,NULL,'BE','',NULL,'2019-07-05 22:04:25',NULL,'2019-07-05 22:04:26',0,NULL,NULL,0,NULL,NULL,1,NULL),(396,'melissamor','$2y$10$eDmD.kkhWM0WQ4nRiuKV1uzJTu13VgJtWN4y2PjRDDGw7r0srAIfy','melissa_moraes@web.de',NULL,NULL,NULL,'AT','',NULL,'2019-07-05 23:34:54',NULL,'2019-07-05 23:34:55',0,NULL,NULL,0,NULL,NULL,1,NULL),(397,'jaycrofts','$2y$10$mhtCQ7Ld/lubw40L1aYPPeuA/gI8Gdp.nn6iVayGM9LHnyPWP.tt2','jay_crofts@inbox.com',NULL,NULL,NULL,'NO','',NULL,'2019-07-06 00:40:11',NULL,'2019-07-06 00:40:11',0,NULL,NULL,0,NULL,NULL,1,NULL),(398,'adelaidepi','$2y$10$/Nft/rVvxxmOR3p7ZmvCL.H1UYIIB3.ins2qUyjKP3XGrVFG/AXdG','adelaidepickett@yahoo.com',NULL,NULL,NULL,'NL','',NULL,'2019-07-06 05:54:26',NULL,'2019-07-06 05:54:26',0,NULL,NULL,0,NULL,NULL,1,NULL),(399,'laurinhatr','$2y$10$bukeihF9BFvcmt8LZMCk5OXS8999ozPXvVu48QGEcBYvCJKpE0ADy','laurinhatraks@gmail.com',NULL,NULL,NULL,'CH','',NULL,'2019-07-06 21:33:20',NULL,'2019-07-06 21:33:20',0,NULL,NULL,0,NULL,NULL,1,NULL),(400,'laramelo6','$2y$10$1mtGZb98hL99B/HvasDyveGBMKDXVWpq8Bhmnt0M0C/7fi6bhrBtq','laramelo@gmail.com',NULL,NULL,NULL,'PL','',NULL,'2019-07-07 09:54:11',NULL,'2019-07-07 09:54:11',0,NULL,NULL,0,NULL,NULL,1,NULL),(401,'terrencele','$2y$10$fIdHbwuOQ0DimENs9gf6cuksBiG9Qqv1CX/X46rUoLp89B3c2BOAe','terrence_lemons@bigstring.com',NULL,NULL,NULL,'IT','',NULL,'2019-07-07 19:54:34',NULL,'2019-07-07 19:54:35',0,NULL,NULL,0,NULL,NULL,1,NULL),(402,'kassandrag','$2y$10$YN6BSeqLGy6B82QTaJulbeu7Qdmf0YBVZPubUrcUnx0Ee8sci05zm','kassandragladys@gawab.com',NULL,NULL,NULL,'AU','',NULL,'2019-07-08 03:49:55',NULL,'2019-07-08 03:49:56',0,NULL,NULL,0,NULL,NULL,1,NULL),(403,'lucasribei','$2y$10$FvaVcE3l2DTuL2RRJMSlweUSLTo6oV/SqDk10kaPCy8t9YUsQ0QNm','lucasribeiro@moose-mail.com',NULL,NULL,NULL,'IT','',NULL,'2019-07-08 11:18:17',NULL,'2019-07-08 11:18:18',0,NULL,NULL,0,NULL,NULL,1,NULL),(404,'alphonsofe','$2y$10$PYqIchiELKeWfoZHsph2/ee6vGfzrpgUjnepH3dMhrqlVEbIll2j2','alphonsoferreira@freenet.de',NULL,NULL,NULL,'NO','',NULL,'2019-07-09 02:57:34',NULL,'2019-07-09 02:57:35',0,NULL,NULL,0,NULL,NULL,1,NULL),(405,'maricruzre','$2y$10$tp2QVGuh8SlwPPzI3RwdBuFbnJYqxCOdfAfbchtj9DDC8jYeOdDne','maricruzreasoner@gmail.com',NULL,NULL,NULL,'FR','',NULL,'2019-07-09 09:24:03',NULL,'2019-07-09 09:24:03',0,NULL,NULL,0,NULL,NULL,1,NULL),(406,'shelladues','$2y$10$pgD8LijXze8YQjZb4EKwt.EPj7U0cyoZIdoOWQDOwBlcDH6mztiP6','shelladuesbury@gmx.net',NULL,NULL,NULL,'DE','',NULL,'2019-07-09 09:32:47',NULL,'2019-07-09 09:32:47',0,NULL,NULL,0,NULL,NULL,1,NULL),(407,'myronsei1','$2y$10$TiJHCou/F7RsRhtBBVgVWuLpNM26yZx/MpOa0uXwUoHFChRo4I2Bq','myroncardillo@moose-mail.com',NULL,NULL,NULL,'DE','',NULL,'2019-07-09 10:48:38',NULL,'2019-07-09 10:48:38',0,NULL,NULL,0,NULL,NULL,1,NULL),(408,'shastapier','$2y$10$ZbPTsnzOpQ4rDniLVI..MO7EGNYXoQw6g5ufKAZWhkTFH5UTbD.OK','shastapierson@aol.com',NULL,NULL,NULL,'IT','',NULL,'2019-07-09 11:02:58',NULL,'2019-07-09 11:02:58',0,NULL,NULL,0,NULL,NULL,1,NULL),(409,'sadyevrola','$2y$10$wI8UJ54/kp3/NDxQQTpOve2/rBTzEtXnL81EB2rB0c0b63JFLewgS','sadye.vroland@live.com',NULL,NULL,NULL,'IT','',NULL,'2019-07-09 11:16:17',NULL,'2019-07-09 11:16:18',0,NULL,NULL,0,NULL,NULL,1,NULL),(410,'andrewiega','$2y$10$lJsoeFQuJlDwLgd0kiuDY.8.LrNKos8zgNqJYH45n2a1LhZ7zHinK','andrewiegand@gmail.com',NULL,NULL,NULL,'IS','',NULL,'2019-07-09 12:10:13',NULL,'2019-07-09 12:10:13',0,NULL,NULL,0,NULL,NULL,1,NULL),(411,'lelastyles','$2y$10$i0PF41MMFv3HcBN1iNhCq.h8gzsrtPLgoOl00X2aKUxiRE.g5WJgG','lelastyles@gmail.com',NULL,NULL,NULL,'VU','',NULL,'2019-07-09 15:28:23',NULL,'2019-07-09 15:28:23',0,NULL,NULL,0,NULL,NULL,1,NULL),(412,'ginac80676','$2y$10$0X2AiqsA9r9e/3rlhgxr.OYjY/hMJAHVoVpIVMaFeb33xwcZTl6ne','gina.donato@gmail.com',NULL,NULL,NULL,'BR','',NULL,'2019-07-09 15:29:28',NULL,'2019-07-09 15:29:28',0,NULL,NULL,0,NULL,NULL,1,NULL),(413,'tatianawal','$2y$10$Hgn7sW1U6wvEq.nwVKAX0e8ZFE1VHabI5Ev/mJWc//bWDsvW5nwdu','tatianawalls@gmail.com',NULL,NULL,NULL,'NL','',NULL,'2019-07-09 16:33:23',NULL,'2019-07-09 16:33:23',0,NULL,NULL,0,NULL,NULL,1,NULL),(414,'ibmedith5','$2y$10$potpB0ZApGSCPQ2ia0R1EO0noYkvyajJBBsiWXVpF3seJROcWwCii','edithboismenu@freenet.de',NULL,NULL,NULL,'SE','',NULL,'2019-07-09 17:12:38',NULL,'2019-07-09 17:12:38',0,NULL,NULL,0,NULL,NULL,1,NULL),(415,'andres04j1','$2y$10$hr4G.FxgvZy2/NOltMT0/..JJs20w3VhzWUvWsUJTmvvmKY8k304S','andres.blaubaum@hotmail.com',NULL,NULL,NULL,'AT','',NULL,'2019-07-09 22:09:27',NULL,'2019-07-09 22:09:27',0,NULL,NULL,0,NULL,NULL,1,NULL),(416,'jeannaniet','$2y$10$gqvV3gw2MsQ03ufLZvzqceb.oP9buZUi/3lA1OIJnyr4iLXpbkq6a','jeannanieto@bigstring.com',NULL,NULL,NULL,'BR','',NULL,'2019-07-09 23:50:02',NULL,'2019-07-09 23:50:03',0,NULL,NULL,0,NULL,NULL,1,NULL),(417,'francealdr','$2y$10$KjDa.NLu9BrDb3wKaNnfUux3F0o4t5KNdnT/5HgGmg2iqc0MlHbd6','francealdrich@freenet.de',NULL,NULL,NULL,'NL','',NULL,'2019-07-10 02:57:29',NULL,'2019-07-10 02:57:30',0,NULL,NULL,0,NULL,NULL,1,NULL),(418,'rqiyetta18','$2y$10$QmWyhFaVP4bZXcDs/DGez.Ap/jj7/XZt5USZ/.WEd75cUlDRlmu9.','yettabaine@gmail.com',NULL,NULL,NULL,'GB','',NULL,'2019-07-10 03:19:06',NULL,'2019-07-10 03:19:10',0,NULL,NULL,0,NULL,NULL,1,NULL),(419,'lowellgers','$2y$10$c/98J9Ygt6lDvFzXSdbY8..6Uzm7ZV2vMcakEuPk4ad7Vuy9V6ONu','lowellgerste@yahoo.com',NULL,NULL,NULL,'FR','',NULL,'2019-07-10 08:11:39',NULL,'2019-07-10 08:11:39',0,NULL,NULL,0,NULL,NULL,1,NULL),(420,'madgeromil','$2y$10$MDENFbBLdX4GGnW1WKP7p.sW8IM/MNZo8CGOeqIYysGCX15iVa1Bm','madgeromilly@gmx.de',NULL,NULL,NULL,'DE','',NULL,'2019-07-10 09:38:04',NULL,'2019-07-10 09:38:04',0,NULL,NULL,0,NULL,NULL,1,NULL),(421,'jovitaprew','$2y$10$KQamH6sUAdG1YMbRlJ7uiuPnlHu/PK1TZ.lerEQOxWBO3LERv8eQ6','jovitaprewitt@googlemail.com',NULL,NULL,NULL,'NL','',NULL,'2019-07-10 13:13:52',NULL,'2019-07-10 13:13:52',0,NULL,NULL,0,NULL,NULL,1,NULL),(422,'gertrude31','$2y$10$XDuCw9q6an0ad.tmS3.TyugaibhYF6xmYQCrJmi3d8zYKQaKNR.sC','gertrudejunker@gmx.net',NULL,NULL,NULL,'IT','',NULL,'2019-07-10 13:56:54',NULL,'2019-07-10 13:56:55',0,NULL,NULL,0,NULL,NULL,1,NULL),(423,'essiedees','$2y$10$OUVsCEgomFSFLxiE4Tf40u6vm2CCJoickcT7D4VOxB3MkeHQXHc7C','essiedees@aol.com',NULL,NULL,NULL,'CH','',NULL,'2019-07-10 21:09:58',NULL,'2019-07-10 21:09:58',0,NULL,NULL,0,NULL,NULL,1,NULL),(424,'whitneyq26','$2y$10$LwLClOcF590iexrDfQqtoOK.RpUFZNT.jQQFCCap1k4u/s5qIXbIS','whitneycurr@gmail.com',NULL,NULL,NULL,'NL','',NULL,'2019-07-12 22:41:02',NULL,'2019-07-12 22:41:03',0,NULL,NULL,0,NULL,NULL,1,NULL),(425,'rufusandes','$2y$10$j1zYju0JVnB9gTKOKYqUNevvrRE8OKOqh0zd/yxFf/Oi9xoxb.Xvi','rufus.andes@googlemail.com',NULL,NULL,NULL,'NL','',NULL,'2019-07-13 07:58:38',NULL,'2019-07-13 07:58:38',0,NULL,NULL,0,NULL,NULL,1,NULL),(426,'meganforro','$2y$10$Ch06SzKcPWbMni8F3Fyny.dS3hvSIVPoMoqMGnLE9GiZ2n81TvUYm','meganforro@gmail.com',NULL,NULL,NULL,'CA','',NULL,'2019-07-13 21:03:05',NULL,'2019-07-13 21:03:06',0,NULL,NULL,0,NULL,NULL,1,NULL),(427,'lana100800','$2y$10$aTEsQDSV.v3gdsXjc4wgqOOJYMaw.r6pWaw8AHwxVDnSb.H5lzSmO','lana.rosa@inbox.com',NULL,NULL,NULL,'AU','',NULL,'2019-07-14 00:09:03',NULL,'2019-07-14 00:09:04',0,NULL,NULL,0,NULL,NULL,1,NULL),(428,'marinatoma','$2y$10$hX2oq5sOq6PKXS1NlseahuT5rFmRdr4HAQShZ6x2rp/zj4pJlSedG','marinatomazes@gmail.com',NULL,NULL,NULL,'PL','',NULL,'2019-07-14 18:30:15',NULL,'2019-07-14 18:30:16',0,NULL,NULL,0,NULL,NULL,1,NULL),(429,'vaniakethe','$2y$10$P177iSaGr.OrSHqR7jWyCuiHCupaHpe5YH3zlY1qZH4YYVt2qb5bK','vaniakethel@yahoo.com',NULL,NULL,NULL,'CA','',NULL,'2019-07-15 15:42:12',NULL,'2019-07-15 15:42:13',0,NULL,NULL,0,NULL,NULL,1,NULL),(430,'henriqueje','$2y$10$IJpHAaf7rlEnbapwNzcUBO00d3J5TFwn2QXp2hNxCVPQYJ3ag2316','henrique.jesus@bigstring.com',NULL,NULL,NULL,'AT','',NULL,'2019-07-15 18:21:21',NULL,'2019-07-15 18:21:22',0,NULL,NULL,0,NULL,NULL,1,NULL),(431,'matilda95f','$2y$10$zvEDqRSLusqA9MeXM/M8gOomjc.kKSd/ySFpYhDwQhf.qaJFoMCFu','matildamundy@gmail.com',NULL,NULL,NULL,'IS','',NULL,'2019-07-15 19:48:36',NULL,'2019-07-15 19:48:36',0,NULL,NULL,0,NULL,NULL,1,NULL),(432,'hermanblac','$2y$10$uIcPluwlYkfhIax04Hl.vOJy2VRD6AG6p9jbwdGdhEqKcuv03Mawu','hermanblacket@gmail.com',NULL,NULL,NULL,'AU','',NULL,'2019-07-15 19:52:05',NULL,'2019-07-15 19:52:05',0,NULL,NULL,0,NULL,NULL,1,NULL),(433,'denagup714','$2y$10$wI5bxOy8NzGibD0q3kKUku3Px/5PgPFLeAxrWpIQbnHPDrx.vD14e','denamacy@freenet.de',NULL,NULL,NULL,'AU','',NULL,'2019-07-15 23:33:52',NULL,'2019-07-15 23:33:52',0,NULL,NULL,0,NULL,NULL,1,NULL),(434,'annettenor','$2y$10$NHEf7Jr47KBL1DrhiF2GpueU3dqWQaOdKcD5KtSQWcUGNFIWTNgp2','annettenorthfield@yahoo.com',NULL,NULL,NULL,'FR','',NULL,'2019-07-16 01:10:41',NULL,'2019-07-16 01:10:42',0,NULL,NULL,0,NULL,NULL,1,NULL),(435,'vicente689','$2y$10$/DK1nnAHFE5nowBP0o84POhb7OmZtb0W8xKKxTTti/ltuR7mE2aIW','vicentemcgehee@zoho.com',NULL,NULL,NULL,'SE','',NULL,'2019-07-16 01:58:34',NULL,'2019-07-16 01:58:34',0,NULL,NULL,0,NULL,NULL,1,NULL),(436,'cruzfree08','$2y$10$LxqJDfAmzecJRDa74Ymi0.TUt4HsKeGnMFegDkvP.aYv4XcwgSuN6','cruzfree@aol.com',NULL,NULL,NULL,'FR','',NULL,'2019-07-16 02:08:14',NULL,'2019-07-16 02:08:14',0,NULL,NULL,0,NULL,NULL,1,NULL),(437,'mistykerry','$2y$10$l4FQvHaoXZ.FJrKkRpyMLOXqAM2cAjJ/iH6mzDPG7t1tOo2Xed5F6','mistykerry@zoho.com',NULL,NULL,NULL,'US','',NULL,'2019-07-16 05:35:50',NULL,'2019-07-16 05:35:50',0,NULL,NULL,0,NULL,NULL,1,NULL),(438,'jurgeno789','$2y$10$CyUxD9Mbu5RdlByfvfFj7.P.BcDBD7GK33/awu8GMDN8Vs2ICaJKe','jurgen_estep@gmail.com',NULL,NULL,NULL,'US','',NULL,'2019-07-16 05:46:29',NULL,'2019-07-16 05:46:29',0,NULL,NULL,0,NULL,NULL,1,NULL),(439,'toniaqdh1','$2y$10$lzmbfykNiRgYyNn7xrkq6eoNlku0dWI6/Vh1in5nxp76HNCZsg4xG','toniakearns@live.com',NULL,NULL,NULL,'AU','',NULL,'2019-07-16 05:47:57',NULL,'2019-07-16 05:47:57',0,NULL,NULL,0,NULL,NULL,1,NULL),(440,'arielcottl','$2y$10$3TY4/BF8q4y/7aPQr2xZxeaSwneHVyFrSIIAC.vRiOdehFm0Q/dt.','arielcottle@hotmail.de',NULL,NULL,NULL,'NL','',NULL,'2019-07-16 06:14:24',NULL,'2019-07-16 06:14:24',0,NULL,NULL,0,NULL,NULL,1,NULL),(441,'joannahudd','$2y$10$a6.i26XY0tHnFnymJaGfUuU/75Kg8XIjWqcqWqRqE3jnBavqMfEay','joannahudd@hotmail.de',NULL,NULL,NULL,'AT','',NULL,'2019-07-16 06:32:16',NULL,'2019-07-16 06:32:16',0,NULL,NULL,0,NULL,NULL,1,NULL),(442,'julianneki','$2y$10$HZGmsuqDjrGzGb9KESfhBeYrTMtD51tOYcj9Lp.QPwVQagn6TWEN2','julianne.kiel@t-online.de',NULL,NULL,NULL,'BE','',NULL,'2019-07-16 08:29:17',NULL,'2019-07-16 08:29:17',0,NULL,NULL,0,NULL,NULL,1,NULL),(443,'ronkash47','$2y$10$hOX/COoZkFei18pfeI5V6u5Q5NbuG3v8XhA5OoNOGe1lGf7LSjfZK','ron_kash@gmail.com',NULL,NULL,NULL,'SE','',NULL,'2019-07-16 09:50:24',NULL,'2019-07-16 09:50:25',0,NULL,NULL,0,NULL,NULL,1,NULL),(444,'lornakelle','$2y$10$uj9Xudu/6soL4nnkDDDIl.hcTy0w4qGK3XmufEYW2oCSonpT/7lr2','lornakelleher@gmail.com',NULL,NULL,NULL,'NL','',NULL,'2019-07-16 19:13:11',NULL,'2019-07-16 19:13:11',0,NULL,NULL,0,NULL,NULL,1,NULL),(445,'gertieschr','$2y$10$FpF0GKS8mhZenAP.n2yjTOI87DDmfSL5aIBhnOEERvJn/rbeOmEHe','gertie.schramm@yahoo.de',NULL,NULL,NULL,'AT','',NULL,'2019-07-17 20:26:03',NULL,'2019-07-17 20:26:04',0,NULL,NULL,0,NULL,NULL,1,NULL),(446,'davenull65','$2y$10$Dvp9b9YwLdXS.oXp13JUPuRjvIhzHaCA0h4MlnFacD4Y2CfHM/5My','dave.null@gmail.com',NULL,NULL,NULL,'AT','',NULL,'2019-07-18 01:29:09',NULL,'2019-07-18 01:29:09',0,NULL,NULL,0,NULL,NULL,1,NULL),(447,'cameronmar','$2y$10$RjYv1KNsUeqS7X7eoZcB6uuqcw7JznxGDbHNqZZS.oFTHrq3xnv2q','cameronmarzano@gmx.de',NULL,NULL,NULL,'AT','',NULL,'2019-07-18 02:26:05',NULL,'2019-07-18 02:26:06',0,NULL,NULL,0,NULL,NULL,1,NULL),(448,'hjpfelipe','$2y$10$fuwiepG1TBmPIwcVvmCK0OQ9zzo/acfDjAdzGIj6.U/Y5xMxKvR8G','felipeshafer@care2.com',NULL,NULL,NULL,'SE','',NULL,'2019-07-18 02:43:05',NULL,'2019-07-18 02:43:05',0,NULL,NULL,0,NULL,NULL,1,NULL),(449,'chelseasch','$2y$10$GE9L1er5EzDwtakrmlM.puQxz/h5F3wwqVENqGHBIqXQL8vwHHps.','chelseaschurr@gmail.com',NULL,NULL,NULL,'US','',NULL,'2019-07-18 10:27:10',NULL,'2019-07-18 10:27:11',0,NULL,NULL,0,NULL,NULL,1,NULL),(450,'raizen','$2y$10$ayNyR75GX4EPczue81n34Or4fCI6exe4zMr8Zqj6iUxSu3wJ0Ks0m','raipriv28@gmail.com',NULL,NULL,NULL,'BY','',NULL,'2019-07-18 22:45:56',NULL,'2019-07-18 22:45:56',0,NULL,NULL,0,NULL,NULL,1,NULL),(451,'pietrosouz','$2y$10$LUcOCXz9Rrz/PKtMO4qH4OhsJrsVfBNj2R/hcOpkARL/RjrHlNNre','pietrosouza@gmail.com',NULL,NULL,NULL,'CH','',NULL,'2019-07-19 05:13:11',NULL,'2019-07-19 05:13:11',0,NULL,NULL,0,NULL,NULL,1,NULL),(452,'moniquepor','$2y$10$uvah1AMSWQfZaOLqJdxEKuG5kscYRqmGMYHmjIswVehf4LvwEqgw.','monique_porto@aol.com',NULL,NULL,NULL,'AT','',NULL,'2019-07-19 14:04:24',NULL,'2019-07-19 14:04:25',0,NULL,NULL,0,NULL,NULL,1,NULL),(453,'antoniorei','$2y$10$9Q/gTmgi/sMMAqHTaweOBO3v.bcFPdG5e/07FkrFnVGeDRIY74QPq','antonioreis@web.de',NULL,NULL,NULL,'US','',NULL,'2019-07-19 23:46:35',NULL,'2019-07-19 23:46:35',0,NULL,NULL,0,NULL,NULL,1,NULL),(454,'masuwikusuma','$2y$10$dTw2VcbywjXeFNvaokYHGeBz6TH4ZJJMF6jJ5nRPQyQutfcoQNb5O','anarchoxploit@yahoo.com',NULL,NULL,NULL,'ID','',NULL,'2019-07-20 09:36:45',NULL,'2019-07-20 09:36:45',0,NULL,NULL,0,NULL,NULL,1,NULL),(455,'arethahill','$2y$10$tqZIs9NC3eJBfFLAUo9IUehSW8zmLsxoDBNU/Ljk4bj2QSfkj6kOS','arethahillgrove@gmail.com',NULL,NULL,NULL,'DE','',NULL,'2019-07-20 11:09:31',NULL,'2019-07-20 11:09:31',0,NULL,NULL,0,NULL,NULL,1,NULL),(456,'luzfihelly','$2y$10$LSKVor4keo6bZo0HGTdpNO018Pz8IWeJpENvcMznfQiBO7vp1BzhW','luz.fihelly@swift-mail.com',NULL,NULL,NULL,'CA','',NULL,'2019-07-20 12:15:32',NULL,'2019-07-20 12:15:32',0,NULL,NULL,0,NULL,NULL,1,NULL),(457,'anarchoyuda','$2y$10$PV9eoAF9hIqBh90xqn7IoOCW3XD1Vvkd6vcrulo07sMyqcI/jcAPq','jayasenur@gmail.com',NULL,NULL,NULL,'ID','',NULL,'2019-07-20 12:30:46',NULL,'2019-07-20 12:31:27',0,NULL,NULL,0,NULL,NULL,1,NULL),(458,'lilaxaa598','$2y$10$ZMvlfgZ.qfMJGiPeNAU/wOiR3tG52qHCQZhVVoXXpXxuqTTqDFt.W','lilastout@arcor.de',NULL,NULL,NULL,'SE','',NULL,'2019-07-20 17:49:39',NULL,'2019-07-20 17:49:39',0,NULL,NULL,0,NULL,NULL,1,NULL),(459,'katherines','$2y$10$MIBNi0rExpql/z34ZrQ7heLUdBX5eQjDJjtaU3lhjA2GjdEhdvplO','katherinesaylors@googlemail.com',NULL,NULL,NULL,'BE','',NULL,'2019-07-20 18:07:50',NULL,'2019-07-20 18:07:50',0,NULL,NULL,0,NULL,NULL,1,NULL),(460,'alissontra','$2y$10$RRYALDkW./CIS9bxSgagpeCTA8rdzpLX3vkNdxrfbMIs7GLYXoRd6','alisson.traks@zoho.com',NULL,NULL,NULL,'CH','',NULL,'2019-07-20 19:26:11',NULL,'2019-07-20 19:26:12',0,NULL,NULL,0,NULL,NULL,1,NULL),(461,'manuelafra','$2y$10$LBhddWR7eJFMouQFM5zdvuy8Pl0vqQzVJucesix0SD1sC4WCwYlxm','manuela.francis@yahoo.com',NULL,NULL,NULL,'BE','',NULL,'2019-07-20 20:11:10',NULL,'2019-07-20 20:11:10',0,NULL,NULL,0,NULL,NULL,1,NULL),(462,'barrettlso','$2y$10$FnSJ6odEbMEnXcpyn6tU7uZrd0B2on.wZuqvR8/awQC9P3TYs80AG','barrett_harding@yahoo.com',NULL,NULL,NULL,'AT','',NULL,'2019-07-21 02:47:36',NULL,'2019-07-21 02:47:37',0,NULL,NULL,0,NULL,NULL,1,NULL),(463,'antoniocam','$2y$10$8QtT0pU4ufCYSAQX.KAsauvgG4GMwcHm.WhqqqNlzf/k2p4sVCwy6','antoniocampos@gmail.com',NULL,NULL,NULL,'DK','',NULL,'2019-07-21 03:15:35',NULL,'2019-07-21 03:15:35',0,NULL,NULL,0,NULL,NULL,1,NULL),(464,'jorjanewby','$2y$10$K40LZXG24zjpcBsZOSYsA.2XrA2ynt/iTKihsBY7eUTZz/fV6Oy0e','jorjanewby@reallyfast.biz',NULL,NULL,NULL,'DE','',NULL,'2019-07-21 12:06:35',NULL,'2019-07-21 12:06:36',0,NULL,NULL,0,NULL,NULL,1,NULL),(465,'mhmdbgs1337','$2y$10$CU4xdEWWdJQ0lmEfeWznxu8a/A5LmGaHx.vDq8qBHW3lU/k3EfqpG','mhmdbgs1337@gmail.com',NULL,NULL,NULL,'ID','',NULL,'2019-07-21 15:35:35',NULL,'2019-07-21 15:35:36',0,NULL,NULL,0,NULL,NULL,1,NULL),(466,'otiliakatz','$2y$10$u/omDJP8az4xGmgWAUkk9eBIRz036efsR/oVKf5EaiLqrFzbdjytW','otiliakatz@yahoo.de',NULL,NULL,NULL,'NL','',NULL,'2019-07-21 17:58:19',NULL,'2019-07-21 17:58:20',0,NULL,NULL,0,NULL,NULL,1,NULL),(467,'joaquims60','$2y$10$k0yruGaNU0HKfGFld20ZJOPeo3hsurlBzZ4nzVuG33tZJ2vRGOg4q','joaquimpires@vegemail.com',NULL,NULL,NULL,'DK','',NULL,'2019-07-21 18:06:49',NULL,'2019-07-21 18:06:49',0,NULL,NULL,0,NULL,NULL,1,NULL),(468,'amanday512','$2y$10$CCXbpoN2gp51flBSlh7uAeLjKcEKols.3vpvjuGrQoghhR8.BKC0S','amandadundalli@gmail.com',NULL,NULL,NULL,'BE','',NULL,'2019-07-21 21:02:16',NULL,'2019-07-21 21:02:17',0,NULL,NULL,0,NULL,NULL,1,NULL),(469,'magdalenat','$2y$10$AfYnru9q926ImoFF6W1abuXSeWydfa7LOpxJGHq8xsi1sjxWmDAeW','magdalenatuggle@gmail.com',NULL,NULL,NULL,'IT','',NULL,'2019-07-22 01:37:05',NULL,'2019-07-22 01:37:05',0,NULL,NULL,0,NULL,NULL,1,NULL),(470,'meridithtn','$2y$10$aWdl5/TnqTVceLuoisRxxORAt71j3TC9enfruhp5SQuV21HAMktxm','meridithhumphreys@yahoo.com',NULL,NULL,NULL,'CH','',NULL,'2019-07-22 02:45:26',NULL,'2019-07-22 02:45:26',0,NULL,NULL,0,NULL,NULL,1,NULL),(471,'fsqclara0','$2y$10$KGqrHIbfv0WQ5oVZ61bWVepoZXeemYPhHjzJr0kmQqaeBZp/1MsF2','claralima@t-online.de',NULL,NULL,NULL,'SZ','',NULL,'2019-07-22 04:10:52',NULL,'2019-07-22 04:10:52',0,NULL,NULL,0,NULL,NULL,1,NULL),(472,'domingabib','$2y$10$vqDcP6mVYGmFtRvlb6l2lOGNCdxNF2RXZG399wfvINiCEQq/IWGpS','domingabibb@googlemail.com',NULL,NULL,NULL,'US','',NULL,'2019-07-22 09:42:28',NULL,'2019-07-22 09:42:28',0,NULL,NULL,0,NULL,NULL,1,NULL),(473,'domenicbow','$2y$10$x0wshoEAqazPR41VE9QI4.qC6RjsC6hxdrwvKsnQGY5PXDiTtg3XG','domenicbowser@gmail.com',NULL,NULL,NULL,'CH','',NULL,'2019-07-22 22:22:22',NULL,'2019-07-22 22:22:22',0,NULL,NULL,0,NULL,NULL,1,NULL),(474,'mauragqz7','$2y$10$JvktC4biptM7jINw7U3wguhxydZK612LIVATnCDlTOxniueKu4.De','maurasells@gmail.com',NULL,NULL,NULL,'IT','',NULL,'2019-07-22 22:58:07',NULL,'2019-07-22 22:58:08',0,NULL,NULL,0,NULL,NULL,1,NULL),(475,'albertalow','$2y$10$GKx.1eKyfWNqWjGYBnn0wuJtS6WUTnfSNvRA0bUiCSFWOOBY9uxNW','alberta.lowe@hotmail.de',NULL,NULL,NULL,'DE','',NULL,'2019-07-23 01:46:05',NULL,'2019-07-23 01:46:06',0,NULL,NULL,0,NULL,NULL,1,NULL),(476,'maisieknee','$2y$10$8soKFSBHtY6gqRLX1gkdLeIX.LUjSiK1XOZqP.A8kZpx9wBnSUM1q','maisiekneebone@gmail.com',NULL,NULL,NULL,'NO','',NULL,'2019-07-24 00:55:47',NULL,'2019-07-24 00:55:47',0,NULL,NULL,0,NULL,NULL,1,NULL),(477,'daltonwest','$2y$10$rOz3FbeRAsMjQCtZ8jB9w.3HJqOTBb.FRCrPkX/38nNDuVl7kn/Pq','daltonwestall@gawab.com',NULL,NULL,NULL,'SE','',NULL,'2019-07-24 02:28:47',NULL,'2019-07-24 02:28:47',0,NULL,NULL,0,NULL,NULL,1,NULL),(478,'mabelfinsc','$2y$10$4xZMxZvIzlB3NwCbeBxFbeIesuTwmPza2XkKbSkdYxJZsyo4L1eLi','mabelfinsch@gmail.com',NULL,NULL,NULL,'AT','',NULL,'2019-07-24 04:20:14',NULL,'2019-07-24 04:20:14',0,NULL,NULL,0,NULL,NULL,1,NULL),(479,'vickykight','$2y$10$C17vS3odhqXA08ZmPcP.L.cVTEbyXmFdzOK1z/V4UtkDkVDnmnCpC','vickykight@gmx.net',NULL,NULL,NULL,'AT','',NULL,'2019-08-13 15:37:11',NULL,'2019-08-13 15:37:11',0,NULL,NULL,0,NULL,NULL,1,NULL),(480,'nicolejxs2','$2y$10$aTQmeAFLdG5vI3hNgLAMWugsGQloEO1ycjWj0jhxWODJDmwXNAdUO','nicolemoreira@gmx.net',NULL,NULL,NULL,'AU','',NULL,'2019-08-13 16:33:37',NULL,'2019-08-13 16:33:37',0,NULL,NULL,0,NULL,NULL,1,NULL),(481,'isadora921','$2y$10$v6t.6EDGXgiKSynbhK3cAufOwNWwR25/FKgBTrY7muf./x8aR.BNu','isadora_tomazes@theinternetemail.com',NULL,NULL,NULL,'DK','',NULL,'2019-08-13 17:23:55',NULL,'2019-08-13 17:23:55',0,NULL,NULL,0,NULL,NULL,1,NULL),(482,'deliahoke7','$2y$10$FN/LiasiGd/j2YtKbm1Hl.3u.dhj.O034sFfsM8njlal4N6ppc/2.','delia_hoke@animail.net',NULL,NULL,NULL,'FR','',NULL,'2019-08-13 17:29:17',NULL,'2019-08-13 17:29:17',0,NULL,NULL,0,NULL,NULL,1,NULL),(483,'isaac6773','$2y$10$ZQu48aHp2Va4HupzsldnQuLv3po8DPthNholrNAfGUvUK2AQu1gx2','isaacgoncalves@gmx.de',NULL,NULL,NULL,'GB','',NULL,'2019-08-13 19:00:06',NULL,'2019-08-13 19:00:06',0,NULL,NULL,0,NULL,NULL,1,NULL),(484,'alonzospan','$2y$10$fe4BWWoeUt5djtYrvMvrmejs.Ovq9xZoVVwJHUCqfpjMnkNxaJYgS','alonzospangler@bigstring.com',NULL,NULL,NULL,'CA','',NULL,'2019-08-13 19:26:52',NULL,'2019-08-13 19:26:52',0,NULL,NULL,0,NULL,NULL,1,NULL),(485,'dominiquej','$2y$10$qW0if2BikJtDNScl6e3HYu9em2wCEnshMWsmgzJXXq164PGx5oDRG','dominique_joshua@gmail.com',NULL,NULL,NULL,'AU','',NULL,'2019-08-13 23:12:02',NULL,'2019-08-13 23:12:03',0,NULL,NULL,0,NULL,NULL,1,NULL),(486,'clarissaro','$2y$10$B5qG6cHI8Z5YkMxDrqzeOesbBbVeR8xwi16FA.oVr5LC8PkfPyfHS','clarissarocha@gmail.com',NULL,NULL,NULL,'FR','',NULL,'2019-08-13 23:54:52',NULL,'2019-08-13 23:54:53',0,NULL,NULL,0,NULL,NULL,1,NULL),(487,'larrycarra','$2y$10$BElLJKQCEY/aJNzcuqkV.u8ImH1qq/DPFM7K54DiOt8LtWhPkb0aO','larrycarrasco@aol.com',NULL,NULL,NULL,'AU','',NULL,'2019-08-14 02:43:35',NULL,'2019-08-14 02:43:36',0,NULL,NULL,0,NULL,NULL,1,NULL),(488,'sharischwa','$2y$10$IKwA/D/WsMCeLikPvYT8/.P/xqNQseufPpNikBMbpH6ns459Z0422','sharischwab@care2.com',NULL,NULL,NULL,'CA','',NULL,'2019-08-14 02:44:17',NULL,'2019-08-14 02:44:18',0,NULL,NULL,0,NULL,NULL,1,NULL),(489,'colletteag','$2y$10$zqG4JnSQo1Q.rJS6sGaIrOi848AJcWv9JxVYzHNoGRoGKIV1C8NRK','colletteaguirre@gmx.de',NULL,NULL,NULL,'GB','',NULL,'2019-08-14 02:51:25',NULL,'2019-08-14 02:51:25',0,NULL,NULL,0,NULL,NULL,1,NULL),(490,'michalhyo0','$2y$10$P6qE8fbl4dS9lTN7hy88JuWsaLn.MYbNcpGHTmn7atQdPpYnaDDFa','michal_baltzell@googlemail.com',NULL,NULL,NULL,'IS','',NULL,'2019-08-14 03:05:09',NULL,'2019-08-14 03:05:09',0,NULL,NULL,0,NULL,NULL,1,NULL),(491,'jeramy1853','$2y$10$.sMjA4p6FKPbHlhCkmc02.EyC4rkeNGceSI0VIaHCG0CNryLl5b2u','jeramyjenkinson@gmail.com',NULL,NULL,NULL,'NL','',NULL,'2019-08-14 03:34:29',NULL,'2019-08-14 03:34:30',0,NULL,NULL,0,NULL,NULL,1,NULL),(492,'mirta7074','$2y$10$iUzwiIw/qtxXu4oCVmFHYO.auvstga5xOYE39W3d83gH5U82/f2ui','mirtasteffen@aol.com',NULL,NULL,NULL,'NL','',NULL,'2019-08-14 03:39:39',NULL,'2019-08-14 03:39:40',0,NULL,NULL,0,NULL,NULL,1,NULL),(493,'harley19e9','$2y$10$/UO/UyU7HdRGw4HLBOkCJOYE6CQV3.SBpP9gMrAHSSuII1DWdI4um','harleymulkey@aol.com',NULL,NULL,NULL,'BY','',NULL,'2019-08-14 04:10:48',NULL,'2019-08-14 04:10:48',0,NULL,NULL,0,NULL,NULL,1,NULL),(494,'maxwellkir','$2y$10$5HTLvspoJUVZ.y1oXE4a7uFhA8b7402tF1CAJRYTcP/LUHQtZ2FKq','maxwellkirwan@gmail.com',NULL,NULL,NULL,'AT','',NULL,'2019-08-14 04:54:14',NULL,'2019-08-14 04:54:14',0,NULL,NULL,0,NULL,NULL,1,NULL),(495,'jesenia52i','$2y$10$Udf7phxk77YPuCURj7WTSO8Eg7jUE1dTA/E8Rc8mrdJhkDvULKvNa','jesenia.northmore@gmail.com',NULL,NULL,NULL,'PL','',NULL,'2019-08-14 05:07:18',NULL,'2019-08-14 05:07:19',0,NULL,NULL,0,NULL,NULL,1,NULL),(496,'archer30k6','$2y$10$34B8b07XyeNYfql5mmrA/uUNE.flAYlaxbUp791NDSB45g7PGZPf6','archerfergerson@zoho.com',NULL,NULL,NULL,'SE','',NULL,'2019-08-14 05:22:25',NULL,'2019-08-14 05:22:26',0,NULL,NULL,0,NULL,NULL,1,NULL),(497,'lucianabla','$2y$10$VkkaRrPOsJ6A0qavIedeKOE6g1xxXBFH7/.jGM3HOZZSyRtkhLezu','lucianablakely@yahoo.de',NULL,NULL,NULL,'NL','',NULL,'2019-08-14 05:44:20',NULL,'2019-08-14 05:44:21',0,NULL,NULL,0,NULL,NULL,1,NULL),(498,'karenxkc38','$2y$10$PAU0vLmVBX6422mJAsnBn.td3BSGD/64r4MS6/MnVDP1.o64ACd0q','karenharo@bigstring.com',NULL,NULL,NULL,'CH','',NULL,'2019-08-14 06:55:12',NULL,'2019-08-14 06:55:13',0,NULL,NULL,0,NULL,NULL,1,NULL),(499,'carmine386','$2y$10$qTLEdsnf4XSoIQ5Mjx/GP.1v2bwvXT8.DY1MGe43h4G979Pju7hyW','carminemelancon@gmx.de',NULL,NULL,NULL,'DE','',NULL,'2019-08-14 07:03:33',NULL,'2019-08-14 07:03:33',0,NULL,NULL,0,NULL,NULL,1,NULL),(500,'ramonitaki','$2y$10$3Izv/Mn4iTS6YCHiEiqjo.6iaPK7yqqA0EWPTo0t6Oaez23L7zepC','ramonita.kirch@gawab.com',NULL,NULL,NULL,'US','',NULL,'2019-08-14 10:17:06',NULL,'2019-08-14 10:17:07',0,NULL,NULL,0,NULL,NULL,1,NULL),(501,'jacklyngul','$2y$10$INxIpPv8AfxqSz7iVfMGLuLDdXjy8hU195TrAmuNeIRqXgEhIXGYm','jacklyngula@gmail.com',NULL,NULL,NULL,'FR','',NULL,'2019-08-14 10:18:27',NULL,'2019-08-14 10:18:27',0,NULL,NULL,0,NULL,NULL,1,NULL),(502,'reinaldon3','$2y$10$AJSnbOlu.hK0.ZwPToLOUuMf89GhwOVNW2obrYgt/85kb1ySbsjLi','reinaldo_westgarth@aol.com',NULL,NULL,NULL,'PL','',NULL,'2019-08-14 12:14:42',NULL,'2019-08-14 12:14:42',0,NULL,NULL,0,NULL,NULL,1,NULL),(503,'donald5418','$2y$10$tZTCdmFVDcWAsLUPM4fBYeedZb0ww/wUrAdDb/ahsZVT16lW.gXxy','donaldslade@aol.com',NULL,NULL,NULL,'NL','',NULL,'2019-08-14 13:02:42',NULL,'2019-08-14 13:02:42',0,NULL,NULL,0,NULL,NULL,1,NULL),(504,'jewellnick','$2y$10$FWl1pQVQ4GB/v0yQavV6VeVDq9eKBkiV1Ch43dsMzcf/9UIUkJ1Uu','jewell.nicklin@freenet.de',NULL,NULL,NULL,'US','',NULL,'2019-08-14 13:46:27',NULL,'2019-08-14 13:46:27',0,NULL,NULL,0,NULL,NULL,1,NULL),(505,'petergleas','$2y$10$2PsTE0r7B6vB6BaEp/bPQeAM8wqQuSDoHx7OTVIghH1eDm0RYleUG','petergleason@t-online.de',NULL,NULL,NULL,'IT','',NULL,'2019-08-14 14:31:14',NULL,'2019-08-14 14:31:14',0,NULL,NULL,0,NULL,NULL,1,NULL),(506,'jeannabjo7','$2y$10$ZUeu1q4MqCJ2417H8tL4..uwBAK6jKwbOWIxsFjsxfahFgp6zmpQm','jeannawashburn@gmail.com',NULL,NULL,NULL,'NL','',NULL,'2019-08-14 15:30:32',NULL,'2019-08-14 15:30:32',0,NULL,NULL,0,NULL,NULL,1,NULL),(507,'vonwilliam','$2y$10$s1d8cpDPw3hx1zCadk04Wux5IzYbXdxLcTjZcN0sLxKzo7QboeE0K','vonwilliamson@gmail.com',NULL,NULL,NULL,'FR','',NULL,'2019-08-14 16:38:01',NULL,'2019-08-14 16:38:02',0,NULL,NULL,0,NULL,NULL,1,NULL),(508,'tomokorina','$2y$10$MsPpMCA2djb4gX.i5tJwOOen2LH/AEnlpeS/g7PLQWQLccAJF8jP6','tomoko.rinaldi@gmail.com',NULL,NULL,NULL,'BE','',NULL,'2019-08-14 17:21:14',NULL,'2019-08-14 17:21:15',0,NULL,NULL,0,NULL,NULL,1,NULL),(509,'dick380425','$2y$10$zyaRJfJ5GVeSmoKfTdvNV.VnWZcNF870P6HeBwXKpwZ.qLoV6OfcS','dickgoss@aol.com',NULL,NULL,NULL,'NL','',NULL,'2019-08-14 18:36:19',NULL,'2019-08-14 18:36:19',0,NULL,NULL,0,NULL,NULL,1,NULL),(510,'karlgxw701','$2y$10$.TNKrvDmJITJ21Zt6z9eR.7VGpn/4kkjjFdMTVLJcOapbTJ3AYgae','karlbivins@vegemail.com',NULL,NULL,NULL,'AU','',NULL,'2019-08-14 21:38:26',NULL,'2019-08-14 21:38:26',0,NULL,NULL,0,NULL,NULL,1,NULL),(511,'jannmockri','$2y$10$ZtOT4w7bAeLQU1vNAGEFA./qMxtE4cPxVbSPbX0.NMJ.GVUeXBEpe','jannmockridge@gmail.com',NULL,NULL,NULL,'IT','',NULL,'2019-08-14 22:47:59',NULL,'2019-08-14 22:47:59',0,NULL,NULL,0,NULL,NULL,1,NULL),(512,'wolfgangec','$2y$10$tj8wda2K5hj5X66MpzqzPubanHOZtGqhcvGo58bBHgbF2DeuGzx/.','wolfgangeckert@gmail.com',NULL,NULL,NULL,'NO','',NULL,'2019-08-15 09:02:23',NULL,'2019-08-15 09:02:24',0,NULL,NULL,0,NULL,NULL,1,NULL),(513,'estri1106','$2y$10$/juagQ2M.2h0VwwVB2L2YukQ16fMfefxK08qQ92VeW8jC05/XthWK','estrinurul@gmail.com',NULL,NULL,NULL,'ID','',NULL,'2019-08-20 13:21:14',NULL,'2019-08-20 13:21:15',0,NULL,NULL,0,NULL,NULL,1,NULL),(514,'gavinralph','$2y$10$Fg2FA/Zq4tcu5JsPYjtbYe1GUezra4SgcbIEmyYjsDrAJ7uersRCG','gavinralph@zoho.com',NULL,NULL,NULL,'FR','',NULL,'2019-08-22 02:07:33',NULL,'2019-08-22 02:07:34',0,NULL,NULL,0,NULL,NULL,1,NULL),(515,'aliciafari','$2y$10$KmTgCLRmGgEBLS2J42xs3.WX1OTqVNEMagVB2sOxpw.nfAVZ.j1oi','aliciafarias@aol.com',NULL,NULL,NULL,'FR','',NULL,'2019-08-24 08:14:21',NULL,'2019-08-24 08:14:22',0,NULL,NULL,0,NULL,NULL,1,NULL),(516,'betinavill','$2y$10$cko1f9YYlP18f4fMwYCBz.Coki8NUFf7TxMF4bAmvvBsTWSHXIp5S','betinavilla@zoho.com',NULL,NULL,NULL,'DE','',NULL,'2019-08-24 14:53:09',NULL,'2019-08-24 14:53:09',0,NULL,NULL,0,NULL,NULL,1,NULL),(517,'uapmariana','$2y$10$lxKHV0VmFDUbiROZLEyS1uqodyYt7Khy8nL7jGbiiLp2n7rVogY6i','marianamendonca@aol.com',NULL,NULL,NULL,'FR','',NULL,'2019-08-27 21:58:25',NULL,'2019-08-27 21:58:25',0,NULL,NULL,0,NULL,NULL,1,NULL),(518,'clarissaca','$2y$10$/IdCHaeCjNxayY.ERSW.yuLgrrMQ74G77bwOY9kcK3E/YYOC0HwXy','clarissacaldeira@gmail.com',NULL,NULL,NULL,'BR','',NULL,'2019-08-28 20:22:13',NULL,'2019-08-28 20:22:13',0,NULL,NULL,0,NULL,NULL,1,NULL),(519,'michelldow','$2y$10$XImQ9jAVefjJxkiwIjUgJ.cpIeCZQt5qphUwt1lGvA.EdgMKDntSC','michelldowns@gmail.com',NULL,NULL,NULL,'AU','',NULL,'2019-08-28 22:10:59',NULL,'2019-08-28 22:11:00',0,NULL,NULL,0,NULL,NULL,1,NULL),(520,'patriciaca','$2y$10$YWhVwFuSWQTI65/Ihe3tLuShg1jA8V186IAlMzhpvL6kRZDHlqwyG','patricia_carvalho@gmail.com',NULL,NULL,NULL,'DE','',NULL,'2019-08-29 11:59:19',NULL,'2019-08-29 11:59:19',0,NULL,NULL,0,NULL,NULL,1,NULL),(521,'giovannaal','$2y$10$SG08ZWRvGUTwN5O/2N1Gs.ClWmec6F2OzHks/3x2mPeILbw86aiRW','giovannaalves@gmail.com',NULL,NULL,NULL,'AT','',NULL,'2019-08-29 14:24:18',NULL,'2019-08-29 14:24:18',0,NULL,NULL,0,NULL,NULL,1,NULL),(522,'albertom11','$2y$10$TG6xEVfZSn8WtiNdlhlpsuNwjOubohjp70SvOE/eQjU7Rf46HtNe6','albertotomas@gmail.com',NULL,NULL,NULL,'CH','',NULL,'2019-08-29 16:24:58',NULL,'2019-08-29 16:24:58',0,NULL,NULL,0,NULL,NULL,1,NULL),(523,'marylynlov','$2y$10$bHdGnWwNWl8F3sSio1EAYOuCvkNFaPtZnb7JlKeiA88pTAnl.l4Ba','marylynlovelace@gmail.com',NULL,NULL,NULL,'AT','',NULL,'2019-08-30 12:41:15',NULL,'2019-08-30 12:41:16',0,NULL,NULL,0,NULL,NULL,1,NULL),(524,'zaracornwe','$2y$10$KMERA.mUDP.pABchXhSVnOBBgG1BBPAn0//XiQXA51ypNkutvMSDS','zara_cornwell@web.de',NULL,NULL,NULL,'DE','',NULL,'2019-08-30 23:27:03',NULL,'2019-08-30 23:27:04',0,NULL,NULL,0,NULL,NULL,1,NULL),(525,'martaboyd','$2y$10$0v2/JOX8zHevd/WqJGtNGOhcHXUrOT4entHUYIEdriSoVoEVYFQgG','martaboyd@bigstring.com',NULL,NULL,NULL,'SE','',NULL,'2019-09-01 18:33:12',NULL,'2019-09-01 18:33:13',0,NULL,NULL,0,NULL,NULL,1,NULL),(526,'cathleenwe','$2y$10$aNCHGeZRvXtz1UyPrFGOO.756Pazc9fl4x8lLQT4fDGHmCc/gieOO','cathleenwertheim@gmail.com',NULL,NULL,NULL,'BE','',NULL,'2019-09-01 22:32:25',NULL,'2019-09-01 22:32:25',0,NULL,NULL,0,NULL,NULL,1,NULL),(527,'inezdonogh','$2y$10$TF.eEDoZ05gzpzvTIPKdEuHb4Ja2XJ00lrNjF9wZMBAT8i7OZBiXW','inez.donoghue@gmail.com',NULL,NULL,NULL,'SE','',NULL,'2019-09-02 06:51:01',NULL,'2019-09-02 06:51:01',0,NULL,NULL,0,NULL,NULL,1,NULL),(528,'stefanfela','$2y$10$i4NyEbF5J3VYmIhyLYILs.Yx4Ok.b5NykivD1BO4oAV7V4FOWzADi','stefan_felan@gmail.com',NULL,NULL,NULL,'FR','',NULL,'2019-09-02 21:54:06',NULL,'2019-09-02 21:54:07',0,NULL,NULL,0,NULL,NULL,1,NULL),(529,'maxinebrou','$2y$10$Xf5OILmrB8aHH.pVtN05TO87ulPBEEDbQ.2rC8NteRaySbTS5sXzy','maxinebroussard@web.de',NULL,NULL,NULL,'NO','',NULL,'2019-09-03 10:17:33',NULL,'2019-09-03 10:17:33',0,NULL,NULL,0,NULL,NULL,1,NULL),(530,'kucingkejepit','$2y$10$jFWyz9yK.LIxT..6A0fk8.QhLJxMysON8yire93IeHswws15P.9jK','nagixapay@doc-mail.net',NULL,NULL,NULL,'ID','',NULL,'2019-09-03 20:04:32',NULL,'2019-09-03 20:04:32',0,NULL,NULL,0,NULL,NULL,1,NULL),(531,'veldasachs','$2y$10$vtGGvzYmooCdBZlRjD4jYuaB5iuRbIle/nOzFXsPz2YRaBLnLDLia','veldasachse@bigstring.com',NULL,NULL,NULL,'NL','',NULL,'2019-09-04 02:40:39',NULL,'2019-09-04 02:40:39',0,NULL,NULL,0,NULL,NULL,1,NULL),(532,'imogene953','$2y$10$s0BAvuo8sqbVaDxgLdBa8etn38N1iWeBU7wiRdp5IQk9vVn2x6O72','imogenefaust@gmail.com',NULL,NULL,NULL,'AT','',NULL,'2019-09-17 17:37:44',NULL,'2019-09-17 17:37:44',0,NULL,NULL,0,NULL,NULL,1,NULL),(533,'ernestinam','$2y$10$LD4D.lLT7F9e/p4jWzKIE.XD4.OAxHY3g6otG9wla9NUBWhZ7gkZa','ernestinamcleish@gmail.com',NULL,NULL,NULL,'NL','',NULL,'2019-09-21 03:33:51',NULL,'2019-09-21 03:33:52',0,NULL,NULL,0,NULL,NULL,1,NULL),(534,'elenarhea','$2y$10$MwDSZB6bsJrzLWkESMrf4u8eWzEgMiKAP3sV5STRLxx4BLgW4u5Na','elena.rhea@zoho.com',NULL,NULL,NULL,'AU','',NULL,'2019-09-21 18:53:39',NULL,'2019-09-21 18:53:39',0,NULL,NULL,0,NULL,NULL,1,NULL),(535,'cliffharri','$2y$10$.HcQ.jLTArQ9gh4MbdHucOmz1vXqJ2C5gfNbaTInxZK/BYW9fI/Om','cliff.harriman@aol.com',NULL,NULL,NULL,'AU','',NULL,'2019-09-22 12:59:28',NULL,'2019-09-22 12:59:28',0,NULL,NULL,0,NULL,NULL,1,NULL),(536,'sarahmelo3','$2y$10$Yc3E8YOyMbIN.rUP3ziyJ.qyG4c/gJkzMpy172/QUUqZJP4pOalXa','sarah.melo@zoho.com',NULL,NULL,NULL,'AT','',NULL,'2019-09-23 01:39:03',NULL,'2019-09-23 01:39:03',0,NULL,NULL,0,NULL,NULL,1,NULL),(537,'aliciamend','$2y$10$CgcFR7UdbJU64bAVPF4tue8TtqSs3f3uSR6c0F7735HYR6t03rGLy','alicia_mendes@freenet.de',NULL,NULL,NULL,'IT','',NULL,'2019-09-23 13:10:48',NULL,'2019-09-23 13:10:49',0,NULL,NULL,0,NULL,NULL,1,NULL),(538,'samueltrak','$2y$10$eShX/fL0whs9Ut0775Ih/eu/1P042nFawt9TcdkzLPT0UZhqmz5dy','samueltraks@yahoo.com',NULL,NULL,NULL,'SM','',NULL,'2019-09-23 14:31:16',NULL,'2019-09-23 14:31:16',0,NULL,NULL,0,NULL,NULL,1,NULL),(539,'isabellame','$2y$10$XpQlKnKCdOKCxQEB1epmsuTY8u47oIfj0GQWXLwBAVtoJoXjNxubG','isabellamelo@gmail.com',NULL,NULL,NULL,'BE','',NULL,'2019-09-23 21:29:12',NULL,'2019-09-23 21:29:12',0,NULL,NULL,0,NULL,NULL,1,NULL),(540,'victorridl','$2y$10$wtlLRjrIEAmj87epmtVmWu1nqT2CiZtShBFGYtqN/MD9WDzZsZmwG','victorridley@gmail.com',NULL,NULL,NULL,'DE','',NULL,'2019-09-24 04:57:16',NULL,'2019-09-24 04:57:17',0,NULL,NULL,0,NULL,NULL,1,NULL),(541,'lorettaher','$2y$10$eg5doWQIePH9JNDYIq0.E.EazRr7pWQ3.fvN/LqNSELGkvzuczJM.','lorettaherrera@fastmail.fm',NULL,NULL,NULL,'US','',NULL,'2019-09-24 07:46:31',NULL,'2019-09-24 07:46:31',0,NULL,NULL,0,NULL,NULL,1,NULL),(542,'brunovilla','$2y$10$cB8GPuE7bxqaFIZN5p99VO3xVn.MwhryjNLQ4gXh6G1RUqUGlcnUC','brunovilla@aol.com',NULL,NULL,NULL,'AT','',NULL,'2019-09-24 14:17:03',NULL,'2019-09-24 14:17:04',0,NULL,NULL,0,NULL,NULL,1,NULL),(543,'marienetei','$2y$10$gi/.cyHQj2dexloiqDQC6OtKWQ3YC/pVhICRV78bsBUl8RjfoVuQa','marieneteixeira@gmail.com',NULL,NULL,NULL,'GB','',NULL,'2019-09-30 02:37:50',NULL,'2019-09-30 02:37:50',0,NULL,NULL,0,NULL,NULL,1,NULL),(544,'helenasouz','$2y$10$5Qw7U/NPMcwLGbe82tdUH.kPleTIUxwMEnd2aRpiSubWWCZEc6aZa','helena.souza@gmail.com',NULL,NULL,NULL,'AU','',NULL,'2019-10-03 11:06:58',NULL,'2019-10-03 11:06:59',0,NULL,NULL,0,NULL,NULL,1,NULL),(545,'laurinhalo','$2y$10$ACweTVx5p4DskTlAA1Rs3e.ICKaKaMnymrGQ973ld9P8f7Mnu0sr6','laurinhalopes@gmail.com',NULL,NULL,NULL,'CH','',NULL,'2019-10-03 15:00:33',NULL,'2019-10-03 15:00:33',0,NULL,NULL,0,NULL,NULL,1,NULL),(546,'lienamaral','$2y$10$7fjYv7wh9HqS1C0rHqUFUuYI.UKvLr13TnYJpdNaPtawMoUXEJebW','lien.amaral@gmail.com',NULL,NULL,NULL,'NL','',NULL,'2019-10-03 15:02:53',NULL,'2019-10-03 15:02:53',0,NULL,NULL,0,NULL,NULL,1,NULL),(547,'thiagor65','$2y$10$ytXJFmk7dV.Gd9TiHzfw3eptqrGr1SyN5yYP88K89h0iQFhxC5AUi','thiagopereira@gmail.com',NULL,NULL,NULL,'NL','',NULL,'2019-10-03 20:02:05',NULL,'2019-10-03 20:02:06',0,NULL,NULL,0,NULL,NULL,1,NULL),(548,'miquelhind','$2y$10$DD/eDTNURR4sfwa8y51/O.W.7GapFwBkT0ctZ/fMCclyoFaX0ylZe','miquelhindwood@gawab.com',NULL,NULL,NULL,'AT','',NULL,'2019-10-03 20:48:27',NULL,'2019-10-03 20:48:27',0,NULL,NULL,0,NULL,NULL,1,NULL),(549,'brunocastr','$2y$10$XyohbcxulhB4Jklttjf26eneUtIomsbwJ7/SfnZstU.NWpT63mDDK','brunocastro@gmail.com',NULL,NULL,NULL,'DK','',NULL,'2019-10-04 10:05:18',NULL,'2019-10-04 10:05:19',0,NULL,NULL,0,NULL,NULL,1,NULL),(550,'della99s86','$2y$10$PN0F2W3rhuHHECkdmSbYS.x1BycD1J9b6ZuLgk1SGCGoy.rCUqdTS','dellaaragon@gmail.com',NULL,NULL,NULL,'LU','',NULL,'2019-10-08 14:47:54',NULL,'2019-10-08 14:47:54',0,NULL,NULL,0,NULL,NULL,1,NULL),(551,'renatemack','$2y$10$Iyj049e5kYwHVM76ibUdM.Yb1MKpkhLkjf0pLBtylO1Ajph9fCfxO','renate_mack@gmail.com',NULL,NULL,NULL,'IS','',NULL,'2019-10-09 05:48:20',NULL,'2019-10-09 05:48:20',0,NULL,NULL,0,NULL,NULL,1,NULL),(552,'jamijxa533','$2y$10$5BjxF9R5nVF.CmFcIFi3EeNE4qAovj1Fv1cI33UwL0PQRektQ.3qq','jamiwalter@live.com',NULL,NULL,NULL,'US','',NULL,'2019-10-09 07:28:58',NULL,'2019-10-09 07:28:59',0,NULL,NULL,0,NULL,NULL,1,NULL),(553,'maximoleve','$2y$10$7XvDLWycQKbAxJjI6q66Qe3.LWtOfS99XDI5rWBNxgjOjl9gkCHBO','maximoleverette@mailsent.net',NULL,NULL,NULL,'IT','',NULL,'2019-10-09 18:47:52',NULL,'2019-10-09 18:47:52',0,NULL,NULL,0,NULL,NULL,1,NULL),(554,'carinelmor','$2y$10$vUI1yJYH70ZNYpyb33U14OED1bAWFsb.mm6YfmhpLC4g.wYFhkhmi','carinelmore@web.de',NULL,NULL,NULL,'IT','',NULL,'2019-10-12 02:34:42',NULL,'2019-10-12 02:34:42',0,NULL,NULL,0,NULL,NULL,1,NULL),(555,'rena04c419','$2y$10$32blQA8Qy07PezLIeguA6eJNkm1cWtoL.B48UxGGZ.rVhT5Jz78Ae','renamagana@gmx.de',NULL,NULL,NULL,'DE','',NULL,'2019-10-13 02:00:07',NULL,'2019-10-13 02:00:07',0,NULL,NULL,0,NULL,NULL,1,NULL),(556,'careywxr4','$2y$10$5dvhrHzMxUvE/Du46PCXp.H2cwdRoyewuBV4KDqmc3MtRELYfG0bS','careyhenn@gmail.com',NULL,NULL,NULL,'BE','',NULL,'2019-10-13 03:27:27',NULL,'2019-10-13 03:27:27',0,NULL,NULL,0,NULL,NULL,1,NULL),(557,'garlandk87','$2y$10$DnmZIYoI5HYZLX5Od7E1LOkAnXyyf13yoVqDj2JDmNxZYJRckGX1S','garlandblakey@snail-mail.net',NULL,NULL,NULL,'DK','',NULL,'2019-10-16 03:12:41',NULL,'2019-10-16 03:12:41',0,NULL,NULL,0,NULL,NULL,1,NULL),(558,'dennisaski','$2y$10$AzsPYuej3gLu/3PbV3ED/ueNhoX.j2AN8bgM6b51gJMtZMygFSokW','dennis.askins@gmail.com',NULL,NULL,NULL,'DK','',NULL,'2019-10-18 21:55:55',NULL,'2019-10-18 21:55:55',0,NULL,NULL,0,NULL,NULL,1,NULL),(559,'ririn','$2y$10$R85Xfp13mjoAnUJEr6FV7uyzdbXb7lkYlcej/4vM5pxBvUTw1IjOm','ririnwahyu22@gmail.com',NULL,'085643339959','','ID','',NULL,'2019-10-19 08:58:22',NULL,'2019-10-19 08:58:23',0,NULL,NULL,0,NULL,NULL,1,NULL),(560,'joodaviluc','$2y$10$zyDumC3FwhcXsAZz4ruM1e65MrATvdjsQIAlerz.zBaIVml5sp/kC','joodavilucasmoreira@t-online.de',NULL,NULL,NULL,'US','',NULL,'2019-10-20 06:01:23',NULL,'2019-10-20 06:01:23',0,NULL,NULL,0,NULL,NULL,1,NULL),(561,'natalie834','$2y$10$ZUZGaByq9QnvKGGwgJUkV.42rKu/YxCZtfKb9ymHnpeZ07qBCoZh6','natalieswinburne@mailas.com',NULL,NULL,NULL,'AU','',NULL,'2019-10-21 08:03:23',NULL,'2019-10-21 08:03:23',0,NULL,NULL,0,NULL,NULL,1,NULL),(562,'amanda3705','$2y$10$HSUn4E25/jMa40/q.57iIe2sRwAa1YjHddOJ95DJnuXMxvVAgQzOW','amandapinto@yahoo.com',NULL,NULL,NULL,'SE','',NULL,'2019-10-21 21:17:32',NULL,'2019-10-21 21:17:32',0,NULL,NULL,0,NULL,NULL,1,NULL),(563,'pedrothiag','$2y$10$9G5vtCRyTvdvr/EMpVvodOZmqr.wgZEAVjVdXM2e3kOkOxkKazT9.','pedrothiagoporto@yahoo.de',NULL,NULL,NULL,'FR','',NULL,'2019-10-22 07:16:45',NULL,'2019-10-22 07:16:45',0,NULL,NULL,0,NULL,NULL,1,NULL),(564,'gabriela99','$2y$10$UuU33KSWjvP6ucz8AKsqqelH3keR4tcIB8JX1vworVOecapM9170m','gabrielafrancis@gawab.com',NULL,NULL,NULL,'AU','',NULL,'2019-10-22 11:55:18',NULL,'2019-10-22 11:55:19',0,NULL,NULL,0,NULL,NULL,1,NULL),(565,'gbqisabell','$2y$10$4EcKQmMSrRTlGbgMhwnhbe6hKeCzAc7AVNJxcr/322wc3tAaaxQ3C','isabellaaraujo@zoho.com',NULL,NULL,NULL,'DE','',NULL,'2019-10-22 18:04:09',NULL,'2019-10-22 18:04:10',0,NULL,NULL,0,NULL,NULL,1,NULL),(566,'margiemaug','$2y$10$jaC3z66E3N42IDOnpt4ryOvOAEVff43D/6PY0/9w7qQ9OmVCaL5uS','margie_maughan@arcor.de',NULL,NULL,NULL,'DK','',NULL,'2019-10-23 04:54:29',NULL,'2019-10-23 04:54:29',0,NULL,NULL,0,NULL,NULL,1,NULL),(567,'juankirkho','$2y$10$LQ9yf65l2YuHfDCsQ7hrEO5Zeq0CAwjaJ8R0LBBvCQcjOHdRP5L/y','juankirkhope@gmail.com',NULL,NULL,NULL,'DE','',NULL,'2019-10-23 05:08:46',NULL,'2019-10-23 05:08:46',0,NULL,NULL,0,NULL,NULL,1,NULL),(568,'micahdumol','$2y$10$u3M2t4YtyABAdE444m.7leguOzrpLUdAVs5G.NzVoa6McOrfQ8toy','micah_dumolo@yahoo.com',NULL,NULL,NULL,'AU','',NULL,'2019-10-23 07:12:06',NULL,'2019-10-23 07:12:06',0,NULL,NULL,0,NULL,NULL,1,NULL),(569,'pedrocauso','$2y$10$o4PLbYHZJz..YG2vE2SeUuJEqnNBp3lVYAur5oTNys9RPYIhIytrS','pedrocausouza@gmx.de',NULL,NULL,NULL,'AT','',NULL,'2019-10-23 10:12:10',NULL,'2019-10-23 10:12:11',0,NULL,NULL,0,NULL,NULL,1,NULL),(570,'celsawinke','$2y$10$Xzn/BdwI5qSFoFqZ5W0PL./lnR/PvRR5fEi3Rel9jsIyVzxHoXK7e','celsa_winkel@gawab.com',NULL,NULL,NULL,'DE','',NULL,'2019-10-23 10:16:01',NULL,'2019-10-23 10:16:02',0,NULL,NULL,0,NULL,NULL,1,NULL),(571,'galechung','$2y$10$7exwUEa/paepXIxErfb23uqgoFZaZyDCaDRbwwgKy/rF6jfwJdMfe','galechung@whale-mail.com',NULL,NULL,NULL,'US','',NULL,'2019-10-23 11:39:47',NULL,'2019-10-23 11:39:48',0,NULL,NULL,0,NULL,NULL,1,NULL),(572,'moniqueper','$2y$10$O1HxD90uw67By0bVKgg50.mjMT7PuIWx2DcJLZf8DajHtINPDdTQS','monique_perez@yahoo.de',NULL,NULL,NULL,'PL','',NULL,'2019-10-23 11:44:35',NULL,'2019-10-23 11:44:35',0,NULL,NULL,0,NULL,NULL,1,NULL),(573,'thereseebe','$2y$10$c046m9aZAhV/rmFmGw480eLnbog6Je65TWsvar.FpVg2gX3VjuYYK','thereseebersbach@inbox.com',NULL,NULL,NULL,'NL','',NULL,'2019-10-24 15:42:41',NULL,'2019-10-24 15:42:41',0,NULL,NULL,0,NULL,NULL,1,NULL),(574,'vickygreen','$2y$10$O7oDrM9alTmklSQcVZ7GcOLqVYXlJu8xGB2myZlH2hqRQpJVJG2re','vickygreenberg@gmail.com',NULL,NULL,NULL,'DE','',NULL,'2019-10-24 15:47:22',NULL,'2019-10-24 15:47:23',0,NULL,NULL,0,NULL,NULL,1,NULL),(575,'emanuellyo','$2y$10$6Lmu7aEoyKEJgyWEXrrpg.fJtFcuSogOdWf0LoVXXgeycyczYeK46','emanuelly.oliveira@web.de',NULL,NULL,NULL,'CA','',NULL,'2019-10-24 17:28:56',NULL,'2019-10-24 17:28:56',0,NULL,NULL,0,NULL,NULL,1,NULL),(576,'mathiasfre','$2y$10$3oQKanHmrPn1IyUcKVh3w.OMZwVZxbUx.8TxYuQOG5w4aR9OK/e3q','mathiasfreese@bigstring.com',NULL,NULL,NULL,'FR','',NULL,'2019-10-24 21:58:18',NULL,'2019-10-24 21:58:18',0,NULL,NULL,0,NULL,NULL,1,NULL),(577,'monserrate','$2y$10$HcuK3BomEANaMsG1F7Q0ueMl2Tt75Jbh8qsas7NWRjxtHpl1.fwby','monserratesleigh@gmail.com',NULL,NULL,NULL,'AU','',NULL,'2019-10-25 00:42:56',NULL,'2019-10-25 00:42:57',0,NULL,NULL,0,NULL,NULL,1,NULL),(578,'eqkgabriel','$2y$10$VCnRPp7I9I3Y5O.LOiRcFudW2lQwBNBJ7.W0QtIQlQqAcH8g/K0fO','gabrielgranier@gmail.com',NULL,NULL,NULL,'DE','',NULL,'2019-10-25 08:29:53',NULL,'2019-10-25 08:29:53',0,NULL,NULL,0,NULL,NULL,1,NULL),(579,'amieharis6','$2y$10$sfH7z0GnnrFGs54bWhykbu/ujKdxzOs6Omd6qEfrgXBwr.7dosDJ6','amie_haris@gmail.com',NULL,NULL,NULL,'AU','',NULL,'2019-10-25 13:19:34',NULL,'2019-10-25 13:19:35',0,NULL,NULL,0,NULL,NULL,1,NULL),(580,'deloresgal','$2y$10$el1qQ8jBBF0hyu7RoUquDeYhTckXcUmYSzW2C9WH4Y40GFGavkJoS','deloresgall@web.de',NULL,NULL,NULL,'DE','',NULL,'2019-10-25 13:39:34',NULL,'2019-10-25 13:39:35',0,NULL,NULL,0,NULL,NULL,1,NULL),(581,'biancagued','$2y$10$AuBCKpOtWEM9YbtZ.8sp4e0Wcvr/w9P0/2pZFZ0BKlQofwAJB/dMO','bianca.guedes@gawab.com',NULL,NULL,NULL,'DK','',NULL,'2019-10-25 17:58:13',NULL,'2019-10-25 17:58:13',0,NULL,NULL,0,NULL,NULL,1,NULL),(582,'roslyndeci','$2y$10$.b6.Yii9MABOhUbOT0loDefIW2IB9ILc1Mz84uljMzpyu3YSj.ETK','roslyndecicco@googlemail.com',NULL,NULL,NULL,'IT','',NULL,'2019-10-25 18:08:25',NULL,'2019-10-25 18:08:25',0,NULL,NULL,0,NULL,NULL,1,NULL),(583,'miguelmend','$2y$10$LZyEm6//8GFzuq5736iNaugpLHdmDaYh5oKD9sodCk/PRFumHrMWO','miguelmendonca@postinbox.com',NULL,NULL,NULL,'FR','',NULL,'2019-11-01 14:01:56',NULL,'2019-11-01 14:01:57',0,NULL,NULL,0,NULL,NULL,1,NULL),(584,'pedroeduar','$2y$10$nKNOa.6GkTHpTFUfOcwF0eoJTdpg7ANYzZXICcdmQjwtYOyUsENwO','pedroeduardopereira@gmx.net',NULL,NULL,NULL,'DK','',NULL,'2019-11-01 23:19:45',NULL,'2019-11-01 23:19:45',0,NULL,NULL,0,NULL,NULL,1,NULL),(585,'pedrojoomi','$2y$10$QP4PK6e.bUSacL5O3VAvOeeGu.mqUNgCzKpa.mvY3rfFzzbeHTv36','pedrojoomiguel_rocha@gawab.com',NULL,NULL,NULL,'BE','',NULL,'2019-11-03 00:02:24',NULL,'2019-11-03 00:02:24',0,NULL,NULL,0,NULL,NULL,1,NULL),(586,'calvingibb','$2y$10$jl2lP.0BfjOY5yEy42RToeewh1ayN.Bq9T1rH5AXxGadzMGMVKRK2','calvingibbes@freenet.de',NULL,NULL,NULL,'CH','',NULL,'2019-11-03 10:46:33',NULL,'2019-11-03 10:46:33',0,NULL,NULL,0,NULL,NULL,1,NULL),(587,'brainreid9','$2y$10$fAz7EnVmGPlTfUoXDaotEuQPP4RZci4m8dzjwqUeamvfJuBWYiGLy','brainreid@hotmail.de',NULL,NULL,NULL,'US','',NULL,'2019-11-06 15:27:36',NULL,'2019-11-06 15:27:37',0,NULL,NULL,0,NULL,NULL,1,NULL),(588,'joovitor14','$2y$10$Ej42OElQdHWATzo4Wiv6pOkl5kLKmEPGfZOWlaOvnWDUudQuY5UXC','joovitormendes@freenet.de',NULL,NULL,NULL,'DK','',NULL,'2019-11-06 20:08:58',NULL,'2019-11-06 20:08:58',0,NULL,NULL,0,NULL,NULL,1,NULL),(589,'gmhharley','$2y$10$lsA./a3.ZI7.iW.2eZqVeuXWrUIsmouCI21yt7RmYogV5lBXeDnqC','harleyheffner@gmail.com',NULL,NULL,NULL,'BE','',NULL,'2019-11-06 21:25:52',NULL,'2019-11-06 21:25:53',0,NULL,NULL,0,NULL,NULL,1,NULL),(590,'joopedrohe','$2y$10$Q5JGaLAKNs2AZu9mDxMNWesIHd.QctunMQ47.vLE0qTw5w2Hw/ODi','joopedrohenriquepereira@gmail.com',NULL,NULL,NULL,'CA','',NULL,'2019-11-06 21:41:18',NULL,'2019-11-06 21:41:19',0,NULL,NULL,0,NULL,NULL,1,NULL),(591,'mariaanapo','$2y$10$rETp5gOHsGD1xWyfUKwLnu88rAOiYrvl97BqNAbTQgjZuAMJZ7aou','mariaanaporto@care2.com',NULL,NULL,NULL,'NL','',NULL,'2019-11-06 23:25:17',NULL,'2019-11-06 23:25:17',0,NULL,NULL,0,NULL,NULL,1,NULL),(592,'paulopedro','$2y$10$8t72tFThj1TF0bKInPeh9OZ9xOkTy1Y9prN2TacDwnQH052GwX8iW','paulopedrojesus@arcor.de',NULL,NULL,NULL,'AT','',NULL,'2019-11-07 01:49:34',NULL,'2019-11-07 01:49:34',0,NULL,NULL,0,NULL,NULL,1,NULL),(593,'marialavni','$2y$10$1oeMXjxm0JciB/r8NQhcCeerxpBRtyjG6026R6CW6O/xEqwIbdYHy','marialavniapeixoto@gmail.com',NULL,NULL,NULL,'AT','',NULL,'2019-11-07 02:57:41',NULL,'2019-11-07 02:57:41',0,NULL,NULL,0,NULL,NULL,1,NULL),(594,'pedrocaulo','$2y$10$5rVHS3lBso2hwHUt.W7EA.IcPUTiF9bzX6ox82F/wQChYJbSCI6gO','pedrocaulopes@care2.com',NULL,NULL,NULL,'NO','',NULL,'2019-11-07 03:10:51',NULL,'2019-11-07 03:10:51',0,NULL,NULL,0,NULL,NULL,1,NULL),(595,'jooluccaro','$2y$10$MtBZcmLtS1SEgRF8DI9m3eG17OjioMt5fCaNpjpH5183mJaWo0mCe','jooluccarocha@yahoo.de',NULL,NULL,NULL,'CA','',NULL,'2019-11-07 05:04:06',NULL,'2019-11-07 05:04:06',0,NULL,NULL,0,NULL,NULL,1,NULL),(596,'pedroleona','$2y$10$QnUXhMbQtDRqEY12rBke.OELky6pH.qYhyNSXPbGg1K4anmHvGFZG','pedroleonardo.silva@freenet.de',NULL,NULL,NULL,'FR','',NULL,'2019-11-07 05:56:47',NULL,'2019-11-07 05:56:48',0,NULL,NULL,0,NULL,NULL,1,NULL),(597,'mariaalice','$2y$10$HeeDS1h3221I5PdTKFqOvehVdqF56Jzvf9u7vQfGfReCpAZ7YOn1.','mariaaliceviana@arcor.de',NULL,NULL,NULL,'CH','',NULL,'2019-11-07 06:46:14',NULL,'2019-11-07 06:46:14',0,NULL,NULL,0,NULL,NULL,1,NULL),(598,'pedrojooez','$2y$10$Lfp2kmQzZ0Vduh08MViNDe8AggdXWJ4xHgYxYDJNA3H9kJI4sj/uu','pedrojoomartins@gmail.com',NULL,NULL,NULL,'AT','',NULL,'2019-11-07 09:17:05',NULL,'2019-11-07 09:17:05',0,NULL,NULL,0,NULL,NULL,1,NULL),(599,'giovannaca','$2y$10$mdaTmzs0KogsvEGer5YWxOe1FeJo3KYxOXEltICWYCwqhs1dc/dZe','giovannacampos@googlemail.com',NULL,NULL,NULL,'NL','',NULL,'2019-11-07 10:26:45',NULL,'2019-11-07 10:26:46',0,NULL,NULL,0,NULL,NULL,1,NULL),(600,'mariamaria','$2y$10$p3LzWhcY9r/0KW652qA8cuKmL0ParJw0v05PFEORtmhsmS2E/XbWO','mariamarialima@yahoo.com',NULL,NULL,NULL,'GB','',NULL,'2019-11-07 12:43:55',NULL,'2019-11-07 12:43:56',0,NULL,NULL,0,NULL,NULL,1,NULL),(601,'joolorenzo','$2y$10$Vr02vYJEy7slQ6/Ug7r6lOYIox41B3QvsRwVzKed5EsyRADCeKgQ2','joolorenzo.oliveira@zoho.com',NULL,NULL,NULL,'GB','',NULL,'2019-11-07 12:51:25',NULL,'2019-11-07 12:51:26',0,NULL,NULL,0,NULL,NULL,1,NULL),(602,'thomasvian','$2y$10$YPHWr5/I1C1rFU7NGQYUWOrmeI9elsDvCKMnXE5zP/NXh1gsqDLm.','thomasviana@arcor.de',NULL,NULL,NULL,'CH','',NULL,'2019-11-07 13:21:47',NULL,'2019-11-07 13:21:48',0,NULL,NULL,0,NULL,NULL,1,NULL),(603,'paulosamue','$2y$10$kNfLUALUFNFvY4ERcwgWsu4lxxjV37MWb8M.2TJZsXEngD0LHT.Ci','paulosamuelvieira@freenet.de',NULL,NULL,NULL,'NL','',NULL,'2019-11-07 13:42:11',NULL,'2019-11-07 13:42:12',0,NULL,NULL,0,NULL,NULL,1,NULL),(604,'theodasnev','$2y$10$e70RQup95uxxfZrTtntRl.IYMMpGH.0h.NfAhEGMw8wVr/nXFrPnC','theo.dasneves@bigstring.com',NULL,NULL,NULL,'FR','',NULL,'2019-11-07 14:08:41',NULL,'2019-11-07 14:08:42',0,NULL,NULL,0,NULL,NULL,1,NULL),(605,'ubgjoomuri','$2y$10$v4rOYKmhj3boz2YgS4wHOuzVDGukot33eqX0tW0KiXACOya6HK7cS','joomurilodias@gmail.com',NULL,NULL,NULL,'US','',NULL,'2019-11-07 16:43:39',NULL,'2019-11-07 16:43:40',0,NULL,NULL,0,NULL,NULL,1,NULL),(606,'joocaiofer','$2y$10$o4ORKDsx0BCkUE4aDBK9OOEN64x8gqPzP4fBH34EH/dHjH83jW/0.','joocaiofernandes@gmail.com',NULL,NULL,NULL,'AU','',NULL,'2019-11-07 17:02:06',NULL,'2019-11-07 17:02:07',0,NULL,NULL,0,NULL,NULL,1,NULL),(607,'wsbhenriqu','$2y$10$g.c34VR6PNqj66UQ596h9.XSDLHt1PM/qPRjT.68mxWdJf2uJ9FOa','henrique.novaes@gmail.com',NULL,NULL,NULL,'AD','',NULL,'2019-11-07 17:17:02',NULL,'2019-11-07 17:17:02',0,NULL,NULL,0,NULL,NULL,1,NULL),(608,'marialoren','$2y$10$UaGLN2kizhp/CjmXxKIPBufgy1vmnmgE2q6q11P078RfyJgrDNuUG','marialorenadamata@gmail.com',NULL,NULL,NULL,'US','',NULL,'2019-11-07 17:48:21',NULL,'2019-11-07 17:48:21',0,NULL,NULL,0,NULL,NULL,1,NULL),(609,'pedrolucca','$2y$10$5UOSXxtXhCmIWWPLz5MVL.6FdHnhoql4lT8vALnva7mAyx/SQwAbO','pedrolucca_damata@yahoo.com',NULL,NULL,NULL,'BE','',NULL,'2019-11-07 18:11:38',NULL,'2019-11-07 18:11:38',0,NULL,NULL,0,NULL,NULL,1,NULL),(610,'yasmin91g8','$2y$10$rUj7BNBPKMOpZqAodoZ93e7W0jFnJozBG1soaxAybyhz3LWB2rYdy','yasminmoraes@t-online.de',NULL,NULL,NULL,'IT','',NULL,'2019-11-07 18:41:16',NULL,'2019-11-07 18:41:17',0,NULL,NULL,0,NULL,NULL,1,NULL),(611,'marialaura','$2y$10$RAuKIFqP5cgZDNn65rx3AOzZfV4J/8uR6TO6x0HY2B6ORhMaAqR.u','marialaurapereira@gmx.net',NULL,NULL,NULL,'SE','',NULL,'2019-11-07 19:04:55',NULL,'2019-11-07 19:04:56',0,NULL,NULL,0,NULL,NULL,1,NULL),(612,'pedroantni','$2y$10$.beFmHQzXv1wH5AAHDx2FuUSgIrgbzoEeDF2PA8DjAxCEXkLX/jYy','pedroantniorezende@aol.com',NULL,NULL,NULL,'FR','',NULL,'2019-11-07 23:58:00',NULL,'2019-11-07 23:58:01',0,NULL,NULL,0,NULL,NULL,1,NULL),(613,'joobenjami','$2y$10$Fi0snrH1u2rJ/A.nTBGVZuR/R18pGkAkw/sxtpth3mDQiEXOZafx2','joobenjaminteixeira@zoho.com',NULL,NULL,NULL,'FR','',NULL,'2019-11-08 06:27:50',NULL,'2019-11-08 06:27:51',0,NULL,NULL,0,NULL,NULL,1,NULL),(614,'helenamend','$2y$10$ttbmCy6rcYWt4pVDkSLBO.xlILhD35VHo7UygYzcxHbT7VY7y3Ff.','helenamendes@t-online.de',NULL,NULL,NULL,'AT','',NULL,'2019-11-08 09:26:03',NULL,'2019-11-08 09:26:03',0,NULL,NULL,0,NULL,NULL,1,NULL),(615,'davilucasc','$2y$10$0qWAwv7Emehv8lEy8WW4ROg.8qzwkF9mp0q2xiERl/lYI3e5NwQCy','davilucasdaluz@hotmail.com',NULL,NULL,NULL,'GB','',NULL,'2019-11-08 13:32:19',NULL,'2019-11-08 13:32:19',0,NULL,NULL,0,NULL,NULL,1,NULL),(616,'marinamarq','$2y$10$0CMWyjLnc/H2h3DABnWvruCrJh6o93IyWaGxSdOIHv96LXeal81Ve','marinamarques@gawab.com',NULL,NULL,NULL,'SE','',NULL,'2019-11-08 13:47:55',NULL,'2019-11-08 13:47:55',0,NULL,NULL,0,NULL,NULL,1,NULL),(617,'pauloberna','$2y$10$Fg.KD2nysrnTSNSxvNlvLunTosR/A2cl3tb.GaTXFGWr0G1o1Yh/a','paulobernardo_castro@gmail.com',NULL,NULL,NULL,'AU','',NULL,'2019-11-08 14:30:17',NULL,'2019-11-08 14:30:17',0,NULL,NULL,0,NULL,NULL,1,NULL),(618,'marianicol','$2y$10$A7thETY1q1iXiN5cWMrrVeK1x9hsYZXAUqwVKTTLXnNlgaNwHnEke','marianicolegonalves@gmail.com',NULL,NULL,NULL,'DE','',NULL,'2019-11-08 15:04:13',NULL,'2019-11-08 15:04:14',0,NULL,NULL,0,NULL,NULL,1,NULL),(619,'joopedromo','$2y$10$lSdnp9hPSQH0RnVYSVU2..b4tQ/tx4GZR1buGPxdRU86u3glE7YBK','joopedromoreira@zoho.com',NULL,NULL,NULL,'BE','',NULL,'2019-11-08 17:19:56',NULL,'2019-11-08 17:19:56',0,NULL,NULL,0,NULL,NULL,1,NULL),(620,'mariamanue','$2y$10$BPoPqBgPBB1tMCSC520Sc..wEoJ78e9DxfXoCHEVWDsHYrkr6SMai','mariamanuelaalmeida@inbox.com',NULL,NULL,NULL,'NL','',NULL,'2019-11-08 18:50:35',NULL,'2019-11-08 18:50:36',0,NULL,NULL,0,NULL,NULL,1,NULL),(621,'pedromathe','$2y$10$ckFbLIE70r/KpzYIxJKYn.lUpjnm8R3tmhEjZF7Sx9oBEqKkac1/C','pedromatheusfernandes@mailhaven.com',NULL,NULL,NULL,'CH','',NULL,'2019-11-08 19:40:14',NULL,'2019-11-08 19:40:14',0,NULL,NULL,0,NULL,NULL,1,NULL),(622,'murilodaro','$2y$10$wyEBrz7eQf2sz8cNNXt1VeZAywEy990/qnZtHInBEJILypiOV4lNi','murilodarosa@gmx.net',NULL,NULL,NULL,'AT','',NULL,'2019-11-08 19:57:48',NULL,'2019-11-08 19:57:48',0,NULL,NULL,0,NULL,NULL,1,NULL),(623,'rafaelacar','$2y$10$EC2.nMVjybu4.5NksEGn0eXcG.iGPYC816ZbVtI0Gcxdef6wdM1vC','rafaela.carvalho@hotmail.de',NULL,NULL,NULL,'AT','',NULL,'2019-11-08 22:30:38',NULL,'2019-11-08 22:30:38',0,NULL,NULL,0,NULL,NULL,1,NULL),(624,'catarinamo','$2y$10$hA57RJFNa3/vh0skh5jtheKEyOkes1fO8WpOjVVEfWr1tbX5ysohW','catarinamoraes@gmail.com',NULL,NULL,NULL,'IT','',NULL,'2019-11-09 04:24:33',NULL,'2019-11-09 04:24:33',0,NULL,NULL,0,NULL,NULL,1,NULL),(625,'larissatkc','$2y$10$0qfeYSwwv0yf8rxKD5sBA.RcVKQNViauCMb/bDUW6sovNM95flaTC','larissa.mendes@zoho.com',NULL,NULL,NULL,'DE','',NULL,'2019-11-09 04:58:54',NULL,'2019-11-09 04:58:54',0,NULL,NULL,0,NULL,NULL,1,NULL),(626,'isaacgomes','$2y$10$WsM/dzWRzI2TtTo7TgBBKuunBaFYxvaHx/cn.WRcSeA/75aomCv5G','isaacgomes@googlemail.com',NULL,NULL,NULL,'SE','',NULL,'2019-11-09 07:24:48',NULL,'2019-11-09 07:24:48',0,NULL,NULL,0,NULL,NULL,1,NULL),(627,'benciodamo','$2y$10$3etdhli1mMv88A7yXXR34eVPUoQeBXS1sNWE9OhsjF2QJxyCkM1wG','bencio.damota@arcor.de',NULL,NULL,NULL,'TL','',NULL,'2019-11-09 08:23:14',NULL,'2019-11-09 08:23:14',0,NULL,NULL,0,NULL,NULL,1,NULL),(628,'paulolucca','$2y$10$mG2HzZekzLcDWn8gfN23d.4yS8qdQUzfk/f8yoscziH53ycSTWtWy','paulolucca_martins@arcor.de',NULL,NULL,NULL,'FR','',NULL,'2019-11-09 08:43:20',NULL,'2019-11-09 08:43:20',0,NULL,NULL,0,NULL,NULL,1,NULL),(629,'jooarthurm','$2y$10$lqWGc.Vt3BknV4NA9bFcHeuXaIPLiskhMQ3EJOvtr3OcyWjE7VZXm','jooarthur.mendes@arcor.de',NULL,NULL,NULL,'DE','',NULL,'2019-11-09 09:19:11',NULL,'2019-11-09 09:19:11',0,NULL,NULL,0,NULL,NULL,1,NULL),(630,'paulodanie','$2y$10$M1pE5hwZdKWd88cMWn5pVe9DAqcic8SvHKccdfVcn950vjfsOMVsC','paulodanieljesus@yahoo.com',NULL,NULL,NULL,'NL','',NULL,'2019-11-09 09:34:53',NULL,'2019-11-09 09:34:54',0,NULL,NULL,0,NULL,NULL,1,NULL),(631,'larissadac','$2y$10$Xe4QT3BM7179Rfv/2nupx.JAd.C2.YYLWpiOwLkNYR9DRn0C2xnqm','larissadacruz@gmail.com',NULL,NULL,NULL,'BR','',NULL,'2019-11-09 10:07:42',NULL,'2019-11-09 10:07:42',0,NULL,NULL,0,NULL,NULL,1,NULL),(632,'joofrancis','$2y$10$GeJ8GpP7HQSSWiSMozOLBeGuIawoq//7uQfXWaDZnHGIEK9BuelKe','joofrancisco_fernandes@zoho.com',NULL,NULL,NULL,'BE','',NULL,'2019-11-09 14:13:36',NULL,'2019-11-09 14:13:36',0,NULL,NULL,0,NULL,NULL,1,NULL),(633,'pauloantni','$2y$10$8RsOXVDcF1umJQcSY9SchueNZzImbMpN.IKwO/pTQn8Y6ioBXhi7.','pauloantnio.cardoso@arcor.de',NULL,NULL,NULL,'NO','',NULL,'2019-11-09 15:24:58',NULL,'2019-11-09 15:24:59',0,NULL,NULL,0,NULL,NULL,1,NULL),(634,'paulogabri','$2y$10$WnlOjN3MeFt999vS1TSJY.dUsPQGzjt1AhvjSrzBimw2uz9fgsaSW','paulogabriel_carvalho@hotmail.com',NULL,NULL,NULL,'AU','',NULL,'2019-11-09 17:04:19',NULL,'2019-11-09 17:04:19',0,NULL,NULL,0,NULL,NULL,1,NULL),(635,'biancacost','$2y$10$LmDYMzG36BovAxFngwvB4OdnSA5yunagmvsviolqeLhqZcjjdD54W','biancacosta@gmx.de',NULL,NULL,NULL,'AU','',NULL,'2019-11-09 19:12:01',NULL,'2019-11-09 19:12:01',0,NULL,NULL,0,NULL,NULL,1,NULL),(636,'lorriquino','$2y$10$7n3YuWvL8/b9uhlxjA9n/eX8gjiGg3Oz7RkHjSgNY/hUnMuKR8kz6','lorriquinonez@gmail.com',NULL,NULL,NULL,'AU','',NULL,'2019-11-10 01:27:22',NULL,'2019-11-10 01:27:23',0,NULL,NULL,0,NULL,NULL,1,NULL),(637,'jooenzogab','$2y$10$jHJctb.V.VzXd0eao5oxZeEbEg.SR2u1f9ZRwrzUp3LFgHHbOA.42','jooenzogabriel_dasneves@yahoo.com',NULL,NULL,NULL,'CH','',NULL,'2019-11-10 08:01:27',NULL,'2019-11-10 08:01:28',0,NULL,NULL,0,NULL,NULL,1,NULL),(638,'candidapaz','$2y$10$DVj/OqCvxFRBaEo5mjjO1eJ4fK08IkpWJcVUpLmRWJLck1GYn6U9q','candida_paz@gmail.com',NULL,NULL,NULL,'AU','',NULL,'2019-11-10 11:51:57',NULL,'2019-11-10 11:51:58',0,NULL,NULL,0,NULL,NULL,1,NULL),(639,'mariaemanu','$2y$10$mgujVNgaPkJdrph3fYTh9O3rerodrmJgQ8/NJ4Txv1EqeAjHUcTWC','mariaemanuellyarago@gawab.com',NULL,NULL,NULL,'FR','',NULL,'2019-11-10 12:42:07',NULL,'2019-11-10 12:42:07',0,NULL,NULL,0,NULL,NULL,1,NULL),(640,'paulovitor','$2y$10$c6rFDp3BSXyHi.GVOdUbmOz2.29n4FfDCIMNOHOcRpz3bkEW57TI.','paulovitorvieira@gmail.com',NULL,NULL,NULL,'BE','',NULL,'2019-11-11 01:05:50',NULL,'2019-11-11 01:05:51',0,NULL,NULL,0,NULL,NULL,1,NULL),(641,'tatiktrisnowati','$2y$10$Jg6.SjWKWSNAkQUc3ZckkOvvoJobRU1ssVmeHJyaYPkD0PMbg.utO','tatiktris@akperinsada.ac.id',NULL,NULL,NULL,'ID','',NULL,'2019-11-11 09:17:41',NULL,'2019-11-11 09:17:42',0,NULL,NULL,0,NULL,NULL,1,NULL),(642,'emanuellyr','$2y$10$y7zedPAnrW8ArW5i9XUsgubJBraodXLG3GBPX.mOXeESOzYfb2ge.','emanuellyribeiro@bigstring.com',NULL,NULL,NULL,'FR','',NULL,'2019-11-11 19:42:25',NULL,'2019-11-11 19:42:25',0,NULL,NULL,0,NULL,NULL,1,NULL),(643,'joobernard','$2y$10$4qASVA8rqNLyUKOELrrdg.jW9GeNU9s3NL0VmJc5.3XagiiLONpn2','joobernardogomes@aol.com',NULL,NULL,NULL,'IT','',NULL,'2019-11-22 01:18:48',NULL,'2019-11-22 01:18:48',0,NULL,NULL,0,NULL,NULL,1,NULL),(644,'jlia327415','$2y$10$k8gFX7su11WKhJAVzB8NYuN4Jus9Mf/B7xalmL09yRK6CwX83FWsy','jliadacunha@live.com',NULL,NULL,NULL,'PW','',NULL,'2019-11-22 06:06:05',NULL,'2019-11-22 06:06:05',0,NULL,NULL,0,NULL,NULL,1,NULL),(645,'paulodavil','$2y$10$8gwuO4XaqBFG8VN3b4k/jODNeBr0R3q1g55QCzrYaMPjCKJgJK1vi','paulodaviluccagomes@gmail.com',NULL,NULL,NULL,'NL','',NULL,'2019-11-22 06:46:44',NULL,'2019-11-22 06:46:44',0,NULL,NULL,0,NULL,NULL,1,NULL),(646,'jooheitora','$2y$10$3DfrEMRsGtnlvnLX.Av0DOUv07tH7U8PCXK55ffQz5tFoEm79stJG','jooheitorarajo@bigstring.com',NULL,NULL,NULL,'DE','',NULL,'2019-11-22 10:36:50',NULL,'2019-11-22 10:36:50',0,NULL,NULL,0,NULL,NULL,1,NULL),(647,'joocau73n','$2y$10$R7YP2RFGB0pA8wtaYRDX2eCMXBi8uGTYAyaFyfRIbw8FnX.ZxGwkm','joocaudacruz@gmx.de',NULL,NULL,NULL,'US','',NULL,'2019-11-23 09:27:59',NULL,'2019-11-23 09:27:59',0,NULL,NULL,0,NULL,NULL,1,NULL),(648,'paulovicen','$2y$10$GsBciyQa61kC3KaeUsdbNerfB/1bYDeItgKsnqeKXrhJ7U5dmeGUC','paulovicente.novaes@gmail.com',NULL,NULL,NULL,'AT','',NULL,'2019-11-23 09:55:20',NULL,'2019-11-23 09:55:21',0,NULL,NULL,0,NULL,NULL,1,NULL),(649,'paulothiag','$2y$10$b9oSB6yQz6AfJNfXIum1M.ruVQwtmssYVm8eIjS340P5OXxFkBKAK','paulothiagodarocha@t-online.de',NULL,NULL,NULL,'AU','',NULL,'2019-11-23 10:59:40',NULL,'2019-11-23 10:59:40',0,NULL,NULL,0,NULL,NULL,1,NULL),(650,'thomasrodr','$2y$10$ge195TG2DS9/9v39F6LnHega7N2qcM9IJ3ANdnn8p/5aQpkAWvWHq','thomasrodrigues@gmail.com',NULL,NULL,NULL,'AT','',NULL,'2019-11-23 11:15:09',NULL,'2019-11-23 11:15:09',0,NULL,NULL,0,NULL,NULL,1,NULL),(651,'joogustavo','$2y$10$mgeuJnqSDgh0ZdF2sdHmsObI44GX7YuWCXdM/Q4qLvJcsJgHKzq0i','joogustavo.darosa@web.de',NULL,NULL,NULL,'DK','',NULL,'2019-11-23 12:15:17',NULL,'2019-11-23 12:15:17',0,NULL,NULL,0,NULL,NULL,1,NULL),(652,'jootheojes','$2y$10$NeP6IG1mqBG3r2vAaQHt1e3cT0jHTR7riHYmovChdOJDjBSuAifv6','jootheojesus@freenet.de',NULL,NULL,NULL,'SE','',NULL,'2019-11-23 14:37:59',NULL,'2019-11-23 14:38:00',0,NULL,NULL,0,NULL,NULL,1,NULL),(653,'theodaroch','$2y$10$7Yw00y5Td5QFGPzea/Dn.OTQl88ZtOTRsdE/rB6NIHW4Pj4AnJbO.','theo_darocha@gmail.com',NULL,NULL,NULL,'AT','',NULL,'2019-11-23 14:57:23',NULL,'2019-11-23 14:57:23',0,NULL,NULL,0,NULL,NULL,1,NULL),(654,'joojooluca','$2y$10$.cYgQ/ic7pRnJIOCjgaVe.Gnz89skq0jzZOZdBDj7Ci62/G0oUHKG','joojoolucascavalcanti@gmail.com',NULL,NULL,NULL,'ST','',NULL,'2019-11-23 15:09:16',NULL,'2019-11-23 15:09:16',0,NULL,NULL,0,NULL,NULL,1,NULL),(655,'joogabriel','$2y$10$K76GDNUL4cVCLPSAQjxtweogjiU8zKEX5D5QLi.8Wy6DoxDBy5v6O','joogabriel_nunes@aol.com',NULL,NULL,NULL,'AT','',NULL,'2019-11-23 15:16:33',NULL,'2019-11-23 15:16:34',0,NULL,NULL,0,NULL,NULL,1,NULL),(656,'mariaanacl','$2y$10$6szLoyMQnrXsuARjrtY.J.4B8ew.tG1ln8lXhFFFVinu3y./QBaRa','mariaanaclara.vieira@bigstring.com',NULL,NULL,NULL,'GB','',NULL,'2019-11-23 15:25:57',NULL,'2019-11-23 15:25:58',0,NULL,NULL,0,NULL,NULL,1,NULL),(657,'ialthomas','$2y$10$wbKiXvZyVJA.XKacNvUf9.19ha1DGoeLOe4phFDJ5dhgs0HrCDyS6','thomasnovaes@arcor.de',NULL,NULL,NULL,'IT','',NULL,'2019-11-23 15:33:37',NULL,'2019-11-23 15:33:37',0,NULL,NULL,0,NULL,NULL,1,NULL),(658,'pedrothoma','$2y$10$VbOBbcrQuheLUqdkdggZzePhAlEuQL0nmji7mvDflpiMv.2VZh9W6','pedrothomas.fernandes@arcor.de',NULL,NULL,NULL,'NL','',NULL,'2019-11-23 15:45:12',NULL,'2019-11-23 15:45:12',0,NULL,NULL,0,NULL,NULL,1,NULL),(659,'pauloisaac','$2y$10$.j9AevLzMqGj/SPUS9R.iuG9BaKzXtXQ0bFfq4y5dEUKSn/PgBzUm','pauloisaac.mendes@freenet.de',NULL,NULL,NULL,'NI','',NULL,'2019-11-23 16:04:48',NULL,'2019-11-23 16:04:48',0,NULL,NULL,0,NULL,NULL,1,NULL),(660,'joojoaquim','$2y$10$O7LgXGoUDZb3bpVOsVt56ejEgz52OLkjQSnzIwvUcfbezOmxq/0wO','joojoaquimmendes@inbox.com',NULL,NULL,NULL,'PN','',NULL,'2019-11-23 17:28:42',NULL,'2019-11-23 17:28:42',0,NULL,NULL,0,NULL,NULL,1,NULL),(661,'vicentedas','$2y$10$DCVrOUYgSbozsj99PSe/4OeIqSB3FOL.0l9BTEpW2u86WOXFjjsz.','vicentedasneves@gawab.com',NULL,NULL,NULL,'IT','',NULL,'2019-11-24 06:52:19',NULL,'2019-11-24 06:52:19',0,NULL,NULL,0,NULL,NULL,1,NULL),(662,'pedrodavil','$2y$10$8oDnus2JFR5zYgQIJ5br2.y1w767dWlgSsc0hbB7dDaYUOz7nhDgm','pedrodaviluccagonalves@inbox.com',NULL,NULL,NULL,'IT','',NULL,'2019-11-24 17:50:38',NULL,'2019-11-24 17:50:38',0,NULL,NULL,0,NULL,NULL,1,NULL),(663,'joobenciop','$2y$10$WNS8PBSmzpoOkzXVNWgRjejvmc1mwcIlriMubvMrs09Y0v1fgF0OC','joobencioporto@gmail.com',NULL,NULL,NULL,'DE','',NULL,'2019-11-24 18:06:16',NULL,'2019-11-24 18:06:17',0,NULL,NULL,0,NULL,NULL,1,NULL),(664,'lorenadacr','$2y$10$aZSe31c2d/7VFQzgveq19uLtPzEZwWWM.JlKLO6Hrc7z/o0qPg3fq','lorenadacruz@letterboxes.org',NULL,NULL,NULL,'AT','',NULL,'2019-11-24 18:32:09',NULL,'2019-11-24 18:32:10',0,NULL,NULL,0,NULL,NULL,1,NULL),(665,'pedrojoope','$2y$10$QNRENqNzZAwSXf5NeiZWDuRbFDLnaD1BXfBNDY2FBKN7S0KUzIyiq','pedrojoopedro_oliveira@inbox.com',NULL,NULL,NULL,'AU','',NULL,'2019-11-24 18:57:05',NULL,'2019-11-24 18:57:05',0,NULL,NULL,0,NULL,NULL,1,NULL),(666,'mariavitri','$2y$10$KU1TSUB2axPUVeuDBu.DNO4sc798SQp2GLDrtEOyj3HOI5NLYqWsO','mariavitriarocha@gawab.com',NULL,NULL,NULL,'DE','',NULL,'2019-11-24 20:52:26',NULL,'2019-11-24 20:52:26',0,NULL,NULL,0,NULL,NULL,1,NULL),(667,'marianaalm','$2y$10$gskyGe4dxDSBCDzuUt74guxTPN03CVva/k09NiYpq.rJaBLjTCyAS','mariana.almeida@aol.com',NULL,NULL,NULL,'AT','',NULL,'2019-11-24 21:13:29',NULL,'2019-11-24 21:13:29',0,NULL,NULL,0,NULL,NULL,1,NULL),(668,'paulohenri','$2y$10$OxPr3ZUuWfNfg6ilzS8wnOCZYw4u/l2kWgWKOd7q1XVXi6M6j4mvi','paulohenrique_barbosa@arcor.de',NULL,NULL,NULL,'AT','',NULL,'2019-11-24 23:11:41',NULL,'2019-11-24 23:11:41',0,NULL,NULL,0,NULL,NULL,1,NULL),(669,'paulojoori','$2y$10$t0aKt4V78uTrdUniMvJlqeIX1bf1qDk0ulIiEOZgUxn7HpMaoGg7e','paulojooribeiro@freenet.de',NULL,NULL,NULL,'US','',NULL,'2019-11-25 01:33:42',NULL,'2019-11-25 01:33:43',0,NULL,NULL,0,NULL,NULL,1,NULL),(670,'paulorafae','$2y$10$boirJfbwAwpSAy0n9LVq/.RhSIwOy0EM3u1Sz6odLXvaEs7QstpYi','paulorafael_porto@zoho.com',NULL,NULL,NULL,'AL','',NULL,'2019-11-25 20:20:27',NULL,'2019-11-25 20:20:27',0,NULL,NULL,0,NULL,NULL,1,NULL),(671,'joolucasca','$2y$10$xHtrh/roib22enFN43.5nerZPY8H3QSucT6A48yQFPuk6hzj3ZFM2','joolucascavalcanti@gmail.com',NULL,NULL,NULL,'BR','',NULL,'2019-11-25 22:19:21',NULL,'2019-11-25 22:19:22',0,NULL,NULL,0,NULL,NULL,1,NULL),(672,'jooeduardo','$2y$10$pZ6QzCLjW2DVFioNqa3E.u8sUkpm2ycW7GAzKkEuff6szeTvZjImO','jooeduardo_castro@arcor.de',NULL,NULL,NULL,'NL','',NULL,'2019-11-25 22:40:13',NULL,'2019-11-25 22:40:13',0,NULL,NULL,0,NULL,NULL,1,NULL),(673,'ghnmariaes','$2y$10$9gpo61UGArX0XsPI6oG3hupJ1xNGH4DNHGIJbeEExWBMLSV/nh7PO','mariaesther.carvalho@care2.com',NULL,NULL,NULL,'US','',NULL,'2019-11-25 23:04:13',NULL,'2019-11-25 23:04:13',0,NULL,NULL,0,NULL,NULL,1,NULL),(674,'tatiktris','$2y$10$sNmtI1h0ib5vzLAha5ELTuojetFzv04y921oMexanDrlMR5vWB80y','tatiktris12@gmail.com',NULL,NULL,NULL,'ID','',NULL,'2020-05-12 12:28:44',NULL,'2020-05-12 12:28:44',0,NULL,NULL,0,NULL,NULL,1,NULL),(675,'irnakartina','$2y$10$QAvCr7pE7o3P8cWDQiz2FOI9KiTZZtZnMXRbadacdPjhltDjb8hqC','irnakartinakh@gmail.com',NULL,NULL,NULL,'ID','',NULL,'2020-06-19 05:16:20',NULL,'2020-06-19 05:16:20',0,NULL,NULL,0,NULL,NULL,1,NULL),(676,'kustiningsih','$2y$10$PuRzR/XfzLMcteoEgnUDdOQYB29yM0buNEOtZGmDqZbo4AixSpT6.','kustiningsih_ning@yahoo.com',NULL,NULL,NULL,'ID','',NULL,'2020-07-03 13:07:16',NULL,'2020-07-03 13:07:17',0,NULL,NULL,0,NULL,NULL,1,NULL),(677,'gou_79h','$2y$10$qYWuezTqqx01TzfimVBbf.SAq5L3gPc8fr.bBUo1nHmImfnXR19n6','koj@gmail.com',NULL,NULL,NULL,'AS','',NULL,'2020-07-19 12:17:15',NULL,'2020-09-04 21:40:26',0,NULL,NULL,0,NULL,NULL,1,NULL),(678,'p0','$2y$10$GQEd3PzpLXGBPVIVzDk.8ejW8Lc.GTfwg5JGkhSxdhjd45NtrCwLa','z@gmail.com',NULL,NULL,NULL,'DZ','',NULL,'2020-09-04 21:39:43',NULL,'2020-09-04 21:39:43',0,NULL,NULL,0,NULL,NULL,1,NULL),(679,'k','$2y$10$ZrPV43.sbahr4ZFWMKEaBeL1m2vYEqwzhXWyerPFEHG217TJAMw/2','kontol@gmail.com',NULL,NULL,NULL,'AS','',NULL,'2020-09-04 21:41:29',NULL,'2020-09-04 21:43:08',0,NULL,NULL,0,NULL,NULL,1,NULL),(680,'koo','$2y$10$qI2E0NFcPxHMLsm7sKydMOpGXKvPC.K3OBDOmpaLa/biHOzrKT2zu','konttol@gmail.com',NULL,NULL,NULL,'AI','',NULL,'2020-09-04 21:42:44',NULL,'2020-09-04 21:42:45',0,NULL,NULL,0,NULL,NULL,1,NULL),(681,'opx','$2y$10$9KHqSr21lXMjoQA3kBDxIOgd/WcNhCJQ8uN/blfPz65VcD//XuFb2','kkontol@gmail.com',NULL,NULL,NULL,'AQ','',NULL,'2020-09-04 21:43:52',NULL,'2020-09-04 21:45:04',0,NULL,NULL,0,NULL,NULL,1,NULL),(682,'chou','$2y$10$oedUHuOzi9fmkEHsQQT59u0rXJuz5yC/FS2iw20g2rwksZ16I2hDa','pierrkun@gmail.com',NULL,NULL,NULL,'AI','',NULL,'2020-09-04 21:46:45',NULL,'2020-09-04 21:46:46',0,NULL,NULL,0,NULL,NULL,1,NULL),(683,'aezakmi','$2y$10$uJGylaHgKRJNoKCuPyson.gTeUD6WPrIah80avnv.Q6pZpghxhYHa','dfyf@gmail.com',NULL,NULL,NULL,'AI','',NULL,'2020-10-03 23:56:41',NULL,'2020-10-13 02:57:24',0,NULL,NULL,0,NULL,NULL,1,NULL),(684,'xdadev','$2y$10$RpE6yGLt85qOXadX91fuFOAKLrb43vjK7Foq4SLwkKeu1Z7Oproia','aditya.willy27@gmail.com',NULL,NULL,NULL,'AO','',NULL,'2020-10-03 23:58:15',NULL,'2020-10-03 23:58:15',0,NULL,NULL,0,NULL,NULL,1,NULL),(685,'marsaid','$2y$10$3qwgRK0jA7OQPHOeIs0Qwu1S8PNDqSO8JmFA4IfhDmfBJvR6noT6q','marsaidsaid411@gmail.com',NULL,NULL,NULL,'ID','',NULL,'2020-10-06 08:53:47',NULL,'2020-10-09 21:32:44',0,NULL,NULL,0,NULL,NULL,1,NULL),(686,'adasad','$2y$10$1TmcPoafxY6xEqh5.gGNlOgBp/y4t6PN5C7tkYEBFGShlh0aSRknW','dadauya404@gmail.com',NULL,NULL,NULL,'GT','',NULL,'2020-11-12 00:10:49',NULL,'2020-11-12 00:10:49',0,NULL,NULL,0,NULL,NULL,1,NULL),(687,'sriwahyuni_88','$2y$10$yd2DkpLtmldvxrtGyl0C3OJ6Akm2WaNdu.SMx.B7lMIHZL98OUom6','sriwahyunijayus@gmail.com',NULL,NULL,NULL,'ID','',NULL,'2020-11-20 14:13:01',NULL,'2020-11-20 14:13:02',0,NULL,NULL,0,NULL,NULL,1,NULL),(688,'jyunding','$2y$10$/bBFJbSPgqc89m7FpCpJCOSQK4sH.igXshITPIhGur3.KbKWnaEzG','yundingj@unsulbar.ac.id',NULL,NULL,NULL,'ID','',NULL,'2020-12-07 14:45:34',NULL,'2020-12-07 14:45:34',0,NULL,NULL,0,NULL,NULL,1,NULL),(689,'ikawijayanti','$2y$10$Q82JCoeLeFsEb.e18mTkyurewfSEdwdyRu0Jhy9mL72ccwCYhHJfu','ika.midwifery@gmail.com',NULL,NULL,NULL,'ID','',NULL,'2020-12-15 11:36:56',NULL,'2020-12-29 03:24:04',0,NULL,NULL,0,NULL,NULL,1,NULL),(690,'roisulx','$2y$10$P1xZMwrP2kZD8GMI8o.x9.hJJTVHE/bc8qogUgwk3L5mHtkBk6Gre','kang.roisul@gmail.com',NULL,NULL,NULL,'AS','',NULL,'2021-01-22 15:25:40',NULL,'2021-01-22 15:44:31',0,NULL,NULL,0,NULL,NULL,1,NULL),(691,'sulaeman','$2y$10$BfZ5StsjNswBSJKKDjoXPOK7UpZYKNxYLG5IHwOolBm1N75FB9TZW','sulaemansidrap92@gmail.com',NULL,'','','ID','',NULL,'2021-03-01 10:27:14',NULL,'2021-03-01 10:27:14',0,NULL,NULL,0,NULL,NULL,1,NULL),(692,'test123','$2y$10$Q7luL/bCawcPZsrolOdb6ug.DvFumDz5enc8r.ajHVkvW21xAwIUe','gopressxploits@gmail.com',NULL,NULL,NULL,'AF','',NULL,'2021-06-06 20:14:29',NULL,'2021-06-06 20:14:29',0,NULL,NULL,0,NULL,NULL,1,NULL),(693,'karno','$2y$10$O1E4zN4NN87DNiFV80chaetg9HDNWtNrGOTVT1ZRQ9bcZIh/59jX2','andikabintang11@gmail.com',NULL,NULL,NULL,'CA','',NULL,'2021-06-23 23:59:54',NULL,'2021-06-23 23:59:54',0,NULL,NULL,0,NULL,NULL,1,NULL),(694,'zygans','$2y$10$BspJ1tumBbE2RqoDZoG5.uUYajT9t/l1brcd8ktr7MROfl4bXrHAq','uwu@uwu.com',NULL,NULL,NULL,'AS','',NULL,'2021-07-03 23:17:35',NULL,'2021-07-03 23:18:08',0,NULL,NULL,0,NULL,NULL,1,NULL),(695,'senpai','$2y$10$Nk3iTSB8n3/5KLUuVGnleeyDVIK5o9CjFbE7WnmGttIVRFmWz6JWG','Tes@tes.tes',NULL,NULL,NULL,'AL','',NULL,'2021-08-30 15:04:35',NULL,'2021-08-30 15:04:35',0,NULL,NULL,0,NULL,NULL,1,NULL),(696,'shalhop','$2y$10$4EodsaV/SjgsMiMnedGxp.cvaXVMnE8eTiei4mGYNxUUapZ0tJaja','mhmedhasaneen@gmail.com',NULL,NULL,NULL,'AF','',NULL,'2021-11-27 11:40:25',NULL,'2021-11-27 11:40:25',0,NULL,NULL,0,NULL,NULL,1,NULL),(697,'agnes','$2y$10$G0aon.w7kRSXDsSEBdnhXevtsrzkJgMx62aLlaRgaklNDEFxcc.wG','agnessriharti@yahoo.com','','','','ID','',NULL,'2022-02-09 13:50:09',NULL,'2022-02-09 13:55:21',0,NULL,NULL,0,NULL,NULL,1,''),(698,'ida','$2y$10$epnhCAVYd5xguckeh6iYUeA1S36X7j4l4iEQtNrAPvhFrQqbeem.i','idauntari@yahoo.co.id','','','','ID','',NULL,'2022-02-09 13:53:17',NULL,'2022-02-09 13:54:59',0,NULL,NULL,0,NULL,NULL,1,''),(699,'dwi_ariani','$2y$10$6/JscklFZHYR0LfSjod78.9jhB2c3Y2Fa.Eb8PD1/MxIBE6JR.rCa','dwiariani1971@gmail.com','','','','ID','',NULL,'2022-03-01 08:44:20',NULL,'2022-03-09 11:45:34',0,NULL,NULL,0,NULL,NULL,1,NULL);

--
-- Table structure for table `versions`
--

CREATE TABLE `versions` (
  `major` int(11) NOT NULL DEFAULT 0,
  `minor` int(11) NOT NULL DEFAULT 0,
  `revision` int(11) NOT NULL DEFAULT 0,
  `build` int(11) NOT NULL DEFAULT 0,
  `date_installed` datetime NOT NULL,
  `current` tinyint(4) NOT NULL DEFAULT 0,
  `product_type` varchar(30) DEFAULT NULL,
  `product` varchar(30) DEFAULT NULL,
  `product_class_name` varchar(80) DEFAULT NULL,
  `lazy_load` tinyint(4) NOT NULL DEFAULT 0,
  `sitewide` tinyint(4) NOT NULL DEFAULT 0,
  UNIQUE KEY `versions_pkey` (`product_type`,`product`,`major`,`minor`,`revision`,`build`)
) ENGINE=MyISAM DEFAULT CHARSET=latin1;

--
-- Dumping data for table `versions`
--

INSERT INTO `versions` VALUES (1,0,0,0,'2016-06-29 15:21:06',1,'plugins.auth','ldap','',0,0),(1,0,0,0,'2016-06-29 15:21:06',1,'plugins.blocks','donation','DonationBlockPlugin',1,0),(1,0,0,0,'2016-06-29 15:21:06',1,'plugins.blocks','help','HelpBlockPlugin',1,0),(1,0,0,0,'2016-06-29 15:21:06',1,'plugins.blocks','information','InformationBlockPlugin',1,0),(1,0,0,0,'2016-06-29 15:21:06',1,'plugins.blocks','role','RoleBlockPlugin',1,0),(1,0,0,0,'2016-06-29 15:21:06',1,'plugins.blocks','notification','NotificationBlockPlugin',1,0),(1,0,0,0,'2016-06-29 15:21:06',1,'plugins.blocks','authorBios','AuthorBiosBlockPlugin',1,0),(1,0,0,0,'2016-06-29 15:21:06',1,'plugins.blocks','navigation','NavigationBlockPlugin',1,0),(1,0,0,0,'2016-06-29 15:21:06',0,'plugins.blocks','subscription','SubscriptionBlockPlugin',1,0),(1,0,0,0,'2016-06-29 15:21:06',1,'plugins.blocks','relatedItems','RelatedItemsBlockPlugin',1,0),(1,0,0,0,'2016-06-29 15:21:06',1,'plugins.blocks','user','UserBlockPlugin',1,0),(1,0,0,0,'2016-06-29 15:21:06',1,'plugins.blocks','readingTools','ReadingToolsBlockPlugin',1,0),(1,0,0,0,'2016-06-29 15:21:06',1,'plugins.blocks','keywordCloud','KeywordCloudBlockPlugin',1,0),(1,0,0,0,'2016-06-29 15:21:06',1,'plugins.blocks','developedBy','DevelopedByBlockPlugin',1,0),(1,0,0,0,'2016-06-29 15:21:06',1,'plugins.blocks','languageToggle','LanguageToggleBlockPlugin',1,0),(1,0,0,0,'2016-06-29 15:21:06',1,'plugins.blocks','fontSize','FontSizeBlockPlugin',1,0),(1,0,0,0,'2018-05-09 22:05:31',0,'plugins.generic','orcidProfile','OrcidProfilePlugin',1,0),(1,0,0,0,'2018-05-09 22:05:31',1,'plugins.generic','recommendByAuthor','RecommendByAuthorPlugin',1,1),(1,0,0,0,'2018-05-09 22:05:31',1,'plugins.generic','htmlArticleGalley','HtmlArticleGalleyPlugin',1,0),(1,0,0,0,'2018-05-09 22:05:31',1,'plugins.generic','lensGalley','LensGalleyPlugin',1,0),(1,0,0,0,'2018-05-09 22:05:31',1,'plugins.generic','googleScholar','GoogleScholarPlugin',1,0),(1,2,0,0,'2018-05-09 22:05:31',1,'plugins.generic','openAIRE','OpenAIREPlugin',1,0),(1,0,0,0,'2016-06-29 15:21:06',1,'plugins.gateways','resolver','',0,0),(1,0,0,0,'2016-06-29 15:21:06',1,'plugins.gateways','metsGateway','',0,0),(1,0,0,0,'2016-06-29 15:21:06',1,'plugins.generic','customLocale','CustomLocalePlugin',1,0),(1,0,0,0,'2016-06-29 15:21:06',1,'plugins.generic','roundedCorners','RoundedCornersPlugin',1,0),(1,0,0,0,'2016-06-29 15:21:06',1,'plugins.generic','tinymce','TinyMCEPlugin',1,0),(1,0,0,0,'2016-06-29 15:21:06',1,'plugins.generic','webFeed','WebFeedPlugin',1,0),(1,0,0,0,'2016-06-29 15:21:06',1,'plugins.generic','sehl','SehlPlugin',1,0),(1,0,0,0,'2016-06-29 15:21:06',1,'plugins.generic','sword','SwordPlugin',1,0),(1,0,0,0,'2016-06-29 15:21:07',1,'plugins.generic','googleAnalytics','GoogleAnalyticsPlugin',1,0),(1,0,0,0,'2016-06-29 15:21:07',1,'plugins.generic','translator','TranslatorPlugin',1,1),(1,0,0,0,'2016-06-29 15:21:07',1,'plugins.generic','openAds','OpenAdsPlugin',1,0),(1,0,0,0,'2016-06-29 15:21:07',1,'plugins.generic','coins','CoinsPlugin',1,0),(1,0,0,0,'2016-06-29 15:21:07',1,'plugins.generic','phpMyVisites','PhpMyVisitesPlugin',1,0),(1,1,0,0,'2016-06-29 15:21:07',1,'plugins.generic','counter','CounterPlugin',1,1),(1,0,0,0,'2016-06-29 15:21:07',1,'plugins.generic','xmlGalley','XmlGalleyPlugin',1,0),(1,0,0,0,'2016-06-29 15:21:07',1,'plugins.generic','referral','ReferralPlugin',1,0),(1,0,0,0,'2016-06-29 15:21:07',1,'plugins.generic','booksForReview','BooksForReviewPlugin',1,0),(1,0,0,0,'2016-06-29 15:21:07',1,'plugins.generic','thesis','ThesisPlugin',1,0),(1,2,0,0,'2016-06-29 15:21:07',1,'plugins.generic','staticPages','StaticPagesPlugin',1,0),(1,0,0,0,'2016-06-29 15:21:07',0,'plugins.generic','openAIRE','OpenAIREPlugin',1,0),(1,0,0,0,'2016-06-29 15:21:07',1,'plugins.generic','thesisFeed','ThesisFeedPlugin',1,0),(1,0,0,0,'2016-06-29 15:21:07',1,'plugins.generic','externalFeed','ExternalFeedPlugin',1,0),(1,1,0,0,'2016-06-29 15:21:07',0,'plugins.generic','customBlockManager','CustomBlockManagerPlugin',1,0),(1,0,0,0,'2016-06-29 15:21:07',1,'plugins.generic','announcementFeed','AnnouncementFeedPlugin',1,0),(1,0,0,0,'2016-06-29 15:21:07',1,'plugins.implicitAuth','shibboleth','',0,1),(1,0,0,0,'2016-06-29 15:21:07',1,'plugins.importexport','quickSubmit','',0,0),(1,0,0,0,'2016-06-29 15:21:07',1,'plugins.importexport','mets','',0,0),(1,0,0,0,'2016-06-29 15:21:07',1,'plugins.importexport','pubmed','',0,0),(1,1,0,0,'2016-06-29 15:21:07',0,'plugins.importexport','crossref','',0,0),(1,0,0,0,'2016-06-29 15:21:07',1,'plugins.importexport','users','',0,0),(1,0,0,0,'2016-06-29 15:21:07',0,'plugins.importexport','doaj','',0,0),(1,0,0,0,'2016-06-29 15:21:07',1,'plugins.importexport','erudit','',0,0),(1,0,0,0,'2016-06-29 15:21:07',1,'plugins.importexport','native','',0,0),(1,0,0,0,'2016-06-29 15:21:07',1,'plugins.oaiMetadataFormats','marcxml','',0,0),(1,0,0,0,'2016-06-29 15:21:07',1,'plugins.oaiMetadataFormats','dc','',0,0),(1,0,0,0,'2016-06-29 15:21:07',1,'plugins.oaiMetadataFormats','nlm','',0,0),(1,0,0,0,'2016-06-29 15:21:07',1,'plugins.oaiMetadataFormats','marc','',0,0),(1,0,0,0,'2016-06-29 15:21:07',1,'plugins.oaiMetadataFormats','rfc1807','',0,0),(1,0,0,0,'2016-06-29 15:21:07',1,'plugins.paymethod','manual','',0,0),(1,0,0,0,'2016-06-29 15:21:07',1,'plugins.paymethod','paypal','',0,0),(1,0,0,0,'2016-06-29 15:21:07',1,'plugins.reports','reviews','',0,0),(1,0,0,0,'2016-06-29 15:21:07',1,'plugins.reports','subscriptions','',0,0),(1,0,0,0,'2016-06-29 15:21:07',1,'plugins.reports','articles','',0,0),(1,0,0,0,'2016-06-29 15:21:07',1,'plugins.reports','views','',0,0),(1,0,0,0,'2016-06-29 15:21:07',1,'plugins.themes','classicNavy','',0,0),(1,0,0,0,'2016-06-29 15:21:07',1,'plugins.themes','classicBrown','',0,0),(1,0,0,0,'2016-06-29 15:21:07',1,'plugins.themes','redbar','',0,0),(1,0,0,0,'2016-06-29 15:21:07',1,'plugins.themes','lilac','',0,0),(1,0,0,0,'2016-06-29 15:21:07',1,'plugins.themes','classicBlue','',0,0),(1,0,0,0,'2016-06-29 15:21:07',1,'plugins.themes','vanilla','',0,0),(1,0,0,0,'2016-06-29 15:21:07',1,'plugins.themes','classicGreen','',0,0),(1,0,0,0,'2016-06-29 15:21:07',1,'plugins.themes','classicRed','',0,0),(1,0,0,0,'2016-06-29 15:21:07',1,'plugins.themes','night','',0,0),(1,0,0,0,'2016-06-29 15:21:07',1,'plugins.themes','uncommon','',0,0),(1,0,0,0,'2016-06-29 15:21:07',1,'plugins.themes','desert','',0,0),(1,0,0,0,'2016-06-29 15:21:07',1,'plugins.themes','custom','',0,0),(1,0,0,0,'2016-06-29 15:21:07',1,'plugins.themes','steel','',0,0),(2,3,8,0,'2016-06-29 15:21:03',0,'core','ojs2','',0,1),(1,0,0,0,'2018-05-09 22:01:34',1,'plugins.metadata','mods34','',0,0),(1,0,0,0,'2018-05-09 22:01:34',1,'plugins.metadata','openurl10','',0,0),(1,0,0,0,'2018-05-09 22:01:34',1,'plugins.metadata','dc11','',0,0),(1,0,0,0,'2018-05-09 22:01:34',1,'plugins.metadata','nlm30','',0,0),(1,0,0,0,'2018-05-09 22:01:35',1,'plugins.citationLookup','isbndb','',0,0),(1,0,0,0,'2018-05-09 22:01:35',0,'plugins.citationLookup','crossref','',0,0),(1,0,0,0,'2018-05-09 22:01:35',1,'plugins.citationLookup','worldcat','',0,0),(1,0,0,0,'2018-05-09 22:01:35',1,'plugins.citationLookup','pubmed','',0,0),(1,0,0,0,'2018-05-09 22:05:31',1,'plugins.blocks','makeSubmission','MakeSubmissionBlockPlugin',1,0),(1,1,0,0,'2018-05-09 22:05:31',1,'plugins.blocks','subscription','SubscriptionBlockPlugin',1,0),(1,0,0,0,'2018-05-09 22:01:35',1,'plugins.citationParser','freecite','',0,0),(1,0,0,0,'2018-05-09 22:01:35',1,'plugins.citationParser','parscit','',0,0),(1,0,0,0,'2018-05-09 22:01:35',1,'plugins.citationParser','paracite','',0,0),(1,0,0,0,'2018-05-09 22:01:35',1,'plugins.citationParser','regex','',0,0),(1,0,0,0,'2018-05-09 22:01:35',1,'plugins.generic','objectsForReview','ObjectsForReviewPlugin',1,1),(1,0,0,0,'2018-05-09 22:01:35',1,'plugins.generic','browse','BrowsePlugin',1,0),(1,0,0,0,'2018-05-09 22:01:35',1,'plugins.generic','usageStats','UsageStatsPlugin',0,1),(1,1,1,0,'2018-05-09 22:01:35',1,'plugins.generic','dataverse','DataversePlugin',1,0),(1,2,0,0,'2018-05-09 22:01:35',1,'plugins.generic','pln','PLNPlugin',1,0),(1,0,0,0,'2018-05-09 22:01:35',1,'plugins.generic','lucene','LucenePlugin',1,1),(1,0,0,0,'2018-05-09 22:01:35',1,'plugins.generic','googleViewer','GoogleViewerPlugin',1,0),(1,0,0,0,'2018-05-09 22:01:35',1,'plugins.generic','backup','BackupPlugin',1,0),(1,1,0,0,'2018-05-09 22:01:35',0,'plugins.generic','openAIRE','OpenAIREPlugin',1,0),(1,0,0,0,'2018-05-09 22:01:35',1,'plugins.generic','usageEvent','',0,0),(1,0,0,0,'2018-05-09 22:01:35',1,'plugins.generic','stopForumSpam','StopForumSpamPlugin',1,0),(1,0,0,0,'2018-05-09 22:01:35',0,'plugins.generic','pdfJsViewer','PdfJsViewerPlugin',1,0),(1,0,0,0,'2018-05-09 22:01:35',1,'plugins.generic','driver','DRIVERPlugin',1,0),(1,1,0,0,'2018-05-09 22:01:35',0,'plugins.generic','acron','AcronPlugin',1,1),(1,0,0,0,'2018-05-09 22:01:35',1,'plugins.generic','piwik','PiwikPlugin',1,0),(1,0,0,0,'2018-05-09 22:01:35',1,'plugins.importexport','pubIds','',0,0),(1,0,0,0,'2018-05-09 22:01:35',0,'plugins.importexport','medra','',0,0),(1,0,0,0,'2018-05-09 22:01:35',0,'plugins.importexport','datacite','',0,0),(1,0,0,0,'2018-05-09 22:01:35',1,'plugins.importexport','duracloud','',0,0),(1,0,0,0,'2018-05-09 22:01:35',1,'plugins.pubIds','doi','DOIPubIdPlugin',1,0),(1,0,0,0,'2018-05-09 22:01:35',1,'plugins.pubIds','urn','URNPubIdPlugin',1,0),(1,0,0,0,'2018-05-09 22:01:35',1,'plugins.reports','timedViewReport','',0,0),(1,1,0,0,'2018-05-09 22:01:35',1,'plugins.reports','counterReport','',0,0),(1,0,0,0,'2018-05-09 22:01:35',1,'plugins.themes','blueSteel','',0,0),(2,4,8,3,'2018-05-09 22:01:16',0,'core','ojs2','',0,1),(1,2,0,0,'2018-05-09 22:05:31',1,'plugins.generic','acron','AcronPlugin',1,1),(1,2,0,0,'2018-05-09 22:05:31',1,'plugins.generic','customBlockManager','CustomBlockManagerPlugin',1,0),(0,1,0,0,'2018-05-09 22:05:31',1,'plugins.generic','citationStyleLanguage','CitationStyleLanguagePlugin',1,0),(1,0,0,0,'2018-05-09 22:05:31',1,'plugins.generic','dublinCoreMeta','DublinCoreMetaPlugin',1,0),(2,1,0,0,'2018-05-09 22:05:31',1,'plugins.importexport','crossref','',0,0),(1,1,0,0,'2018-05-09 22:05:31',1,'plugins.importexport','doaj','',0,0),(2,0,0,0,'2018-05-09 22:05:31',1,'plugins.importexport','medra','',0,0),(2,0,0,0,'2018-05-09 22:05:31',1,'plugins.importexport','datacite','',0,0),(2,0,0,0,'2018-05-09 22:05:31',1,'plugins.reports','reviewReport','',0,0),(1,0,0,0,'2018-05-09 22:05:31',1,'plugins.reports','usageStats','',0,0),(1,0,0,0,'2018-05-09 22:05:31',1,'plugins.themes','default','DefaultThemePlugin',1,0),(3,1,1,0,'2018-05-09 22:05:15',0,'core','ojs2','',0,1),(1,0,0,0,'2020-02-11 16:17:32',1,'plugins.blocks','browse','BrowseBlockPlugin',1,0),(1,0,1,0,'2020-02-11 16:17:32',1,'plugins.generic','pdfJsViewer','PdfJsViewerPlugin',1,0),(1,1,1,1,'2020-02-11 16:17:32',1,'plugins.generic','orcidProfile','OrcidProfilePlugin',1,0),(3,1,2,4,'2020-02-11 16:17:29',1,'core','ojs2','',0,1),(1,1,4,0,'2021-02-14 22:26:50',1,'plugins.themes','bootstrap3','BootstrapThreeThemePlugin',0,0),(1,1,0,0,'2021-02-14 23:11:34',1,'plugins.themes','healthSciences','HealthSciencesThemePlugin',1,0),(1,0,3,1,'2021-02-18 20:53:10',1,'plugins.themes','defaultManuscript','DefaultManuscriptChildThemePlugin',1,0),(1,0,0,0,'2021-02-18 21:08:45',1,'plugins.themes','manuscript-jats','ManuscriptJats',0,0);


