-- Table structure for table `mutex`
--

CREATE TABLE `mutex` (
  `i` tinyint(4) NOT NULL,
  PRIMARY KEY (`i`)
) ENGINE=MyISAM DEFAULT CHARSET=latin1;

--
-- Dumping data for table `mutex`
--

INSERT INTO `mutex` VALUES (0),(1),(2),(3),(4),(5),(6),(7),(8),(9);

--
-- Table structure for table `navigation_menu_item_assignment_settings`
--

CREATE TABLE `navigation_menu_item_assignment_settings` (
  `navigation_menu_item_assignment_id` bigint(20) NOT NULL,
  `locale` varchar(14) NOT NULL DEFAULT '',
  `setting_name` varchar(255) NOT NULL,
  `setting_value` text DEFAULT NULL,
  `setting_type` varchar(6) NOT NULL,
  UNIQUE KEY `navigation_menu_item_assignment_settings_pkey` (`navigation_menu_item_assignment_id`,`locale`,`setting_name`),
  KEY `assignment_settings_navigation_menu_item_assignment_id` (`navigation_menu_item_assignment_id`)
) ENGINE=MyISAM DEFAULT CHARSET=latin1;

--
-- Dumping data for table `navigation_menu_item_assignment_settings`
--

INSERT INTO `navigation_menu_item_assignment_settings` VALUES (16,'en_US','title','Register','string'),(17,'en_US','title','Login','string'),(18,'en_US','title','{$loggedInUsername}','string'),(19,'en_US','title','Dashboard','string'),(20,'en_US','title','View Profile','string'),(21,'en_US','title','Administration','string'),(22,'en_US','title','Logout','string'),(0,'en_US','title','Contact','string');

--
-- Table structure for table `navigation_menu_item_assignments`
--

CREATE TABLE `navigation_menu_item_assignments` (
  `navigation_menu_item_assignment_id` bigint(20) NOT NULL AUTO_INCREMENT,
  `navigation_menu_id` bigint(20) NOT NULL,
  `navigation_menu_item_id` bigint(20) NOT NULL,
  `parent_id` bigint(20) DEFAULT NULL,
  `seq` bigint(20) DEFAULT 0,
  PRIMARY KEY (`navigation_menu_item_assignment_id`)
) ENGINE=MyISAM AUTO_INCREMENT=61 DEFAULT CHARSET=latin1;

--
-- Dumping data for table `navigation_menu_item_assignments`
--

INSERT INTO `navigation_menu_item_assignments` VALUES (52,1,7,3,6),(50,1,5,3,4),(48,1,4,3,2),(51,1,6,3,5),(49,1,1,3,3),(47,1,3,0,1),(46,1,2,0,0),(53,2,8,0,0),(55,2,10,0,2),(57,2,12,11,4),(59,2,14,11,6),(54,2,9,0,1),(56,2,11,0,3),(58,2,13,11,5),(60,2,15,11,7),(16,3,17,0,0),(17,3,18,0,1),(18,3,19,0,2),(19,3,20,19,0),(20,3,21,19,1),(21,3,22,19,2),(22,3,23,19,3);

--
-- Table structure for table `navigation_menu_item_settings`
--

CREATE TABLE `navigation_menu_item_settings` (
  `navigation_menu_item_id` bigint(20) NOT NULL,
  `locale` varchar(14) NOT NULL DEFAULT '',
  `setting_name` varchar(255) NOT NULL,
  `setting_value` text DEFAULT NULL,
  `setting_type` varchar(6) NOT NULL,
  UNIQUE KEY `navigation_menu_item_settings_pkey` (`navigation_menu_item_id`,`locale`,`setting_name`),
  KEY `navigation_menu_item_settings_navigation_menu_id` (`navigation_menu_item_id`)
) ENGINE=MyISAM DEFAULT CHARSET=latin1;

--
-- Dumping data for table `navigation_menu_item_settings`
--

INSERT INTO `navigation_menu_item_settings` VALUES (1,'','titleLocaleKey','navigation.register','string'),(1,'en_US','title','Register','string'),(2,'','titleLocaleKey','navigation.login','string'),(2,'en_US','title','Login','string'),(3,'','titleLocaleKey','{$loggedInUsername}','string'),(3,'en_US','title','{$loggedInUsername}','string'),(4,'','titleLocaleKey','navigation.dashboard','string'),(4,'en_US','title','Dashboard','string'),(5,'','titleLocaleKey','common.viewProfile','string'),(5,'en_US','title','View Profile','string'),(6,'','titleLocaleKey','navigation.admin','string'),(6,'en_US','title','Administration','string'),(7,'','titleLocaleKey','user.logOut','string'),(7,'en_US','title','Logout','string'),(8,'','titleLocaleKey','navigation.current','string'),(8,'en_US','title','Current','string'),(9,'','titleLocaleKey','navigation.archives','string'),(9,'en_US','title','Archives','string'),(10,'','titleLocaleKey','manager.announcements','string'),(10,'en_US','title','Announcements','string'),(11,'','titleLocaleKey','navigation.about','string'),(11,'en_US','title','About','string'),(12,'','titleLocaleKey','about.aboutContext','string'),(12,'en_US','title','About the Journal','string'),(13,'','titleLocaleKey','about.submissions','string'),(13,'en_US','title','Submissions','string'),(14,'','titleLocaleKey','about.editorialTeam','string'),(14,'en_US','title','Editorial Team','string'),(15,'','titleLocaleKey','about.contact','string'),(15,'en_US','title','Contact','string'),(16,'','titleLocaleKey','common.search','string'),(16,'en_US','title','Search','string'),(17,'','titleLocaleKey','navigation.register','string'),(17,'en_US','title','Register','string'),(18,'','titleLocaleKey','navigation.login','string'),(18,'en_US','title','Login','string'),(19,'','titleLocaleKey','{$loggedInUsername}','string'),(19,'en_US','title','{$loggedInUsername}','string'),(20,'','titleLocaleKey','navigation.dashboard','string'),(20,'en_US','title','Dashboard','string'),(21,'','titleLocaleKey','common.viewProfile','string'),(21,'en_US','title','View Profile','string'),(22,'','titleLocaleKey','navigation.admin','string'),(22,'en_US','title','Administration','string'),(23,'','titleLocaleKey','user.logOut','string'),(23,'en_US','title','Logout','string'),(40,'en_US','title','Focus and Scoop','string'),(40,'en_US','content','<p>Intan Husada Jurnal Ilmiah Keperawatan menerbitkan&nbsp;&nbsp;tentang informasi ilmu yang berkenaan dengan ilmu kesehatan khususnya&nbsp;ilmu keperawatan, yang dapat digunakan dalam rangka pembelajaran pada jenjang&nbsp;Perguruan Tinggi Kesehatan.</p>','string'),(41,'en_US','title','Peer Reviewers','string'),(41,'en_US','content','<p><strong>Peer Reviewers Internal:</strong></p>\r\n<p><strong><a href=\"https://scholar.google.co.id/citations?user=4GRx0BcAAAAJ&amp;hl=id\">Tatik Trisnowati, S.Kep, Ns., M.Kes</a><br></strong></p>\r\n<p><a href=\"https://scholar.google.com/citations?user=SxX1Tj0AAAAJ&amp;hl=id\"><strong>Ratna Kusuma Astuti, S.Kep, Ns., M.Kep</strong></a></p>\r\n<p><a href=\"https://scholar.google.co.id/citations?user=IDzgmXUAAAAJ&amp;hl=en\"><strong>Siti Nur Solikah,S.Kep. Ns, M.Kes</strong></a></p>\r\n<p><a href=\"https://scholar.google.co.id/citations?user=5ThOyHwAAAAJ&amp;hl=id\"><strong>Ganik Sakitri, S.Kep, Ns., M.Kep</strong></a></p>\r\n<p><a href=\"https://scholar.google.com/citations?user=TBpvCQkAAAAJ&amp;hl=en\"><strong>Sunaryo Joko Waluyo,S.Kp. Ns, M.Kes</strong></a></p>\r\n<p><strong>Peer Reviewers Eksternal:</strong></p>\r\n<p><strong><a href=\"http://sinta.ristekbrin.go.id/authors/detail?id=6132491&amp;view=overview\">Nita Yuniati Ratnasari, S.Kep, Ns., M.Kes</a> (Akademi Keperawatan Giri Satria Husada Wonogiri)</strong></p>\r\n<p><a href=\"https://scholar.google.co.id/citations?user=6Th2ub4AAAAJ&amp;hl=id\"><strong>Marni, S.Kep., Ns., M.Kes</strong></a> <strong>(Akademi Keperawatan Giri Satria Husada Wonogiri)</strong></p>\r\n<p><strong><a href=\"https://scholar.google.co.id/citations?user=2RKez10AAAAJ&amp;hl=id\">SRI MULYANTI, S.Kep, Ns, M.Kep</a> (Poltekkes Kemenkes Surakarta)<br></strong></p>\r\n<p><strong><a href=\"http://sinta2.ristekdikti.go.id/authors/detail?id=6148133&amp;view=overview\" target=\"_blank\" rel=\"noopener\">Ida Untari, AMK.,S.K.M.M.Kes</a> (ITS PKU Muhammadiyah Surakarta)</strong></p>\r\n<p><strong><a href=\"http://sinta2.ristekdikti.go.id/authors/detail?id=15466&amp;view=overview\" target=\"_blank\" rel=\"noopener\">Dra. Agnes Sri Harti, M.Si</a> (UNIVERSITAS Kusuma Husada Surakarta)</strong></p>','string'),(42,'en_US','title','Acknowledgement to Reviewers','string'),(42,'en_US','content','<p>Anggota Tim Redaksi Jurnal Keperawatan Ilmiah Intan Husada mengucapkan terima kasih yang sebesar-besarnya kepada seluruh pembuat keputusan yang telah berkontribusi dalam proses peer review naskah sejak tahun 2016. Dukungan dan bantuan profesional dari rekan-rekan yang terhormat telah membuat keberhasilan jurnal ini menjadi mungkin.</p>\r\n<p>&nbsp;</p>','string'),(43,'en_US','title','Editorial Team','string'),(43,'en_US','content','<h4>Editor in Chief (Akademi Keperawatan Giri Satria Husada)</h4>\r\n<p><strong><a href=\"http://sinta2.ristekdikti.go.id/authors/detail?id=6677708&amp;view=overview\" target=\"_blank\" rel=\"noopener\">Tatik Trisnowati, S.Kep,Ns.M.Kes </a></strong>(Akademi Keperawatan Insan Husada Surakarta)</p>\r\n<p><a href=\"http://sinta.ristekbrin.go.id/authors/detail?id=6132491&amp;view=overview\"><strong>Nita Yuniati Ratnasari, S.Kep, Ns., M.Kes</strong></a>(Akademi Keperawatan Giri Satria Husada Wonogiri)</p>\r\n<p>&nbsp;</p>\r\n<p><strong>Secretaries Editor</strong></p>\r\n<p><a href=\"http://sinta2.ristekdikti.go.id/authors/detail?id=6678450&amp;view=overview\" target=\"_blank\" rel=\"noopener\"><strong>Ratna Kusuma Astuti, S.Kep, Ns., M.Kep </strong></a><strong>(Akademi Keperawatan Insan Husada Surakarta)</strong></p>','string'),(44,'en_US','title','Publication Ethics','string'),(44,'en_US','content','<h3>Publication Ethics and Malpractice Statement</h3>\r\n<p>Intan Husada Jurnal Ilmiah keperawatan adalah jurnal peer-review, diterbitkan dua kali setahun oleh Program Studi D-III Keperawatan Akademi Keperawatan Insan Husada Surakarta. Ini tersedia secara online sebagai sumber akses terbuka maupun dalam bentuk cetak. Pernyataan ini mengklarifikasi perilaku etis dari semua pihak yang terlibat dalam tindakan menerbitkan artikel dalam jurnal ini, termasuk penulis, pemimpin redaksi, Dewan Editorial, pengulas, dan penerbit.</p>','string'),(45,'en_US','title','Author Guidelines','string'),(45,'en_US','content','<h3>Author Guidelines</h3>\r\n<p>Intan Husada Jurnal ilmiah Keperawatan ini diterbitkan dua kali setahun. Artikel yang diterbitkan dalam jurnal ini adalah hasil penelitian yang &nbsp;mengkaji tentang informasi ilmu yang berkenaan dengan ilmu kesehatan khususnya&nbsp;ilmu keperawatan, yang dapat digunakan dalam rangka pembelajaran pada jenjang&nbsp;Perguruan Tinggi Kesehatan.</p>','string'),(46,'en_US','title','Online Submissions','string'),(46,'en_US','content','<h3>Online Submissions</h3>','string'),(47,'en_US','title','Author Fees','string'),(47,'en_US','content','<h3>Author Fees</h3>\r\n<p>This journal charges the following author fees.</p>\r\n<p>Article Submission: 0.00 (IDR)</p>\r\n<p>Fast-Track Review: 0.00 (IDR)</p>\r\n<p>&nbsp;Article Publication: 200.000 (IDR)</p>','string'),(48,'en_US','title','Screen for Plagiarsm','string'),(48,'en_US','content','<h3>Screen for Plagiarsm</h3>\r\n<p>Use Plagiarsm Checker</p>','string'),(49,'en_US','title','Reference Manager','string'),(49,'en_US','content','<h3>Reference Manager</h3>\r\n<p>use <a href=\"https://www.mendeley.com/?interaction_required=true\" target=\"_blank\" rel=\"noopener\">Mendeley</a></p>','string'),(50,'en_US','title','Peer Review Process','string'),(50,'en_US','content','','string'),(1,'en_US','content','','string'),(2,'en_US','content','','string');

--
-- Table structure for table `navigation_menu_items`
--

CREATE TABLE `navigation_menu_items` (
  `navigation_menu_item_id` bigint(20) NOT NULL AUTO_INCREMENT,
  `context_id` bigint(20) NOT NULL,
  `url` varchar(255) DEFAULT '',
  `path` varchar(255) DEFAULT '',
  `type` varchar(255) DEFAULT '',
  PRIMARY KEY (`navigation_menu_item_id`)
) ENGINE=MyISAM AUTO_INCREMENT=51 DEFAULT CHARSET=latin1;

--
-- Dumping data for table `navigation_menu_items`
--

INSERT INTO `navigation_menu_items` VALUES (1,1,'','https://akperinsada.ac.id/e-jurnal/index.php/insada/management/settings/access#users','NMI_TYPE_USER_REGISTER'),(2,1,'','','NMI_TYPE_USER_LOGIN'),(3,1,NULL,NULL,'NMI_TYPE_USER_DASHBOARD'),(4,1,NULL,NULL,'NMI_TYPE_USER_DASHBOARD'),(5,1,NULL,NULL,'NMI_TYPE_USER_PROFILE'),(6,1,NULL,NULL,'NMI_TYPE_ADMINISTRATION'),(7,1,NULL,NULL,'NMI_TYPE_USER_LOGOUT'),(8,1,NULL,NULL,'NMI_TYPE_CURRENT'),(9,1,NULL,NULL,'NMI_TYPE_ARCHIVES'),(10,1,NULL,NULL,'NMI_TYPE_ANNOUNCEMENTS'),(11,1,NULL,NULL,'NMI_TYPE_ABOUT'),(12,1,NULL,NULL,'NMI_TYPE_ABOUT'),(13,1,NULL,NULL,'NMI_TYPE_SUBMISSIONS'),(14,1,NULL,NULL,'NMI_TYPE_EDITORIAL_TEAM'),(15,1,NULL,NULL,'NMI_TYPE_CONTACT'),(16,1,NULL,NULL,'NMI_TYPE_SEARCH'),(17,0,NULL,NULL,'NMI_TYPE_USER_REGISTER'),(18,0,NULL,NULL,'NMI_TYPE_USER_LOGIN'),(19,0,NULL,NULL,'NMI_TYPE_USER_DASHBOARD'),(20,0,NULL,NULL,'NMI_TYPE_USER_DASHBOARD'),(21,0,NULL,NULL,'NMI_TYPE_USER_PROFILE'),(22,0,NULL,NULL,'NMI_TYPE_ADMINISTRATION'),(23,0,NULL,NULL,'NMI_TYPE_USER_LOGOUT'),(40,1,NULL,'focusandscoop','NMI_TYPE_CUSTOM'),(41,1,'','peerriewers','NMI_TYPE_CUSTOM'),(42,1,'','acknowledgement','NMI_TYPE_CUSTOM'),(43,1,'','editorialteam','NMI_TYPE_CUSTOM'),(44,1,NULL,'publicationethics','NMI_TYPE_CUSTOM'),(45,1,NULL,'authorguidelines','NMI_TYPE_CUSTOM'),(46,1,NULL,'onlinesubmissions','NMI_TYPE_CUSTOM'),(47,1,'','authorfees','NMI_TYPE_CUSTOM'),(48,1,NULL,'screenforplagiarsm','NMI_TYPE_CUSTOM'),(49,1,NULL,'referencemanager','NMI_TYPE_CUSTOM'),(50,1,'https://akperinsada.ac.id/e-jurnal/index.php/insada/peer-review-process','','NMI_TYPE_REMOTE_URL');

--
-- Table structure for table `navigation_menus`
--

CREATE TABLE `navigation_menus` (
  `navigation_menu_id` bigint(20) NOT NULL AUTO_INCREMENT,
  `context_id` bigint(20) NOT NULL,
  `area_name` varchar(255) DEFAULT '',
  `title` varchar(255) NOT NULL,
  PRIMARY KEY (`navigation_menu_id`)
) ENGINE=MyISAM AUTO_INCREMENT=6 DEFAULT CHARSET=latin1;

--
-- Dumping data for table `navigation_menus`
--

INSERT INTO `navigation_menus` VALUES (1,1,'user','User Navigation Menu'),(2,1,'primary','Primary Navigation Menu'),(3,0,'user','User Navigation Menu');

--
-- Table structure for table `notes`
--

CREATE TABLE `notes` (
  `note_id` bigint(20) NOT NULL AUTO_INCREMENT,
  `assoc_type` bigint(20) DEFAULT NULL,
  `assoc_id` bigint(20) DEFAULT NULL,
  `user_id` bigint(20) NOT NULL,
  `date_created` datetime NOT NULL,
  `date_modified` datetime DEFAULT NULL,
  `title` varchar(255) DEFAULT NULL,
  `contents` text DEFAULT NULL,
  PRIMARY KEY (`note_id`),
  KEY `notes_assoc` (`assoc_type`,`assoc_id`)
) ENGINE=MyISAM AUTO_INCREMENT=215 DEFAULT CHARSET=latin1;

--
-- Dumping data for table `notes`
--

INSERT INTO `notes` VALUES (1,1048586,1,0,'2018-05-09 22:05:29','2018-05-09 22:05:29','Copyediting',NULL),(2,1048586,2,0,'2018-05-09 22:05:29','2018-05-09 22:05:29','Proofreading',NULL),(3,1048586,3,0,'2018-05-09 22:05:29','2018-05-09 22:05:29','Copyediting',NULL),(4,1048586,4,0,'2018-05-09 22:05:29','2018-05-09 22:05:29','Proofreading',NULL),(5,1048586,5,0,'2018-05-09 22:05:29','2018-05-09 22:05:29','Copyediting',NULL),(6,1048586,6,0,'2018-05-09 22:05:29','2018-05-09 22:05:29','Proofreading',NULL),(7,1048586,7,0,'2018-05-09 22:05:29','2018-05-09 22:05:29','Copyediting',NULL),(8,1048586,8,0,'2018-05-09 22:05:29','2018-05-09 22:05:29','Proofreading',NULL),(9,1048586,9,0,'2018-05-09 22:05:29','2018-05-09 22:05:29','Copyediting',NULL),(10,1048586,10,0,'2018-05-09 22:05:29','2018-05-09 22:05:29','Proofreading',NULL),(11,1048586,11,0,'2018-05-09 22:05:29','2018-05-09 22:05:29','Copyediting',NULL),(12,1048586,12,0,'2018-05-09 22:05:29','2018-05-09 22:05:29','Proofreading',NULL),(13,1048586,13,0,'2018-05-09 22:05:29','2018-05-09 22:05:29','Copyediting',NULL),(14,1048586,14,0,'2018-05-09 22:05:29','2018-05-09 22:05:29','Proofreading',NULL),(15,1048586,15,0,'2018-05-09 22:05:29','2018-05-09 22:05:29','Copyediting',NULL),(16,1048586,16,0,'2018-05-09 22:05:29','2018-05-09 22:05:29','Proofreading',NULL),(17,1048586,17,0,'2018-05-09 22:05:29','2018-05-09 22:05:29','Copyediting',NULL),(18,1048586,18,0,'2018-05-09 22:05:29','2018-05-09 22:05:29','Proofreading',NULL),(19,1048586,19,0,'2018-05-09 22:05:29','2018-05-09 22:05:29','Copyediting',NULL),(20,1048586,20,0,'2018-05-09 22:05:29','2018-05-09 22:05:29','Proofreading',NULL),(21,1048586,21,0,'2018-05-09 22:05:29','2018-05-09 22:05:29','Copyediting',NULL),(22,1048586,22,0,'2018-05-09 22:05:29','2018-05-09 22:05:29','Proofreading',NULL),(23,1048586,23,0,'2018-05-09 22:05:29','2018-05-09 22:05:29','Copyediting',NULL),(24,1048586,24,0,'2018-05-09 22:05:29','2018-05-09 22:05:29','Proofreading',NULL),(25,1048586,25,0,'2018-05-09 22:05:29','2018-05-09 22:05:29','Copyediting',NULL),(26,1048586,26,0,'2018-05-09 22:05:29','2018-05-09 22:05:29','Proofreading',NULL),(27,1048586,27,0,'2018-05-09 22:05:29','2018-05-09 22:05:29','Copyediting',NULL),(28,1048586,28,0,'2018-05-09 22:05:29','2018-05-09 22:05:29','Proofreading',NULL),(29,1048586,29,0,'2018-05-09 22:05:29','2018-05-09 22:05:29','Copyediting',NULL),(30,1048586,30,0,'2018-05-09 22:05:29','2018-05-09 22:05:29','Proofreading',NULL),(31,1048586,31,0,'2018-05-09 22:05:29','2018-05-09 22:05:29','Copyediting',NULL),(32,1048586,32,0,'2018-05-09 22:05:29','2018-05-09 22:05:29','Proofreading',NULL),(33,1048586,33,0,'2018-05-09 22:05:29','2018-05-09 22:05:29','Copyediting',NULL),(34,1048586,34,0,'2018-05-09 22:05:29','2018-05-09 22:05:29','Proofreading',NULL),(35,1048586,35,0,'2018-05-09 22:05:29','2018-05-09 22:05:29','Copyediting',NULL),(36,1048586,36,0,'2018-05-09 22:05:29','2018-05-09 22:05:29','Proofreading',NULL),(37,1048586,37,0,'2018-05-09 22:05:29','2018-05-09 22:05:29','Copyediting',NULL),(38,1048586,38,0,'2018-05-09 22:05:29','2018-05-09 22:05:29','Proofreading',NULL),(39,1048586,39,0,'2018-05-09 22:05:29','2018-05-09 22:05:29','Copyediting',NULL),(40,1048586,40,0,'2018-05-09 22:05:29','2018-05-09 22:05:29','Proofreading',NULL),(41,1048586,41,0,'2018-05-09 22:05:29','2018-05-09 22:05:29','Copyediting',NULL),(42,1048586,42,0,'2018-05-09 22:05:29','2018-05-09 22:05:29','Proofreading',NULL),(43,1048586,43,0,'2018-05-09 22:05:29','2018-05-09 22:05:29','Copyediting',NULL),(44,1048586,44,0,'2018-05-09 22:05:29','2018-05-09 22:05:29','Proofreading',NULL),(45,1048586,45,0,'2018-05-09 22:05:29','2018-05-09 22:05:29','Copyediting',NULL),(46,1048586,46,0,'2018-05-09 22:05:29','2018-05-09 22:05:29','Proofreading',NULL),(47,1048586,47,0,'2018-05-09 22:05:29','2018-05-09 22:05:29','Copyediting',NULL),(48,1048586,48,0,'2018-05-09 22:05:29','2018-05-09 22:05:29','Proofreading',NULL),(49,1048586,49,0,'2018-05-09 22:05:29','2018-05-09 22:05:29','Copyediting',NULL),(50,1048586,50,0,'2018-05-09 22:05:29','2018-05-09 22:05:29','Proofreading',NULL),(51,1048586,51,0,'2018-05-09 22:05:29','2018-05-09 22:05:29','Copyediting',NULL),(52,1048586,52,0,'2018-05-09 22:05:29','2018-05-09 22:05:29','Proofreading',NULL),(53,1048586,53,0,'2018-05-09 22:05:29','2018-05-09 22:05:29','Copyediting',NULL),(54,1048586,54,0,'2018-05-09 22:05:29','2018-05-09 22:05:29','Proofreading',NULL),(55,1048586,55,0,'2018-05-09 22:05:29','2018-05-09 22:05:29','Copyediting',NULL),(56,1048586,56,0,'2018-05-09 22:05:29','2018-05-09 22:05:29','Proofreading',NULL),(57,1048586,57,0,'2018-05-09 22:05:29','2018-05-09 22:05:29','Copyediting',NULL),(58,1048586,58,0,'2018-05-09 22:05:29','2018-05-09 22:05:29','Proofreading',NULL),(59,1048586,59,0,'2018-05-09 22:05:29','2018-05-09 22:05:29','Copyediting',NULL),(60,1048586,60,0,'2018-05-09 22:05:29','2018-05-09 22:05:29','Proofreading',NULL),(61,1048586,61,0,'2018-05-09 22:05:29','2018-05-09 22:05:29','Copyediting',NULL),(62,1048586,62,0,'2018-05-09 22:05:29','2018-05-09 22:05:29','Proofreading',NULL),(63,1048586,63,0,'2018-05-09 22:05:29','2018-05-09 22:05:29','Copyediting',NULL),(64,1048586,64,0,'2018-05-09 22:05:29','2018-05-09 22:05:29','Proofreading',NULL),(65,1048586,65,0,'2018-05-09 22:05:29','2018-05-09 22:05:29','Copyediting',NULL),(66,1048586,66,0,'2018-05-09 22:05:29','2018-05-09 22:05:29','Proofreading',NULL),(67,1048586,67,0,'2018-05-09 22:05:29','2018-05-09 22:05:29','Copyediting',NULL),(68,1048586,68,0,'2018-05-09 22:05:29','2018-05-09 22:05:29','Proofreading',NULL),(69,1048586,69,0,'2018-05-09 22:05:29','2018-05-09 22:05:29','Copyediting',NULL),(70,1048586,70,0,'2018-05-09 22:05:29','2018-05-09 22:05:29','Proofreading',NULL),(71,1048586,71,0,'2018-05-09 22:05:29','2018-05-09 22:05:29','Copyediting',NULL),(72,1048586,72,0,'2018-05-09 22:05:29','2018-05-09 22:05:29','Proofreading',NULL),(73,1048586,73,0,'2018-05-09 22:05:29','2018-05-09 22:05:29','Copyediting',NULL),(74,1048586,74,0,'2018-05-09 22:05:29','2018-05-09 22:05:29','Proofreading',NULL),(75,1048586,75,6,'2018-05-09 22:05:30','2018-05-09 22:05:30','Comments for the Editor','xxx'),(76,1048586,76,17,'2018-05-09 22:05:30','2018-05-09 22:05:30','Comments for the Editor','xxxxxxx'),(77,1048586,77,19,'2018-05-09 22:05:30','2018-05-09 22:05:30','Comments for the Editor','tod'),(78,1048586,78,19,'2018-05-09 22:05:30','2018-05-09 22:05:30','Comments for the Editor','gs'),(79,1048586,79,1,'2018-05-22 10:11:57','2018-05-22 10:11:57','Comments for the Editor','<p>test tambah artikel</p>'),(80,1048586,80,1,'2018-05-25 12:32:39','2018-05-25 12:32:39',NULL,NULL),(81,1048586,81,1,'2018-05-25 12:40:01','2018-05-25 12:40:01',NULL,NULL),(82,1048586,82,1,'2018-05-25 12:48:44','2018-05-25 12:48:44',NULL,NULL),(83,1048586,83,1,'2018-05-25 12:59:19','2018-05-25 12:59:19',NULL,NULL),(84,1048586,84,1,'2018-05-25 14:13:24','2018-05-25 14:13:24',NULL,NULL),(85,1048586,85,1,'2018-05-27 21:10:27','2018-05-27 21:10:27',NULL,NULL),(86,1048586,86,1,'2018-05-27 21:18:02','2018-05-27 21:18:02',NULL,NULL),(87,1048586,87,1,'2018-05-27 21:50:53','2018-05-27 21:50:53',NULL,NULL),(88,1048586,88,1,'2018-05-27 21:57:05','2018-05-27 21:57:05',NULL,NULL),(89,1048586,89,1,'2018-05-27 22:00:34','2018-05-27 22:00:34',NULL,NULL),(90,1048586,90,1,'2018-05-27 22:02:58','2018-05-27 22:02:58',NULL,NULL),(91,1048586,91,1,'2018-05-27 22:03:56','2018-05-27 22:03:56',NULL,NULL),(92,1048586,92,1,'2018-05-27 22:05:32','2018-05-27 22:05:32',NULL,NULL),(93,1048586,93,1,'2018-05-27 22:08:09','2018-05-27 22:08:43','profeeding','<p>please dm me</p>'),(94,1048586,94,1,'2018-05-27 22:21:07','2018-05-27 22:21:07',NULL,NULL),(102,1048586,102,1,'2018-11-07 11:14:06','2018-11-07 11:14:06',NULL,NULL),(103,1048586,103,1,'2018-11-07 11:14:27','2018-11-07 11:14:27',NULL,NULL),(96,1048586,96,23,'2018-09-21 12:56:56','2018-09-21 12:56:56','Comments for the Editor','<p>Kepada Yth :</p>\r\n<p>Editor Jurnal Keperawatan Intan Husada Surakarta</p>\r\n<p>&nbsp;</p>\r\n<p>Bersama ini kami kirimkan naskah publikasi dengan judul asuhan keperawatan medikal bedah pada Tn.T dengan kanker paru dengan menggunakan metode studi kasus deskriptif. Setelah dilakukan asuhan keperawatan selama 2 hari dengan tindakan manajemen jalan nafas terdapat perbaikan pada sesak nafas klien dan bisa mengeluarkan sputum dengan baik.</p>\r\n<p>&nbsp;</p>\r\n<p>Besar harapan saya agar naskah publikasi ini dapat diterima di Jurnal Keperawatan Intan Husada Surakarta.</p>\r\n<p>&nbsp;</p>\r\n<p>Hormat kami</p>\r\n<p>&nbsp;</p>\r\n<p>Artialita Harda Oktaviani</p>'),(97,1048586,97,24,'2018-09-21 17:17:59','2018-09-21 17:23:55','Comments for the Editor','<p>Kepada :</p>\r\n<p>Yth. Editor Jurnal Keperawatan Intan Husada</p>\r\n<p>Bersama ini saya kirimkan naskah publikasi dengan judul \"ASUHAN KEPERAWATAN KANKER PAYUDARA DENGAN NYERI KRONIK DI RSUD TIDAR KOTA MAGELANG\" dengan menggunakan metode studi kasus deskriptif. Setelah dilakukan tindakan asuhan keperawatan selama 3 hari dengan tindakan manajemen nyeri terdapat perbaikan pada skala nyeri.</p>\r\n<p>Besar harapan saya agar naskah publikasi ini dapat diterima di Jurnal Keperawatan Intan Husada</p>\r\n<p>Hormat saya,</p>\r\n<p>Mudafiqoh Awaliyatul Kasanah</p>'),(98,1048586,98,27,'2018-10-11 15:48:13','2018-10-11 15:48:13','Comments for the Editor','<p>Kepada Yth : Editor Jurnal</p>\r\n<p>&nbsp;</p>\r\n<p>Bersama ini saya kirimkan naskah publikasi penelitian saya dengan metode studi kasus dengan judul : Asuhan Keperawatan Pada Ny. R P1A0 Post Sectio Caesarea Dengan Indikasi Preeklampsia Berat (Peb) Di Ruang Tulip Rsk Ngesti Waluyo Parakan Temanggung</p>\r\n<p>&nbsp;</p>\r\n<p>Besar harapan saya agar naskah publikasi kami diterima di jurnal ini</p>\r\n<p>&nbsp;</p>\r\n<p>Hormat Saya,</p>\r\n<p>&nbsp;</p>\r\n<p>Yustin Saptaningsih</p>'),(99,1048586,99,1,'2018-11-06 20:56:48','2018-11-06 20:56:48',NULL,NULL),(100,1048586,100,1,'2018-11-06 21:08:12','2018-11-06 21:08:12',NULL,NULL),(101,1048586,101,1,'2018-11-06 21:13:18','2018-11-06 21:13:18',NULL,NULL),(104,1048586,104,1,'2018-11-07 11:24:41','2018-11-07 11:24:41',NULL,NULL),(106,1048586,106,1,'2018-11-07 11:33:27','2018-11-07 11:33:27',NULL,NULL),(107,1048586,107,1,'2018-11-07 11:47:56','2018-11-07 11:55:43','HUBUNGAN KEBIASAAN MAKAN CEPAT SAJI DENGAN KEJADIAN ANEMIA PADA MAHASISWA PRODI DIV  BIDAN PENDIDIK UNIVERSITAS ‘AISYIYAH  YOGYAKARTA','<p>bagaimana</p>'),(108,1048586,108,1,'2018-11-09 15:27:56','2018-11-09 15:27:56',NULL,NULL),(109,1048586,109,1,'2018-11-09 15:31:35','2018-11-09 15:31:35',NULL,NULL),(110,1048586,110,34,'2018-12-09 17:15:26','2018-12-09 17:15:26','Comments for the Editor','<p>asdsadsad</p>'),(111,1048586,111,1,'2019-05-13 13:53:37','2019-05-13 13:53:37',NULL,NULL),(112,1048586,112,1,'2019-05-14 10:07:50','2019-05-14 10:07:50',NULL,NULL),(113,1048586,113,1,'2019-05-14 11:42:38','2019-05-14 11:42:38',NULL,NULL),(114,1048586,114,1,'2019-05-14 11:49:29','2019-05-14 11:49:29',NULL,NULL),(115,1048586,115,1,'2019-05-14 11:49:55','2019-05-14 11:50:18','ok','<p>ok</p>'),(116,1048586,116,1,'2019-05-14 12:29:04','2019-05-14 12:29:10','ok','<p>ok</p>'),(117,1048586,117,450,'2019-07-18 22:46:38','2019-07-18 22:46:38','Comments for the Editor','<p>aaa</p>'),(118,1048586,118,450,'2019-07-18 22:50:38','2019-07-18 22:51:10','asdasd','<p>asdasda</p>'),(119,1048586,119,1,'2019-08-30 10:26:13','2019-08-30 10:26:39','ok','<p>ok</p>'),(120,1048586,120,1,'2019-08-30 10:38:05','2019-08-30 10:38:29','ok','<p>ok</p>'),(121,1048586,121,1,'2019-08-30 10:39:46','2019-08-30 10:39:59','ok','<p>ok</p>'),(122,1048586,122,1,'2019-08-30 10:54:31','2019-08-30 10:54:48','ok','<p>ok</p>'),(124,1048586,124,1,'2019-08-30 10:56:57','2019-08-30 10:57:04','ok','<p>ok</p>'),(125,1048586,125,1,'2019-08-30 11:06:59','2019-08-30 11:07:14','ok','<p>ok</p>'),(126,1048586,126,1,'2019-08-30 11:08:36','2019-08-30 11:08:50','ok','<p>ok</p>'),(127,1048586,127,1,'2019-08-30 11:21:22','2019-08-30 11:22:04','ok','<p>ok</p>'),(128,1048586,128,1,'2019-08-30 11:30:09','2019-08-30 11:30:23','ok','<p>ok</p>'),(129,1048586,129,1,'2019-08-30 11:31:03','2019-08-30 11:31:14','ok','<p>ok</p>'),(130,1048586,130,1,'2019-08-30 11:43:30','2019-08-30 11:44:03','ok','<p>ok</p>'),(131,1048586,131,1,'2019-08-30 11:45:02','2019-08-30 11:45:28','ok','<p>ok</p>'),(132,1048586,132,559,'2019-10-19 09:08:57','2019-10-19 09:13:43','Comments for the Editor','<p>Mohon masukan dan informasi apakah bisa dierima atau tidak. terimakasih</p>'),(133,1048586,133,1,'2020-02-12 08:21:28','2020-02-12 08:26:39','Comments for the Editor','<p>test</p>'),(134,1048586,134,1,'2020-02-12 09:03:34','2020-02-12 09:03:34',NULL,NULL),(135,1048586,135,1,'2020-02-12 09:09:08','2020-02-12 09:09:08',NULL,NULL),(136,1048586,136,1,'2020-02-12 10:09:58','2020-02-12 10:09:58','[Insada] A message regarding Jurnal Keperawatan Intan Husada','<p>its Good </p><br/>'),(137,1048586,137,1,'2020-02-12 10:11:20','2020-02-12 10:12:01','Its Jurnal','<p>Its Good</p>'),(138,1048586,138,1,'2020-02-12 10:12:29','2020-02-12 10:12:29','[Insada] Editorial Assignment','<p>admininsada a:<br><br>The submission, \"PEMBERIAN KOMPRES DINGIN TERHADAP PENURUNAN NYERI PADA PASIEN POST HEMOROIDEKTOMI DI RSUD SIMO BOYOLALI: STUDI KASUS,\" to Jurnal Keperawatan Intan Husada has been assigned to you to see through the editorial process in your role as Section Editor. <br><br>Submission URL: <a href=\"https://akperinsada.ac.id/e-jurnal/index.php/insada/authorDashboard/submission/169\"><a href=\'https://akperinsada.ac.id/e-jurnal/index.php/insada/authorDashboard/submission/169\' class=\'submissionUrl-style-class\'>https://akperinsada.ac.id/e-jurnal/index.php/insada/authorDashboard/submission/169</a></a><br>Username: admin<br><br>Thank you,<br>admininsada a<br>akper.insada@gmail.com</p><br/>'),(139,1048586,139,1,'2020-02-12 10:41:17','2020-02-12 10:41:17',NULL,NULL),(140,1048586,140,1,'2020-02-12 10:53:54','2020-02-12 10:53:54','[Insada] A message regarding Jurnal Keperawatan Intan Husada','<p>Next editor.</p><br/>'),(141,1048586,141,1,'2020-02-12 10:55:09','2020-02-12 10:55:58','Its like gaya selingkung','<p>Its like gaya selingkung</p>'),(142,1048586,142,1,'2020-02-12 10:56:50','2020-02-12 10:56:50','[Insada] A message regarding Jurnal Keperawatan Intan Husada','<p>ok</p><br/>'),(143,1048586,143,1,'2020-02-12 10:57:25','2020-02-12 10:57:25',NULL,NULL),(144,1048586,144,1,'2020-02-12 11:20:06','2020-02-12 11:20:06',NULL,NULL),(145,1048586,145,1,'2020-02-12 11:24:21','2020-02-12 11:24:21','[Insada] A message regarding Jurnal Keperawatan Intan Husada','<p>its good</p><br/>'),(146,1048586,146,1,'2020-02-12 11:25:50','2020-02-12 11:25:50','[Insada] A message regarding Jurnal Keperawatan Intan Husada','<p>its good</p><br/>'),(147,1048586,147,1,'2020-02-12 11:39:14','2020-02-12 11:39:14','[Insada] A message regarding Jurnal Keperawatan Intan Husada','<p>Its Good.</p><br/>'),(148,1048586,148,1,'2020-02-12 11:41:28','2020-02-12 11:41:28','[Insada] A message regarding Jurnal Keperawatan Intan Husada','<p>ist good.</p><br/>'),(149,1048586,149,1,'2020-02-12 11:53:22','2020-02-12 11:53:22','[Insada] A message regarding Jurnal Keperawatan Intan Husada','<p>its good</p><br/>'),(150,1048586,150,1,'2020-02-12 11:54:44','2020-02-12 11:54:44','[Insada] Editorial Assignment','<p>admininsada a:<br><br>The submission, \"PERBEDAAN PEMBERIAN KOMPRES AIR HANGAT DENGAN KOMPRES JAHE TERHADAP PENURUNAN NYERI REMATIK PADA LANSIA: STUDI KASUS,\" to Jurnal Keperawatan Intan Husada has been assigned to you to see through the editorial process in your role as Section Editor. <br><br>Submission URL: <a href=\"https://akperinsada.ac.id/e-jurnal/index.php/insada/authorDashboard/submission/175\"><a href=\'https://akperinsada.ac.id/e-jurnal/index.php/insada/authorDashboard/submission/175\' class=\'submissionUrl-style-class\'>https://akperinsada.ac.id/e-jurnal/index.php/insada/authorDashboard/submission/175</a></a><br>Username: admin<br><br>Thank you,<br>admininsada a<br>akper.insada@gmail.com</p><br/>'),(151,1048586,151,1,'2020-02-12 12:34:08','2020-02-12 12:34:08','[Insada] A message regarding Jurnal Keperawatan Intan Husada','<p>its good</p><br/>'),(152,1048586,152,1,'2020-02-12 12:35:18','2020-02-12 12:35:18','[Insada] Editorial Assignment','<p>admininsada a:<br><br>The submission, \"MANFAAT EDUKASI DENGAN BOOKLET SEBAGAI SARANA PENINGKATAN PENGETAHUAN DAN EFIKASI DIRI ORANG TUA PADA ANAK LEUKEMIA LIMFOBLASTIK AKUT YANG MENJALANI KEMOTERAPI,\" to Jurnal Keperawatan Intan Husada has been assigned to you to see through the editorial process in your role as Section Editor. <br><br>Submission URL: <a href=\"https://akperinsada.ac.id/e-jurnal/index.php/insada/authorDashboard/submission/176\"><a href=\'https://akperinsada.ac.id/e-jurnal/index.php/insada/authorDashboard/submission/176\' class=\'submissionUrl-style-class\'>https://akperinsada.ac.id/e-jurnal/index.php/insada/authorDashboard/submission/176</a></a><br>Username: admin<br><br>Thank you,<br>admininsada a<br>akper.insada@gmail.com</p><br/>'),(153,1048586,153,1,'2020-02-12 12:48:39','2020-02-12 12:48:39','[Insada] A message regarding Jurnal Keperawatan Intan Husada','<p>Its Ok</p><br/>'),(154,1048586,154,1,'2020-02-12 12:50:13','2020-02-12 12:50:13','[Insada] Editorial Assignment','<p>admininsada a:<br><br>The submission, \"ANALISIS HUBUNGAN ANTARA STATUS GIZI DENGAN KEJADIAN ANEMIA PADA LANSIA DI UPT. PUSKESMAS COLOMADU 1,\" to Jurnal Keperawatan Intan Husada has been assigned to you to see through the editorial process in your role as Section Editor. <br><br>Submission URL: <a href=\"https://akperinsada.ac.id/e-jurnal/index.php/insada/authorDashboard/submission/177\"><a href=\'https://akperinsada.ac.id/e-jurnal/index.php/insada/authorDashboard/submission/177\' class=\'submissionUrl-style-class\'>https://akperinsada.ac.id/e-jurnal/index.php/insada/authorDashboard/submission/177</a></a><br>Username: admin<br><br>Thank you,<br>admininsada a<br>akper.insada@gmail.com</p><br/>'),(155,1048586,155,1,'2020-02-12 13:00:35','2020-02-12 13:00:35','[Insada] A message regarding Jurnal Keperawatan Intan Husada','<p>its Good</p><br/>'),(156,1048586,156,1,'2020-02-12 13:01:35','2020-02-12 13:01:35','[Insada] Editorial Assignment','<p>admininsada a:<br><br>The submission, \"REAKSI DEMAM PASCA PEMBERIAN KEKEBALAN AKTIF BUATAN VAKSIN DPT, HEPATITIS B DAN HAEMOPHILUS INFLUENZA TYPE B PADA BAYI BALITA,\" to Jurnal Keperawatan Intan Husada has been assigned to you to see through the editorial process in your role as Section Editor. <br><br>Submission URL: <a href=\"https://akperinsada.ac.id/e-jurnal/index.php/insada/authorDashboard/submission/178\"><a href=\'https://akperinsada.ac.id/e-jurnal/index.php/insada/authorDashboard/submission/178\' class=\'submissionUrl-style-class\'>https://akperinsada.ac.id/e-jurnal/index.php/insada/authorDashboard/submission/178</a></a><br>Username: admin<br><br>Thank you,<br>admininsada a<br>akper.insada@gmail.com</p><br/>'),(157,1048586,157,676,'2020-07-03 13:11:23','2020-07-03 13:11:23','Comments for the Editor','<p>Mohon koreksi &amp; masukannya</p>'),(158,1048586,158,1,'2020-07-29 10:37:52','2020-07-29 10:37:52',NULL,NULL),(159,1048586,159,1,'2020-07-29 10:40:50','2020-07-29 10:40:50','[Insada] A message regarding Jurnal Keperawatan Intan Husada','<p>good</p><br/>'),(160,1048586,160,1,'2020-07-29 10:41:44','2020-07-29 10:41:44','[Insada] A message regarding Jurnal Keperawatan Intan Husada','<p>ok.</p><br/>'),(161,1048586,161,1,'2020-07-29 10:54:46','2020-07-29 10:54:46','[Insada] A message regarding Jurnal Keperawatan Intan Husada','<p>ok.</p><br/>'),(162,1048586,162,1,'2020-07-29 10:55:34','2020-07-29 10:55:34','[Insada] A message regarding Jurnal Keperawatan Intan Husada','<p>ok</p><br/>'),(163,1048586,163,1,'2020-07-29 11:05:15','2020-07-29 11:05:15','[Insada] A message regarding Jurnal Keperawatan Intan Husada','<p>ok.</p><br/>'),(164,1048586,164,1,'2020-07-29 11:06:23','2020-07-29 11:06:23','[Insada] A message regarding Jurnal Keperawatan Intan Husada','<p>ok.</p><br/>'),(165,1048586,165,1,'2020-07-29 11:16:53','2020-07-29 11:16:53','[Insada] A message regarding Jurnal Keperawatan Intan Husada','<p>ok.</p><br/>'),(166,1048586,166,1,'2020-07-29 11:18:01','2020-07-29 11:18:01','[Insada] A message regarding Jurnal Keperawatan Intan Husada','<p>ok.</p><br/>'),(167,1048586,167,1,'2020-07-29 11:25:59','2020-07-29 11:25:59','[Insada] A message regarding Jurnal Keperawatan Intan Husada','<p>ok.</p><br/>'),(168,1048586,168,1,'2020-07-29 11:26:31','2020-07-29 11:26:31','[Insada] A message regarding Jurnal Keperawatan Intan Husada','<p>ok.</p><br/>'),(169,1048586,169,1,'2020-07-29 11:35:30','2020-07-29 11:35:30','[Insada] A message regarding Jurnal Keperawatan Intan Husada','<p>ok.</p><br/>'),(170,1048586,170,1,'2020-07-29 11:35:56','2020-07-29 11:35:56','[Insada] A message regarding Jurnal Keperawatan Intan Husada','<p>ok.</p><br/>'),(171,1048586,171,1,'2020-07-29 11:42:24','2020-07-29 11:42:24','[Insada] A message regarding Jurnal Keperawatan Intan Husada','<p>ok.</p><br/>'),(172,1048586,172,1,'2020-07-29 11:43:02','2020-07-29 11:43:02','[Insada] A message regarding Jurnal Keperawatan Intan Husada','<p>ok.</p><br/>'),(173,1048586,173,1,'2020-07-29 11:56:54','2020-07-29 11:56:54','[Insada] A message regarding Jurnal Keperawatan Intan Husada','<p>ok.</p><br/>'),(174,1048586,174,1,'2020-07-29 11:57:31','2020-07-29 11:57:31','[Insada] A message regarding Jurnal Keperawatan Intan Husada','<p>ok.</p><br/>'),(175,1048586,175,687,'2020-11-20 14:14:48','2020-11-20 14:14:48','Comments for the Editor','<p>semoga diterima</p>'),(176,1048586,176,690,'2021-01-22 15:30:16','2021-01-22 15:30:16','Comments for the Editor','<p>Kint</p>'),(177,1048586,177,690,'2021-01-22 15:32:36','2021-01-22 15:32:36','Comments for the Editor','<p>Wah</p>'),(178,1048586,178,690,'2021-01-22 15:46:56','2021-01-22 15:46:56',NULL,NULL),(179,1048586,179,1,'2021-02-17 14:58:58','2021-02-17 14:58:58',NULL,NULL),(180,1048586,180,1,'2021-02-17 15:00:26','2021-02-17 15:00:26',NULL,NULL),(181,1048586,181,1,'2021-02-17 15:08:31','2021-02-17 15:08:31','[Insada] Editorial Assignment','<p>editor editor:<br><br>The submission, \"EFEKTIVITAS BIMBINGAN UJIAN KOMPETENSI DENGAN METODE SMALL GROUP DISCUSSION(SGD) ONLINEDAN OFFLINE TERHADAP HASIL NILAI TRY OUT UJIAN KOMPETENSI DI PRODI D-IV KEBIDANAN POLTEKKES KEMENKES JAYAPURA,\" to Jurnal Keperawatan Intan Husada has been assigned to you to see through the editorial process in your role as Section Editor. <br><br>Submission URL: <a href=\"https://akperinsada.ac.id/e-jurnal/index.php/insada/workflow/access/203\"><a href=\'https://akperinsada.ac.id/e-jurnal/index.php/insada/workflow/access/203\' class=\'submissionUrl-style-class\'>https://akperinsada.ac.id/e-jurnal/index.php/insada/workflow/access/203</a></a><br>Username: editor<br><br>Thank you,<br>admininsada a<br>akper.insada@gmail.com</p><br/>'),(182,1048586,182,1,'2021-02-17 15:10:38','2021-02-17 15:11:32','ok good','<p>ok good</p>'),(183,1048586,183,1,'2021-02-17 15:12:41','2021-02-17 15:12:41','[Insada] Editorial Assignment','<p>admininsada a:<br><br>The submission, \"EFEKTIVITAS BIMBINGAN UJIAN KOMPETENSI DENGAN METODE SMALL GROUP DISCUSSION(SGD) ONLINEDAN OFFLINE TERHADAP HASIL NILAI TRY OUT UJIAN KOMPETENSI DI PRODI D-IV KEBIDANAN POLTEKKES KEMENKES JAYAPURA,\" to Jurnal Keperawatan Intan Husada has been assigned to you to see through the editorial process in your role as Section Editor. <br><br>Submission URL: <a href=\"https://akperinsada.ac.id/e-jurnal/index.php/insada/authorDashboard/submission/203\"><a href=\'https://akperinsada.ac.id/e-jurnal/index.php/insada/authorDashboard/submission/203\' class=\'submissionUrl-style-class\'>https://akperinsada.ac.id/e-jurnal/index.php/insada/authorDashboard/submission/203</a></a><br>Username: admin<br><br>Thank you,<br>admininsada a<br>akper.insada@gmail.com</p><br/>'),(184,1048586,184,1,'2021-02-17 15:14:10','2021-02-17 15:14:56','ok good','<p>ok</p>'),(185,1048586,185,1,'2021-02-17 15:24:45','2021-02-17 15:24:45',NULL,NULL),(186,1048586,186,1,'2021-02-17 15:25:56','2021-02-17 15:25:56','[Insada] Editorial Assignment','<p>editor editor:<br><br>The submission, \"EFEKTIVITAS BIRTH BALL EXERCISEPADA IBU BERSALIN KALA ITERHADAP LAMA KALA I FASE AKTIF DAN LAMA KALA II DI RUANG BERSALIN PUSKESMAS ARSO 3KABUPATEN KEROOM PROVINSI PAPUA,\" to Jurnal Keperawatan Intan Husada has been assigned to you to see through the editorial process in your role as Section Editor. <br><br>Submission URL: <a href=\"https://akperinsada.ac.id/e-jurnal/index.php/insada/workflow/access/204\"><a href=\'https://akperinsada.ac.id/e-jurnal/index.php/insada/workflow/access/204\' class=\'submissionUrl-style-class\'>https://akperinsada.ac.id/e-jurnal/index.php/insada/workflow/access/204</a></a><br>Username: editor<br><br>Thank you,<br>admininsada a<br>akper.insada@gmail.com</p><br/>'),(187,1048586,187,1,'2021-02-17 15:26:52','2021-02-17 15:26:52','[Insada] Editorial Assignment','<p>admininsada a:<br><br>The submission, \"EFEKTIVITAS BIRTH BALL EXERCISEPADA IBU BERSALIN KALA ITERHADAP LAMA KALA I FASE AKTIF DAN LAMA KALA II DI RUANG BERSALIN PUSKESMAS ARSO 3KABUPATEN KEROOM PROVINSI PAPUA,\" to Jurnal Keperawatan Intan Husada has been assigned to you to see through the editorial process in your role as Section Editor. <br><br>Submission URL: <a href=\"https://akperinsada.ac.id/e-jurnal/index.php/insada/authorDashboard/submission/204\"><a href=\'https://akperinsada.ac.id/e-jurnal/index.php/insada/authorDashboard/submission/204\' class=\'submissionUrl-style-class\'>https://akperinsada.ac.id/e-jurnal/index.php/insada/authorDashboard/submission/204</a></a><br>Username: admin<br><br>Thank you,<br>admininsada a<br>akper.insada@gmail.com</p><br/>'),(188,1048586,188,1,'2021-02-17 15:41:00','2021-02-17 15:41:00','[Insada] Editorial Assignment','<p>editor editor:<br><br>The submission, \"HUBUNGAN USIA DENGAN SELFCARE PADA PASIEN DIABETES MELLITUS TIPE 2,\" to Jurnal Keperawatan Intan Husada has been assigned to you to see through the editorial process in your role as Section Editor. <br><br>Submission URL: <a href=\"https://akperinsada.ac.id/e-jurnal/index.php/insada/workflow/access/205\"><a href=\'https://akperinsada.ac.id/e-jurnal/index.php/insada/workflow/access/205\' class=\'submissionUrl-style-class\'>https://akperinsada.ac.id/e-jurnal/index.php/insada/workflow/access/205</a></a><br>Username: editor<br><br>Thank you,<br>admininsada a<br>akper.insada@gmail.com</p><br/>'),(189,1048586,189,1,'2021-02-17 15:43:20','2021-02-17 15:43:20','[Insada] Editorial Assignment','<p>admininsada a:<br><br>The submission, \"HUBUNGAN USIA DENGAN SELFCARE PADA PASIEN DIABETES MELLITUS TIPE 2,\" to Jurnal Keperawatan Intan Husada has been assigned to you to see through the editorial process in your role as Section Editor. <br><br>Submission URL: <a href=\"https://akperinsada.ac.id/e-jurnal/index.php/insada/authorDashboard/submission/205\"><a href=\'https://akperinsada.ac.id/e-jurnal/index.php/insada/authorDashboard/submission/205\' class=\'submissionUrl-style-class\'>https://akperinsada.ac.id/e-jurnal/index.php/insada/authorDashboard/submission/205</a></a><br>Username: admin<br><br>Thank you,<br>admininsada a<br>akper.insada@gmail.com</p><br/>'),(190,1048586,190,1,'2021-02-17 15:45:14','2021-02-17 15:45:42','ok','<p>ok</p>'),(191,1048586,191,1,'2021-02-17 15:47:09','2021-02-17 15:47:31','ok','<p>ok</p>'),(192,1048586,192,1,'2021-02-18 09:29:26','2021-02-18 09:29:26','[Insada] Editorial Assignment','<p>editor editor:<br><br>The submission, \"GAMBARAN FAKTOR - FAKTOR YANG MEMPENGARUHI KECEMASAN MAHASISWA DALAM TUGAS AKHIR MASA PANDEMI COVID-19,\" to Jurnal Keperawatan Intan Husada has been assigned to you to see through the editorial process in your role as Section Editor. <br><br>Submission URL: <a href=\"https://akperinsada.ac.id/e-jurnal/index.php/insada/workflow/access/206\"><a href=\'https://akperinsada.ac.id/e-jurnal/index.php/insada/workflow/access/206\' class=\'submissionUrl-style-class\'>https://akperinsada.ac.id/e-jurnal/index.php/insada/workflow/access/206</a></a><br>Username: editor<br><br>Thank you,<br>admininsada a<br>akper.insada@gmail.com</p><br/>'),(193,1048586,193,1,'2021-02-18 09:30:25','2021-02-18 09:30:25',NULL,NULL),(194,1048586,194,1,'2021-02-18 09:31:29','2021-02-18 09:31:29','[Insada] Editorial Assignment','<p>admininsada a:<br><br>The submission, \"GAMBARAN FAKTOR - FAKTOR YANG MEMPENGARUHI KECEMASAN MAHASISWA DALAM TUGAS AKHIR MASA PANDEMI COVID-19,\" to Jurnal Keperawatan Intan Husada has been assigned to you to see through the editorial process in your role as Section Editor. <br><br>Submission URL: <a href=\"https://akperinsada.ac.id/e-jurnal/index.php/insada/authorDashboard/submission/206\"><a href=\'https://akperinsada.ac.id/e-jurnal/index.php/insada/authorDashboard/submission/206\' class=\'submissionUrl-style-class\'>https://akperinsada.ac.id/e-jurnal/index.php/insada/authorDashboard/submission/206</a></a><br>Username: admin<br><br>Thank you,<br>admininsada a<br>akper.insada@gmail.com</p><br/>'),(195,1048586,195,1,'2021-02-18 09:33:07','2021-02-18 09:33:07',NULL,NULL),(196,1048586,196,1,'2021-02-18 09:34:18','2021-02-18 09:34:18',NULL,NULL),(197,1048586,197,1,'2021-02-18 10:15:09','2021-02-18 10:15:09','[Insada] Editorial Assignment','<p>editor editor:<br><br>The submission, \"STUDI DISKRIPTIF KUALITATIF: PERAN TIM SIAGA BENCANA BERBASIS MASYARAKAT (SIBAT) MENJARING PENYINTAS COVID-19 UNTUK DONOR PLASMA KONVALESEN DI KOTA SURAKARTA,\" to Jurnal Keperawatan Intan Husada has been assigned to you to see through the editorial process in your role as Section Editor. <br><br>Submission URL: <a href=\"https://akperinsada.ac.id/e-jurnal/index.php/insada/workflow/access/207\"><a href=\'https://akperinsada.ac.id/e-jurnal/index.php/insada/workflow/access/207\' class=\'submissionUrl-style-class\'>https://akperinsada.ac.id/e-jurnal/index.php/insada/workflow/access/207</a></a><br>Username: editor<br><br>Thank you,<br>admininsada a<br>akper.insada@gmail.com</p><br/>'),(198,1048586,198,1,'2021-02-18 10:16:05','2021-02-18 10:16:21','ok','<p>ok</p>'),(199,1048586,199,1,'2021-02-18 10:16:34','2021-02-18 10:16:34','[Insada] Editorial Assignment','<p>admininsada a:<br><br>The submission, \"STUDI DISKRIPTIF KUALITATIF: PERAN TIM SIAGA BENCANA BERBASIS MASYARAKAT (SIBAT) MENJARING PENYINTAS COVID-19 UNTUK DONOR PLASMA KONVALESEN DI KOTA SURAKARTA,\" to Jurnal Keperawatan Intan Husada has been assigned to you to see through the editorial process in your role as Section Editor. <br><br>Submission URL: <a href=\"https://akperinsada.ac.id/e-jurnal/index.php/insada/authorDashboard/submission/207\"><a href=\'https://akperinsada.ac.id/e-jurnal/index.php/insada/authorDashboard/submission/207\' class=\'submissionUrl-style-class\'>https://akperinsada.ac.id/e-jurnal/index.php/insada/authorDashboard/submission/207</a></a><br>Username: admin<br><br>Thank you,<br>admininsada a<br>akper.insada@gmail.com</p><br/>'),(200,1048586,200,1,'2021-02-18 10:17:32','2021-02-18 10:17:52','ok','<p>ok</p>'),(201,1048586,201,1,'2021-02-18 10:19:00','2021-02-18 10:19:13','ok','<p>ok</p>'),(202,1048586,202,1,'2021-02-18 10:39:34','2021-02-18 10:39:34','[Insada] Editorial Assignment','<p>editor editor:<br><br>The submission, \"EFEKTIVITAS BIRTH BALL EXERCISEPADA IBU BERSALIN KALA ITERHADAP KECEMASAN DAN SKALA NYERIDI RUANG BERSALIN PUSKESMAS ARSO 3KABUPATEN KEROOM PROVINSI PAPUA,\" to Jurnal Keperawatan Intan Husada has been assigned to you to see through the editorial process in your role as Section Editor. <br><br>Submission URL: <a href=\"https://akperinsada.ac.id/e-jurnal/index.php/insada/workflow/access/208\"><a href=\'https://akperinsada.ac.id/e-jurnal/index.php/insada/workflow/access/208\' class=\'submissionUrl-style-class\'>https://akperinsada.ac.id/e-jurnal/index.php/insada/workflow/access/208</a></a><br>Username: editor<br><br>Thank you,<br>admininsada a<br>akper.insada@gmail.com</p><br/>'),(203,1048586,203,1,'2021-02-18 10:40:20','2021-02-18 10:40:20','[Insada] Editorial Assignment','<p>admininsada a:<br><br>The submission, \"EFEKTIVITAS BIRTH BALL EXERCISEPADA IBU BERSALIN KALA ITERHADAP KECEMASAN DAN SKALA NYERIDI RUANG BERSALIN PUSKESMAS ARSO 3KABUPATEN KEROOM PROVINSI PAPUA,\" to Jurnal Keperawatan Intan Husada has been assigned to you to see through the editorial process in your role as Section Editor. <br><br>Submission URL: <a href=\"https://akperinsada.ac.id/e-jurnal/index.php/insada/authorDashboard/submission/208\"><a href=\'https://akperinsada.ac.id/e-jurnal/index.php/insada/authorDashboard/submission/208\' class=\'submissionUrl-style-class\'>https://akperinsada.ac.id/e-jurnal/index.php/insada/authorDashboard/submission/208</a></a><br>Username: admin<br><br>Thank you,<br>admininsada a<br>akper.insada@gmail.com</p><br/>'),(204,1048586,204,1,'2021-02-18 10:43:51','2021-02-18 10:44:07','ok','<p>ok</p>'),(205,1048586,205,1,'2021-02-18 10:52:11','2021-02-18 10:52:11',NULL,NULL),(206,1048586,206,1,'2021-02-18 10:52:45','2021-02-18 10:52:45','[Insada] Editorial Assignment','<p>editor editor:<br><br>The submission, \"FAKTOR RISIKO KEJADIAN KEMATIAN JANIN DALAM RAHIM (KJDR) PADA IBU HAMIL DENGAN MALARIA DI PUSKESMAS SENTANI KABUPATEN JAYAPURA ,\" to Jurnal Keperawatan Intan Husada has been assigned to you to see through the editorial process in your role as Section Editor. <br><br>Submission URL: <a href=\"https://akperinsada.ac.id/e-jurnal/index.php/insada/workflow/access/209\"><a href=\'https://akperinsada.ac.id/e-jurnal/index.php/insada/workflow/access/209\' class=\'submissionUrl-style-class\'>https://akperinsada.ac.id/e-jurnal/index.php/insada/workflow/access/209</a></a><br>Username: editor<br><br>Thank you,<br>admininsada a<br>akper.insada@gmail.com</p><br/>'),(207,1048586,207,1,'2021-02-18 10:53:33','2021-02-18 10:53:46','ok','<p>ok</p>'),(208,1048586,208,1,'2021-02-18 10:53:57','2021-02-18 10:53:57','[Insada] Editorial Assignment','<p>admininsada a:<br><br>The submission, \"FAKTOR RISIKO KEJADIAN KEMATIAN JANIN DALAM RAHIM (KJDR) PADA IBU HAMIL DENGAN MALARIA DI PUSKESMAS SENTANI KABUPATEN JAYAPURA ,\" to Jurnal Keperawatan Intan Husada has been assigned to you to see through the editorial process in your role as Section Editor. <br><br>Submission URL: <a href=\"https://akperinsada.ac.id/e-jurnal/index.php/insada/authorDashboard/submission/209\"><a href=\'https://akperinsada.ac.id/e-jurnal/index.php/insada/authorDashboard/submission/209\' class=\'submissionUrl-style-class\'>https://akperinsada.ac.id/e-jurnal/index.php/insada/authorDashboard/submission/209</a></a><br>Username: admin<br><br>Thank you,<br>admininsada a<br>akper.insada@gmail.com</p><br/>'),(209,1048586,209,1,'2021-02-18 10:54:53','2021-02-18 10:55:07','ok','<p>ok</p>'),(210,1048586,210,1,'2021-02-18 11:08:48','2021-02-18 11:08:48','[Insada] Editorial Assignment','<p>editor editor:<br><br>The submission, \"HUBUNGAN PENGETAHUAN TENTANG HIV/AIDS DENGAN SIKAP SEKS PRANIKAH PADA SISWA KELAS IX SMP NEGERI 9 SURAKARTA,\" to Jurnal Keperawatan Intan Husada has been assigned to you to see through the editorial process in your role as Section Editor. <br><br>Submission URL: <a href=\"https://akperinsada.ac.id/e-jurnal/index.php/insada/workflow/access/210\"><a href=\'https://akperinsada.ac.id/e-jurnal/index.php/insada/workflow/access/210\' class=\'submissionUrl-style-class\'>https://akperinsada.ac.id/e-jurnal/index.php/insada/workflow/access/210</a></a><br>Username: editor<br><br>Thank you,<br>admininsada a<br>akper.insada@gmail.com</p><br/>'),(211,1048586,211,1,'2021-02-18 11:09:55','2021-02-18 11:09:55','[Insada] Editorial Assignment','<p>admininsada a:<br><br>The submission, \"HUBUNGAN PENGETAHUAN TENTANG HIV/AIDS DENGAN SIKAP SEKS PRANIKAH PADA SISWA KELAS IX SMP NEGERI 9 SURAKARTA,\" to Jurnal Keperawatan Intan Husada has been assigned to you to see through the editorial process in your role as Section Editor. <br><br>Submission URL: <a href=\"https://akperinsada.ac.id/e-jurnal/index.php/insada/authorDashboard/submission/210\"><a href=\'https://akperinsada.ac.id/e-jurnal/index.php/insada/authorDashboard/submission/210\' class=\'submissionUrl-style-class\'>https://akperinsada.ac.id/e-jurnal/index.php/insada/authorDashboard/submission/210</a></a><br>Username: admin<br><br>Thank you,<br>admininsada a<br>akper.insada@gmail.com</p><br/>'),(212,1048586,212,1,'2021-02-18 11:10:38','2021-02-18 11:10:50','ok','<p>ok</p>'),(213,1048586,213,693,'2021-06-24 00:00:19','2021-06-24 00:00:19','Comments for the Editor','<p>mxmzmx</p>\r\n<p>&nbsp;</p>'),(214,1048586,214,4,'2021-08-09 15:11:02','2021-08-09 15:11:02',NULL,NULL);

--
-- Table structure for table `notification_mail_list`
--

CREATE TABLE `notification_mail_list` (
  `notification_mail_list_id` bigint(20) NOT NULL AUTO_INCREMENT,
  `email` varchar(90) NOT NULL,
  `confirmed` tinyint(4) NOT NULL DEFAULT 0,
  `token` varchar(40) NOT NULL,
  `context` bigint(20) NOT NULL,
  PRIMARY KEY (`notification_mail_list_id`),
  UNIQUE KEY `notification_mail_list_email_context` (`email`,`context`)
) ENGINE=MyISAM DEFAULT CHARSET=latin1;

--
-- Dumping data for table `notification_mail_list`
--


--
-- Table structure for table `notification_settings`
--

CREATE TABLE `notification_settings` (
  `notification_id` bigint(20) NOT NULL,
  `locale` varchar(14) DEFAULT NULL,
  `setting_name` varchar(64) NOT NULL,
  `setting_value` text DEFAULT NULL,
  `setting_type` varchar(6) NOT NULL,
  UNIQUE KEY `notification_settings_pkey` (`notification_id`,`locale`,`setting_name`)
) ENGINE=MyISAM DEFAULT CHARSET=latin1;

--
-- Dumping data for table `notification_settings`
--


--
-- Table structure for table `notification_subscription_settings`
--

CREATE TABLE `notification_subscription_settings` (
  `setting_id` bigint(20) NOT NULL AUTO_INCREMENT,
  `setting_name` varchar(64) NOT NULL,
  `setting_value` text DEFAULT NULL,
  `user_id` bigint(20) NOT NULL,
  `context` bigint(20) NOT NULL,
  `setting_type` varchar(6) NOT NULL,
  PRIMARY KEY (`setting_id`)
) ENGINE=MyISAM AUTO_INCREMENT=4 DEFAULT CHARSET=latin1;

--
-- Dumping data for table `notification_subscription_settings`
--

INSERT INTO `notification_subscription_settings` VALUES (1,'token','19509350015b0f6aaeaa155',0,1,'string'),(2,'blocked_emailed_notification','8',686,1,'int'),(3,'blocked_emailed_notification','268435477',686,1,'int');

--
-- Table structure for table `notifications`
--

CREATE TABLE `notifications` (
  `notification_id` bigint(20) NOT NULL AUTO_INCREMENT,
  `context_id` bigint(20) NOT NULL,
  `user_id` bigint(20) DEFAULT NULL,
  `level` bigint(20) NOT NULL,
  `type` bigint(20) NOT NULL,
  `date_created` datetime NOT NULL,
  `date_read` datetime DEFAULT NULL,
  `assoc_type` bigint(20) DEFAULT NULL,
  `assoc_id` bigint(20) DEFAULT NULL,
  PRIMARY KEY (`notification_id`),
  KEY `notifications_context_id_user_id` (`context_id`,`user_id`,`level`),
  KEY `notifications_context_id` (`context_id`,`level`),
  KEY `notifications_assoc` (`assoc_type`,`assoc_id`)
) ENGINE=MyISAM AUTO_INCREMENT=6170 DEFAULT CHARSET=latin1;

--
-- Dumping data for table `notifications`
--

INSERT INTO `notifications` VALUES (1,1,1,2,268435477,'2016-06-29 16:03:01',NULL,0,0),(2,1,2,2,268435477,'2016-06-29 16:03:01',NULL,0,0),(3,1,3,2,268435477,'2016-06-29 16:03:01',NULL,0,0),(4,1,4,2,268435477,'2016-06-29 16:03:01',NULL,0,0),(5,1,0,2,268435477,'2016-06-29 16:03:01','2016-09-18 11:44:16',0,0),(6,1,1,2,268435477,'2016-06-29 16:03:42',NULL,0,0),(7,1,2,2,268435477,'2016-06-29 16:03:42',NULL,0,0),(8,1,3,2,268435477,'2016-06-29 16:03:42',NULL,0,0),(9,1,4,2,268435477,'2016-06-29 16:03:42',NULL,0,0),(10,1,0,2,268435477,'2016-06-29 16:03:42','2016-09-18 11:44:16',0,0),(11,1,4,2,16777217,'2016-06-29 16:08:06',NULL,1048585,1),(12,1,1,2,16777217,'2016-06-29 16:08:06',NULL,1048585,1),(15,1,4,2,16777217,'2016-06-30 08:21:14',NULL,1048585,2),(16,1,1,2,16777217,'2016-06-30 08:21:14',NULL,1048585,2),(19,1,4,2,16777217,'2016-06-30 09:43:42',NULL,1048585,4),(20,1,1,2,16777217,'2016-06-30 09:43:42',NULL,1048585,4),(23,1,4,2,16777217,'2016-06-30 10:00:18',NULL,1048585,5),(24,1,1,2,16777217,'2016-06-30 10:00:18',NULL,1048585,5),(25,1,4,2,16777217,'2016-06-30 10:08:15',NULL,1048585,6),(26,1,1,2,16777217,'2016-06-30 10:08:15',NULL,1048585,6),(27,1,4,2,16777217,'2016-06-30 10:16:39',NULL,1048585,7),(28,1,1,2,16777217,'2016-06-30 10:16:39',NULL,1048585,7),(29,1,4,2,16777217,'2016-06-30 10:22:40',NULL,1048585,8),(30,1,1,2,16777217,'2016-06-30 10:22:40',NULL,1048585,8),(39,1,4,2,16777217,'2016-06-30 10:52:09',NULL,1048585,11),(40,1,1,2,16777217,'2016-06-30 10:52:09',NULL,1048585,11),(43,1,4,2,16777217,'2016-06-30 11:34:09',NULL,1048585,14),(44,1,1,2,16777217,'2016-06-30 11:34:09',NULL,1048585,14),(45,1,4,2,16777217,'2016-06-30 11:59:09',NULL,1048585,19),(46,1,1,2,16777217,'2016-06-30 11:59:09',NULL,1048585,19),(47,1,4,2,16777217,'2016-06-30 12:03:15',NULL,1048585,20),(48,1,1,2,16777217,'2016-06-30 12:03:15',NULL,1048585,20),(49,1,4,2,16777217,'2016-06-30 12:08:36',NULL,1048585,21),(50,1,1,2,16777217,'2016-06-30 12:08:36',NULL,1048585,21),(51,1,4,2,16777217,'2016-06-30 12:11:40',NULL,1048585,22),(52,1,1,2,16777217,'2016-06-30 12:11:40',NULL,1048585,22),(63,1,4,2,16777217,'2016-07-02 11:00:44',NULL,1048585,27),(64,1,1,2,16777217,'2016-07-02 11:00:44',NULL,1048585,27),(65,1,4,2,16777217,'2016-08-30 12:17:04',NULL,1048585,28),(66,1,1,2,16777217,'2016-08-30 12:17:04',NULL,1048585,28),(67,1,1,2,268435477,'2016-09-07 12:43:33',NULL,0,0),(68,1,2,2,268435477,'2016-09-07 12:43:33',NULL,0,0),(69,1,3,2,268435477,'2016-09-07 12:43:33',NULL,0,0),(70,1,4,2,268435477,'2016-09-07 12:43:33',NULL,0,0),(71,1,5,2,268435477,'2016-09-07 12:43:33',NULL,0,0),(72,1,0,2,268435477,'2016-09-07 12:43:33','2016-09-18 11:44:16',0,0),(75,1,4,2,16777217,'2016-09-07 12:48:51',NULL,1048585,31),(76,1,1,2,16777217,'2016-09-07 12:48:51',NULL,1048585,31),(77,1,4,2,16777217,'2016-09-07 12:51:33',NULL,1048585,32),(78,1,1,2,16777217,'2016-09-07 12:51:33',NULL,1048585,32),(79,1,4,2,16777217,'2016-09-07 12:53:37',NULL,1048585,33),(80,1,1,2,16777217,'2016-09-07 12:53:37',NULL,1048585,33),(81,1,4,2,16777217,'2016-09-07 12:55:48',NULL,1048585,34),(82,1,1,2,16777217,'2016-09-07 12:55:48',NULL,1048585,34),(83,1,4,2,16777217,'2016-09-07 12:59:58',NULL,1048585,35),(84,1,1,2,16777217,'2016-09-07 12:59:58',NULL,1048585,35),(95,1,1,2,16777217,'2016-12-19 06:00:39',NULL,1048585,40),(96,1,4,2,16777217,'2016-12-19 06:00:39',NULL,1048585,40),(135,1,1,2,16777218,'2017-02-20 10:42:02',NULL,1048585,8),(136,1,1,2,16777218,'2017-02-20 10:42:02',NULL,1048585,8),(141,1,13,2,16777218,'2017-02-20 10:47:48',NULL,1048585,40),(142,1,1,2,16777218,'2017-02-20 10:47:48',NULL,1048585,40),(145,1,1,2,268435477,'2017-03-29 09:39:48',NULL,0,0),(146,1,2,2,268435477,'2017-03-29 09:39:48',NULL,0,0),(147,1,3,2,268435477,'2017-03-29 09:39:48',NULL,0,0),(148,1,4,2,268435477,'2017-03-29 09:39:49',NULL,0,0),(149,1,5,2,268435477,'2017-03-29 09:39:49',NULL,0,0),(150,1,6,2,268435477,'2017-03-29 09:39:49',NULL,0,0),(151,1,7,2,268435477,'2017-03-29 09:39:49',NULL,0,0),(152,1,8,2,268435477,'2017-03-29 09:39:49',NULL,0,0),(153,1,9,2,268435477,'2017-03-29 09:39:49',NULL,0,0),(154,1,10,2,268435477,'2017-03-29 09:39:49',NULL,0,0),(155,1,11,2,268435477,'2017-03-29 09:39:49',NULL,0,0),(156,1,12,2,268435477,'2017-03-29 09:39:49',NULL,0,0),(157,1,13,2,268435477,'2017-03-29 09:39:49',NULL,0,0),(158,1,14,2,268435477,'2017-03-29 09:39:49',NULL,0,0),(159,1,15,2,268435477,'2017-03-29 09:39:49',NULL,0,0),(160,1,16,2,268435477,'2017-03-29 09:39:49',NULL,0,0),(161,1,17,2,268435477,'2017-03-29 09:39:49',NULL,0,0),(162,1,0,2,268435477,'2017-03-29 09:39:49','2017-04-19 13:59:28',0,0),(163,1,1,2,268435477,'2017-03-29 09:41:24',NULL,0,0),(164,1,2,2,268435477,'2017-03-29 09:41:24',NULL,0,0),(165,1,3,2,268435477,'2017-03-29 09:41:24',NULL,0,0),(166,1,4,2,268435477,'2017-03-29 09:41:24',NULL,0,0),(167,1,5,2,268435477,'2017-03-29 09:41:24',NULL,0,0),(168,1,6,2,268435477,'2017-03-29 09:41:24',NULL,0,0),(169,1,7,2,268435477,'2017-03-29 09:41:24',NULL,0,0),(170,1,8,2,268435477,'2017-03-29 09:41:24',NULL,0,0),(171,1,9,2,268435477,'2017-03-29 09:41:24',NULL,0,0),(172,1,10,2,268435477,'2017-03-29 09:41:24',NULL,0,0),(173,1,11,2,268435477,'2017-03-29 09:41:24',NULL,0,0),(174,1,12,2,268435477,'2017-03-29 09:41:24',NULL,0,0),(175,1,13,2,268435477,'2017-03-29 09:41:24',NULL,0,0),(176,1,14,2,268435477,'2017-03-29 09:41:24',NULL,0,0),(177,1,15,2,268435477,'2017-03-29 09:41:24',NULL,0,0),(178,1,16,2,268435477,'2017-03-29 09:41:24',NULL,0,0),(179,1,17,2,268435477,'2017-03-29 09:41:24',NULL,0,0),(180,1,0,2,268435477,'2017-03-29 09:41:24','2017-04-19 13:59:28',0,0),(181,1,1,2,16777217,'2017-03-29 09:48:05',NULL,1048585,46),(182,1,4,2,16777217,'2017-03-29 09:48:05',NULL,1048585,46),(183,1,1,2,16777217,'2017-03-29 09:50:03',NULL,1048585,47),(184,1,4,2,16777217,'2017-03-29 09:50:03',NULL,1048585,47),(185,1,1,2,16777217,'2017-03-29 09:59:59',NULL,1048585,49),(186,1,4,2,16777217,'2017-03-29 09:59:59',NULL,1048585,49),(187,1,1,2,16777217,'2017-03-29 10:01:44',NULL,1048585,50),(188,1,4,2,16777217,'2017-03-29 10:01:44',NULL,1048585,50),(189,1,1,2,16777217,'2017-03-29 10:03:14',NULL,1048585,51),(190,1,4,2,16777217,'2017-03-29 10:03:14',NULL,1048585,51),(191,1,1,2,16777217,'2017-03-29 10:05:12',NULL,1048585,52),(192,1,4,2,16777217,'2017-03-29 10:05:12',NULL,1048585,52),(193,1,1,2,16777217,'2017-03-29 10:07:49',NULL,1048585,53),(194,1,4,2,16777217,'2017-03-29 10:07:49',NULL,1048585,53),(209,1,1,2,16777217,'2017-03-29 10:42:11','2018-05-08 10:22:27',1048585,54),(210,1,4,2,16777217,'2017-03-29 10:42:11',NULL,1048585,54),(211,1,1,2,16777217,'2017-03-29 10:43:48','2018-05-08 10:22:27',1048585,55),(212,1,4,2,16777217,'2017-03-29 10:43:48',NULL,1048585,55),(213,1,1,2,16777217,'2017-03-29 10:46:19','2018-05-08 10:22:27',1048585,56),(214,1,4,2,16777217,'2017-03-29 10:46:19',NULL,1048585,56),(215,1,1,2,16777217,'2017-03-29 10:49:44','2018-05-08 10:22:27',1048585,57),(216,1,4,2,16777217,'2017-03-29 10:49:44',NULL,1048585,57),(217,1,1,2,16777217,'2017-03-29 10:51:44','2018-05-08 10:22:27',1048585,58),(218,1,4,2,16777217,'2017-03-29 10:51:44',NULL,1048585,58),(219,1,1,2,16777217,'2017-03-29 10:53:50','2018-05-08 10:22:27',1048585,59),(220,1,4,2,16777217,'2017-03-29 10:53:50',NULL,1048585,59),(299,1,0,2,16777245,'2018-05-25 13:33:51',NULL,1048585,76),(234,2,0,2,16777244,'2018-05-22 10:05:44',NULL,256,2),(298,1,0,2,16777243,'2018-05-25 13:33:51',NULL,1048585,76),(259,1,4,2,268435478,'2018-05-22 21:26:00','2018-05-22 21:26:01',1048585,74),(305,1,1,2,16777235,'2018-05-25 13:57:14',NULL,1048585,76),(240,1,1,2,16777217,'2018-05-22 10:14:27',NULL,1048585,74),(256,1,4,2,16777254,'2018-05-22 21:23:44','2018-05-22 21:23:50',1048585,74),(242,1,4,2,16777217,'2018-05-22 10:14:28',NULL,1048585,74),(262,1,1,2,16777235,'2018-05-22 21:27:06',NULL,1048585,74),(244,1,0,2,16777243,'2018-05-22 10:14:28',NULL,1048585,74),(245,1,0,2,16777245,'2018-05-22 10:14:28',NULL,1048585,74),(294,1,1,2,16777217,'2018-05-25 13:33:51',NULL,1048585,76),(301,1,0,2,16777236,'2018-05-25 13:54:12','2018-05-25 13:54:19',523,36),(314,1,8,2,268435477,'2018-05-25 14:16:47',NULL,0,0),(296,1,4,2,16777217,'2018-05-25 13:33:51',NULL,1048585,76),(311,1,1,2,268435478,'2018-05-25 14:05:04','2018-05-25 14:05:05',1048585,76),(315,1,13,2,268435477,'2018-05-25 14:16:47',NULL,0,0),(316,1,15,2,268435477,'2018-05-25 14:16:47',NULL,0,0),(317,1,16,2,268435477,'2018-05-25 14:16:47',NULL,0,0),(318,1,1,2,268435477,'2018-05-25 14:16:47',NULL,0,0),(319,1,11,2,268435477,'2018-05-25 14:16:47',NULL,0,0),(320,1,9,2,268435477,'2018-05-25 14:16:47',NULL,0,0),(321,1,10,2,268435477,'2018-05-25 14:16:47',NULL,0,0),(322,1,17,2,268435477,'2018-05-25 14:16:47',NULL,0,0),(323,1,18,2,268435477,'2018-05-25 14:16:47',NULL,0,0),(324,1,5,2,268435477,'2018-05-25 14:16:47',NULL,0,0),(325,1,4,2,268435477,'2018-05-25 14:16:47',NULL,0,0),(326,1,19,2,268435477,'2018-05-25 14:16:47',NULL,0,0),(327,1,12,2,268435477,'2018-05-25 14:16:47',NULL,0,0),(328,1,14,2,268435477,'2018-05-25 14:16:47',NULL,0,0),(329,1,7,2,268435477,'2018-05-25 14:16:47',NULL,0,0),(330,1,3,2,268435477,'2018-05-25 14:16:47',NULL,0,0),(331,1,2,2,268435477,'2018-05-25 14:16:47',NULL,0,0),(332,1,20,2,268435477,'2018-05-25 14:16:47',NULL,0,0),(333,1,6,2,268435477,'2018-05-25 14:16:47',NULL,0,0),(334,1,0,2,268435477,'2018-05-25 14:16:47',NULL,0,0),(374,1,1,2,268435478,'2018-05-25 14:32:02','2018-05-25 14:32:03',1048585,78),(402,1,1,2,268435478,'2018-05-27 20:51:51','2018-05-27 20:51:52',1048585,79),(352,1,1,2,268435478,'2018-05-25 14:22:19','2018-05-25 14:22:20',1048585,77),(340,1,1,2,16777217,'2018-05-25 14:20:25',NULL,1048585,77),(342,1,4,2,16777217,'2018-05-25 14:20:25',NULL,1048585,77),(349,1,1,2,16777235,'2018-05-25 14:22:00',NULL,1048585,77),(344,1,0,2,16777243,'2018-05-25 14:20:25',NULL,1048585,77),(345,1,0,2,16777245,'2018-05-25 14:20:25',NULL,1048585,77),(486,1,1,2,268435478,'2018-05-27 21:32:56','2018-05-27 21:32:58',1048585,82),(362,1,1,2,16777217,'2018-05-25 14:30:30',NULL,1048585,78),(364,1,4,2,16777217,'2018-05-25 14:30:30',NULL,1048585,78),(540,1,1,2,16777235,'2018-05-27 22:31:48',NULL,1048585,78),(366,1,0,2,16777243,'2018-05-25 14:30:30',NULL,1048585,78),(367,1,0,2,16777245,'2018-05-25 14:30:30',NULL,1048585,78),(391,1,0,2,16777236,'2018-05-27 20:49:11','2018-05-27 20:49:19',523,37),(381,1,1,2,16777217,'2018-05-27 20:44:31',NULL,1048585,79),(389,1,4,2,16777251,'2018-05-27 20:46:39',NULL,1048585,79),(383,1,4,2,16777217,'2018-05-27 20:44:31',NULL,1048585,79),(399,1,1,2,16777235,'2018-05-27 20:51:24',NULL,1048585,79),(385,1,0,2,16777243,'2018-05-27 20:44:31',NULL,1048585,79),(386,1,0,2,16777245,'2018-05-27 20:44:31',NULL,1048585,79),(422,1,0,2,16777236,'2018-05-27 21:03:50','2018-05-27 21:04:02',523,39),(418,1,0,2,16777236,'2018-05-27 20:59:23','2018-05-27 20:59:32',523,38),(409,1,1,2,16777217,'2018-05-27 20:57:55',NULL,1048585,80),(531,1,0,2,16777236,'2018-05-27 22:28:49','2018-05-27 22:28:59',523,46),(411,1,4,2,16777217,'2018-05-27 20:57:55',NULL,1048585,80),(433,1,1,2,16777230,'2018-05-27 21:09:22',NULL,1048585,80),(413,1,0,2,16777243,'2018-05-27 20:57:55',NULL,1048585,80),(414,1,0,2,16777245,'2018-05-27 20:57:55',NULL,1048585,80),(457,1,4,2,268435478,'2018-05-27 21:18:52',NULL,1048585,81),(431,1,0,2,16777236,'2018-05-27 21:08:35','2018-05-27 21:08:43',523,40),(450,1,0,2,16777236,'2018-05-27 21:16:52','2018-05-27 21:17:03',523,41),(441,1,1,2,16777217,'2018-05-27 21:14:47',NULL,1048585,81),(443,1,4,2,16777217,'2018-05-27 21:14:47',NULL,1048585,81),(453,1,1,2,16777235,'2018-05-27 21:18:33',NULL,1048585,81),(445,1,0,2,16777243,'2018-05-27 21:14:47',NULL,1048585,81),(446,1,0,2,16777245,'2018-05-27 21:14:47',NULL,1048585,81),(458,1,1,2,268435478,'2018-05-27 21:18:52','2018-05-27 21:18:54',1048585,81),(515,1,1,2,16777235,'2018-05-27 21:57:45',NULL,1048585,54),(479,1,0,2,16777236,'2018-05-27 21:29:38','2018-05-27 21:29:53',523,43),(467,1,1,2,16777217,'2018-05-27 21:27:39',NULL,1048585,82),(483,1,1,2,16777235,'2018-05-27 21:32:07',NULL,1048585,82),(469,1,4,2,16777217,'2018-05-27 21:27:39',NULL,1048585,82),(474,1,0,2,16777236,'2018-05-27 21:28:14','2018-05-27 21:28:23',523,42),(471,1,0,2,16777243,'2018-05-27 21:27:39',NULL,1048585,82),(472,1,0,2,16777245,'2018-05-27 21:27:39',NULL,1048585,82),(506,1,0,2,16777236,'2018-05-27 21:43:59','2018-05-27 21:44:10',523,45),(503,1,0,2,16777236,'2018-05-27 21:42:46','2018-05-27 21:42:54',523,44),(494,1,1,2,16777217,'2018-05-27 21:38:18',NULL,1048585,83),(496,1,4,2,16777217,'2018-05-27 21:38:18',NULL,1048585,83),(508,1,1,2,16777235,'2018-05-27 21:44:33',NULL,1048585,83),(498,1,0,2,16777243,'2018-05-27 21:38:18',NULL,1048585,83),(499,1,0,2,16777245,'2018-05-27 21:38:18',NULL,1048585,83),(512,1,1,2,268435478,'2018-05-27 21:45:19','2018-05-27 21:45:21',1048585,83),(513,1,4,2,268435478,'2018-05-27 21:45:19',NULL,1048585,83),(593,1,1,2,268435478,'2018-05-30 09:20:38','2018-05-30 09:20:38',1048585,85),(569,1,1,2,268435478,'2018-05-30 08:47:21','2018-05-30 08:47:22',1048585,84),(1138,1,4,2,268435478,'2019-02-08 09:40:54',NULL,1048585,125),(544,1,4,2,268435478,'2018-05-27 22:33:00',NULL,1048585,78),(1128,1,0,2,16777245,'2019-02-08 09:34:32',NULL,1048585,125),(1127,1,0,2,16777243,'2019-02-08 09:34:32',NULL,1048585,125),(552,1,1,2,16777217,'2018-05-30 08:42:55',NULL,1048585,84),(565,1,1,2,16777235,'2018-05-30 08:46:40',NULL,1048585,84),(554,1,4,2,16777217,'2018-05-30 08:42:55',NULL,1048585,84),(559,1,0,2,16777236,'2018-05-30 08:45:36','2018-05-30 08:45:41',523,47),(556,1,0,2,16777243,'2018-05-30 08:42:55',NULL,1048585,84),(557,1,0,2,16777245,'2018-05-30 08:42:55',NULL,1048585,84),(570,1,4,2,268435478,'2018-05-30 08:47:21',NULL,1048585,84),(623,1,1,2,268435478,'2018-05-30 10:39:19','2018-05-30 10:39:20',1048585,86),(586,1,0,2,16777236,'2018-05-30 09:19:08','2018-05-30 09:19:13',523,48),(577,1,1,2,16777217,'2018-05-30 09:17:23',NULL,1048585,85),(579,1,4,2,16777217,'2018-05-30 09:17:23',NULL,1048585,85),(589,1,1,2,16777235,'2018-05-30 09:20:02',NULL,1048585,85),(581,1,0,2,16777243,'2018-05-30 09:17:23',NULL,1048585,85),(582,1,0,2,16777245,'2018-05-30 09:17:23',NULL,1048585,85),(594,1,4,2,268435478,'2018-05-30 09:20:38',NULL,1048585,85),(1123,1,1,2,16777217,'2019-02-08 09:34:31',NULL,1048585,125),(1133,1,1,2,16777235,'2019-02-08 09:40:10',NULL,1048585,125),(1125,1,4,2,16777217,'2019-02-08 09:34:31',NULL,1048585,125),(606,1,1,2,16777217,'2018-05-30 10:36:52',NULL,1048585,86),(619,1,1,2,16777235,'2018-05-30 10:38:47',NULL,1048585,86),(608,1,4,2,16777217,'2018-05-30 10:36:52',NULL,1048585,86),(613,1,0,2,16777236,'2018-05-30 10:37:34','2018-05-30 10:37:40',523,49),(610,1,0,2,16777243,'2018-05-30 10:36:52',NULL,1048585,86),(611,1,0,2,16777245,'2018-05-30 10:36:52',NULL,1048585,86),(624,1,4,2,268435478,'2018-05-30 10:39:19',NULL,1048585,86),(653,1,1,2,268435478,'2018-05-30 11:01:01','2018-05-30 11:01:02',1048585,87),(761,1,15,2,268435477,'2018-05-31 08:05:24',NULL,0,0),(641,1,4,2,16777251,'2018-05-30 10:57:22',NULL,1048585,87),(631,1,1,2,16777217,'2018-05-30 10:54:52',NULL,1048585,87),(650,1,1,2,16777235,'2018-05-30 10:58:35',NULL,1048585,87),(633,1,4,2,16777217,'2018-05-30 10:54:52',NULL,1048585,87),(638,1,0,2,16777236,'2018-05-30 10:57:03','2018-05-30 10:57:10',523,50),(635,1,0,2,16777243,'2018-05-30 10:54:52',NULL,1048585,87),(636,1,0,2,16777245,'2018-05-30 10:54:52',NULL,1048585,87),(1130,1,0,2,16777236,'2019-02-08 09:38:19','2019-02-08 09:38:27',523,59),(679,1,1,2,268435478,'2018-05-30 12:09:13','2018-05-30 12:09:14',1048585,88),(711,1,1,2,268435478,'2018-05-30 12:25:06','2018-05-30 12:25:07',1048585,89),(660,1,1,2,16777217,'2018-05-30 11:53:20',NULL,1048585,88),(676,1,1,2,16777235,'2018-05-30 12:08:44',NULL,1048585,88),(662,1,4,2,16777217,'2018-05-30 11:53:20',NULL,1048585,88),(667,1,0,2,16777236,'2018-05-30 11:56:37','2018-05-30 11:56:45',523,51),(664,1,0,2,16777243,'2018-05-30 11:53:20',NULL,1048585,88),(665,1,0,2,16777245,'2018-05-30 11:53:20',NULL,1048585,88),(712,1,4,2,268435478,'2018-05-30 12:25:06',NULL,1048585,89),(686,1,1,2,16777217,'2018-05-30 12:20:22',NULL,1048585,89),(707,1,1,2,16777235,'2018-05-30 12:24:48',NULL,1048585,89),(688,1,4,2,16777217,'2018-05-30 12:20:22',NULL,1048585,89),(693,1,0,2,16777236,'2018-05-30 12:21:00','2018-05-30 12:21:07',523,52),(690,1,0,2,16777243,'2018-05-30 12:20:22',NULL,1048585,89),(691,1,0,2,16777245,'2018-05-30 12:20:22',NULL,1048585,89),(739,1,1,2,268435478,'2018-05-30 13:26:57','2018-05-30 13:27:01',1048585,90),(760,1,13,2,268435477,'2018-05-31 08:05:23',NULL,0,0),(728,1,4,2,16777251,'2018-05-30 13:24:56',NULL,1048585,90),(718,1,1,2,16777217,'2018-05-30 13:23:15',NULL,1048585,90),(737,1,1,2,16777235,'2018-05-30 13:26:27',NULL,1048585,90),(720,1,4,2,16777217,'2018-05-30 13:23:15',NULL,1048585,90),(725,1,0,2,16777236,'2018-05-30 13:24:28','2018-05-30 13:24:36',523,53),(722,1,0,2,16777243,'2018-05-30 13:23:15',NULL,1048585,90),(723,1,0,2,16777245,'2018-05-30 13:23:15',NULL,1048585,90),(759,1,8,2,268435477,'2018-05-31 08:05:22',NULL,0,0),(1137,1,1,2,268435478,'2019-02-08 09:40:54','2019-02-08 09:40:54',1048585,125),(746,1,1,2,16777217,'2018-05-30 13:33:15',NULL,1048585,91),(757,1,1,2,16777235,'2018-05-30 13:39:27',NULL,1048585,91),(748,1,4,2,16777217,'2018-05-30 13:33:15',NULL,1048585,91),(753,1,0,2,16777236,'2018-05-30 13:34:01','2018-05-30 13:34:06',523,54),(750,1,0,2,16777243,'2018-05-30 13:33:15',NULL,1048585,91),(751,1,0,2,16777245,'2018-05-30 13:33:15',NULL,1048585,91),(762,1,16,2,268435477,'2018-05-31 08:05:24',NULL,0,0),(763,1,1,2,268435477,'2018-05-31 08:05:24',NULL,0,0),(764,1,11,2,268435477,'2018-05-31 08:05:24',NULL,0,0),(765,1,9,2,268435477,'2018-05-31 08:05:24',NULL,0,0),(766,1,10,2,268435477,'2018-05-31 08:05:24',NULL,0,0),(767,1,17,2,268435477,'2018-05-31 08:05:24',NULL,0,0),(768,1,18,2,268435477,'2018-05-31 08:05:24',NULL,0,0),(769,1,5,2,268435477,'2018-05-31 08:05:24',NULL,0,0),(770,1,4,2,268435477,'2018-05-31 08:05:24',NULL,0,0),(771,1,19,2,268435477,'2018-05-31 08:05:24',NULL,0,0),(772,1,12,2,268435477,'2018-05-31 08:05:24',NULL,0,0),(773,1,14,2,268435477,'2018-05-31 08:05:24',NULL,0,0),(774,1,7,2,268435477,'2018-05-31 08:05:24',NULL,0,0),(775,1,3,2,268435477,'2018-05-31 08:05:24',NULL,0,0),(776,1,2,2,268435477,'2018-05-31 08:05:24',NULL,0,0),(777,1,20,2,268435477,'2018-05-31 08:05:24',NULL,0,0),(778,1,6,2,268435477,'2018-05-31 08:05:24',NULL,0,0),(779,1,0,2,268435477,'2018-05-31 08:05:24','2018-06-19 10:50:15',0,0),(785,1,0,3,16777220,'2018-09-21 13:18:14',NULL,1048585,93),(781,1,1,2,268435478,'2018-05-31 08:11:45','2018-05-31 08:11:47',1048585,91),(786,1,0,3,16777222,'2018-09-21 13:18:14',NULL,1048585,93),(787,1,0,3,16777223,'2018-09-21 13:18:14',NULL,1048585,93),(788,1,0,3,16777224,'2018-09-21 13:18:14',NULL,1048585,93),(789,1,1,2,16777217,'2018-09-21 13:18:14',NULL,1048585,93),(791,1,4,2,16777217,'2018-09-21 13:18:14',NULL,1048585,93),(792,1,4,3,16777247,'2018-09-21 13:18:14',NULL,1048585,93),(793,1,0,2,16777243,'2018-09-21 13:18:14','2018-09-28 09:59:28',1048585,93),(794,1,0,2,16777245,'2018-09-21 13:18:14','2018-09-28 09:59:28',1048585,93),(795,1,0,3,16777220,'2018-09-21 17:31:04',NULL,1048585,94),(796,1,0,3,16777222,'2018-09-21 17:31:04',NULL,1048585,94),(797,1,0,3,16777223,'2018-09-21 17:31:04',NULL,1048585,94),(798,1,0,3,16777224,'2018-09-21 17:31:04',NULL,1048585,94),(799,1,1,2,16777217,'2018-09-21 17:31:04',NULL,1048585,94),(801,1,4,2,16777217,'2018-09-21 17:31:04',NULL,1048585,94),(802,1,4,3,16777247,'2018-09-21 17:31:04',NULL,1048585,94),(803,1,0,2,16777243,'2018-09-21 17:31:04','2018-09-28 09:59:28',1048585,94),(804,1,0,2,16777245,'2018-09-21 17:31:04','2018-09-28 09:59:28',1048585,94),(805,1,0,3,16777220,'2018-10-11 15:53:37',NULL,1048585,95),(806,1,0,3,16777222,'2018-10-11 15:53:37',NULL,1048585,95),(807,1,0,3,16777223,'2018-10-11 15:53:37',NULL,1048585,95),(808,1,0,3,16777224,'2018-10-11 15:53:37',NULL,1048585,95),(809,1,1,2,16777217,'2018-10-11 15:53:37',NULL,1048585,95),(811,1,4,2,16777217,'2018-10-11 15:53:37',NULL,1048585,95),(812,1,4,3,16777247,'2018-10-11 15:53:37',NULL,1048585,95),(813,1,0,2,16777243,'2018-10-11 15:53:37','2018-10-16 16:55:25',1048585,95),(814,1,0,2,16777245,'2018-10-11 15:53:37','2018-10-16 16:55:25',1048585,95),(816,1,0,3,16777220,'2018-11-06 20:44:04',NULL,1048585,96),(817,1,0,3,16777222,'2018-11-06 20:44:04',NULL,1048585,96),(818,1,0,3,16777223,'2018-11-06 20:44:04',NULL,1048585,96),(819,1,0,3,16777224,'2018-11-06 20:44:04',NULL,1048585,96),(820,1,1,2,16777217,'2018-11-06 20:44:04',NULL,1048585,96),(822,1,4,2,16777217,'2018-11-06 20:44:04',NULL,1048585,96),(823,1,4,3,16777247,'2018-11-06 20:44:04',NULL,1048585,96),(824,1,0,2,16777243,'2018-11-06 20:44:04',NULL,1048585,96),(825,1,0,2,16777245,'2018-11-06 20:44:04',NULL,1048585,96),(879,1,3,3,16777249,'2018-11-07 11:49:11',NULL,1048586,107),(839,1,0,2,16777236,'2018-11-06 21:14:22','2018-11-06 21:15:12',523,56),(830,1,1,2,16777217,'2018-11-06 21:03:41',NULL,1048585,98),(840,1,1,2,16777231,'2018-11-06 21:14:22',NULL,1048585,98),(832,1,4,2,16777217,'2018-11-06 21:03:41',NULL,1048585,98),(837,1,0,2,16777236,'2018-11-06 21:09:31','2018-11-06 21:09:42',523,55),(834,1,0,2,16777243,'2018-11-06 21:03:41',NULL,1048585,98),(835,1,0,2,16777245,'2018-11-06 21:03:41',NULL,1048585,98),(870,1,3,2,16777235,'2018-11-07 11:46:28',NULL,1048585,99),(847,1,1,2,16777217,'2018-11-07 11:23:51',NULL,1048585,99),(869,1,1,2,16777235,'2018-11-07 11:46:28',NULL,1048585,99),(849,1,4,2,16777217,'2018-11-07 11:23:51',NULL,1048585,99),(856,1,0,2,16777236,'2018-11-07 11:27:51','2018-11-07 11:28:01',523,57),(851,1,0,2,16777243,'2018-11-07 11:23:51',NULL,1048585,99),(852,1,0,2,16777245,'2018-11-07 11:23:51',NULL,1048585,99),(874,1,1,2,268435478,'2018-11-07 11:47:14','2018-11-07 11:47:15',1048585,99),(875,1,4,2,268435478,'2018-11-07 11:47:14',NULL,1048585,99),(904,1,15,2,268435477,'2018-11-07 12:07:47',NULL,0,0),(903,1,13,2,268435477,'2018-11-07 12:07:47',NULL,0,0),(900,1,1,2,268435478,'2018-11-07 12:06:50','2018-11-07 12:06:51',1048585,100),(902,1,8,2,268435477,'2018-11-07 12:07:47',NULL,0,0),(888,1,1,2,16777217,'2018-11-07 11:59:20',NULL,1048585,100),(890,1,4,2,16777217,'2018-11-07 11:59:20',NULL,1048585,100),(897,1,1,2,16777235,'2018-11-07 12:06:09',NULL,1048585,100),(892,1,0,2,16777243,'2018-11-07 11:59:20',NULL,1048585,100),(893,1,0,2,16777245,'2018-11-07 11:59:20',NULL,1048585,100),(905,1,16,2,268435477,'2018-11-07 12:07:47',NULL,0,0),(906,1,1,2,268435477,'2018-11-07 12:07:47',NULL,0,0),(907,1,11,2,268435477,'2018-11-07 12:07:47',NULL,0,0),(908,1,9,2,268435477,'2018-11-07 12:07:47',NULL,0,0),(909,1,10,2,268435477,'2018-11-07 12:07:47',NULL,0,0),(910,1,22,2,268435477,'2018-11-07 12:07:47',NULL,0,0),(911,1,29,2,268435477,'2018-11-07 12:07:47',NULL,0,0),(912,1,17,2,268435477,'2018-11-07 12:07:47',NULL,0,0),(913,1,18,2,268435477,'2018-11-07 12:07:47',NULL,0,0),(914,1,5,2,268435477,'2018-11-07 12:07:47',NULL,0,0),(915,1,4,2,268435477,'2018-11-07 12:07:47',NULL,0,0),(916,1,21,2,268435477,'2018-11-07 12:07:47',NULL,0,0),(917,1,19,2,268435477,'2018-11-07 12:07:47',NULL,0,0),(918,1,12,2,268435477,'2018-11-07 12:07:47',NULL,0,0),(919,1,14,2,268435477,'2018-11-07 12:07:47',NULL,0,0),(920,1,24,2,268435477,'2018-11-07 12:07:47',NULL,0,0),(921,1,26,2,268435477,'2018-11-07 12:07:47',NULL,0,0),(922,1,7,2,268435477,'2018-11-07 12:07:47',NULL,0,0),(923,1,23,2,268435477,'2018-11-07 12:07:47',NULL,0,0),(924,1,3,2,268435477,'2018-11-07 12:07:47',NULL,0,0),(925,1,2,2,268435477,'2018-11-07 12:07:47',NULL,0,0),(926,1,27,2,268435477,'2018-11-07 12:07:47',NULL,0,0),(927,1,25,2,268435477,'2018-11-07 12:07:47',NULL,0,0),(928,1,28,2,268435477,'2018-11-07 12:07:47',NULL,0,0),(929,1,20,2,268435477,'2018-11-07 12:07:47',NULL,0,0),(930,1,6,2,268435477,'2018-11-07 12:07:47',NULL,0,0),(931,1,0,2,268435477,'2018-11-07 12:07:47',NULL,0,0),(960,1,1,2,16777217,'2018-11-07 15:41:03',NULL,1048585,106),(1021,1,1,2,16777235,'2018-11-09 15:30:31',NULL,1048585,114),(1006,1,1,2,16777217,'2018-11-09 15:27:17',NULL,1048585,114),(946,1,1,2,16777217,'2018-11-07 15:32:50',NULL,1048585,105),(1016,1,1,2,268435478,'2018-11-09 15:28:31','2018-11-09 15:28:33',1048585,113),(948,1,4,2,16777217,'2018-11-07 15:32:50',NULL,1048585,105),(953,1,1,2,16777230,'2018-11-07 15:35:04',NULL,1048585,105),(950,1,0,2,16777243,'2018-11-07 15:32:50',NULL,1048585,105),(951,1,0,2,16777245,'2018-11-07 15:32:50',NULL,1048585,105),(968,1,4,2,16777251,'2018-11-07 15:42:00',NULL,1048585,106),(962,1,4,2,16777217,'2018-11-07 15:41:03',NULL,1048585,106),(967,1,1,2,16777230,'2018-11-07 15:42:00',NULL,1048585,106),(964,1,0,2,16777243,'2018-11-07 15:41:03',NULL,1048585,106),(965,1,0,2,16777245,'2018-11-07 15:41:03',NULL,1048585,106),(979,1,1,2,16777217,'2018-11-09 15:16:30',NULL,1048585,112),(987,1,4,2,16777251,'2018-11-09 15:17:46',NULL,1048585,112),(981,1,4,2,16777217,'2018-11-09 15:16:31',NULL,1048585,112),(986,1,1,2,16777230,'2018-11-09 15:17:46',NULL,1048585,112),(983,1,0,2,16777243,'2018-11-09 15:16:31',NULL,1048585,112),(984,1,0,2,16777245,'2018-11-09 15:16:31',NULL,1048585,112),(994,1,1,2,16777217,'2018-11-09 15:25:50',NULL,1048585,113),(1046,1,10,2,268435477,'2018-11-27 07:36:05',NULL,0,0),(996,1,4,2,16777217,'2018-11-09 15:25:50',NULL,1048585,113),(1024,1,1,2,268435478,'2018-11-09 15:32:05','2018-11-09 15:32:06',1048585,114),(998,1,0,2,16777243,'2018-11-09 15:25:50',NULL,1048585,113),(999,1,0,2,16777245,'2018-11-09 15:25:50',NULL,1048585,113),(1008,1,4,2,16777217,'2018-11-09 15:27:17',NULL,1048585,114),(1017,1,0,2,16777236,'2018-11-09 15:28:35','2018-11-09 15:28:44',523,58),(1010,1,0,2,16777243,'2018-11-09 15:27:17',NULL,1048585,114),(1011,1,0,2,16777245,'2018-11-09 15:27:17',NULL,1048585,114),(1045,1,9,2,268435477,'2018-11-27 07:36:05',NULL,0,0),(1044,1,11,2,268435477,'2018-11-27 07:36:05',NULL,0,0),(1041,1,1,2,268435478,'2018-11-09 15:35:32','2018-11-09 15:35:33',1048585,115),(1031,1,1,2,16777217,'2018-11-09 15:33:42',NULL,1048585,115),(1043,1,1,2,268435477,'2018-11-27 07:36:05',NULL,0,0),(1033,1,4,2,16777217,'2018-11-09 15:33:42',NULL,1048585,115),(1035,1,0,2,16777243,'2018-11-09 15:33:42',NULL,1048585,115),(1036,1,0,2,16777245,'2018-11-09 15:33:42',NULL,1048585,115),(1047,1,22,2,268435477,'2018-11-27 07:36:05',NULL,0,0),(1048,1,29,2,268435477,'2018-11-27 07:36:05',NULL,0,0),(1049,1,17,2,268435477,'2018-11-27 07:36:05',NULL,0,0),(1050,1,18,2,268435477,'2018-11-27 07:36:05',NULL,0,0),(1051,1,5,2,268435477,'2018-11-27 07:36:05',NULL,0,0),(1052,1,4,2,268435477,'2018-11-27 07:36:05',NULL,0,0),(1053,1,21,2,268435477,'2018-11-27 07:36:05',NULL,0,0),(1054,1,19,2,268435477,'2018-11-27 07:36:05',NULL,0,0),(1055,1,31,2,268435477,'2018-11-27 07:36:05',NULL,0,0),(1056,1,12,2,268435477,'2018-11-27 07:36:05',NULL,0,0),(1057,1,32,2,268435477,'2018-11-27 07:36:05',NULL,0,0),(1058,1,14,2,268435477,'2018-11-27 07:36:05',NULL,0,0),(1059,1,24,2,268435477,'2018-11-27 07:36:05',NULL,0,0),(1060,1,26,2,268435477,'2018-11-27 07:36:05',NULL,0,0),(1061,1,7,2,268435477,'2018-11-27 07:36:05',NULL,0,0),(1062,1,23,2,268435477,'2018-11-27 07:36:05',NULL,0,0),(1063,1,3,2,268435477,'2018-11-27 07:36:05',NULL,0,0),(1064,1,2,2,268435477,'2018-11-27 07:36:05',NULL,0,0),(1065,1,27,2,268435477,'2018-11-27 07:36:05',NULL,0,0),(1066,1,25,2,268435477,'2018-11-27 07:36:05',NULL,0,0),(1067,1,28,2,268435477,'2018-11-27 07:36:05',NULL,0,0),(1068,1,30,2,268435477,'2018-11-27 07:36:05',NULL,0,0),(1069,1,20,2,268435477,'2018-11-27 07:36:05',NULL,0,0),(1070,1,6,2,268435477,'2018-11-27 07:36:05',NULL,0,0),(1071,1,0,2,268435477,'2018-11-27 07:36:05',NULL,0,0),(1072,1,1,2,268435477,'2018-11-27 07:36:07',NULL,0,0),(1073,1,11,2,268435477,'2018-11-27 07:36:07',NULL,0,0),(1074,1,9,2,268435477,'2018-11-27 07:36:07',NULL,0,0),(1075,1,10,2,268435477,'2018-11-27 07:36:07',NULL,0,0),(1076,1,22,2,268435477,'2018-11-27 07:36:07',NULL,0,0),(1077,1,29,2,268435477,'2018-11-27 07:36:07',NULL,0,0),(1078,1,17,2,268435477,'2018-11-27 07:36:07',NULL,0,0),(1079,1,18,2,268435477,'2018-11-27 07:36:07',NULL,0,0),(1080,1,5,2,268435477,'2018-11-27 07:36:07',NULL,0,0),(1081,1,4,2,268435477,'2018-11-27 07:36:07',NULL,0,0),(1082,1,21,2,268435477,'2018-11-27 07:36:07',NULL,0,0),(1083,1,19,2,268435477,'2018-11-27 07:36:07',NULL,0,0),(1084,1,31,2,268435477,'2018-11-27 07:36:07',NULL,0,0),(1085,1,12,2,268435477,'2018-11-27 07:36:07',NULL,0,0),(1086,1,32,2,268435477,'2018-11-27 07:36:07',NULL,0,0),(1087,1,14,2,268435477,'2018-11-27 07:36:07',NULL,0,0),(1088,1,24,2,268435477,'2018-11-27 07:36:07',NULL,0,0),(1089,1,26,2,268435477,'2018-11-27 07:36:07',NULL,0,0),(1090,1,7,2,268435477,'2018-11-27 07:36:07',NULL,0,0),(1091,1,23,2,268435477,'2018-11-27 07:36:07',NULL,0,0),(1092,1,3,2,268435477,'2018-11-27 07:36:07',NULL,0,0),(1093,1,2,2,268435477,'2018-11-27 07:36:07',NULL,0,0),(1094,1,27,2,268435477,'2018-11-27 07:36:07',NULL,0,0),(1095,1,25,2,268435477,'2018-11-27 07:36:07',NULL,0,0),(1096,1,28,2,268435477,'2018-11-27 07:36:07',NULL,0,0),(1097,1,30,2,268435477,'2018-11-27 07:36:07',NULL,0,0),(1098,1,20,2,268435477,'2018-11-27 07:36:07',NULL,0,0),(1099,1,6,2,268435477,'2018-11-27 07:36:07',NULL,0,0),(1100,1,0,2,268435477,'2018-11-27 07:36:07',NULL,0,0),(1104,1,1,2,16777235,'2018-12-22 05:27:39',NULL,1048585,19),(1106,1,1,2,268435478,'2018-12-22 05:35:32','2018-12-22 05:35:33',1048585,19),(1150,1,1,2,268435477,'2019-05-10 12:13:23',NULL,0,0),(1151,1,34,2,268435477,'2019-05-10 12:13:23',NULL,0,0),(1152,1,11,2,268435477,'2019-05-10 12:13:23',NULL,0,0),(1153,1,9,2,268435477,'2019-05-10 12:13:23',NULL,0,0),(1154,1,10,2,268435477,'2019-05-10 12:13:23',NULL,0,0),(1155,1,22,2,268435477,'2019-05-10 12:13:23',NULL,0,0),(1156,1,35,2,268435477,'2019-05-10 12:13:23',NULL,0,0),(1157,1,37,2,268435477,'2019-05-10 12:13:23',NULL,0,0),(1158,1,29,2,268435477,'2019-05-10 12:13:24',NULL,0,0),(1159,1,17,2,268435477,'2019-05-10 12:13:24',NULL,0,0),(1160,1,18,2,268435477,'2019-05-10 12:13:24',NULL,0,0),(1161,1,5,2,268435477,'2019-05-10 12:13:24',NULL,0,0),(1162,1,4,2,268435477,'2019-05-10 12:13:24',NULL,0,0),(1163,1,21,2,268435477,'2019-05-10 12:13:24',NULL,0,0),(1164,1,19,2,268435477,'2019-05-10 12:13:24',NULL,0,0),(1165,1,31,2,268435477,'2019-05-10 12:13:24',NULL,0,0),(1166,1,12,2,268435477,'2019-05-10 12:13:24',NULL,0,0),(1167,1,32,2,268435477,'2019-05-10 12:13:24',NULL,0,0),(1168,1,14,2,268435477,'2019-05-10 12:13:24',NULL,0,0),(1169,1,24,2,268435477,'2019-05-10 12:13:24',NULL,0,0),(1170,1,26,2,268435477,'2019-05-10 12:13:24',NULL,0,0),(1171,1,7,2,268435477,'2019-05-10 12:13:24',NULL,0,0),(1172,1,23,2,268435477,'2019-05-10 12:13:24',NULL,0,0),(1173,1,3,2,268435477,'2019-05-10 12:13:24',NULL,0,0),(1174,1,2,2,268435477,'2019-05-10 12:13:24',NULL,0,0),(1175,1,27,2,268435477,'2019-05-10 12:13:24',NULL,0,0),(1176,1,25,2,268435477,'2019-05-10 12:13:24',NULL,0,0),(1177,1,28,2,268435477,'2019-05-10 12:13:24',NULL,0,0),(1178,1,30,2,268435477,'2019-05-10 12:13:24',NULL,0,0),(1179,1,36,2,268435477,'2019-05-10 12:13:24',NULL,0,0),(1180,1,33,2,268435477,'2019-05-10 12:13:24',NULL,0,0),(1181,1,38,2,268435477,'2019-05-10 12:13:24',NULL,0,0),(1182,1,20,2,268435477,'2019-05-10 12:13:24',NULL,0,0),(1183,1,6,2,268435477,'2019-05-10 12:13:24',NULL,0,0),(1184,1,0,2,268435477,'2019-05-10 12:13:24',NULL,0,0),(1253,1,4,2,268435478,'2019-05-13 14:16:37',NULL,1048585,135),(1299,1,4,2,268435478,'2019-05-14 10:10:15',NULL,1048585,137),(1227,1,4,2,268435478,'2019-05-13 14:05:49',NULL,1048585,134),(1203,1,4,2,268435478,'2019-05-13 13:55:55',NULL,1048585,133),(1192,1,1,2,16777217,'2019-05-13 13:51:06',NULL,1048585,133),(1254,1,1,2,268435478,'2019-05-13 14:16:37','2019-05-13 14:16:37',1048585,135),(1194,1,4,2,16777217,'2019-05-13 13:51:06',NULL,1048585,133),(1199,1,0,2,16777236,'2019-05-13 13:52:30','2019-05-13 13:52:35',523,60),(1196,1,0,2,16777243,'2019-05-13 13:51:06',NULL,1048585,133),(1197,1,0,2,16777245,'2019-05-13 13:51:06',NULL,1048585,133),(1209,1,1,2,16777217,'2019-05-13 14:00:00',NULL,1048585,134),(1217,1,1,2,16777231,'2019-05-13 14:00:55',NULL,1048585,134),(1211,1,4,2,16777217,'2019-05-13 14:00:00',NULL,1048585,134),(1216,1,0,2,16777236,'2019-05-13 14:00:55','2019-05-13 14:01:00',523,61),(1213,1,0,2,16777243,'2019-05-13 14:00:00',NULL,1048585,134),(1214,1,0,2,16777245,'2019-05-13 14:00:00',NULL,1048585,134),(1247,1,0,2,16777236,'2019-05-13 14:14:08','2019-05-13 14:14:14',523,63),(1236,1,1,2,16777217,'2019-05-13 14:11:36',NULL,1048585,135),(1249,1,1,2,16777235,'2019-05-13 14:14:56',NULL,1048585,135),(1238,1,4,2,16777217,'2019-05-13 14:11:36',NULL,1048585,135),(1243,1,0,2,16777236,'2019-05-13 14:12:10','2019-05-13 14:12:15',523,62),(1240,1,0,2,16777243,'2019-05-13 14:11:36',NULL,1048585,135),(1241,1,0,2,16777245,'2019-05-13 14:11:36',NULL,1048585,135),(1275,1,4,2,268435478,'2019-05-13 14:25:12',NULL,1048585,136),(1338,1,1,2,268435478,'2019-05-14 10:28:48','2019-05-14 10:28:48',1048585,139),(1274,1,1,2,268435478,'2019-05-13 14:25:12','2019-05-13 14:25:13',1048585,136),(1260,1,1,2,16777217,'2019-05-13 14:21:21',NULL,1048585,136),(1270,1,1,2,16777235,'2019-05-13 14:23:44',NULL,1048585,136),(1262,1,4,2,16777217,'2019-05-13 14:21:21',NULL,1048585,136),(1267,1,0,2,16777236,'2019-05-13 14:21:57','2019-05-13 14:22:02',523,64),(1264,1,0,2,16777243,'2019-05-13 14:21:21',NULL,1048585,136),(1265,1,0,2,16777245,'2019-05-13 14:21:21',NULL,1048585,136),(1324,1,1,2,16777217,'2019-05-14 10:24:41',NULL,1048585,139),(1298,1,1,2,268435478,'2019-05-14 10:10:15','2019-05-14 10:10:15',1048585,137),(1282,1,1,2,16777217,'2019-05-14 10:04:43',NULL,1048585,137),(1294,1,1,2,16777235,'2019-05-14 10:09:11',NULL,1048585,137),(1284,1,4,2,16777217,'2019-05-14 10:04:43',NULL,1048585,137),(1289,1,0,2,16777236,'2019-05-14 10:06:08','2019-05-14 10:06:15',523,65),(1286,1,0,2,16777243,'2019-05-14 10:04:43',NULL,1048585,137),(1287,1,0,2,16777245,'2019-05-14 10:04:43',NULL,1048585,137),(1377,1,1,2,268435478,'2019-05-14 11:53:22','2019-05-14 11:53:23',1048585,141),(1339,1,4,2,268435478,'2019-05-14 10:28:48',NULL,1048585,139),(1309,1,1,2,16777217,'2019-05-14 10:18:29',NULL,1048585,138),(1416,1,0,3,16777222,'2019-07-18 22:47:16',NULL,1048585,143),(1311,1,4,2,16777217,'2019-05-14 10:18:29',NULL,1048585,138),(1316,1,1,2,16777230,'2019-05-14 10:19:32',NULL,1048585,138),(1313,1,0,2,16777243,'2019-05-14 10:18:29',NULL,1048585,138),(1314,1,0,2,16777245,'2019-05-14 10:18:29',NULL,1048585,138),(1334,1,1,2,16777235,'2019-05-14 10:28:09',NULL,1048585,139),(1326,1,4,2,16777217,'2019-05-14 10:24:41',NULL,1048585,139),(1331,1,0,2,16777236,'2019-05-14 10:25:25','2019-05-14 10:25:31',523,66),(1328,1,0,2,16777243,'2019-05-14 10:24:41',NULL,1048585,139),(1329,1,0,2,16777245,'2019-05-14 10:24:41',NULL,1048585,139),(1378,1,4,2,268435478,'2019-05-14 11:53:22',NULL,1048585,141),(1401,1,4,2,268435478,'2019-05-14 13:03:28',NULL,1048585,142),(1346,1,1,2,16777217,'2019-05-14 11:39:16',NULL,1048585,140),(1354,1,1,2,16777231,'2019-05-14 11:41:39',NULL,1048585,140),(1348,1,4,2,16777217,'2019-05-14 11:39:16',NULL,1048585,140),(1353,1,0,2,16777236,'2019-05-14 11:41:39','2019-05-14 11:41:44',523,67),(1350,1,0,2,16777243,'2019-05-14 11:39:16',NULL,1048585,140),(1351,1,0,2,16777245,'2019-05-14 11:39:16',NULL,1048585,140),(1360,1,1,2,16777217,'2019-05-14 11:46:46',NULL,1048585,141),(1373,1,1,2,16777235,'2019-05-14 11:52:07',NULL,1048585,141),(1362,1,4,2,16777217,'2019-05-14 11:46:46',NULL,1048585,141),(1367,1,0,2,16777236,'2019-05-14 11:47:20','2019-05-14 11:47:28',523,68),(1364,1,0,2,16777243,'2019-05-14 11:46:46',NULL,1048585,141),(1365,1,0,2,16777245,'2019-05-14 11:46:46',NULL,1048585,141),(1415,1,0,3,16777220,'2019-07-18 22:47:16',NULL,1048585,143),(1400,1,1,2,268435478,'2019-05-14 13:03:28','2019-05-14 13:03:28',1048585,142),(1385,1,1,2,16777217,'2019-05-14 12:24:18',NULL,1048585,142),(1398,1,1,2,16777235,'2019-05-14 13:02:47',NULL,1048585,142),(1387,1,4,2,16777217,'2019-05-14 12:24:18',NULL,1048585,142),(1392,1,0,2,16777236,'2019-05-14 12:26:11','2019-05-14 12:26:18',523,69),(1389,1,0,2,16777243,'2019-05-14 12:24:18',NULL,1048585,142),(1390,1,0,2,16777245,'2019-05-14 12:24:18',NULL,1048585,142),(1417,1,0,3,16777223,'2019-07-18 22:47:16',NULL,1048585,143),(1418,1,0,3,16777224,'2019-07-18 22:47:16',NULL,1048585,143),(1419,1,1,2,16777217,'2019-07-18 22:47:16',NULL,1048585,143),(1421,1,4,2,16777217,'2019-07-18 22:47:16',NULL,1048585,143),(1422,1,4,3,16777247,'2019-07-18 22:47:16',NULL,1048585,143),(1423,1,389,2,16777217,'2019-07-18 22:47:17',NULL,1048585,143),(1424,1,389,3,16777247,'2019-07-18 22:47:17',NULL,1048585,143),(1425,1,0,2,16777243,'2019-07-18 22:47:17','2019-08-18 22:29:08',1048585,143),(1426,1,0,2,16777245,'2019-07-18 22:47:17','2019-08-18 22:29:08',1048585,143),(1513,1,1,2,16777217,'2019-08-30 11:06:42',NULL,1048585,149),(1481,1,4,2,268435478,'2019-08-30 10:42:25',NULL,1048585,147),(1456,1,4,2,268435478,'2019-08-30 10:29:14',NULL,1048585,146),(1601,1,1,2,268435478,'2019-08-30 11:49:04','2019-08-30 11:49:04',1048585,148),(1438,1,1,2,16777217,'2019-08-30 10:23:45',NULL,1048585,146),(1447,1,0,2,16777236,'2019-08-30 10:25:04','2019-08-30 10:25:07',523,70),(1440,1,4,2,16777217,'2019-08-30 10:23:45',NULL,1048585,146),(1455,1,1,2,268435478,'2019-08-30 10:29:14','2019-08-30 10:29:14',1048585,146),(1442,1,389,2,16777217,'2019-08-30 10:23:46',NULL,1048585,146),(1451,1,1,2,16777235,'2019-08-30 10:27:46',NULL,1048585,146),(1444,1,0,2,16777243,'2019-08-30 10:23:46',NULL,1048585,146),(1445,1,0,2,16777245,'2019-08-30 10:23:46',NULL,1048585,146),(1480,1,1,2,268435478,'2019-08-30 10:42:25','2019-08-30 10:42:25',1048585,147),(1463,1,1,2,16777217,'2019-08-30 10:37:18',NULL,1048585,147),(1474,1,4,3,16777249,'2019-08-30 10:39:59',NULL,1048586,121),(1465,1,4,2,16777217,'2019-08-30 10:37:18',NULL,1048585,147),(1476,1,1,2,16777235,'2019-08-30 10:41:06',NULL,1048585,147),(1467,1,389,2,16777217,'2019-08-30 10:37:18',NULL,1048585,147),(1472,1,0,2,16777236,'2019-08-30 10:39:03','2019-08-30 10:39:07',523,71),(1469,1,0,2,16777243,'2019-08-30 10:37:18',NULL,1048585,147),(1470,1,0,2,16777245,'2019-08-30 10:37:18',NULL,1048585,147),(1597,1,4,2,268435478,'2019-08-30 11:47:30',NULL,1048585,152),(1491,1,1,2,16777217,'2019-08-30 10:54:10',NULL,1048585,148),(1536,1,1,2,16777217,'2019-08-30 11:20:55',NULL,1048585,150),(1493,1,4,2,16777217,'2019-08-30 10:54:10',NULL,1048585,148),(1599,1,1,2,16777235,'2019-08-30 11:48:52',NULL,1048585,148),(1495,1,389,2,16777217,'2019-08-30 10:54:10',NULL,1048585,148),(1500,1,0,2,16777236,'2019-08-30 10:55:11','2019-08-30 10:55:14',523,72),(1497,1,0,2,16777243,'2019-08-30 10:54:10',NULL,1048585,148),(1498,1,0,2,16777245,'2019-08-30 10:54:10',NULL,1048585,148),(1603,1,1,2,16777235,'2019-08-30 11:51:28',NULL,1048585,149),(1515,1,4,2,16777217,'2019-08-30 11:06:42',NULL,1048585,149),(1522,1,0,2,16777236,'2019-08-30 11:07:49','2019-08-30 11:07:58',523,73),(1517,1,389,2,16777217,'2019-08-30 11:06:42',NULL,1048585,149),(1559,1,1,2,16777217,'2019-08-30 11:29:34',NULL,1048585,151),(1519,1,0,2,16777243,'2019-08-30 11:06:44',NULL,1048585,149),(1520,1,0,2,16777245,'2019-08-30 11:06:44',NULL,1048585,149),(1580,1,1,2,16777217,'2019-08-30 11:40:25',NULL,1048585,152),(1538,1,4,2,16777217,'2019-08-30 11:20:55',NULL,1048585,150),(1608,1,1,2,16777235,'2019-08-30 11:53:16',NULL,1048585,150),(1540,1,389,2,16777217,'2019-08-30 11:20:55',NULL,1048585,150),(1545,1,0,2,16777236,'2019-08-30 11:22:13','2019-08-30 11:22:16',523,74),(1542,1,0,2,16777243,'2019-08-30 11:20:55',NULL,1048585,150),(1543,1,0,2,16777245,'2019-08-30 11:20:55',NULL,1048585,150),(1602,1,4,2,268435478,'2019-08-30 11:49:04',NULL,1048585,148),(1561,1,4,2,16777217,'2019-08-30 11:29:35',NULL,1048585,151),(1612,1,1,2,16777235,'2019-08-30 11:54:50',NULL,1048585,151),(1563,1,389,2,16777217,'2019-08-30 11:29:35',NULL,1048585,151),(1568,1,0,2,16777236,'2019-08-30 11:30:29','2019-08-30 11:30:33',523,75),(1565,1,0,2,16777243,'2019-08-30 11:29:35',NULL,1048585,151),(1566,1,0,2,16777245,'2019-08-30 11:29:35',NULL,1048585,151),(1596,1,1,2,268435478,'2019-08-30 11:47:30','2019-08-30 11:47:31',1048585,152),(1582,1,4,2,16777217,'2019-08-30 11:40:25',NULL,1048585,152),(1592,1,1,2,16777235,'2019-08-30 11:46:30',NULL,1048585,152),(1584,1,389,2,16777217,'2019-08-30 11:40:25',NULL,1048585,152),(1589,1,0,2,16777236,'2019-08-30 11:44:10','2019-08-30 11:44:13',523,76),(1586,1,0,2,16777243,'2019-08-30 11:40:25',NULL,1048585,152),(1587,1,0,2,16777245,'2019-08-30 11:40:25',NULL,1048585,152),(1605,1,1,2,268435478,'2019-08-30 11:51:39','2019-08-30 11:51:39',1048585,149),(1606,1,4,2,268435478,'2019-08-30 11:51:39',NULL,1048585,149),(1610,1,1,2,268435478,'2019-08-30 11:53:26','2019-08-30 11:53:27',1048585,150),(1611,1,4,2,268435478,'2019-08-30 11:53:26',NULL,1048585,150),(1614,1,1,2,268435478,'2019-08-30 11:55:29','2019-08-30 11:55:29',1048585,151),(1615,1,4,2,268435478,'2019-08-30 11:55:29',NULL,1048585,151),(1707,1,1,2,268435478,'2020-02-12 10:59:59','2020-02-12 11:00:00',1048585,171),(1667,1,1,3,16777255,'2020-02-12 10:12:29','2020-02-12 10:29:43',1048585,169),(1765,1,4,2,268435478,'2020-02-12 11:44:02',NULL,1048585,174),(1664,1,4,3,16777249,'2020-02-12 10:12:01',NULL,1048586,137),(1636,1,1,2,16777217,'2020-02-12 09:03:09',NULL,1048585,169),(1650,1,0,3,16777223,'2020-02-12 09:19:33',NULL,1048585,170),(1638,1,0,2,16777243,'2020-02-12 09:03:10',NULL,1048585,169),(1639,1,0,2,16777245,'2020-02-12 09:03:10',NULL,1048585,169),(1649,1,0,3,16777222,'2020-02-12 09:19:33',NULL,1048585,170),(1648,1,0,3,16777220,'2020-02-12 09:19:33',NULL,1048585,170),(1651,1,0,3,16777224,'2020-02-12 09:19:33',NULL,1048585,170),(1652,1,1,2,16777217,'2020-02-12 09:19:33',NULL,1048585,170),(1676,1,1,2,268435478,'2020-02-12 10:27:13','2020-02-12 10:27:14',1048585,169),(1654,1,0,2,16777243,'2020-02-12 09:19:33',NULL,1048585,170),(1655,1,0,2,16777245,'2020-02-12 09:19:33',NULL,1048585,170),(1672,1,1,2,16777235,'2020-02-12 10:15:27',NULL,1048585,169),(1661,1,0,2,16777236,'2020-02-12 10:10:17','2020-02-12 10:10:21',523,77),(1677,1,4,2,268435478,'2020-02-12 10:27:13',NULL,1048585,169),(1706,1,4,2,268435478,'2020-02-12 10:59:59',NULL,1048585,171),(1697,1,4,3,16777249,'2020-02-12 10:55:58',NULL,1048586,141),(1684,1,1,2,16777217,'2020-02-12 10:39:01',NULL,1048585,171),(1737,1,4,2,268435478,'2020-02-12 11:28:31',NULL,1048585,173),(1686,1,0,2,16777243,'2020-02-12 10:39:01',NULL,1048585,171),(1687,1,0,2,16777245,'2020-02-12 10:39:01',NULL,1048585,171),(1702,1,1,2,16777235,'2020-02-12 10:57:56',NULL,1048585,171),(1694,1,0,2,16777236,'2020-02-12 10:54:11','2020-02-12 10:54:16',523,78),(1900,1,0,3,16777222,'2020-07-03 13:17:16',NULL,1048585,182),(1736,1,1,2,268435478,'2020-02-12 11:28:31','2020-02-12 11:28:34',1048585,173),(1716,1,1,2,16777217,'2020-02-12 11:19:27',NULL,1048585,173),(1795,1,4,2,268435478,'2020-02-12 11:56:41',NULL,1048585,175),(1718,1,0,2,16777243,'2020-02-12 11:19:27',NULL,1048585,173),(1719,1,0,2,16777245,'2020-02-12 11:19:27',NULL,1048585,173),(1732,1,1,2,16777235,'2020-02-12 11:26:42',NULL,1048585,173),(1726,1,0,2,16777236,'2020-02-12 11:24:46','2020-02-12 11:24:53',523,79),(1764,1,1,2,268435478,'2020-02-12 11:44:02','2020-02-12 11:44:02',1048585,174),(1745,1,1,2,16777217,'2020-02-12 11:37:44',NULL,1048585,174),(1786,1,1,3,16777255,'2020-02-12 11:54:44','2021-02-17 15:02:01',1048585,175),(1747,1,0,2,16777243,'2020-02-12 11:37:44',NULL,1048585,174),(1748,1,0,2,16777245,'2020-02-12 11:37:44',NULL,1048585,174),(1760,1,1,2,16777235,'2020-02-12 11:42:32',NULL,1048585,174),(1754,1,0,2,16777236,'2020-02-12 11:39:30','2020-02-12 11:39:35',523,80),(1825,1,4,2,268435478,'2020-02-12 12:37:29',NULL,1048585,176),(1773,1,1,2,16777217,'2020-02-12 11:51:58',NULL,1048585,175),(1794,1,1,2,268435478,'2020-02-12 11:56:41','2020-02-12 11:56:41',1048585,175),(1775,1,0,2,16777243,'2020-02-12 11:51:58',NULL,1048585,175),(1776,1,0,2,16777245,'2020-02-12 11:51:58',NULL,1048585,175),(1790,1,1,2,16777235,'2020-02-12 11:55:30',NULL,1048585,175),(1782,1,0,2,16777236,'2020-02-12 11:53:40','2020-02-12 11:53:46',523,81),(1816,1,1,3,16777255,'2020-02-12 12:35:18','2021-11-23 08:33:37',1048585,176),(1855,1,4,2,268435478,'2020-02-12 12:52:18',NULL,1048585,177),(1803,1,1,2,16777217,'2020-02-12 12:31:13',NULL,1048585,176),(1824,1,1,2,268435478,'2020-02-12 12:37:29','2020-02-12 12:37:29',1048585,176),(1805,1,0,2,16777243,'2020-02-12 12:31:13',NULL,1048585,176),(1806,1,0,2,16777245,'2020-02-12 12:31:13',NULL,1048585,176),(1820,1,1,2,16777235,'2020-02-12 12:36:08',NULL,1048585,176),(1812,1,0,2,16777236,'2020-02-12 12:34:24','2020-02-12 12:34:28',523,82),(1846,1,1,3,16777255,'2020-02-12 12:50:13','2021-11-23 08:33:37',1048585,177),(1886,1,4,2,268435478,'2020-02-12 13:03:15',NULL,1048585,178),(1833,1,1,2,16777217,'2020-02-12 12:47:32',NULL,1048585,177),(1854,1,1,2,268435478,'2020-02-12 12:52:18','2020-02-12 12:52:18',1048585,177),(1835,1,0,2,16777243,'2020-02-12 12:47:32',NULL,1048585,177),(1836,1,0,2,16777245,'2020-02-12 12:47:32',NULL,1048585,177),(1850,1,1,2,16777235,'2020-02-12 12:51:20',NULL,1048585,177),(1842,1,0,2,16777236,'2020-02-12 12:48:54','2020-02-12 12:49:00',523,83),(1877,1,1,3,16777255,'2020-02-12 13:01:35','2021-11-23 08:33:37',1048585,178),(1899,1,0,3,16777220,'2020-07-03 13:17:16',NULL,1048585,182),(1864,1,1,2,16777217,'2020-02-12 12:59:34',NULL,1048585,178),(1885,1,1,2,268435478,'2020-02-12 13:03:15','2020-02-12 13:03:15',1048585,178),(1866,1,0,2,16777243,'2020-02-12 12:59:34',NULL,1048585,178),(1867,1,0,2,16777245,'2020-02-12 12:59:34',NULL,1048585,178),(1881,1,1,2,16777235,'2020-02-12 13:02:17',NULL,1048585,178),(1873,1,0,2,16777236,'2020-02-12 13:00:48','2020-02-12 13:00:53',523,84),(1901,1,0,3,16777223,'2020-07-03 13:17:16',NULL,1048585,182),(1902,1,0,3,16777224,'2020-07-03 13:17:16',NULL,1048585,182),(1903,1,1,2,16777217,'2020-07-03 13:17:16',NULL,1048585,182),(1941,1,4,2,268435478,'2020-07-29 10:45:10',NULL,1048585,185),(1905,1,0,2,16777243,'2020-07-03 13:17:16',NULL,1048585,182),(1906,1,0,2,16777245,'2020-07-03 13:17:16',NULL,1048585,182),(1969,1,4,2,268435478,'2020-07-29 10:58:00',NULL,1048585,186),(1996,1,4,2,268435478,'2020-07-29 11:08:36',NULL,1048585,187),(1940,1,1,2,268435478,'2020-07-29 10:45:10','2020-07-29 10:45:11',1048585,185),(1916,1,1,2,16777217,'2020-07-29 10:35:02',NULL,1048585,185),(2024,1,4,2,268435478,'2020-07-29 11:19:55',NULL,1048585,188),(1918,1,0,2,16777243,'2020-07-29 10:35:02',NULL,1048585,185),(1919,1,0,2,16777245,'2020-07-29 10:35:02',NULL,1048585,185),(1936,1,1,2,16777235,'2020-07-29 10:43:27',NULL,1048585,185),(1930,1,0,2,16777236,'2020-07-29 10:41:08','2020-07-29 10:41:15',523,85),(1968,1,1,2,268435478,'2020-07-29 10:58:00','2020-07-29 10:58:01',1048585,186),(1949,1,1,2,16777217,'2020-07-29 10:54:08',NULL,1048585,186),(2054,1,4,2,268435478,'2020-07-29 11:28:40',NULL,1048585,189),(1951,1,0,2,16777243,'2020-07-29 10:54:08',NULL,1048585,186),(1952,1,0,2,16777245,'2020-07-29 10:54:08',NULL,1048585,186),(1964,1,1,2,16777235,'2020-07-29 10:56:49',NULL,1048585,186),(1958,1,0,2,16777236,'2020-07-29 10:55:02','2020-07-29 10:55:07',523,86),(1995,1,1,2,268435478,'2020-07-29 11:08:36','2020-07-29 11:08:38',1048585,187),(1976,1,1,2,16777217,'2020-07-29 11:03:24',NULL,1048585,187),(2081,1,4,2,268435478,'2020-07-29 11:37:50',NULL,1048585,190),(1978,1,0,2,16777243,'2020-07-29 11:03:24',NULL,1048585,187),(1979,1,0,2,16777245,'2020-07-29 11:03:24',NULL,1048585,187),(1991,1,1,2,16777235,'2020-07-29 11:07:30',NULL,1048585,187),(1985,1,0,2,16777236,'2020-07-29 11:05:58','2020-07-29 11:06:05',523,87),(2023,1,1,2,268435478,'2020-07-29 11:19:55','2020-07-29 11:19:55',1048585,188),(2004,1,1,2,16777217,'2020-07-29 11:16:23',NULL,1048585,188),(2137,1,4,2,268435478,'2020-07-29 11:59:29',NULL,1048585,193),(2006,1,0,2,16777243,'2020-07-29 11:16:23',NULL,1048585,188),(2007,1,0,2,16777245,'2020-07-29 11:16:23',NULL,1048585,188),(2019,1,1,2,16777235,'2020-07-29 11:18:42',NULL,1048585,188),(2013,1,0,2,16777236,'2020-07-29 11:17:11','2020-07-29 11:17:15',523,88),(2053,1,1,2,268435478,'2020-07-29 11:28:40','2020-07-29 11:28:40',1048585,189),(2034,1,1,2,16777217,'2020-07-29 11:25:30',NULL,1048585,189),(2107,1,1,2,268435478,'2020-07-29 11:44:58','2020-07-29 11:44:59',1048585,191),(2036,1,0,2,16777243,'2020-07-29 11:25:30',NULL,1048585,189),(2037,1,0,2,16777245,'2020-07-29 11:25:30',NULL,1048585,189),(2049,1,1,2,16777235,'2020-07-29 11:27:28',NULL,1048585,189),(2043,1,0,2,16777236,'2020-07-29 11:26:14','2020-07-29 11:26:18',523,89),(2080,1,1,2,268435478,'2020-07-29 11:37:50','2020-07-29 11:37:50',1048585,190),(2062,1,1,2,16777217,'2020-07-29 11:34:59',NULL,1048585,190),(2145,1,0,3,16777222,'2020-11-20 14:16:43',NULL,1048585,198),(2064,1,0,2,16777243,'2020-07-29 11:34:59',NULL,1048585,190),(2065,1,0,2,16777245,'2020-07-29 11:34:59',NULL,1048585,190),(2076,1,1,2,16777235,'2020-07-29 11:36:56',NULL,1048585,190),(2071,1,0,2,16777236,'2020-07-29 11:35:39','2020-07-29 11:35:44',523,90),(2144,1,0,3,16777220,'2020-11-20 14:16:43',NULL,1048585,198),(2088,1,1,2,16777217,'2020-07-29 11:41:54',NULL,1048585,191),(2108,1,4,2,268435478,'2020-07-29 11:44:58',NULL,1048585,191),(2090,1,0,2,16777243,'2020-07-29 11:41:54',NULL,1048585,191),(2091,1,0,2,16777245,'2020-07-29 11:41:54',NULL,1048585,191),(2103,1,1,2,16777235,'2020-07-29 11:43:59',NULL,1048585,191),(2097,1,0,2,16777236,'2020-07-29 11:42:39','2020-07-29 11:42:44',523,91),(2136,1,1,2,268435478,'2020-07-29 11:59:29','2020-07-29 11:59:29',1048585,193),(2117,1,1,2,16777217,'2020-07-29 11:56:25',NULL,1048585,193),(2146,1,0,3,16777223,'2020-11-20 14:16:43',NULL,1048585,198),(2119,1,0,2,16777243,'2020-07-29 11:56:25',NULL,1048585,193),(2120,1,0,2,16777245,'2020-07-29 11:56:25',NULL,1048585,193),(2132,1,1,2,16777235,'2020-07-29 11:58:26',NULL,1048585,193),(2126,1,0,2,16777236,'2020-07-29 11:57:10','2020-07-29 11:57:15',523,92),(2147,1,0,3,16777224,'2020-11-20 14:16:43',NULL,1048585,198),(2148,1,1,2,16777217,'2020-11-20 14:16:43',NULL,1048585,198),(2154,1,0,3,16777222,'2020-12-15 11:52:15',NULL,1048585,199),(2150,1,0,2,16777243,'2020-11-20 14:16:44',NULL,1048585,198),(2151,1,0,2,16777245,'2020-11-20 14:16:44',NULL,1048585,198),(2153,1,0,3,16777220,'2020-12-15 11:52:15',NULL,1048585,199),(2155,1,0,3,16777223,'2020-12-15 11:52:15',NULL,1048585,199),(2156,1,0,3,16777224,'2020-12-15 11:52:15',NULL,1048585,199),(2157,1,1,2,16777217,'2020-12-15 11:52:15',NULL,1048585,199),(2163,1,0,3,16777222,'2021-01-22 15:46:18',NULL,1048585,202),(2159,1,0,2,16777243,'2020-12-15 11:52:15',NULL,1048585,199),(2160,1,0,2,16777245,'2020-12-15 11:52:15',NULL,1048585,199),(2162,1,0,3,16777220,'2021-01-22 15:46:18',NULL,1048585,202),(2164,1,0,3,16777223,'2021-01-22 15:46:18',NULL,1048585,202),(2165,1,0,3,16777224,'2021-01-22 15:46:18',NULL,1048585,202),(2166,1,1,2,16777217,'2021-01-22 15:46:18',NULL,1048585,202),(2239,1,4,2,268435478,'2021-02-17 15:18:54',NULL,1048585,203),(2168,1,0,2,16777243,'2021-01-22 15:46:18',NULL,1048585,202),(2169,1,0,2,16777245,'2021-01-22 15:46:18',NULL,1048585,202),(2305,1,4,3,16777249,'2021-02-17 15:47:31',NULL,1048586,191),(2228,1,1,3,16777255,'2021-02-17 15:12:41','2021-11-23 08:33:37',1048585,203),(2238,1,1,2,268435478,'2021-02-17 15:18:54','2021-02-17 15:18:54',1048585,203),(2208,1,1,2,16777217,'2021-02-17 14:57:48',NULL,1048585,203),(2225,1,4,3,16777249,'2021-02-17 15:11:32',NULL,1048586,182),(2210,1,0,2,16777243,'2021-02-17 14:57:48',NULL,1048585,203),(2211,1,0,2,16777245,'2021-02-17 14:57:48',NULL,1048585,203),(2218,1,4,3,16777255,'2021-02-17 15:08:31',NULL,1048585,203),(2234,1,1,2,16777235,'2021-02-17 15:16:20',NULL,1048585,203),(2222,1,0,2,16777236,'2021-02-17 15:08:55','2021-02-17 15:08:59',523,93),(2232,1,4,3,16777249,'2021-02-17 15:14:56',NULL,1048586,184),(2273,1,4,2,268435478,'2021-02-17 15:33:54',NULL,1048585,204),(2310,1,1,2,268435478,'2021-02-17 15:48:53','2021-02-17 15:48:53',1048585,205),(2263,1,1,3,16777255,'2021-02-17 15:26:52','2021-11-23 08:33:37',1048585,204),(2247,1,1,2,16777217,'2021-02-17 15:24:15',NULL,1048585,204),(2272,1,1,2,268435478,'2021-02-17 15:33:54','2021-02-17 15:33:54',1048585,204),(2249,1,0,2,16777243,'2021-02-17 15:24:15',NULL,1048585,204),(2250,1,0,2,16777245,'2021-02-17 15:24:15',NULL,1048585,204),(2268,1,1,2,16777235,'2021-02-17 15:32:38',NULL,1048585,204),(2255,1,4,3,16777255,'2021-02-17 15:25:56',NULL,1048585,204),(2259,1,0,2,16777236,'2021-02-17 15:26:07','2021-02-17 15:26:11',523,94),(2380,1,4,3,16777249,'2021-02-18 10:19:13',NULL,1048586,201),(2295,1,1,3,16777255,'2021-02-17 15:43:20','2021-11-23 08:33:37',1048585,205),(2280,1,1,2,16777217,'2021-02-17 15:39:58',NULL,1048585,205),(2300,1,4,3,16777249,'2021-02-17 15:45:42',NULL,1048586,190),(2282,1,0,2,16777243,'2021-02-17 15:39:58',NULL,1048585,205),(2283,1,0,2,16777245,'2021-02-17 15:39:58',NULL,1048585,205),(2288,1,4,3,16777255,'2021-02-17 15:41:00',NULL,1048585,205),(2302,1,1,2,16777235,'2021-02-17 15:46:24',NULL,1048585,205),(2292,1,0,2,16777236,'2021-02-17 15:41:19','2021-02-17 15:41:23',523,95),(2311,1,4,2,268435478,'2021-02-17 15:48:53',NULL,1048585,205),(2346,1,4,2,268435478,'2021-02-18 09:36:29',NULL,1048585,206),(2385,1,1,2,268435478,'2021-02-18 10:20:04','2021-02-18 10:20:04',1048585,207),(2334,1,1,3,16777255,'2021-02-18 09:31:29','2021-11-23 08:33:37',1048585,206),(2318,1,1,2,16777217,'2021-02-18 09:27:28',NULL,1048585,206),(2497,1,1,2,16777231,'2021-02-18 11:25:30',NULL,1048585,206),(2320,1,0,2,16777243,'2021-02-18 09:27:28',NULL,1048585,206),(2321,1,0,2,16777245,'2021-02-18 09:27:28',NULL,1048585,206),(2325,1,4,3,16777255,'2021-02-18 09:29:25',NULL,1048585,206),(2331,1,0,2,16777236,'2021-02-18 09:31:12','2021-02-18 09:31:16',523,96),(2345,1,1,2,268435478,'2021-02-18 09:36:29','2021-02-18 09:36:29',1048585,206),(2371,1,1,3,16777255,'2021-02-18 10:16:34','2021-11-23 08:32:57',1048585,207),(2420,1,4,2,268435478,'2021-02-18 10:46:13',NULL,1048585,208),(2354,1,1,2,16777217,'2021-02-18 10:13:07',NULL,1048585,207),(2368,1,4,3,16777249,'2021-02-18 10:16:21',NULL,1048586,198),(2356,1,0,2,16777243,'2021-02-18 10:13:07',NULL,1048585,207),(2357,1,0,2,16777245,'2021-02-18 10:13:07',NULL,1048585,207),(2361,1,4,3,16777255,'2021-02-18 10:15:09',NULL,1048585,207),(2377,1,1,2,16777235,'2021-02-18 10:18:34',NULL,1048585,207),(2365,1,0,2,16777236,'2021-02-18 10:15:23','2021-02-18 10:15:28',523,97),(2375,1,4,3,16777249,'2021-02-18 10:17:52',NULL,1048586,200),(2386,1,4,2,268435478,'2021-02-18 10:20:04',NULL,1048585,207),(2458,1,4,2,268435478,'2021-02-18 11:05:03',NULL,1048585,209),(2419,1,1,2,268435478,'2021-02-18 10:46:13','2021-02-18 10:46:14',1048585,208),(2408,1,1,3,16777255,'2021-02-18 10:40:20','2021-11-23 08:31:36',1048585,208),(2394,1,1,2,16777217,'2021-02-18 10:39:00',NULL,1048585,208),(2413,1,4,3,16777249,'2021-02-18 10:44:07',NULL,1048586,204),(2396,1,0,2,16777243,'2021-02-18 10:39:00',NULL,1048585,208),(2397,1,0,2,16777245,'2021-02-18 10:39:00',NULL,1048585,208),(2401,1,4,3,16777255,'2021-02-18 10:39:34',NULL,1048585,208),(2415,1,1,2,16777235,'2021-02-18 10:44:44',NULL,1048585,208),(2405,1,0,2,16777236,'2021-02-18 10:39:52','2021-02-18 10:39:56',523,98),(2490,1,4,2,268435478,'2021-02-18 11:12:59',NULL,1048585,210),(2447,1,1,3,16777255,'2021-02-18 10:53:57','2021-11-23 08:31:27',1048585,209),(2457,1,1,2,268435478,'2021-02-18 11:05:03','2021-02-18 11:05:03',1048585,209),(2429,1,1,2,16777217,'2021-02-18 10:51:52',NULL,1048585,209),(2444,1,4,3,16777249,'2021-02-18 10:53:46',NULL,1048586,207),(2431,1,0,2,16777243,'2021-02-18 10:51:52',NULL,1048585,209),(2432,1,0,2,16777245,'2021-02-18 10:51:52',NULL,1048585,209),(2437,1,4,3,16777255,'2021-02-18 10:52:45',NULL,1048585,209),(2453,1,1,2,16777235,'2021-02-18 11:04:02',NULL,1048585,209),(2441,1,0,2,16777236,'2021-02-18 10:53:01','2021-02-18 10:53:06',523,99),(2451,1,4,3,16777249,'2021-02-18 10:55:07',NULL,1048586,209),(2496,1,0,2,16777236,'2021-02-18 11:25:30','2021-02-18 11:25:34',523,101),(2489,1,1,2,268435478,'2021-02-18 11:12:59','2021-02-18 11:12:59',1048585,210),(2479,1,1,3,16777255,'2021-02-18 11:09:55','2021-11-23 08:31:06',1048585,210),(2464,1,1,2,16777217,'2021-02-18 11:08:24',NULL,1048585,210),(2483,1,4,3,16777249,'2021-02-18 11:10:50',NULL,1048586,212),(2466,1,0,2,16777243,'2021-02-18 11:08:24',NULL,1048585,210),(2467,1,0,2,16777245,'2021-02-18 11:08:24',NULL,1048585,210),(2471,1,4,3,16777255,'2021-02-18 11:08:48',NULL,1048585,210),(2485,1,1,2,16777235,'2021-02-18 11:11:25',NULL,1048585,210),(2475,1,0,2,16777236,'2021-02-18 11:09:12','2021-02-18 11:09:17',523,100),(2971,1,0,3,16777220,'2021-08-02 09:03:18',NULL,1048585,213),(2972,1,0,3,16777222,'2021-08-02 09:03:18',NULL,1048585,213),(2973,1,0,3,16777223,'2021-08-02 09:03:18',NULL,1048585,213),(2974,1,0,3,16777224,'2021-08-02 09:03:18',NULL,1048585,213),(2975,1,1,2,16777217,'2021-08-02 09:03:18',NULL,1048585,213),(2983,1,684,2,268435477,'2021-08-02 09:23:21',NULL,0,0),(2977,1,0,2,16777243,'2021-08-02 09:03:18',NULL,1048585,213),(2978,1,0,2,16777245,'2021-08-02 09:03:18',NULL,1048585,213),(2981,1,683,2,268435477,'2021-08-02 09:23:21',NULL,0,0),(2985,1,689,2,268435477,'2021-08-02 09:23:21',NULL,0,0),(2987,1,676,2,268435477,'2021-08-02 09:23:21',NULL,0,0),(2989,1,1,2,268435477,'2021-08-02 09:23:21',NULL,0,0),(2991,1,189,2,268435477,'2021-08-02 09:23:21',NULL,0,0),(2993,1,34,2,268435477,'2021-08-02 09:23:21',NULL,0,0),(2995,1,489,2,268435477,'2021-08-02 09:23:21',NULL,0,0),(2997,1,686,2,268435477,'2021-08-02 09:23:21',NULL,0,0),(2998,1,417,2,268435477,'2021-08-02 09:23:21',NULL,0,0),(3000,1,266,2,268435477,'2021-08-02 09:23:21',NULL,0,0),(3002,1,11,2,268435477,'2021-08-02 09:23:21',NULL,0,0),(3006,1,10,2,268435477,'2021-08-02 09:23:21',NULL,0,0),(3004,1,9,2,268435477,'2021-08-02 09:23:21',NULL,0,0),(3008,1,620,2,268435477,'2021-08-02 09:23:21',NULL,0,0),(3010,1,667,2,268435477,'2021-08-02 09:23:21',NULL,0,0),(3014,1,124,2,268435477,'2021-08-02 09:23:21',NULL,0,0),(3012,1,521,2,268435477,'2021-08-02 09:23:21',NULL,0,0),(3016,1,546,2,268435477,'2021-08-02 09:23:21',NULL,0,0),(3018,1,425,2,268435477,'2021-08-02 09:23:21',NULL,0,0),(3020,1,231,2,268435477,'2021-08-02 09:23:21',NULL,0,0),(3024,1,322,2,268435477,'2021-08-02 09:23:21',NULL,0,0),(3022,1,22,2,268435477,'2021-08-02 09:23:21',NULL,0,0),(3026,1,646,2,268435477,'2021-08-02 09:23:21',NULL,0,0),(3028,1,639,2,268435477,'2021-08-02 09:23:21',NULL,0,0),(3030,1,550,2,268435477,'2021-08-02 09:23:21',NULL,0,0),(3032,1,565,2,268435477,'2021-08-02 09:23:21',NULL,0,0),(3034,1,296,2,268435477,'2021-08-02 09:23:21',NULL,0,0),(3036,1,287,2,268435477,'2021-08-02 09:23:21',NULL,0,0),(3038,1,35,2,268435477,'2021-08-02 09:23:21',NULL,0,0),(3040,1,37,2,268435477,'2021-08-02 09:23:21',NULL,0,0),(3042,1,29,2,268435477,'2021-08-02 09:23:21',NULL,0,0),(3044,1,17,2,268435477,'2021-08-02 09:23:21',NULL,0,0),(3046,1,558,2,268435477,'2021-08-02 09:23:21',NULL,0,0),(3048,1,682,2,268435477,'2021-08-02 09:23:21',NULL,0,0),(3050,1,199,2,268435477,'2021-08-02 09:23:21',NULL,0,0),(3052,1,465,2,268435477,'2021-08-02 09:23:21',NULL,0,0),(4422,1,0,2,16777243,'2021-08-02 10:36:09',NULL,1048585,219),(4469,1,0,2,16777245,'2021-08-30 15:17:40',NULL,1048585,220),(3054,1,51,2,268435477,'2021-08-02 09:23:21',NULL,0,0),(3056,1,418,2,268435477,'2021-08-02 09:23:21',NULL,0,0),(4383,1,0,2,16777245,'2021-08-02 09:51:35',NULL,1048585,215),(3058,1,391,2,268435477,'2021-08-02 09:23:21',NULL,0,0),(4382,1,0,2,16777243,'2021-08-02 09:51:35',NULL,1048585,215),(3060,1,490,2,268435477,'2021-08-02 09:23:21',NULL,0,0),(3062,1,668,2,268435477,'2021-08-02 09:23:21',NULL,0,0),(4380,1,1,2,16777217,'2021-08-02 09:51:35',NULL,1048585,215),(3064,1,234,2,268435477,'2021-08-02 09:23:21',NULL,0,0),(3066,1,304,2,268435477,'2021-08-02 09:23:21',NULL,0,0),(3068,1,185,2,268435477,'2021-08-02 09:23:21',NULL,0,0),(4423,1,0,2,16777245,'2021-08-02 10:36:09',NULL,1048585,219),(3070,1,105,2,268435477,'2021-08-02 09:23:21',NULL,0,0),(4370,1,0,2,16777245,'2021-08-02 09:42:32',NULL,1048585,214),(3072,1,139,2,268435477,'2021-08-02 09:23:21',NULL,0,0),(4369,1,0,2,16777243,'2021-08-02 09:42:32',NULL,1048585,214),(3074,1,343,2,268435477,'2021-08-02 09:23:21',NULL,0,0),(3076,1,197,2,268435477,'2021-08-02 09:23:21',NULL,0,0),(4367,1,1,2,16777217,'2021-08-02 09:42:32',NULL,1048585,214),(3078,1,299,2,268435477,'2021-08-02 09:23:21',NULL,0,0),(3082,1,337,2,268435477,'2021-08-02 09:23:21',NULL,0,0),(3080,1,181,2,268435477,'2021-08-02 09:23:21',NULL,0,0),(3084,1,472,2,268435477,'2021-08-02 09:23:21',NULL,0,0),(3086,1,102,2,268435477,'2021-08-02 09:23:21',NULL,0,0),(4468,1,0,2,16777243,'2021-08-30 15:17:40',NULL,1048585,220),(4392,1,1,2,16777217,'2021-08-02 09:56:25',NULL,1048585,216),(3088,1,275,2,268435477,'2021-08-02 09:23:21',NULL,0,0),(3090,1,78,2,268435477,'2021-08-02 09:23:21',NULL,0,0),(3092,1,510,2,268435477,'2021-08-02 09:23:21',NULL,0,0),(4420,1,1,2,16777217,'2021-08-02 10:36:08',NULL,1048585,219),(3096,1,497,2,268435477,'2021-08-02 09:23:21',NULL,0,0),(4462,1,0,3,16777220,'2021-08-30 15:17:40',NULL,1048585,220),(3094,1,432,2,268435477,'2021-08-02 09:23:21',NULL,0,0),(4432,1,0,2,16777236,'2021-08-09 15:26:55','2021-08-09 15:27:02',523,102),(3098,1,557,2,268435477,'2021-08-02 09:23:21',NULL,0,0),(4466,1,1,2,16777217,'2021-08-30 15:17:40',NULL,1048585,220),(4408,1,0,2,16777245,'2021-08-02 10:29:59',NULL,1048585,218),(3100,1,268,2,268435477,'2021-08-02 09:23:21',NULL,0,0),(3102,1,415,2,268435477,'2021-08-02 09:23:21',NULL,0,0),(4407,1,0,2,16777243,'2021-08-02 10:29:59',NULL,1048585,218),(3104,1,323,2,268435477,'2021-08-02 09:23:21',NULL,0,0),(3106,1,341,2,268435477,'2021-08-02 09:23:21',NULL,0,0),(3108,1,414,2,268435477,'2021-08-02 09:23:21',NULL,0,0),(4405,1,1,2,16777217,'2021-08-02 10:29:59',NULL,1048585,218),(4465,1,0,3,16777224,'2021-08-30 15:17:40',NULL,1048585,220),(3110,1,382,2,268435477,'2021-08-02 09:23:21',NULL,0,0),(4464,1,0,3,16777223,'2021-08-30 15:17:40',NULL,1048585,220),(3112,1,329,2,268435477,'2021-08-02 09:23:21',NULL,0,0),(4463,1,0,3,16777222,'2021-08-30 15:17:40',NULL,1048585,220),(3116,1,473,2,268435477,'2021-08-02 09:23:21',NULL,0,0),(4395,1,0,2,16777245,'2021-08-02 09:56:25',NULL,1048585,216),(3114,1,190,2,268435477,'2021-08-02 09:23:21',NULL,0,0),(4394,1,0,2,16777243,'2021-08-02 09:56:25',NULL,1048585,216),(3118,1,267,2,268435477,'2021-08-02 09:23:21',NULL,0,0),(4447,1,4,2,268435478,'2021-08-16 12:32:27',NULL,1048585,214),(3120,1,525,2,268435477,'2021-08-02 09:23:21',NULL,0,0),(3124,1,315,2,268435477,'2021-08-02 09:23:22',NULL,0,0),(3122,1,77,2,268435477,'2021-08-02 09:23:21',NULL,0,0),(3126,1,333,2,268435477,'2021-08-02 09:23:22',NULL,0,0),(3128,1,277,2,268435477,'2021-08-02 09:23:22',NULL,0,0),(3134,1,529,2,268435477,'2021-08-02 09:23:22',NULL,0,0),(3132,1,220,2,268435477,'2021-08-02 09:23:22',NULL,0,0),(3130,1,288,2,268435477,'2021-08-02 09:23:22',NULL,0,0),(3138,1,212,2,268435477,'2021-08-02 09:23:22',NULL,0,0),(3136,1,210,2,268435477,'2021-08-02 09:23:22',NULL,0,0),(3140,1,141,2,268435477,'2021-08-02 09:23:22',NULL,0,0),(3142,1,68,2,268435477,'2021-08-02 09:23:22',NULL,0,0),(3144,1,244,2,268435477,'2021-08-02 09:23:22',NULL,0,0),(3146,1,129,2,268435477,'2021-08-02 09:23:22',NULL,0,0),(3148,1,53,2,268435477,'2021-08-02 09:23:22',NULL,0,0),(3150,1,303,2,268435477,'2021-08-02 09:23:22',NULL,0,0),(3152,1,157,2,268435477,'2021-08-02 09:23:22',NULL,0,0),(3154,1,518,2,268435477,'2021-08-02 09:23:22',NULL,0,0),(3156,1,136,2,268435477,'2021-08-02 09:23:22',NULL,0,0),(3158,1,356,2,268435477,'2021-08-02 09:23:22',NULL,0,0),(3162,1,599,2,268435477,'2021-08-02 09:23:22',NULL,0,0),(3160,1,463,2,268435477,'2021-08-02 09:23:22',NULL,0,0),(3164,1,73,2,268435477,'2021-08-02 09:23:22',NULL,0,0),(3166,1,226,2,268435477,'2021-08-02 09:23:22',NULL,0,0),(3168,1,407,2,268435477,'2021-08-02 09:23:22',NULL,0,0),(3170,1,118,2,268435477,'2021-08-02 09:23:22',NULL,0,0),(3172,1,633,2,268435477,'2021-08-02 09:23:22',NULL,0,0),(3174,1,283,2,268435477,'2021-08-02 09:23:22',NULL,0,0),(3176,1,487,2,268435477,'2021-08-02 09:23:22',NULL,0,0),(3178,1,70,2,268435477,'2021-08-02 09:23:22',NULL,0,0),(3180,1,84,2,268435477,'2021-08-02 09:23:22',NULL,0,0),(3182,1,673,2,268435477,'2021-08-02 09:23:22',NULL,0,0),(3184,1,520,2,268435477,'2021-08-02 09:23:22',NULL,0,0),(3190,1,393,2,268435477,'2021-08-02 09:23:22',NULL,0,0),(3188,1,623,2,268435477,'2021-08-02 09:23:22',NULL,0,0),(3186,1,634,2,268435477,'2021-08-02 09:23:22',NULL,0,0),(3192,1,549,2,268435477,'2021-08-02 09:23:22',NULL,0,0),(3196,1,617,2,268435477,'2021-08-02 09:23:22',NULL,0,0),(3194,1,672,2,268435477,'2021-08-02 09:23:22',NULL,0,0),(3198,1,654,2,268435477,'2021-08-02 09:23:22',NULL,0,0),(3200,1,671,2,268435477,'2021-08-02 09:23:22',NULL,0,0),(3202,1,269,2,268435477,'2021-08-02 09:23:22',NULL,0,0),(3204,1,261,2,268435477,'2021-08-02 09:23:22',NULL,0,0),(3208,1,222,2,268435477,'2021-08-02 09:23:22',NULL,0,0),(3206,1,326,2,268435477,'2021-08-02 09:23:22',NULL,0,0),(3210,1,52,2,268435477,'2021-08-02 09:23:22',NULL,0,0),(3212,1,47,2,268435477,'2021-08-02 09:23:22',NULL,0,0),(3216,1,248,2,268435477,'2021-08-02 09:23:22',NULL,0,0),(3214,1,571,2,268435477,'2021-08-02 09:23:22',NULL,0,0),(3220,1,373,2,268435477,'2021-08-02 09:23:22',NULL,0,0),(3218,1,353,2,268435477,'2021-08-02 09:23:22',NULL,0,0),(3222,1,354,2,268435477,'2021-08-02 09:23:22',NULL,0,0),(3224,1,79,2,268435477,'2021-08-02 09:23:22',NULL,0,0),(3226,1,150,2,268435477,'2021-08-02 09:23:22',NULL,0,0),(3230,1,99,2,268435477,'2021-08-02 09:23:22',NULL,0,0),(3228,1,238,2,268435477,'2021-08-02 09:23:22',NULL,0,0),(3232,1,46,2,268435477,'2021-08-02 09:23:22',NULL,0,0),(3234,1,386,2,268435477,'2021-08-02 09:23:22',NULL,0,0),(3236,1,524,2,268435477,'2021-08-02 09:23:22',NULL,0,0),(3238,1,635,2,268435477,'2021-08-02 09:23:22',NULL,0,0),(3242,1,351,2,268435477,'2021-08-02 09:23:22',NULL,0,0),(3240,1,264,2,268435477,'2021-08-02 09:23:22',NULL,0,0),(3244,1,440,2,268435477,'2021-08-02 09:23:22',NULL,0,0),(3246,1,372,2,268435477,'2021-08-02 09:23:22',NULL,0,0),(3248,1,119,2,268435477,'2021-08-02 09:23:22',NULL,0,0),(3250,1,284,2,268435477,'2021-08-02 09:23:22',NULL,0,0),(3252,1,397,2,268435477,'2021-08-02 09:23:22',NULL,0,0),(3254,1,69,2,268435477,'2021-08-02 09:23:22',NULL,0,0),(3256,1,61,2,268435477,'2021-08-02 09:23:22',NULL,0,0),(3258,1,424,2,268435477,'2021-08-02 09:23:22',NULL,0,0),(3260,1,331,2,268435477,'2021-08-02 09:23:22',NULL,0,0),(3262,1,18,2,268435477,'2021-08-02 09:23:22',NULL,0,0),(3264,1,647,2,268435477,'2021-08-02 09:23:22',NULL,0,0),(3266,1,631,2,268435477,'2021-08-02 09:23:22',NULL,0,0),(3268,1,664,2,268435477,'2021-08-02 09:23:22',NULL,0,0),(3270,1,644,2,268435477,'2021-08-02 09:23:22',NULL,0,0),(3272,1,615,2,268435477,'2021-08-02 09:23:22',NULL,0,0),(3274,1,608,2,268435477,'2021-08-02 09:23:22',NULL,0,0),(3276,1,609,2,268435477,'2021-08-02 09:23:22',NULL,0,0),(3278,1,627,2,268435477,'2021-08-02 09:23:22',NULL,0,0),(3280,1,649,2,268435477,'2021-08-02 09:23:22',NULL,0,0),(3282,1,653,2,268435477,'2021-08-02 09:23:22',NULL,0,0),(3284,1,651,2,268435477,'2021-08-02 09:23:23',NULL,0,0),(3286,1,622,2,268435477,'2021-08-02 09:23:23',NULL,0,0),(3290,1,604,2,268435477,'2021-08-02 09:23:23',NULL,0,0),(3288,1,637,2,268435477,'2021-08-02 09:23:23',NULL,0,0),(3292,1,661,2,268435477,'2021-08-02 09:23:23',NULL,0,0),(3294,1,336,2,268435477,'2021-08-02 09:23:23',NULL,0,0),(3296,1,76,2,268435477,'2021-08-02 09:23:23',NULL,0,0),(3298,1,582,2,268435477,'2021-08-02 09:23:23',NULL,0,0),(3300,1,423,2,268435477,'2021-08-02 09:23:23',NULL,0,0),(3304,1,286,2,268435477,'2021-08-02 09:23:23',NULL,0,0),(3302,1,394,2,268435477,'2021-08-02 09:23:23',NULL,0,0),(3308,1,314,2,268435477,'2021-08-02 09:23:23',NULL,0,0),(3306,1,324,2,268435477,'2021-08-02 09:23:23',NULL,0,0),(3310,1,605,2,268435477,'2021-08-02 09:23:23',NULL,0,0),(3312,1,43,2,268435477,'2021-08-02 09:23:23',NULL,0,0),(3314,1,140,2,268435477,'2021-08-02 09:23:23',NULL,0,0),(3318,1,128,2,268435477,'2021-08-02 09:23:23',NULL,0,0),(3316,1,693,2,268435477,'2021-08-02 09:23:23',NULL,0,0),(3328,1,519,2,268435477,'2021-08-02 09:23:23',NULL,0,0),(3326,1,109,2,268435477,'2021-08-02 09:23:23',NULL,0,0),(3324,1,359,2,268435477,'2021-08-02 09:23:23',NULL,0,0),(3322,1,527,2,268435477,'2021-08-02 09:23:23',NULL,0,0),(3320,1,412,2,268435477,'2021-08-02 09:23:23',NULL,0,0),(3330,1,135,2,268435477,'2021-08-02 09:23:23',NULL,0,0),(3332,1,282,2,268435477,'2021-08-02 09:23:23',NULL,0,0),(3334,1,224,2,268435477,'2021-08-02 09:23:23',NULL,0,0),(3336,1,406,2,268435477,'2021-08-02 09:23:23',NULL,0,0),(3338,1,568,2,268435477,'2021-08-02 09:23:23',NULL,0,0),(3340,1,468,2,268435477,'2021-08-02 09:23:23',NULL,0,0),(3342,1,88,2,268435477,'2021-08-02 09:23:23',NULL,0,0),(3344,1,330,2,268435477,'2021-08-02 09:23:23',NULL,0,0),(3346,1,5,2,268435477,'2021-08-02 09:23:23',NULL,0,0),(3348,1,305,2,268435477,'2021-08-02 09:23:23',NULL,0,0),(3350,1,573,2,268435477,'2021-08-02 09:23:23',NULL,0,0),(3352,1,512,2,268435477,'2021-08-02 09:23:23',NULL,0,0),(3354,1,4,2,268435477,'2021-08-02 09:23:23',NULL,0,0),(3356,1,280,2,268435477,'2021-08-02 09:23:23',NULL,0,0),(3358,1,182,2,268435477,'2021-08-02 09:23:23',NULL,0,0),(3360,1,40,2,268435477,'2021-08-02 09:23:23',NULL,0,0),(3362,1,554,2,268435477,'2021-08-02 09:23:23',NULL,0,0),(3364,1,21,2,268435477,'2021-08-02 09:23:23',NULL,0,0),(3366,1,39,2,268435477,'2021-08-02 09:23:23',NULL,0,0),(3368,1,387,2,268435477,'2021-08-02 09:23:23',NULL,0,0),(3370,1,325,2,268435477,'2021-08-02 09:23:23',NULL,0,0),(3372,1,193,2,268435477,'2021-08-02 09:23:23',NULL,0,0),(3374,1,438,2,268435477,'2021-08-02 09:23:23',NULL,0,0),(3376,1,74,2,268435477,'2021-08-02 09:23:23',NULL,0,0),(3378,1,19,2,268435477,'2021-08-02 09:23:23',NULL,0,0),(3380,1,295,2,268435477,'2021-08-02 09:23:23',NULL,0,0),(3382,1,515,2,268435477,'2021-08-02 09:23:23',NULL,0,0),(3384,1,31,2,268435477,'2021-08-02 09:23:23',NULL,0,0),(3386,1,256,2,268435477,'2021-08-02 09:23:23',NULL,0,0),(3388,1,532,2,268435477,'2021-08-02 09:23:23',NULL,0,0),(3390,1,149,2,268435477,'2021-08-02 09:23:23',NULL,0,0),(3392,1,528,2,268435477,'2021-08-02 09:23:23',NULL,0,0),(3394,1,357,2,268435477,'2021-08-02 09:23:23',NULL,0,0),(3396,1,496,2,268435477,'2021-08-02 09:23:23',NULL,0,0),(3398,1,606,2,268435477,'2021-08-02 09:23:23',NULL,0,0),(3400,1,632,2,268435477,'2021-08-02 09:23:23',NULL,0,0),(3402,1,100,2,268435477,'2021-08-02 09:23:23',NULL,0,0),(3404,1,621,2,268435477,'2021-08-02 09:23:23',NULL,0,0),(3406,1,658,2,268435477,'2021-08-02 09:23:23',NULL,0,0),(3408,1,404,2,268435477,'2021-08-02 09:23:23',NULL,0,0),(3410,1,360,2,268435477,'2021-08-02 09:23:23',NULL,0,0),(3412,1,456,2,268435477,'2021-08-02 09:23:23',NULL,0,0),(3414,1,218,2,268435477,'2021-08-02 09:23:23',NULL,0,0),(3416,1,478,2,268435477,'2021-08-02 09:23:23',NULL,0,0),(3418,1,198,2,268435477,'2021-08-02 09:23:23',NULL,0,0),(3420,1,241,2,268435477,'2021-08-02 09:23:23',NULL,0,0),(3422,1,159,2,268435477,'2021-08-02 09:23:23',NULL,0,0),(3424,1,138,2,268435477,'2021-08-02 09:23:23',NULL,0,0),(3426,1,143,2,268435477,'2021-08-02 09:23:23',NULL,0,0),(3428,1,294,2,268435477,'2021-08-02 09:23:23',NULL,0,0),(3430,1,308,2,268435477,'2021-08-02 09:23:23',NULL,0,0),(3432,1,426,2,268435477,'2021-08-02 09:23:23',NULL,0,0),(3434,1,162,2,268435477,'2021-08-02 09:23:23',NULL,0,0),(3436,1,169,2,268435477,'2021-08-02 09:23:23',NULL,0,0),(3438,1,564,2,268435477,'2021-08-02 09:23:23',NULL,0,0),(3440,1,461,2,268435477,'2021-08-02 09:23:23',NULL,0,0),(3442,1,107,2,268435477,'2021-08-02 09:23:23',NULL,0,0),(3444,1,215,2,268435477,'2021-08-02 09:23:23',NULL,0,0),(3446,1,436,2,268435477,'2021-08-02 09:23:23',NULL,0,0),(3448,1,576,2,268435477,'2021-08-02 09:23:23',NULL,0,0),(3450,1,255,2,268435477,'2021-08-02 09:23:23',NULL,0,0),(3452,1,319,2,268435477,'2021-08-02 09:23:23',NULL,0,0),(3454,1,164,2,268435477,'2021-08-02 09:23:23',NULL,0,0),(3456,1,346,2,268435477,'2021-08-02 09:23:23',NULL,0,0),(3458,1,580,2,268435477,'2021-08-02 09:23:23',NULL,0,0),(3460,1,366,2,268435477,'2021-08-02 09:23:23',NULL,0,0),(3462,1,112,2,268435477,'2021-08-02 09:23:23',NULL,0,0),(3464,1,419,2,268435477,'2021-08-02 09:23:23',NULL,0,0),(3466,1,586,2,268435477,'2021-08-02 09:23:23',NULL,0,0),(3468,1,92,2,268435477,'2021-08-02 09:23:23',NULL,0,0),(3470,1,166,2,268435477,'2021-08-02 09:23:23',NULL,0,0),(3472,1,381,2,268435477,'2021-08-02 09:23:23',NULL,0,0),(3474,1,395,2,268435477,'2021-08-02 09:23:24',NULL,0,0),(3476,1,402,2,268435477,'2021-08-02 09:23:24',NULL,0,0),(3478,1,203,2,268435477,'2021-08-02 09:23:24',NULL,0,0),(3480,1,62,2,268435477,'2021-08-02 09:23:24',NULL,0,0),(3482,1,505,2,268435477,'2021-08-02 09:23:24',NULL,0,0),(3484,1,177,2,268435477,'2021-08-02 09:23:24',NULL,0,0),(3486,1,626,2,268435477,'2021-08-02 09:23:24',NULL,0,0),(3488,1,643,2,268435477,'2021-08-02 09:23:24',NULL,0,0),(3490,1,645,2,268435477,'2021-08-02 09:23:24',NULL,0,0),(3492,1,618,2,268435477,'2021-08-02 09:23:24',NULL,0,0),(3494,1,662,2,268435477,'2021-08-02 09:23:24',NULL,0,0),(3496,1,483,2,268435477,'2021-08-02 09:23:24',NULL,0,0),(3498,1,358,2,268435477,'2021-08-02 09:23:24',NULL,0,0),(3500,1,378,2,268435477,'2021-08-02 09:23:24',NULL,0,0),(3502,1,290,2,268435477,'2021-08-02 09:23:24',NULL,0,0),(3504,1,509,2,268435477,'2021-08-02 09:23:24',NULL,0,0),(3506,1,578,2,268435477,'2021-08-02 09:23:24',NULL,0,0),(3508,1,574,2,268435477,'2021-08-02 09:23:24',NULL,0,0),(3510,1,338,2,268435477,'2021-08-02 09:23:24',NULL,0,0),(3512,1,581,2,268435477,'2021-08-02 09:23:24',NULL,0,0),(3514,1,361,2,268435477,'2021-08-02 09:23:24',NULL,0,0),(3516,1,298,2,268435477,'2021-08-02 09:23:24',NULL,0,0),(3518,1,501,2,268435477,'2021-08-02 09:23:24',NULL,0,0),(3520,1,258,2,268435477,'2021-08-02 09:23:24',NULL,0,0),(3522,1,257,2,268435477,'2021-08-02 09:23:24',NULL,0,0),(3524,1,12,2,268435477,'2021-08-02 09:23:24',NULL,0,0),(3526,1,142,2,268435477,'2021-08-02 09:23:24',NULL,0,0),(3528,1,91,2,268435477,'2021-08-02 09:23:24',NULL,0,0),(3530,1,462,2,268435477,'2021-08-02 09:23:24',NULL,0,0),(3532,1,579,2,268435477,'2021-08-02 09:23:24',NULL,0,0),(3534,1,498,2,268435477,'2021-08-02 09:23:24',NULL,0,0),(3536,1,535,2,268435477,'2021-08-02 09:23:24',NULL,0,0),(3538,1,260,2,268435477,'2021-08-02 09:23:24',NULL,0,0),(3540,1,216,2,268435477,'2021-08-02 09:23:24',NULL,0,0),(3542,1,243,2,268435477,'2021-08-02 09:23:24',NULL,0,0),(3544,1,42,2,268435477,'2021-08-02 09:23:24',NULL,0,0),(3546,1,228,2,268435477,'2021-08-02 09:23:24',NULL,0,0),(3548,1,174,2,268435477,'2021-08-02 09:23:24',NULL,0,0),(3550,1,589,2,268435477,'2021-08-02 09:23:24',NULL,0,0),(3552,1,556,2,268435477,'2021-08-02 09:23:24',NULL,0,0),(3554,1,321,2,268435477,'2021-08-02 09:23:24',NULL,0,0),(3556,1,57,2,268435477,'2021-08-02 09:23:24',NULL,0,0),(3558,1,541,2,268435477,'2021-08-02 09:23:24',NULL,0,0),(3560,1,513,2,268435477,'2021-08-02 09:23:24',NULL,0,0),(3562,1,32,2,268435477,'2021-08-02 09:23:24',NULL,0,0),(3564,1,559,2,268435477,'2021-08-02 09:23:24',NULL,0,0),(3566,1,131,2,268435477,'2021-08-02 09:23:24',NULL,0,0),(3568,1,455,2,268435477,'2021-08-02 09:23:24',NULL,0,0),(3570,1,114,2,268435477,'2021-08-02 09:23:24',NULL,0,0),(3572,1,548,2,268435477,'2021-08-02 09:23:24',NULL,0,0),(3574,1,111,2,268435477,'2021-08-02 09:23:24',NULL,0,0),(3576,1,339,2,268435477,'2021-08-02 09:23:24',NULL,0,0),(3578,1,482,2,268435477,'2021-08-02 09:23:24',NULL,0,0),(3580,1,251,2,268435477,'2021-08-02 09:23:24',NULL,0,0),(3582,1,158,2,268435477,'2021-08-02 09:23:24',NULL,0,0),(3584,1,205,2,268435477,'2021-08-02 09:23:24',NULL,0,0),(3586,1,106,2,268435477,'2021-08-02 09:23:24',NULL,0,0),(3588,1,340,2,268435477,'2021-08-02 09:23:24',NULL,0,0),(3590,1,130,2,268435477,'2021-08-02 09:23:24',NULL,0,0),(3592,1,441,2,268435477,'2021-08-02 09:23:24',NULL,0,0),(3594,1,470,2,268435477,'2021-08-02 09:23:24',NULL,0,0),(3596,1,383,2,268435477,'2021-08-02 09:23:24',NULL,0,0),(3598,1,134,2,268435477,'2021-08-02 09:23:24',NULL,0,0),(3600,1,678,2,268435477,'2021-08-02 09:23:24',NULL,0,0),(3602,1,679,2,268435477,'2021-08-02 09:23:24',NULL,0,0),(3604,1,681,2,268435477,'2021-08-02 09:23:24',NULL,0,0),(3606,1,156,2,268435477,'2021-08-02 09:23:24',NULL,0,0),(3608,1,491,2,268435477,'2021-08-02 09:23:24',NULL,0,0),(3610,1,211,2,268435477,'2021-08-02 09:23:24',NULL,0,0),(3612,1,318,2,268435477,'2021-08-02 09:23:24',NULL,0,0),(3614,1,430,2,268435477,'2021-08-02 09:23:24',NULL,0,0),(3616,1,652,2,268435477,'2021-08-02 09:23:24',NULL,0,0),(3618,1,122,2,268435477,'2021-08-02 09:23:24',NULL,0,0),(3620,1,45,2,268435477,'2021-08-02 09:23:24',NULL,0,0),(3622,1,630,2,268435477,'2021-08-02 09:23:24',NULL,0,0),(3624,1,592,2,268435477,'2021-08-02 09:23:24',NULL,0,0),(3626,1,485,2,268435477,'2021-08-02 09:23:24',NULL,0,0),(3628,1,422,2,268435477,'2021-08-02 09:23:24',NULL,0,0),(3630,1,103,2,268435477,'2021-08-02 09:23:24',NULL,0,0),(3632,1,14,2,268435477,'2021-08-02 09:23:24',NULL,0,0),(3634,1,680,2,268435477,'2021-08-02 09:23:24',NULL,0,0),(3636,1,675,2,268435477,'2021-08-02 09:23:24',NULL,0,0),(3638,1,24,2,268435477,'2021-08-02 09:23:24',NULL,0,0),(3640,1,235,2,268435477,'2021-08-02 09:23:24',NULL,0,0),(3642,1,443,2,268435477,'2021-08-02 09:23:24',NULL,0,0),(3644,1,466,2,268435477,'2021-08-02 09:23:24',NULL,0,0),(3646,1,349,2,268435477,'2021-08-02 09:23:25',NULL,0,0),(3648,1,439,2,268435477,'2021-08-02 09:23:25',NULL,0,0),(3650,1,113,2,268435477,'2021-08-02 09:23:25',NULL,0,0),(3652,1,530,2,268435477,'2021-08-02 09:23:25',NULL,0,0),(3654,1,444,2,268435477,'2021-08-02 09:23:25',NULL,0,0),(3656,1,313,2,268435477,'2021-08-02 09:23:25',NULL,0,0),(3658,1,437,2,268435477,'2021-08-02 09:23:25',NULL,0,0),(3660,1,380,2,268435477,'2021-08-02 09:23:25',NULL,0,0),(3662,1,429,2,268435477,'2021-08-02 09:23:25',NULL,0,0),(3664,1,442,2,268435477,'2021-08-02 09:23:25',NULL,0,0),(3666,1,479,2,268435477,'2021-08-02 09:23:25',NULL,0,0),(3668,1,221,2,268435477,'2021-08-02 09:23:25',NULL,0,0),(3670,1,213,2,268435477,'2021-08-02 09:23:25',NULL,0,0),(3672,1,271,2,268435477,'2021-08-02 09:23:25',NULL,0,0),(3674,1,500,2,268435477,'2021-08-02 09:23:25',NULL,0,0),(3676,1,567,2,268435477,'2021-08-02 09:23:25',NULL,0,0),(3678,1,175,2,268435477,'2021-08-02 09:23:25',NULL,0,0),(3680,1,494,2,268435477,'2021-08-02 09:23:25',NULL,0,0),(3682,1,476,2,268435477,'2021-08-02 09:23:25',NULL,0,0),(3684,1,454,2,268435477,'2021-08-02 09:23:25',NULL,0,0),(3686,1,281,2,268435477,'2021-08-02 09:23:25',NULL,0,0),(3688,1,253,2,268435477,'2021-08-02 09:23:25',NULL,0,0),(3690,1,41,2,268435477,'2021-08-02 09:23:25',NULL,0,0),(3692,1,85,2,268435477,'2021-08-02 09:23:25',NULL,0,0),(3694,1,167,2,268435477,'2021-08-02 09:23:25',NULL,0,0),(3696,1,176,2,268435477,'2021-08-02 09:23:25',NULL,0,0),(3698,1,401,2,268435477,'2021-08-02 09:23:25',NULL,0,0),(3700,1,195,2,268435477,'2021-08-02 09:23:25',NULL,0,0),(3702,1,553,2,268435477,'2021-08-02 09:23:25',NULL,0,0),(3704,1,95,2,268435477,'2021-08-02 09:23:25',NULL,0,0),(3706,1,471,2,268435477,'2021-08-02 09:23:25',NULL,0,0),(3708,1,600,2,268435477,'2021-08-02 09:23:25',NULL,0,0),(3710,1,246,2,268435477,'2021-08-02 09:23:25',NULL,0,0),(3712,1,364,2,268435477,'2021-08-02 09:23:25',NULL,0,0),(3714,1,186,2,268435477,'2021-08-02 09:23:25',NULL,0,0),(3716,1,110,2,268435477,'2021-08-02 09:23:25',NULL,0,0),(3718,1,545,2,268435477,'2021-08-02 09:23:25',NULL,0,0),(3720,1,594,2,268435477,'2021-08-02 09:23:25',NULL,0,0),(3722,1,200,2,268435477,'2021-08-02 09:23:25',NULL,0,0),(3724,1,523,2,268435477,'2021-08-02 09:23:25',NULL,0,0),(3726,1,475,2,268435477,'2021-08-02 09:23:25',NULL,0,0),(3728,1,363,2,268435477,'2021-08-02 09:23:25',NULL,0,0),(3730,1,291,2,268435477,'2021-08-02 09:23:25',NULL,0,0),(3732,1,347,2,268435477,'2021-08-02 09:23:25',NULL,0,0),(3734,1,302,2,268435477,'2021-08-02 09:23:25',NULL,0,0),(3736,1,309,2,268435477,'2021-08-02 09:23:25',NULL,0,0),(3738,1,551,2,268435477,'2021-08-02 09:23:25',NULL,0,0),(3740,1,239,2,268435477,'2021-08-02 09:23:25',NULL,0,0),(3742,1,433,2,268435477,'2021-08-02 09:23:25',NULL,0,0),(3744,1,155,2,268435477,'2021-08-02 09:23:25',NULL,0,0),(3746,1,180,2,268435477,'2021-08-02 09:23:25',NULL,0,0),(3748,1,555,2,268435477,'2021-08-02 09:23:25',NULL,0,0),(3750,1,108,2,268435477,'2021-08-02 09:23:25',NULL,0,0),(3752,1,375,2,268435477,'2021-08-02 09:23:25',NULL,0,0),(3754,1,214,2,268435477,'2021-08-02 09:23:25',NULL,0,0),(3756,1,379,2,268435477,'2021-08-02 09:23:25',NULL,0,0),(3758,1,148,2,268435477,'2021-08-02 09:23:25',NULL,0,0),(3760,1,262,2,268435477,'2021-08-02 09:23:25',NULL,0,0),(3762,1,196,2,268435477,'2021-08-02 09:23:25',NULL,0,0),(3764,1,616,2,268435477,'2021-08-02 09:23:25',NULL,0,0),(3766,1,685,2,268435477,'2021-08-02 09:23:25',NULL,0,0),(3768,1,101,2,268435477,'2021-08-02 09:23:25',NULL,0,0),(3770,1,26,2,268435477,'2021-08-02 09:23:25',NULL,0,0),(3772,1,628,2,268435477,'2021-08-02 09:23:25',NULL,0,0),(3774,1,598,2,268435477,'2021-08-02 09:23:25',NULL,0,0),(3776,1,374,2,268435477,'2021-08-02 09:23:25',NULL,0,0),(3778,1,447,2,268435477,'2021-08-02 09:23:25',NULL,0,0),(3780,1,566,2,268435477,'2021-08-02 09:23:25',NULL,0,0),(3782,1,7,2,268435477,'2021-08-02 09:23:25',NULL,0,0),(3784,1,376,2,268435477,'2021-08-02 09:23:25',NULL,0,0),(3786,1,58,2,268435477,'2021-08-02 09:23:25',NULL,0,0),(3788,1,230,2,268435477,'2021-08-02 09:23:25',NULL,0,0),(3790,1,435,2,268435477,'2021-08-02 09:23:25',NULL,0,0),(3792,1,252,2,268435477,'2021-08-02 09:23:25',NULL,0,0),(3794,1,533,2,268435477,'2021-08-02 09:23:25',NULL,0,0),(3796,1,249,2,268435477,'2021-08-02 09:23:25',NULL,0,0),(3798,1,297,2,268435477,'2021-08-02 09:23:25',NULL,0,0),(3800,1,237,2,268435477,'2021-08-02 09:23:25',NULL,0,0),(3802,1,154,2,268435477,'2021-08-02 09:23:25',NULL,0,0),(3804,1,344,2,268435477,'2021-08-02 09:23:25',NULL,0,0),(3806,1,499,2,268435477,'2021-08-02 09:23:25',NULL,0,0),(3808,1,539,2,268435477,'2021-08-02 09:23:25',NULL,0,0),(3810,1,400,2,268435477,'2021-08-02 09:23:25',NULL,0,0),(3812,1,536,2,268435477,'2021-08-02 09:23:25',NULL,0,0),(3814,1,316,2,268435477,'2021-08-02 09:23:25',NULL,0,0),(3816,1,537,2,268435477,'2021-08-02 09:23:25',NULL,0,0),(3818,1,614,2,268435477,'2021-08-02 09:23:25',NULL,0,0),(3820,1,629,2,268435477,'2021-08-02 09:23:26',NULL,0,0),(3822,1,660,2,268435477,'2021-08-02 09:23:26',NULL,0,0),(3824,1,588,2,268435477,'2021-08-02 09:23:26',NULL,0,0),(3826,1,625,2,268435477,'2021-08-02 09:23:26',NULL,0,0),(3828,1,659,2,268435477,'2021-08-02 09:23:26',NULL,0,0),(3830,1,104,2,268435477,'2021-08-02 09:23:26',NULL,0,0),(3832,1,98,2,268435477,'2021-08-02 09:23:26',NULL,0,0),(3834,1,59,2,268435477,'2021-08-02 09:23:26',NULL,0,0),(3836,1,517,2,268435477,'2021-08-02 09:23:26',NULL,0,0),(3838,1,583,2,268435477,'2021-08-02 09:23:26',NULL,0,0),(3840,1,306,2,268435477,'2021-08-02 09:23:26',NULL,0,0),(3842,1,352,2,268435477,'2021-08-02 09:23:26',NULL,0,0),(3844,1,86,2,268435477,'2021-08-02 09:23:26',NULL,0,0),(3846,1,82,2,268435477,'2021-08-02 09:23:26',NULL,0,0),(3848,1,511,2,268435477,'2021-08-02 09:23:26',NULL,0,0),(3850,1,202,2,268435477,'2021-08-02 09:23:26',NULL,0,0),(3852,1,71,2,268435477,'2021-08-02 09:23:26',NULL,0,0),(3854,1,151,2,268435477,'2021-08-02 09:23:26',NULL,0,0),(3856,1,192,2,268435477,'2021-08-02 09:23:26',NULL,0,0),(3858,1,48,2,268435477,'2021-08-02 09:23:26',NULL,0,0),(3860,1,624,2,268435477,'2021-08-02 09:23:26',NULL,0,0),(3862,1,396,2,268435477,'2021-08-02 09:23:26',NULL,0,0),(3864,1,610,2,268435477,'2021-08-02 09:23:26',NULL,0,0),(3866,1,560,2,268435477,'2021-08-02 09:23:26',NULL,0,0),(3868,1,619,2,268435477,'2021-08-02 09:23:26',NULL,0,0),(3870,1,480,2,268435477,'2021-08-02 09:23:26',NULL,0,0),(3872,1,368,2,268435477,'2021-08-02 09:23:26',NULL,0,0),(3874,1,300,2,268435477,'2021-08-02 09:23:26',NULL,0,0),(3876,1,56,2,268435477,'2021-08-02 09:23:26',NULL,0,0),(3878,1,165,2,268435477,'2021-08-02 09:23:26',NULL,0,0),(3880,1,168,2,268435477,'2021-08-02 09:23:26',NULL,0,0),(3882,1,493,2,268435477,'2021-08-02 09:23:26',NULL,0,0),(3884,1,431,2,268435477,'2021-08-02 09:23:26',NULL,0,0),(3886,1,60,2,268435477,'2021-08-02 09:23:26',NULL,0,0),(3888,1,133,2,268435477,'2021-08-02 09:23:26',NULL,0,0),(3890,1,327,2,268435477,'2021-08-02 09:23:26',NULL,0,0),(3892,1,388,2,268435477,'2021-08-02 09:23:26',NULL,0,0),(3894,1,464,2,268435477,'2021-08-02 09:23:26',NULL,0,0),(3896,1,227,2,268435477,'2021-08-02 09:23:26',NULL,0,0),(3898,1,93,2,268435477,'2021-08-02 09:23:26',NULL,0,0),(3900,1,504,2,268435477,'2021-08-02 09:23:26',NULL,0,0),(3902,1,416,2,268435477,'2021-08-02 09:23:26',NULL,0,0),(3904,1,690,2,268435477,'2021-08-02 09:23:26',NULL,0,0),(3906,1,677,2,268435477,'2021-08-02 09:23:26',NULL,0,0),(3908,1,328,2,268435477,'2021-08-02 09:23:26',NULL,0,0),(3910,1,434,2,268435477,'2021-08-02 09:23:26',NULL,0,0),(3912,1,495,2,268435477,'2021-08-02 09:23:26',NULL,0,0),(3914,1,163,2,268435477,'2021-08-02 09:23:26',NULL,0,0),(3916,1,83,2,268435477,'2021-08-02 09:23:26',NULL,0,0),(3918,1,607,2,268435477,'2021-08-02 09:23:26',NULL,0,0),(3920,1,54,2,268435477,'2021-08-02 09:23:26',NULL,0,0),(3922,1,648,2,268435477,'2021-08-02 09:23:26',NULL,0,0),(3924,1,81,2,268435477,'2021-08-02 09:23:26',NULL,0,0),(3926,1,657,2,268435477,'2021-08-02 09:23:26',NULL,0,0),(3928,1,233,2,268435477,'2021-08-02 09:23:26',NULL,0,0),(3930,1,446,2,268435477,'2021-08-02 09:23:26',NULL,0,0),(3932,1,655,2,268435477,'2021-08-02 09:23:26',NULL,0,0),(3934,1,240,2,268435477,'2021-08-02 09:23:26',NULL,0,0),(3936,1,370,2,268435477,'2021-08-02 09:23:26',NULL,0,0),(3938,1,55,2,268435477,'2021-08-02 09:23:26',NULL,0,0),(3940,1,50,2,268435477,'2021-08-02 09:23:26',NULL,0,0),(3942,1,125,2,268435477,'2021-08-02 09:23:26',NULL,0,0),(3944,1,126,2,268435477,'2021-08-02 09:23:26',NULL,0,0),(3946,1,23,2,268435477,'2021-08-02 09:23:26',NULL,0,0),(3948,1,278,2,268435477,'2021-08-02 09:23:26',NULL,0,0),(3950,1,223,2,268435477,'2021-08-02 09:23:26',NULL,0,0),(3952,1,575,2,268435477,'2021-08-02 09:23:26',NULL,0,0),(3954,1,601,2,268435477,'2021-08-02 09:23:26',NULL,0,0),(3956,1,665,2,268435477,'2021-08-02 09:23:26',NULL,0,0),(3958,1,293,2,268435477,'2021-08-02 09:23:26',NULL,0,0),(3960,1,184,2,268435477,'2021-08-02 09:23:26',NULL,0,0),(3962,1,96,2,268435477,'2021-08-02 09:23:26',NULL,0,0),(3964,1,334,2,268435477,'2021-08-02 09:23:26',NULL,0,0),(3966,1,236,2,268435477,'2021-08-02 09:23:26',NULL,0,0),(3968,1,116,2,268435477,'2021-08-02 09:23:26',NULL,0,0),(3970,1,638,2,268435477,'2021-08-02 09:23:26',NULL,0,0),(3972,1,132,2,268435477,'2021-08-02 09:23:26',NULL,0,0),(3974,1,593,2,268435477,'2021-08-02 09:23:26',NULL,0,0),(3976,1,385,2,268435477,'2021-08-02 09:23:26',NULL,0,0),(3978,1,3,2,268435477,'2021-08-02 09:23:26',NULL,0,0),(3980,1,121,2,268435477,'2021-08-02 09:23:26',NULL,0,0),(3982,1,219,2,268435477,'2021-08-02 09:23:26',NULL,0,0),(3984,1,172,2,268435477,'2021-08-02 09:23:26',NULL,0,0),(3986,1,590,2,268435477,'2021-08-02 09:23:26',NULL,0,0),(3988,1,611,2,268435477,'2021-08-02 09:23:26',NULL,0,0),(3990,1,584,2,268435477,'2021-08-02 09:23:26',NULL,0,0),(3992,1,547,2,268435477,'2021-08-02 09:23:26',NULL,0,0),(3994,1,173,2,268435477,'2021-08-02 09:23:26',NULL,0,0),(3996,1,572,2,268435477,'2021-08-02 09:23:26',NULL,0,0),(3998,1,188,2,268435477,'2021-08-02 09:23:26',NULL,0,0),(4000,1,44,2,268435477,'2021-08-02 09:23:26',NULL,0,0),(4002,1,398,2,268435477,'2021-08-02 09:23:26',NULL,0,0),(4004,1,90,2,268435477,'2021-08-02 09:23:27',NULL,0,0),(4006,1,97,2,268435477,'2021-08-02 09:23:27',NULL,0,0),(4008,1,408,2,268435477,'2021-08-02 09:23:27',NULL,0,0),(4010,1,562,2,268435477,'2021-08-02 09:23:27',NULL,0,0),(4012,1,467,2,268435477,'2021-08-02 09:23:27',NULL,0,0),(4014,1,191,2,268435477,'2021-08-02 09:23:27',NULL,0,0),(4016,1,147,2,268435477,'2021-08-02 09:23:27',NULL,0,0),(4018,1,335,2,268435477,'2021-08-02 09:23:27',NULL,0,0),(4020,1,187,2,268435477,'2021-08-02 09:23:27',NULL,0,0),(4022,1,663,2,268435477,'2021-08-02 09:23:27',NULL,0,0),(4024,1,591,2,268435477,'2021-08-02 09:23:27',NULL,0,0),(4026,1,452,2,268435477,'2021-08-02 09:23:27',NULL,0,0),(4028,1,670,2,268435477,'2021-08-02 09:23:27',NULL,0,0),(4030,1,563,2,268435477,'2021-08-02 09:23:27',NULL,0,0),(4032,1,421,2,268435477,'2021-08-02 09:23:27',NULL,0,0),(4034,1,371,2,268435477,'2021-08-02 09:23:27',NULL,0,0),(4036,1,276,2,268435477,'2021-08-02 09:23:27',NULL,0,0),(4038,1,170,2,268435477,'2021-08-02 09:23:27',NULL,0,0),(4040,1,350,2,268435477,'2021-08-02 09:23:27',NULL,0,0),(4042,1,636,2,268435477,'2021-08-02 09:23:27',NULL,0,0),(4044,1,450,2,268435477,'2021-08-02 09:23:27',NULL,0,0),(4046,1,514,2,268435477,'2021-08-02 09:23:27',NULL,0,0),(4048,1,194,2,268435477,'2021-08-02 09:23:27',NULL,0,0),(4050,1,115,2,268435477,'2021-08-02 09:23:27',NULL,0,0),(4052,1,75,2,268435477,'2021-08-02 09:23:27',NULL,0,0),(4054,1,137,2,268435477,'2021-08-02 09:23:27',NULL,0,0),(4056,1,405,2,268435477,'2021-08-02 09:23:27',NULL,0,0),(4058,1,355,2,268435477,'2021-08-02 09:23:27',NULL,0,0),(4060,1,265,2,268435477,'2021-08-02 09:23:27',NULL,0,0),(4062,1,587,2,268435477,'2021-08-02 09:23:27',NULL,0,0),(4064,1,453,2,268435477,'2021-08-02 09:23:27',NULL,0,0),(4066,1,317,2,268435477,'2021-08-02 09:23:27',NULL,0,0),(4068,1,2,2,268435477,'2021-08-02 09:23:27',NULL,0,0),(4070,1,612,2,268435477,'2021-08-02 09:23:27',NULL,0,0),(4072,1,534,2,268435477,'2021-08-02 09:23:27',NULL,0,0),(4074,1,72,2,268435477,'2021-08-02 09:23:27',NULL,0,0),(4076,1,642,2,268435477,'2021-08-02 09:23:27',NULL,0,0),(4078,1,403,2,268435477,'2021-08-02 09:23:27',NULL,0,0),(4080,1,669,2,268435477,'2021-08-02 09:23:27',NULL,0,0),(4082,1,345,2,268435477,'2021-08-02 09:23:27',NULL,0,0),(4084,1,540,2,268435477,'2021-08-02 09:23:27',NULL,0,0),(4086,1,508,2,268435477,'2021-08-02 09:23:27',NULL,0,0),(4088,1,486,2,268435477,'2021-08-02 09:23:27',NULL,0,0),(4090,1,595,2,268435477,'2021-08-02 09:23:27',NULL,0,0),(4092,1,666,2,268435477,'2021-08-02 09:23:27',NULL,0,0),(4094,1,585,2,268435477,'2021-08-02 09:23:27',NULL,0,0),(4096,1,362,2,268435477,'2021-08-02 09:23:27',NULL,0,0),(4098,1,650,2,268435477,'2021-08-02 09:23:27',NULL,0,0),(4100,1,420,2,268435477,'2021-08-02 09:23:27',NULL,0,0),(4102,1,66,2,268435477,'2021-08-02 09:23:27',NULL,0,0),(4104,1,427,2,268435477,'2021-08-02 09:23:27',NULL,0,0),(4106,1,259,2,268435477,'2021-08-02 09:23:27',NULL,0,0),(4108,1,208,2,268435477,'2021-08-02 09:23:27',NULL,0,0),(4110,1,217,2,268435477,'2021-08-02 09:23:27',NULL,0,0),(4112,1,247,2,268435477,'2021-08-02 09:23:27',NULL,0,0),(4114,1,694,2,268435477,'2021-08-02 09:23:27',NULL,0,0),(4116,1,531,2,268435477,'2021-08-02 09:23:27',NULL,0,0),(4118,1,94,2,268435477,'2021-08-02 09:23:27',NULL,0,0),(4120,1,27,2,268435477,'2021-08-02 09:23:27',NULL,0,0),(4122,1,25,2,268435477,'2021-08-02 09:23:27',NULL,0,0),(4124,1,459,2,268435477,'2021-08-02 09:23:27',NULL,0,0),(4126,1,67,2,268435477,'2021-08-02 09:23:27',NULL,0,0),(4128,1,377,2,268435477,'2021-08-02 09:23:27',NULL,0,0),(4130,1,80,2,268435477,'2021-08-02 09:23:27',NULL,0,0),(4132,1,445,2,268435477,'2021-08-02 09:23:27',NULL,0,0),(4134,1,449,2,268435477,'2021-08-02 09:23:27',NULL,0,0),(4136,1,488,2,268435477,'2021-08-02 09:23:27',NULL,0,0),(4138,1,320,2,268435477,'2021-08-02 09:23:27',NULL,0,0),(4140,1,225,2,268435477,'2021-08-02 09:23:27',NULL,0,0),(4142,1,250,2,268435477,'2021-08-02 09:23:27',NULL,0,0),(4144,1,474,2,268435477,'2021-08-02 09:23:27',NULL,0,0),(4146,1,146,2,268435477,'2021-08-02 09:23:27',NULL,0,0),(4148,1,448,2,268435477,'2021-08-02 09:23:27',NULL,0,0),(4150,1,123,2,268435477,'2021-08-02 09:23:27',NULL,0,0),(4152,1,207,2,268435477,'2021-08-02 09:23:27',NULL,0,0),(4154,1,160,2,268435477,'2021-08-02 09:23:27',NULL,0,0),(4156,1,307,2,268435477,'2021-08-02 09:23:27',NULL,0,0),(4158,1,596,2,268435477,'2021-08-02 09:23:27',NULL,0,0),(4160,1,392,2,268435477,'2021-08-02 09:23:27',NULL,0,0),(4162,1,245,2,268435477,'2021-08-02 09:23:27',NULL,0,0),(4164,1,201,2,268435477,'2021-08-02 09:23:27',NULL,0,0),(4166,1,503,2,268435477,'2021-08-02 09:23:27',NULL,0,0),(4168,1,209,2,268435477,'2021-08-02 09:23:27',NULL,0,0),(4170,1,577,2,268435477,'2021-08-02 09:23:27',NULL,0,0),(4172,1,64,2,268435477,'2021-08-02 09:23:27',NULL,0,0),(4174,1,127,2,268435477,'2021-08-02 09:23:27',NULL,0,0),(4176,1,285,2,268435477,'2021-08-02 09:23:27',NULL,0,0),(4178,1,544,2,268435477,'2021-08-02 09:23:27',NULL,0,0),(4180,1,569,2,268435477,'2021-08-02 09:23:27',NULL,0,0),(4182,1,451,2,268435477,'2021-08-02 09:23:27',NULL,0,0),(4184,1,484,2,268435477,'2021-08-02 09:23:27',NULL,0,0),(4186,1,348,2,268435477,'2021-08-02 09:23:27',NULL,0,0),(4188,1,145,2,268435477,'2021-08-02 09:23:27',NULL,0,0),(4190,1,232,2,268435477,'2021-08-02 09:23:27',NULL,0,0),(4192,1,311,2,268435477,'2021-08-02 09:23:27',NULL,0,0),(4194,1,229,2,268435477,'2021-08-02 09:23:27',NULL,0,0),(4196,1,272,2,268435477,'2021-08-02 09:23:27',NULL,0,0),(4198,1,332,2,268435477,'2021-08-02 09:23:27',NULL,0,0),(4200,1,492,2,268435477,'2021-08-02 09:23:27',NULL,0,0),(4202,1,365,2,268435477,'2021-08-02 09:23:27',NULL,0,0),(4204,1,183,2,268435477,'2021-08-02 09:23:27',NULL,0,0),(4206,1,458,2,268435477,'2021-08-02 09:23:27',NULL,0,0),(4208,1,242,2,268435477,'2021-08-02 09:23:27',NULL,0,0),(4210,1,312,2,268435477,'2021-08-02 09:23:27',NULL,0,0),(4212,1,273,2,268435477,'2021-08-02 09:23:27',NULL,0,0),(4214,1,411,2,268435477,'2021-08-02 09:23:27',NULL,0,0),(4216,1,691,2,268435477,'2021-08-02 09:23:27',NULL,0,0),(4218,1,28,2,268435477,'2021-08-02 09:23:27',NULL,0,0),(4220,1,30,2,268435477,'2021-08-02 09:23:27',NULL,0,0),(4222,1,120,2,268435477,'2021-08-02 09:23:27',NULL,0,0),(4224,1,144,2,268435477,'2021-08-02 09:23:27',NULL,0,0),(4226,1,457,2,268435477,'2021-08-02 09:23:27',NULL,0,0),(4228,1,561,2,268435477,'2021-08-02 09:23:27',NULL,0,0),(4230,1,152,2,268435477,'2021-08-02 09:23:27',NULL,0,0),(4232,1,117,2,268435477,'2021-08-02 09:23:27',NULL,0,0),(4234,1,674,2,268435477,'2021-08-02 09:23:27',NULL,0,0),(4236,1,641,2,268435477,'2021-08-02 09:23:27',NULL,0,0),(4238,1,89,2,268435477,'2021-08-02 09:23:27',NULL,0,0),(4240,1,613,2,268435477,'2021-08-02 09:23:27',NULL,0,0),(4242,1,543,2,268435477,'2021-08-02 09:23:27',NULL,0,0),(4244,1,301,2,268435477,'2021-08-02 09:23:27',NULL,0,0),(4246,1,179,2,268435477,'2021-08-02 09:23:27',NULL,0,0),(4248,1,390,2,268435477,'2021-08-02 09:23:27',NULL,0,0),(4250,1,369,2,268435477,'2021-08-02 09:23:27',NULL,0,0),(4252,1,171,2,268435477,'2021-08-02 09:23:28',NULL,0,0),(4254,1,522,2,268435477,'2021-08-02 09:23:28',NULL,0,0),(4256,1,481,2,268435477,'2021-08-02 09:23:28',NULL,0,0),(4258,1,49,2,268435477,'2021-08-02 09:23:28',NULL,0,0),(4260,1,428,2,268435477,'2021-08-02 09:23:28',NULL,0,0),(4262,1,342,2,268435477,'2021-08-02 09:23:28',NULL,0,0),(4264,1,460,2,268435477,'2021-08-02 09:23:28',NULL,0,0),(4266,1,399,2,268435477,'2021-08-02 09:23:28',NULL,0,0),(4268,1,538,2,268435477,'2021-08-02 09:23:28',NULL,0,0),(4270,1,263,2,268435477,'2021-08-02 09:23:28',NULL,0,0),(4272,1,204,2,268435477,'2021-08-02 09:23:28',NULL,0,0),(4274,1,469,2,268435477,'2021-08-02 09:23:28',NULL,0,0),(4276,1,65,2,268435477,'2021-08-02 09:23:28',NULL,0,0),(4278,1,161,2,268435477,'2021-08-02 09:23:28',NULL,0,0),(4280,1,597,2,268435477,'2021-08-02 09:23:28',NULL,0,0),(4282,1,602,2,268435477,'2021-08-02 09:23:28',NULL,0,0),(4284,1,292,2,268435477,'2021-08-02 09:23:28',NULL,0,0),(4286,1,206,2,268435477,'2021-08-02 09:23:28',NULL,0,0),(4288,1,270,2,268435477,'2021-08-02 09:23:28',NULL,0,0),(4290,1,656,2,268435477,'2021-08-02 09:23:28',NULL,0,0),(4292,1,603,2,268435477,'2021-08-02 09:23:28',NULL,0,0),(4294,1,640,2,268435477,'2021-08-02 09:23:28',NULL,0,0),(4296,1,516,2,268435477,'2021-08-02 09:23:28',NULL,0,0),(4298,1,542,2,268435477,'2021-08-02 09:23:28',NULL,0,0),(4300,1,279,2,268435477,'2021-08-02 09:23:28',NULL,0,0),(4302,1,409,2,268435477,'2021-08-02 09:23:28',NULL,0,0),(4304,1,310,2,268435477,'2021-08-02 09:23:28',NULL,0,0),(4306,1,687,2,268435477,'2021-08-02 09:23:28',NULL,0,0),(4308,1,384,2,268435477,'2021-08-02 09:23:28',NULL,0,0),(4310,1,413,2,268435477,'2021-08-02 09:23:28',NULL,0,0),(4312,1,552,2,268435477,'2021-08-02 09:23:28',NULL,0,0),(4314,1,36,2,268435477,'2021-08-02 09:23:28',NULL,0,0),(4316,1,389,2,268435477,'2021-08-02 09:23:28',NULL,0,0),(4318,1,33,2,268435477,'2021-08-02 09:23:28',NULL,0,0),(4320,1,506,2,268435477,'2021-08-02 09:23:28',NULL,0,0),(4322,1,526,2,268435477,'2021-08-02 09:23:28',NULL,0,0),(4324,1,254,2,268435477,'2021-08-02 09:23:28',NULL,0,0),(4326,1,477,2,268435477,'2021-08-02 09:23:28',NULL,0,0),(4328,1,502,2,268435477,'2021-08-02 09:23:28',NULL,0,0),(4330,1,153,2,268435477,'2021-08-02 09:23:28',NULL,0,0),(4332,1,410,2,268435477,'2021-08-02 09:23:28',NULL,0,0),(4334,1,178,2,268435477,'2021-08-02 09:23:28',NULL,0,0),(4336,1,507,2,268435477,'2021-08-02 09:23:28',NULL,0,0),(4338,1,87,2,268435477,'2021-08-02 09:23:28',NULL,0,0),(4340,1,570,2,268435477,'2021-08-02 09:23:28',NULL,0,0),(4342,1,289,2,268435477,'2021-08-02 09:23:28',NULL,0,0),(4344,1,63,2,268435477,'2021-08-02 09:23:28',NULL,0,0),(4346,1,38,2,268435477,'2021-08-02 09:23:28',NULL,0,0),(4348,1,20,2,268435477,'2021-08-02 09:23:28',NULL,0,0),(4350,1,6,2,268435477,'2021-08-02 09:23:28',NULL,0,0),(4352,1,692,2,268435477,'2021-08-02 09:23:28',NULL,0,0),(4354,1,367,2,268435477,'2021-08-02 09:23:28',NULL,0,0),(4356,1,688,2,268435477,'2021-08-02 09:23:28',NULL,0,0),(4358,1,274,2,268435477,'2021-08-02 09:23:28',NULL,0,0),(4744,1,1,2,268435478,'2022-02-04 11:15:31','2022-02-08 14:59:29',1048585,224),(4640,1,0,2,16777236,'2022-02-04 09:22:48','2022-02-04 09:22:53',523,112),(4754,1,4,2,268435478,'2022-02-04 11:19:35','2022-02-04 11:19:36',1048585,234),(4637,1,0,2,16777236,'2022-02-04 09:14:41','2022-02-04 09:14:46',523,111),(4489,1,1,2,16777217,'2022-02-03 13:31:44',NULL,1048585,222),(4627,1,1,2,16777234,'2022-02-04 09:02:20',NULL,1048585,223),(4491,1,0,2,16777243,'2022-02-03 13:31:44',NULL,1048585,222),(4492,1,0,2,16777245,'2022-02-03 13:31:44',NULL,1048585,222),(4603,1,0,2,16777236,'2022-02-03 14:48:06','2022-02-03 14:48:12',523,104),(4668,1,1,2,16777217,'2022-02-04 09:48:12',NULL,1048585,232),(4601,1,0,2,16777236,'2022-02-03 14:47:04','2022-02-03 14:47:09',523,103),(4502,1,1,2,16777217,'2022-02-03 13:38:20',NULL,1048585,223),(4728,1,4,2,16777219,'2022-02-04 10:09:47',NULL,517,1),(4504,1,0,2,16777243,'2022-02-03 13:38:20',NULL,1048585,223),(4505,1,0,2,16777245,'2022-02-03 13:38:20',NULL,1048585,223),(4752,1,1,2,268435478,'2022-02-04 11:18:59','2022-02-08 15:01:20',1048585,229),(4634,1,1,2,16777235,'2022-02-04 09:12:46',NULL,1048585,224),(4606,1,0,2,16777236,'2022-02-03 14:51:22','2022-02-03 14:51:28',523,105),(4529,1,1,2,16777217,'2022-02-03 13:50:29',NULL,1048585,224),(4714,1,0,2,16777236,'2022-02-04 10:02:20','2022-02-04 10:02:25',523,116),(4531,1,0,2,16777243,'2022-02-03 13:50:29',NULL,1048585,224),(4532,1,0,2,16777245,'2022-02-03 13:50:29',NULL,1048585,224),(4737,1,1,2,16777235,'2022-02-04 10:25:53',NULL,1048585,234),(4628,1,1,2,16777234,'2022-02-04 09:03:24',NULL,1048585,225),(4612,1,0,2,16777236,'2022-02-03 14:52:56','2022-02-03 14:53:01',523,106),(4542,1,1,2,16777217,'2022-02-03 13:54:49',NULL,1048585,225),(4658,1,0,2,16777243,'2022-02-04 09:43:42',NULL,1048585,231),(4544,1,0,2,16777243,'2022-02-03 13:54:49',NULL,1048585,225),(4545,1,0,2,16777245,'2022-02-03 13:54:49',NULL,1048585,225),(4659,1,0,2,16777245,'2022-02-04 09:43:42',NULL,1048585,231),(4631,1,1,2,16777234,'2022-02-04 09:04:46',NULL,1048585,226),(4615,1,0,2,16777236,'2022-02-03 14:53:35','2022-02-03 14:53:41',523,107),(4556,1,1,2,16777217,'2022-02-03 14:03:53',NULL,1048585,226),(4656,1,1,2,16777217,'2022-02-04 09:43:42',NULL,1048585,231),(4558,1,0,2,16777243,'2022-02-03 14:03:53',NULL,1048585,226),(4559,1,0,2,16777245,'2022-02-03 14:03:53',NULL,1048585,226),(4725,1,4,2,16777219,'2022-02-04 10:08:11',NULL,517,2),(4629,1,1,2,16777234,'2022-02-04 09:03:54',NULL,1048585,228),(4618,1,0,2,16777236,'2022-02-03 14:54:13','2022-02-03 14:54:18',523,108),(4567,1,1,2,16777217,'2022-02-03 14:13:16',NULL,1048585,228),(4644,1,1,2,16777235,'2022-02-04 09:24:28',NULL,1048585,229),(4569,1,0,2,16777243,'2022-02-03 14:13:16',NULL,1048585,228),(4570,1,0,2,16777245,'2022-02-03 14:13:16',NULL,1048585,228),(4722,1,4,2,16777219,'2022-02-04 10:07:19',NULL,517,3),(4719,1,4,2,16777219,'2022-02-04 10:05:42',NULL,517,4),(4621,1,0,2,16777236,'2022-02-03 14:54:52','2022-02-03 14:54:57',523,109),(4581,1,1,2,16777217,'2022-02-03 14:21:01',NULL,1048585,229),(4646,1,1,2,16777234,'2022-02-04 09:28:49',NULL,1048585,230),(4583,1,0,2,16777243,'2022-02-03 14:21:01',NULL,1048585,229),(4584,1,0,2,16777245,'2022-02-03 14:21:01',NULL,1048585,229),(4755,1,683,2,268435477,'2022-02-04 11:27:44',NULL,0,0),(4746,1,4,2,268435478,'2022-02-04 11:16:20','2022-02-04 11:16:21',1048585,231),(4624,1,0,2,16777236,'2022-02-03 14:55:27','2022-02-03 14:55:33',523,110),(4594,1,1,2,16777217,'2022-02-03 14:25:26',NULL,1048585,230),(4671,1,0,2,16777245,'2022-02-04 09:48:13',NULL,1048585,232),(4596,1,0,2,16777243,'2022-02-03 14:25:26',NULL,1048585,230),(4597,1,0,2,16777245,'2022-02-03 14:25:26',NULL,1048585,230),(4670,1,0,2,16777243,'2022-02-04 09:48:13',NULL,1048585,232),(4750,1,4,2,268435478,'2022-02-04 11:18:10','2022-02-04 11:18:10',1048585,233),(4735,1,1,2,16777235,'2022-02-04 10:24:12',NULL,1048585,233),(4710,1,0,2,16777236,'2022-02-04 10:01:31','2022-02-04 10:01:36',523,115),(4732,1,1,2,16777235,'2022-02-04 10:19:50',NULL,1048585,232),(4679,1,1,2,16777217,'2022-02-04 09:51:10',NULL,1048585,233),(4730,1,1,2,16777235,'2022-02-04 10:17:08',NULL,1048585,231),(4681,1,0,2,16777243,'2022-02-04 09:51:10',NULL,1048585,233),(4682,1,0,2,16777245,'2022-02-04 09:51:10',NULL,1048585,233),(4748,1,4,2,268435478,'2022-02-04 11:17:32','2022-02-04 11:17:33',1048585,232),(4705,1,0,2,16777236,'2022-02-04 10:00:41','2022-02-04 10:00:46',523,114),(4701,1,0,2,16777236,'2022-02-04 09:58:55','2022-02-04 09:58:59',523,113),(4691,1,1,2,16777217,'2022-02-04 09:55:04',NULL,1048585,234),(4757,1,684,2,268435477,'2022-02-04 11:27:44',NULL,0,0),(4693,1,0,2,16777243,'2022-02-04 09:55:04',NULL,1048585,234),(4694,1,0,2,16777245,'2022-02-04 09:55:04',NULL,1048585,234),(4740,1,4,2,268435478,'2022-02-04 10:34:59',NULL,1048585,222),(4759,1,689,2,268435477,'2022-02-04 11:27:44',NULL,0,0),(4761,1,676,2,268435477,'2022-02-04 11:27:44',NULL,0,0),(4763,1,1,2,268435477,'2022-02-04 11:27:44',NULL,0,0),(4765,1,189,2,268435477,'2022-02-04 11:27:44',NULL,0,0),(4767,1,34,2,268435477,'2022-02-04 11:27:44',NULL,0,0),(4769,1,489,2,268435477,'2022-02-04 11:27:44',NULL,0,0),(4771,1,686,2,268435477,'2022-02-04 11:27:44',NULL,0,0),(4772,1,417,2,268435477,'2022-02-04 11:27:44',NULL,0,0),(4774,1,266,2,268435477,'2022-02-04 11:27:44',NULL,0,0),(4776,1,11,2,268435477,'2022-02-04 11:27:44',NULL,0,0),(4778,1,9,2,268435477,'2022-02-04 11:27:44',NULL,0,0),(4780,1,10,2,268435477,'2022-02-04 11:27:44',NULL,0,0),(4782,1,620,2,268435477,'2022-02-04 11:27:44',NULL,0,0),(4784,1,667,2,268435477,'2022-02-04 11:27:44',NULL,0,0),(4786,1,521,2,268435477,'2022-02-04 11:27:44',NULL,0,0),(4788,1,124,2,268435477,'2022-02-04 11:27:44',NULL,0,0),(4790,1,546,2,268435477,'2022-02-04 11:27:44',NULL,0,0),(4792,1,425,2,268435477,'2022-02-04 11:27:44',NULL,0,0),(4794,1,231,2,268435477,'2022-02-04 11:27:44',NULL,0,0),(4796,1,22,2,268435477,'2022-02-04 11:27:44',NULL,0,0),(4798,1,322,2,268435477,'2022-02-04 11:27:44',NULL,0,0),(4800,1,646,2,268435477,'2022-02-04 11:27:44',NULL,0,0),(4802,1,639,2,268435477,'2022-02-04 11:27:44',NULL,0,0),(4804,1,550,2,268435477,'2022-02-04 11:27:44',NULL,0,0),(4806,1,565,2,268435477,'2022-02-04 11:27:44',NULL,0,0),(4808,1,296,2,268435477,'2022-02-04 11:27:44',NULL,0,0),(4810,1,287,2,268435477,'2022-02-04 11:27:44',NULL,0,0),(4812,1,35,2,268435477,'2022-02-04 11:27:44',NULL,0,0),(4814,1,37,2,268435477,'2022-02-04 11:27:44',NULL,0,0),(4816,1,29,2,268435477,'2022-02-04 11:27:44',NULL,0,0),(4818,1,17,2,268435477,'2022-02-04 11:27:44',NULL,0,0),(4820,1,558,2,268435477,'2022-02-04 11:27:44',NULL,0,0),(4822,1,682,2,268435477,'2022-02-04 11:27:44',NULL,0,0),(4824,1,199,2,268435477,'2022-02-04 11:27:44',NULL,0,0),(4826,1,465,2,268435477,'2022-02-04 11:27:44',NULL,0,0),(4828,1,51,2,268435477,'2022-02-04 11:27:44',NULL,0,0),(4830,1,418,2,268435477,'2022-02-04 11:27:44',NULL,0,0),(4832,1,391,2,268435477,'2022-02-04 11:27:44',NULL,0,0),(4834,1,490,2,268435477,'2022-02-04 11:27:44',NULL,0,0),(4836,1,668,2,268435477,'2022-02-04 11:27:44',NULL,0,0),(4838,1,234,2,268435477,'2022-02-04 11:27:44',NULL,0,0),(4840,1,304,2,268435477,'2022-02-04 11:27:44',NULL,0,0),(4842,1,185,2,268435477,'2022-02-04 11:27:44',NULL,0,0),(4844,1,105,2,268435477,'2022-02-04 11:27:44',NULL,0,0),(4846,1,139,2,268435477,'2022-02-04 11:27:44',NULL,0,0),(4848,1,343,2,268435477,'2022-02-04 11:27:44',NULL,0,0),(4850,1,197,2,268435477,'2022-02-04 11:27:44',NULL,0,0),(4852,1,299,2,268435477,'2022-02-04 11:27:44',NULL,0,0),(4854,1,181,2,268435477,'2022-02-04 11:27:44',NULL,0,0),(4856,1,337,2,268435477,'2022-02-04 11:27:44',NULL,0,0),(4858,1,472,2,268435477,'2022-02-04 11:27:44',NULL,0,0),(4860,1,102,2,268435477,'2022-02-04 11:27:44',NULL,0,0),(4862,1,275,2,268435477,'2022-02-04 11:27:44',NULL,0,0),(4864,1,78,2,268435477,'2022-02-04 11:27:44',NULL,0,0),(4866,1,510,2,268435477,'2022-02-04 11:27:44',NULL,0,0),(4868,1,432,2,268435477,'2022-02-04 11:27:44',NULL,0,0),(4870,1,497,2,268435477,'2022-02-04 11:27:44',NULL,0,0),(4872,1,557,2,268435477,'2022-02-04 11:27:44',NULL,0,0),(4874,1,268,2,268435477,'2022-02-04 11:27:44',NULL,0,0),(4876,1,415,2,268435477,'2022-02-04 11:27:44',NULL,0,0),(4878,1,323,2,268435477,'2022-02-04 11:27:44',NULL,0,0),(4880,1,341,2,268435477,'2022-02-04 11:27:44',NULL,0,0),(4882,1,414,2,268435477,'2022-02-04 11:27:44',NULL,0,0),(4884,1,382,2,268435477,'2022-02-04 11:27:44',NULL,0,0),(4886,1,329,2,268435477,'2022-02-04 11:27:44',NULL,0,0),(4888,1,190,2,268435477,'2022-02-04 11:27:44',NULL,0,0),(4890,1,473,2,268435477,'2022-02-04 11:27:44',NULL,0,0),(4892,1,267,2,268435477,'2022-02-04 11:27:44',NULL,0,0),(4894,1,525,2,268435477,'2022-02-04 11:27:44',NULL,0,0),(4896,1,77,2,268435477,'2022-02-04 11:27:44',NULL,0,0),(4898,1,315,2,268435477,'2022-02-04 11:27:44',NULL,0,0),(4900,1,333,2,268435477,'2022-02-04 11:27:44',NULL,0,0),(4902,1,277,2,268435477,'2022-02-04 11:27:44',NULL,0,0),(4904,1,288,2,268435477,'2022-02-04 11:27:44',NULL,0,0),(4906,1,220,2,268435477,'2022-02-04 11:27:44',NULL,0,0),(4908,1,529,2,268435477,'2022-02-04 11:27:44',NULL,0,0),(4910,1,210,2,268435477,'2022-02-04 11:27:44',NULL,0,0),(4912,1,212,2,268435477,'2022-02-04 11:27:44',NULL,0,0),(4914,1,141,2,268435477,'2022-02-04 11:27:44',NULL,0,0),(4916,1,68,2,268435477,'2022-02-04 11:27:44',NULL,0,0),(6161,1,0,3,16777220,'2022-03-14 10:44:01',NULL,1048585,235),(4918,1,244,2,268435477,'2022-02-04 11:27:44',NULL,0,0),(4920,1,129,2,268435477,'2022-02-04 11:27:44',NULL,0,0),(4922,1,53,2,268435477,'2022-02-04 11:27:44',NULL,0,0),(4924,1,303,2,268435477,'2022-02-04 11:27:44',NULL,0,0),(4926,1,157,2,268435477,'2022-02-04 11:27:44',NULL,0,0),(4928,1,518,2,268435477,'2022-02-04 11:27:44',NULL,0,0),(4930,1,136,2,268435477,'2022-02-04 11:27:44',NULL,0,0),(4932,1,356,2,268435477,'2022-02-04 11:27:44',NULL,0,0),(4934,1,463,2,268435477,'2022-02-04 11:27:44',NULL,0,0),(4936,1,599,2,268435477,'2022-02-04 11:27:44',NULL,0,0),(4938,1,73,2,268435477,'2022-02-04 11:27:44',NULL,0,0),(4940,1,226,2,268435477,'2022-02-04 11:27:44',NULL,0,0),(4942,1,407,2,268435477,'2022-02-04 11:27:44',NULL,0,0),(4944,1,118,2,268435477,'2022-02-04 11:27:44',NULL,0,0),(4946,1,633,2,268435477,'2022-02-04 11:27:44',NULL,0,0),(4948,1,283,2,268435477,'2022-02-04 11:27:44',NULL,0,0),(4950,1,487,2,268435477,'2022-02-04 11:27:44',NULL,0,0),(4952,1,70,2,268435477,'2022-02-04 11:27:44',NULL,0,0),(4954,1,84,2,268435477,'2022-02-04 11:27:44',NULL,0,0),(4956,1,673,2,268435477,'2022-02-04 11:27:44',NULL,0,0),(4958,1,520,2,268435477,'2022-02-04 11:27:44',NULL,0,0),(4960,1,634,2,268435477,'2022-02-04 11:27:44',NULL,0,0),(6162,1,0,3,16777222,'2022-03-14 10:44:01',NULL,1048585,235),(4962,1,623,2,268435477,'2022-02-04 11:27:44',NULL,0,0),(6163,1,0,3,16777223,'2022-03-14 10:44:01',NULL,1048585,235),(4964,1,393,2,268435477,'2022-02-04 11:27:44',NULL,0,0),(6164,1,0,3,16777224,'2022-03-14 10:44:01',NULL,1048585,235),(4966,1,549,2,268435477,'2022-02-04 11:27:44',NULL,0,0),(6165,1,1,2,16777217,'2022-03-14 10:44:01',NULL,1048585,235),(4968,1,672,2,268435477,'2022-02-04 11:27:44',NULL,0,0),(4970,1,617,2,268435477,'2022-02-04 11:27:44',NULL,0,0),(6167,1,0,2,16777243,'2022-03-14 10:44:01',NULL,1048585,235),(4972,1,654,2,268435477,'2022-02-04 11:27:44',NULL,0,0),(6168,1,0,2,16777245,'2022-03-14 10:44:01',NULL,1048585,235),(4974,1,671,2,268435477,'2022-02-04 11:27:44',NULL,0,0),(4976,1,269,2,268435477,'2022-02-04 11:27:44',NULL,0,0),(4978,1,261,2,268435477,'2022-02-04 11:27:44',NULL,0,0),(4980,1,326,2,268435477,'2022-02-04 11:27:44',NULL,0,0),(4982,1,222,2,268435477,'2022-02-04 11:27:44',NULL,0,0),(4984,1,52,2,268435477,'2022-02-04 11:27:44',NULL,0,0),(4986,1,47,2,268435477,'2022-02-04 11:27:44',NULL,0,0),(4988,1,571,2,268435477,'2022-02-04 11:27:44',NULL,0,0),(4990,1,248,2,268435477,'2022-02-04 11:27:44',NULL,0,0),(4992,1,353,2,268435477,'2022-02-04 11:27:44',NULL,0,0),(4994,1,373,2,268435477,'2022-02-04 11:27:44',NULL,0,0),(4996,1,354,2,268435477,'2022-02-04 11:27:44',NULL,0,0),(4998,1,79,2,268435477,'2022-02-04 11:27:44',NULL,0,0),(5000,1,150,2,268435477,'2022-02-04 11:27:44',NULL,0,0),(5002,1,238,2,268435477,'2022-02-04 11:27:44',NULL,0,0),(5004,1,99,2,268435477,'2022-02-04 11:27:44',NULL,0,0),(5006,1,46,2,268435477,'2022-02-04 11:27:44',NULL,0,0),(5008,1,386,2,268435477,'2022-02-04 11:27:44',NULL,0,0),(5010,1,524,2,268435477,'2022-02-04 11:27:44',NULL,0,0),(5012,1,635,2,268435477,'2022-02-04 11:27:44',NULL,0,0),(5014,1,264,2,268435477,'2022-02-04 11:27:44',NULL,0,0),(5016,1,351,2,268435477,'2022-02-04 11:27:44',NULL,0,0),(5018,1,440,2,268435477,'2022-02-04 11:27:44',NULL,0,0),(5020,1,372,2,268435477,'2022-02-04 11:27:44',NULL,0,0),(5022,1,119,2,268435477,'2022-02-04 11:27:44',NULL,0,0),(5024,1,284,2,268435477,'2022-02-04 11:27:44',NULL,0,0),(5026,1,397,2,268435477,'2022-02-04 11:27:44',NULL,0,0),(5028,1,69,2,268435477,'2022-02-04 11:27:44',NULL,0,0),(5030,1,61,2,268435477,'2022-02-04 11:27:44',NULL,0,0),(5032,1,424,2,268435477,'2022-02-04 11:27:44',NULL,0,0),(5034,1,331,2,268435477,'2022-02-04 11:27:44',NULL,0,0),(5036,1,18,2,268435477,'2022-02-04 11:27:44',NULL,0,0),(5038,1,647,2,268435477,'2022-02-04 11:27:44',NULL,0,0),(5040,1,631,2,268435477,'2022-02-04 11:27:44',NULL,0,0),(5042,1,664,2,268435477,'2022-02-04 11:27:44',NULL,0,0),(5044,1,644,2,268435477,'2022-02-04 11:27:44',NULL,0,0),(5046,1,615,2,268435477,'2022-02-04 11:27:44',NULL,0,0),(5048,1,608,2,268435477,'2022-02-04 11:27:44',NULL,0,0),(5050,1,609,2,268435477,'2022-02-04 11:27:44',NULL,0,0),(5052,1,627,2,268435477,'2022-02-04 11:27:44',NULL,0,0),(5054,1,649,2,268435477,'2022-02-04 11:27:44',NULL,0,0),(5056,1,653,2,268435477,'2022-02-04 11:27:44',NULL,0,0),(5058,1,651,2,268435477,'2022-02-04 11:27:44',NULL,0,0),(5060,1,622,2,268435477,'2022-02-04 11:27:44',NULL,0,0),(5062,1,637,2,268435477,'2022-02-04 11:27:44',NULL,0,0),(5064,1,604,2,268435477,'2022-02-04 11:27:44',NULL,0,0),(5066,1,661,2,268435477,'2022-02-04 11:27:44',NULL,0,0),(5068,1,336,2,268435477,'2022-02-04 11:27:44',NULL,0,0),(5070,1,76,2,268435477,'2022-02-04 11:27:44',NULL,0,0),(5072,1,582,2,268435477,'2022-02-04 11:27:44',NULL,0,0),(5074,1,423,2,268435477,'2022-02-04 11:27:44',NULL,0,0),(5076,1,394,2,268435477,'2022-02-04 11:27:45',NULL,0,0),(5078,1,286,2,268435477,'2022-02-04 11:27:45',NULL,0,0),(5080,1,324,2,268435477,'2022-02-04 11:27:45',NULL,0,0),(5082,1,314,2,268435477,'2022-02-04 11:27:45',NULL,0,0),(5084,1,605,2,268435477,'2022-02-04 11:27:45',NULL,0,0),(5086,1,43,2,268435477,'2022-02-04 11:27:45',NULL,0,0),(5088,1,140,2,268435477,'2022-02-04 11:27:45',NULL,0,0),(5090,1,693,2,268435477,'2022-02-04 11:27:45',NULL,0,0),(5092,1,695,2,268435477,'2022-02-04 11:27:45',NULL,0,0),(5094,1,128,2,268435477,'2022-02-04 11:27:45',NULL,0,0),(5096,1,412,2,268435477,'2022-02-04 11:27:45',NULL,0,0),(5098,1,527,2,268435477,'2022-02-04 11:27:45',NULL,0,0),(5100,1,359,2,268435477,'2022-02-04 11:27:45',NULL,0,0),(5102,1,109,2,268435477,'2022-02-04 11:27:45',NULL,0,0),(5104,1,519,2,268435477,'2022-02-04 11:27:45',NULL,0,0),(5106,1,135,2,268435477,'2022-02-04 11:27:45',NULL,0,0),(5108,1,282,2,268435477,'2022-02-04 11:27:45',NULL,0,0),(5110,1,224,2,268435477,'2022-02-04 11:27:45',NULL,0,0),(5112,1,406,2,268435477,'2022-02-04 11:27:45',NULL,0,0),(5114,1,568,2,268435477,'2022-02-04 11:27:45',NULL,0,0),(5116,1,468,2,268435477,'2022-02-04 11:27:45',NULL,0,0),(5118,1,88,2,268435477,'2022-02-04 11:27:45',NULL,0,0),(5120,1,330,2,268435477,'2022-02-04 11:27:45',NULL,0,0),(5122,1,5,2,268435477,'2022-02-04 11:27:45',NULL,0,0),(5124,1,305,2,268435477,'2022-02-04 11:27:45',NULL,0,0),(5126,1,573,2,268435477,'2022-02-04 11:27:45',NULL,0,0),(5128,1,512,2,268435477,'2022-02-04 11:27:45',NULL,0,0),(5130,1,4,2,268435477,'2022-02-04 11:27:45',NULL,0,0),(5132,1,280,2,268435477,'2022-02-04 11:27:45',NULL,0,0),(5134,1,182,2,268435477,'2022-02-04 11:27:45',NULL,0,0),(5136,1,40,2,268435477,'2022-02-04 11:27:45',NULL,0,0),(5138,1,554,2,268435477,'2022-02-04 11:27:45',NULL,0,0),(5140,1,21,2,268435477,'2022-02-04 11:27:45',NULL,0,0),(5142,1,39,2,268435477,'2022-02-04 11:27:45',NULL,0,0),(5144,1,387,2,268435477,'2022-02-04 11:27:45',NULL,0,0),(5146,1,325,2,268435477,'2022-02-04 11:27:45',NULL,0,0),(5148,1,193,2,268435477,'2022-02-04 11:27:45',NULL,0,0),(5150,1,438,2,268435477,'2022-02-04 11:27:45',NULL,0,0),(5152,1,74,2,268435477,'2022-02-04 11:27:45',NULL,0,0),(5154,1,19,2,268435477,'2022-02-04 11:27:45',NULL,0,0),(5156,1,295,2,268435477,'2022-02-04 11:27:45',NULL,0,0),(5158,1,515,2,268435477,'2022-02-04 11:27:45',NULL,0,0),(5160,1,31,2,268435477,'2022-02-04 11:27:45',NULL,0,0),(5162,1,256,2,268435477,'2022-02-04 11:27:45',NULL,0,0),(5164,1,532,2,268435477,'2022-02-04 11:27:45',NULL,0,0),(5166,1,149,2,268435477,'2022-02-04 11:27:45',NULL,0,0),(5168,1,528,2,268435477,'2022-02-04 11:27:45',NULL,0,0),(5170,1,357,2,268435477,'2022-02-04 11:27:45',NULL,0,0),(5172,1,496,2,268435477,'2022-02-04 11:27:45',NULL,0,0),(5174,1,606,2,268435477,'2022-02-04 11:27:45',NULL,0,0),(5176,1,632,2,268435477,'2022-02-04 11:27:45',NULL,0,0),(5178,1,100,2,268435477,'2022-02-04 11:27:45',NULL,0,0),(5180,1,621,2,268435477,'2022-02-04 11:27:45',NULL,0,0),(5182,1,658,2,268435477,'2022-02-04 11:27:45',NULL,0,0),(5184,1,404,2,268435477,'2022-02-04 11:27:45',NULL,0,0),(5186,1,360,2,268435477,'2022-02-04 11:27:45',NULL,0,0),(5188,1,456,2,268435477,'2022-02-04 11:27:45',NULL,0,0),(5190,1,218,2,268435477,'2022-02-04 11:27:45',NULL,0,0),(5192,1,478,2,268435477,'2022-02-04 11:27:45',NULL,0,0),(5194,1,198,2,268435477,'2022-02-04 11:27:45',NULL,0,0),(5196,1,241,2,268435477,'2022-02-04 11:27:45',NULL,0,0),(5198,1,159,2,268435477,'2022-02-04 11:27:45',NULL,0,0),(5200,1,138,2,268435477,'2022-02-04 11:27:45',NULL,0,0),(5202,1,143,2,268435477,'2022-02-04 11:27:45',NULL,0,0),(5204,1,294,2,268435477,'2022-02-04 11:27:45',NULL,0,0),(5206,1,308,2,268435477,'2022-02-04 11:27:45',NULL,0,0),(5208,1,426,2,268435477,'2022-02-04 11:27:45',NULL,0,0),(5210,1,162,2,268435477,'2022-02-04 11:27:45',NULL,0,0),(5212,1,169,2,268435477,'2022-02-04 11:27:45',NULL,0,0),(5214,1,564,2,268435477,'2022-02-04 11:27:45',NULL,0,0),(5216,1,461,2,268435477,'2022-02-04 11:27:45',NULL,0,0),(5218,1,107,2,268435477,'2022-02-04 11:27:45',NULL,0,0),(5220,1,215,2,268435477,'2022-02-04 11:27:45',NULL,0,0),(5222,1,436,2,268435477,'2022-02-04 11:27:45',NULL,0,0),(5224,1,576,2,268435477,'2022-02-04 11:27:45',NULL,0,0),(5226,1,255,2,268435477,'2022-02-04 11:27:45',NULL,0,0),(5228,1,319,2,268435477,'2022-02-04 11:27:45',NULL,0,0),(5230,1,164,2,268435477,'2022-02-04 11:27:45',NULL,0,0),(5232,1,346,2,268435477,'2022-02-04 11:27:45',NULL,0,0),(5234,1,580,2,268435477,'2022-02-04 11:27:45',NULL,0,0),(5236,1,366,2,268435477,'2022-02-04 11:27:45',NULL,0,0),(5238,1,112,2,268435477,'2022-02-04 11:27:45',NULL,0,0),(5240,1,419,2,268435477,'2022-02-04 11:27:45',NULL,0,0),(5242,1,586,2,268435477,'2022-02-04 11:27:45',NULL,0,0),(5244,1,92,2,268435477,'2022-02-04 11:27:45',NULL,0,0),(5246,1,166,2,268435477,'2022-02-04 11:27:45',NULL,0,0),(5248,1,381,2,268435477,'2022-02-04 11:27:45',NULL,0,0),(5250,1,395,2,268435477,'2022-02-04 11:27:45',NULL,0,0),(5252,1,402,2,268435477,'2022-02-04 11:27:45',NULL,0,0),(5254,1,203,2,268435477,'2022-02-04 11:27:45',NULL,0,0),(5256,1,62,2,268435477,'2022-02-04 11:27:45',NULL,0,0),(5258,1,505,2,268435477,'2022-02-04 11:27:45',NULL,0,0),(5260,1,177,2,268435477,'2022-02-04 11:27:45',NULL,0,0),(5262,1,626,2,268435477,'2022-02-04 11:27:45',NULL,0,0),(5264,1,643,2,268435477,'2022-02-04 11:27:45',NULL,0,0),(5266,1,645,2,268435477,'2022-02-04 11:27:45',NULL,0,0),(5268,1,618,2,268435477,'2022-02-04 11:27:45',NULL,0,0),(5270,1,662,2,268435477,'2022-02-04 11:27:45',NULL,0,0),(5272,1,483,2,268435477,'2022-02-04 11:27:45',NULL,0,0),(5274,1,358,2,268435477,'2022-02-04 11:27:45',NULL,0,0),(5276,1,378,2,268435477,'2022-02-04 11:27:45',NULL,0,0),(5278,1,290,2,268435477,'2022-02-04 11:27:45',NULL,0,0),(5280,1,509,2,268435477,'2022-02-04 11:27:45',NULL,0,0),(5282,1,578,2,268435477,'2022-02-04 11:27:45',NULL,0,0),(5284,1,574,2,268435477,'2022-02-04 11:27:45',NULL,0,0),(5286,1,338,2,268435477,'2022-02-04 11:27:45',NULL,0,0),(5288,1,581,2,268435477,'2022-02-04 11:27:45',NULL,0,0),(5290,1,361,2,268435477,'2022-02-04 11:27:45',NULL,0,0),(5292,1,298,2,268435477,'2022-02-04 11:27:45',NULL,0,0),(5294,1,501,2,268435477,'2022-02-04 11:27:45',NULL,0,0),(5296,1,258,2,268435477,'2022-02-04 11:27:45',NULL,0,0),(5298,1,257,2,268435477,'2022-02-04 11:27:45',NULL,0,0),(5300,1,12,2,268435477,'2022-02-04 11:27:45',NULL,0,0),(5302,1,142,2,268435477,'2022-02-04 11:27:45',NULL,0,0),(5304,1,91,2,268435477,'2022-02-04 11:27:45',NULL,0,0),(5306,1,462,2,268435477,'2022-02-04 11:27:45',NULL,0,0),(5308,1,579,2,268435477,'2022-02-04 11:27:45',NULL,0,0),(5310,1,498,2,268435477,'2022-02-04 11:27:45',NULL,0,0),(5312,1,535,2,268435477,'2022-02-04 11:27:45',NULL,0,0),(5314,1,260,2,268435477,'2022-02-04 11:27:45',NULL,0,0),(5316,1,216,2,268435477,'2022-02-04 11:27:45',NULL,0,0),(5318,1,696,2,268435477,'2022-02-04 11:27:45',NULL,0,0),(5320,1,243,2,268435477,'2022-02-04 11:27:45',NULL,0,0),(5322,1,42,2,268435477,'2022-02-04 11:27:45',NULL,0,0),(5324,1,228,2,268435477,'2022-02-04 11:27:45',NULL,0,0),(5326,1,174,2,268435477,'2022-02-04 11:27:45',NULL,0,0),(5328,1,589,2,268435477,'2022-02-04 11:27:45',NULL,0,0),(5330,1,556,2,268435477,'2022-02-04 11:27:45',NULL,0,0),(5332,1,321,2,268435477,'2022-02-04 11:27:45',NULL,0,0),(5334,1,57,2,268435477,'2022-02-04 11:27:45',NULL,0,0),(5336,1,541,2,268435477,'2022-02-04 11:27:45',NULL,0,0),(5338,1,513,2,268435477,'2022-02-04 11:27:45',NULL,0,0),(5340,1,32,2,268435477,'2022-02-04 11:27:45',NULL,0,0),(5342,1,559,2,268435477,'2022-02-04 11:27:45',NULL,0,0),(5344,1,131,2,268435477,'2022-02-04 11:27:45',NULL,0,0),(5346,1,455,2,268435477,'2022-02-04 11:27:45',NULL,0,0),(5348,1,114,2,268435477,'2022-02-04 11:27:45',NULL,0,0),(5350,1,548,2,268435477,'2022-02-04 11:27:45',NULL,0,0),(5352,1,111,2,268435477,'2022-02-04 11:27:45',NULL,0,0),(5354,1,339,2,268435477,'2022-02-04 11:27:45',NULL,0,0),(5356,1,482,2,268435477,'2022-02-04 11:27:45',NULL,0,0),(5358,1,251,2,268435477,'2022-02-04 11:27:45',NULL,0,0),(5360,1,158,2,268435477,'2022-02-04 11:27:45',NULL,0,0),(5362,1,205,2,268435477,'2022-02-04 11:27:45',NULL,0,0),(5364,1,106,2,268435477,'2022-02-04 11:27:45',NULL,0,0),(5366,1,340,2,268435477,'2022-02-04 11:27:45',NULL,0,0),(5368,1,130,2,268435477,'2022-02-04 11:27:45',NULL,0,0),(5370,1,441,2,268435477,'2022-02-04 11:27:45',NULL,0,0),(5372,1,470,2,268435477,'2022-02-04 11:27:45',NULL,0,0),(5374,1,383,2,268435477,'2022-02-04 11:27:45',NULL,0,0),(5376,1,134,2,268435477,'2022-02-04 11:27:45',NULL,0,0),(5378,1,681,2,268435477,'2022-02-04 11:27:45',NULL,0,0),(5380,1,678,2,268435477,'2022-02-04 11:27:45',NULL,0,0),(5382,1,679,2,268435477,'2022-02-04 11:27:45',NULL,0,0),(5384,1,156,2,268435477,'2022-02-04 11:27:45',NULL,0,0),(5386,1,491,2,268435477,'2022-02-04 11:27:45',NULL,0,0),(5388,1,211,2,268435477,'2022-02-04 11:27:45',NULL,0,0),(5390,1,318,2,268435477,'2022-02-04 11:27:45',NULL,0,0),(5392,1,430,2,268435477,'2022-02-04 11:27:45',NULL,0,0),(5394,1,652,2,268435477,'2022-02-04 11:27:45',NULL,0,0),(5396,1,122,2,268435477,'2022-02-04 11:27:45',NULL,0,0),(5398,1,45,2,268435477,'2022-02-04 11:27:45',NULL,0,0),(5400,1,630,2,268435477,'2022-02-04 11:27:45',NULL,0,0),(5402,1,592,2,268435477,'2022-02-04 11:27:45',NULL,0,0),(5404,1,485,2,268435477,'2022-02-04 11:27:45',NULL,0,0),(5406,1,422,2,268435477,'2022-02-04 11:27:45',NULL,0,0),(5408,1,103,2,268435477,'2022-02-04 11:27:45',NULL,0,0),(5410,1,14,2,268435477,'2022-02-04 11:27:45',NULL,0,0),(5412,1,680,2,268435477,'2022-02-04 11:27:45',NULL,0,0),(5414,1,675,2,268435477,'2022-02-04 11:27:45',NULL,0,0),(5416,1,24,2,268435477,'2022-02-04 11:27:45',NULL,0,0),(5418,1,235,2,268435477,'2022-02-04 11:27:45',NULL,0,0),(5420,1,443,2,268435477,'2022-02-04 11:27:45',NULL,0,0),(5422,1,466,2,268435477,'2022-02-04 11:27:45',NULL,0,0),(5424,1,349,2,268435477,'2022-02-04 11:27:45',NULL,0,0),(5426,1,439,2,268435477,'2022-02-04 11:27:45',NULL,0,0),(5428,1,113,2,268435477,'2022-02-04 11:27:45',NULL,0,0),(5430,1,530,2,268435477,'2022-02-04 11:27:45',NULL,0,0),(5432,1,444,2,268435477,'2022-02-04 11:27:45',NULL,0,0),(5434,1,313,2,268435477,'2022-02-04 11:27:45',NULL,0,0),(5436,1,437,2,268435477,'2022-02-04 11:27:45',NULL,0,0),(5438,1,380,2,268435477,'2022-02-04 11:27:45',NULL,0,0),(5440,1,429,2,268435477,'2022-02-04 11:27:45',NULL,0,0),(5442,1,442,2,268435477,'2022-02-04 11:27:45',NULL,0,0),(5444,1,479,2,268435477,'2022-02-04 11:27:45',NULL,0,0),(5446,1,221,2,268435477,'2022-02-04 11:27:45',NULL,0,0),(5448,1,213,2,268435477,'2022-02-04 11:27:45',NULL,0,0),(5450,1,271,2,268435477,'2022-02-04 11:27:45',NULL,0,0),(5452,1,500,2,268435477,'2022-02-04 11:27:45',NULL,0,0),(5454,1,567,2,268435477,'2022-02-04 11:27:45',NULL,0,0),(5456,1,175,2,268435477,'2022-02-04 11:27:45',NULL,0,0),(5458,1,494,2,268435477,'2022-02-04 11:27:45',NULL,0,0),(5460,1,476,2,268435477,'2022-02-04 11:27:45',NULL,0,0),(5462,1,454,2,268435477,'2022-02-04 11:27:45',NULL,0,0),(5464,1,281,2,268435477,'2022-02-04 11:27:45',NULL,0,0),(5466,1,253,2,268435477,'2022-02-04 11:27:45',NULL,0,0),(5468,1,41,2,268435477,'2022-02-04 11:27:45',NULL,0,0),(5470,1,85,2,268435477,'2022-02-04 11:27:45',NULL,0,0),(5472,1,167,2,268435477,'2022-02-04 11:27:45',NULL,0,0),(5474,1,176,2,268435477,'2022-02-04 11:27:45',NULL,0,0),(5476,1,401,2,268435477,'2022-02-04 11:27:45',NULL,0,0),(5478,1,195,2,268435477,'2022-02-04 11:27:45',NULL,0,0),(5480,1,553,2,268435477,'2022-02-04 11:27:45',NULL,0,0),(5482,1,95,2,268435477,'2022-02-04 11:27:45',NULL,0,0),(5484,1,471,2,268435477,'2022-02-04 11:27:45',NULL,0,0),(5486,1,600,2,268435477,'2022-02-04 11:27:45',NULL,0,0),(5488,1,246,2,268435477,'2022-02-04 11:27:45',NULL,0,0),(5490,1,364,2,268435477,'2022-02-04 11:27:45',NULL,0,0),(5492,1,186,2,268435477,'2022-02-04 11:27:45',NULL,0,0),(5494,1,110,2,268435477,'2022-02-04 11:27:45',NULL,0,0),(5496,1,545,2,268435477,'2022-02-04 11:27:45',NULL,0,0),(5498,1,594,2,268435477,'2022-02-04 11:27:45',NULL,0,0),(5500,1,200,2,268435477,'2022-02-04 11:27:45',NULL,0,0),(5502,1,523,2,268435477,'2022-02-04 11:27:45',NULL,0,0),(5504,1,475,2,268435477,'2022-02-04 11:27:45',NULL,0,0),(5506,1,363,2,268435477,'2022-02-04 11:27:45',NULL,0,0),(5508,1,291,2,268435477,'2022-02-04 11:27:45',NULL,0,0),(5510,1,347,2,268435477,'2022-02-04 11:27:45',NULL,0,0),(5512,1,302,2,268435477,'2022-02-04 11:27:45',NULL,0,0),(5514,1,309,2,268435477,'2022-02-04 11:27:45',NULL,0,0),(5516,1,551,2,268435477,'2022-02-04 11:27:45',NULL,0,0),(5518,1,239,2,268435477,'2022-02-04 11:27:45',NULL,0,0),(5520,1,433,2,268435477,'2022-02-04 11:27:45',NULL,0,0),(5522,1,155,2,268435477,'2022-02-04 11:27:45',NULL,0,0),(5524,1,180,2,268435477,'2022-02-04 11:27:45',NULL,0,0),(5526,1,555,2,268435477,'2022-02-04 11:27:45',NULL,0,0),(5528,1,108,2,268435477,'2022-02-04 11:27:45',NULL,0,0),(5530,1,375,2,268435477,'2022-02-04 11:27:45',NULL,0,0),(5532,1,214,2,268435477,'2022-02-04 11:27:45',NULL,0,0),(5534,1,379,2,268435477,'2022-02-04 11:27:45',NULL,0,0),(5536,1,148,2,268435477,'2022-02-04 11:27:45',NULL,0,0),(5538,1,262,2,268435477,'2022-02-04 11:27:45',NULL,0,0),(5540,1,196,2,268435477,'2022-02-04 11:27:45',NULL,0,0),(5542,1,616,2,268435477,'2022-02-04 11:27:45',NULL,0,0),(5544,1,685,2,268435477,'2022-02-04 11:27:45',NULL,0,0),(5546,1,101,2,268435477,'2022-02-04 11:27:45',NULL,0,0),(5548,1,26,2,268435477,'2022-02-04 11:27:45',NULL,0,0),(5550,1,628,2,268435477,'2022-02-04 11:27:45',NULL,0,0),(5552,1,598,2,268435477,'2022-02-04 11:27:45',NULL,0,0),(5554,1,374,2,268435477,'2022-02-04 11:27:45',NULL,0,0),(5556,1,447,2,268435477,'2022-02-04 11:27:45',NULL,0,0),(5558,1,566,2,268435477,'2022-02-04 11:27:45',NULL,0,0),(5560,1,7,2,268435477,'2022-02-04 11:27:45',NULL,0,0),(5562,1,376,2,268435477,'2022-02-04 11:27:45',NULL,0,0),(5564,1,58,2,268435477,'2022-02-04 11:27:45',NULL,0,0),(5566,1,230,2,268435477,'2022-02-04 11:27:45',NULL,0,0),(5568,1,435,2,268435477,'2022-02-04 11:27:45',NULL,0,0),(5570,1,252,2,268435477,'2022-02-04 11:27:45',NULL,0,0),(5572,1,533,2,268435477,'2022-02-04 11:27:45',NULL,0,0),(5574,1,249,2,268435477,'2022-02-04 11:27:45',NULL,0,0),(5576,1,297,2,268435477,'2022-02-04 11:27:45',NULL,0,0),(5578,1,237,2,268435477,'2022-02-04 11:27:45',NULL,0,0),(5580,1,154,2,268435477,'2022-02-04 11:27:45',NULL,0,0),(5582,1,344,2,268435477,'2022-02-04 11:27:45',NULL,0,0),(5584,1,499,2,268435477,'2022-02-04 11:27:45',NULL,0,0),(5586,1,539,2,268435477,'2022-02-04 11:27:45',NULL,0,0),(5588,1,400,2,268435477,'2022-02-04 11:27:45',NULL,0,0),(5590,1,536,2,268435477,'2022-02-04 11:27:45',NULL,0,0),(5592,1,316,2,268435477,'2022-02-04 11:27:45',NULL,0,0),(5594,1,537,2,268435477,'2022-02-04 11:27:45',NULL,0,0),(5596,1,614,2,268435477,'2022-02-04 11:27:45',NULL,0,0),(5598,1,629,2,268435477,'2022-02-04 11:27:45',NULL,0,0),(5600,1,660,2,268435477,'2022-02-04 11:27:45',NULL,0,0),(5602,1,588,2,268435477,'2022-02-04 11:27:45',NULL,0,0),(5604,1,625,2,268435477,'2022-02-04 11:27:45',NULL,0,0),(5606,1,659,2,268435477,'2022-02-04 11:27:45',NULL,0,0),(5608,1,104,2,268435477,'2022-02-04 11:27:45',NULL,0,0),(5610,1,98,2,268435477,'2022-02-04 11:27:45',NULL,0,0),(5612,1,59,2,268435477,'2022-02-04 11:27:45',NULL,0,0),(5614,1,517,2,268435477,'2022-02-04 11:27:45',NULL,0,0),(5616,1,583,2,268435477,'2022-02-04 11:27:45',NULL,0,0),(5618,1,306,2,268435477,'2022-02-04 11:27:45',NULL,0,0),(5620,1,352,2,268435477,'2022-02-04 11:27:45',NULL,0,0),(5622,1,86,2,268435477,'2022-02-04 11:27:45',NULL,0,0),(5624,1,82,2,268435477,'2022-02-04 11:27:45',NULL,0,0),(5626,1,511,2,268435477,'2022-02-04 11:27:45',NULL,0,0),(5628,1,202,2,268435477,'2022-02-04 11:27:45',NULL,0,0),(5630,1,71,2,268435477,'2022-02-04 11:27:45',NULL,0,0),(5632,1,151,2,268435477,'2022-02-04 11:27:46',NULL,0,0),(5634,1,192,2,268435477,'2022-02-04 11:27:46',NULL,0,0),(5636,1,48,2,268435477,'2022-02-04 11:27:46',NULL,0,0),(5638,1,624,2,268435477,'2022-02-04 11:27:46',NULL,0,0),(5640,1,396,2,268435477,'2022-02-04 11:27:46',NULL,0,0),(5642,1,610,2,268435477,'2022-02-04 11:27:46',NULL,0,0),(5644,1,560,2,268435477,'2022-02-04 11:27:46',NULL,0,0),(5646,1,619,2,268435477,'2022-02-04 11:27:46',NULL,0,0),(5648,1,480,2,268435477,'2022-02-04 11:27:46',NULL,0,0),(5650,1,368,2,268435477,'2022-02-04 11:27:46',NULL,0,0),(5652,1,300,2,268435477,'2022-02-04 11:27:46',NULL,0,0),(5654,1,56,2,268435477,'2022-02-04 11:27:46',NULL,0,0),(5656,1,165,2,268435477,'2022-02-04 11:27:46',NULL,0,0),(5658,1,168,2,268435477,'2022-02-04 11:27:46',NULL,0,0),(5660,1,493,2,268435477,'2022-02-04 11:27:46',NULL,0,0),(5662,1,431,2,268435477,'2022-02-04 11:27:46',NULL,0,0),(5664,1,60,2,268435477,'2022-02-04 11:27:46',NULL,0,0),(5666,1,133,2,268435477,'2022-02-04 11:27:46',NULL,0,0),(5668,1,327,2,268435477,'2022-02-04 11:27:46',NULL,0,0),(5670,1,388,2,268435477,'2022-02-04 11:27:46',NULL,0,0),(5672,1,464,2,268435477,'2022-02-04 11:27:46',NULL,0,0),(5674,1,227,2,268435477,'2022-02-04 11:27:46',NULL,0,0),(5676,1,93,2,268435477,'2022-02-04 11:27:46',NULL,0,0),(5678,1,504,2,268435477,'2022-02-04 11:27:46',NULL,0,0),(5680,1,416,2,268435477,'2022-02-04 11:27:46',NULL,0,0),(5682,1,690,2,268435477,'2022-02-04 11:27:46',NULL,0,0),(5684,1,677,2,268435477,'2022-02-04 11:27:46',NULL,0,0),(5686,1,328,2,268435477,'2022-02-04 11:27:46',NULL,0,0),(5688,1,434,2,268435477,'2022-02-04 11:27:46',NULL,0,0),(5690,1,495,2,268435477,'2022-02-04 11:27:46',NULL,0,0),(5692,1,163,2,268435477,'2022-02-04 11:27:46',NULL,0,0),(5694,1,83,2,268435477,'2022-02-04 11:27:46',NULL,0,0),(5696,1,607,2,268435477,'2022-02-04 11:27:46',NULL,0,0),(5698,1,54,2,268435477,'2022-02-04 11:27:46',NULL,0,0),(5700,1,648,2,268435477,'2022-02-04 11:27:46',NULL,0,0),(5702,1,81,2,268435477,'2022-02-04 11:27:46',NULL,0,0),(5704,1,657,2,268435477,'2022-02-04 11:27:46',NULL,0,0),(5706,1,233,2,268435477,'2022-02-04 11:27:46',NULL,0,0),(5708,1,446,2,268435477,'2022-02-04 11:27:46',NULL,0,0),(5710,1,655,2,268435477,'2022-02-04 11:27:46',NULL,0,0),(5712,1,240,2,268435477,'2022-02-04 11:27:46',NULL,0,0),(5714,1,370,2,268435477,'2022-02-04 11:27:46',NULL,0,0),(5716,1,55,2,268435477,'2022-02-04 11:27:46',NULL,0,0),(5718,1,50,2,268435477,'2022-02-04 11:27:46',NULL,0,0),(5720,1,125,2,268435477,'2022-02-04 11:27:46',NULL,0,0),(5722,1,126,2,268435477,'2022-02-04 11:27:46',NULL,0,0),(5724,1,23,2,268435477,'2022-02-04 11:27:46',NULL,0,0),(5726,1,278,2,268435477,'2022-02-04 11:27:46',NULL,0,0),(5728,1,223,2,268435477,'2022-02-04 11:27:46',NULL,0,0),(5730,1,575,2,268435477,'2022-02-04 11:27:46',NULL,0,0),(5732,1,601,2,268435477,'2022-02-04 11:27:46',NULL,0,0),(5734,1,665,2,268435477,'2022-02-04 11:27:46',NULL,0,0),(5736,1,293,2,268435477,'2022-02-04 11:27:46',NULL,0,0),(5738,1,184,2,268435477,'2022-02-04 11:27:46',NULL,0,0),(5740,1,96,2,268435477,'2022-02-04 11:27:46',NULL,0,0),(5742,1,334,2,268435477,'2022-02-04 11:27:46',NULL,0,0),(5744,1,236,2,268435477,'2022-02-04 11:27:46',NULL,0,0),(5746,1,116,2,268435477,'2022-02-04 11:27:46',NULL,0,0),(5748,1,638,2,268435477,'2022-02-04 11:27:46',NULL,0,0),(5750,1,132,2,268435477,'2022-02-04 11:27:46',NULL,0,0),(5752,1,593,2,268435477,'2022-02-04 11:27:46',NULL,0,0),(5754,1,385,2,268435477,'2022-02-04 11:27:46',NULL,0,0),(5756,1,3,2,268435477,'2022-02-04 11:27:46',NULL,0,0),(5758,1,121,2,268435477,'2022-02-04 11:27:46',NULL,0,0),(5760,1,219,2,268435477,'2022-02-04 11:27:46',NULL,0,0),(5762,1,172,2,268435477,'2022-02-04 11:27:46',NULL,0,0),(5764,1,590,2,268435477,'2022-02-04 11:27:46',NULL,0,0),(5766,1,611,2,268435477,'2022-02-04 11:27:46',NULL,0,0),(5768,1,584,2,268435477,'2022-02-04 11:27:46',NULL,0,0),(5770,1,547,2,268435477,'2022-02-04 11:27:46',NULL,0,0),(5772,1,173,2,268435477,'2022-02-04 11:27:46',NULL,0,0),(5774,1,572,2,268435477,'2022-02-04 11:27:46',NULL,0,0),(5776,1,188,2,268435477,'2022-02-04 11:27:46',NULL,0,0),(5778,1,44,2,268435477,'2022-02-04 11:27:46',NULL,0,0),(5780,1,398,2,268435477,'2022-02-04 11:27:46',NULL,0,0),(5782,1,90,2,268435477,'2022-02-04 11:27:46',NULL,0,0),(5784,1,97,2,268435477,'2022-02-04 11:27:46',NULL,0,0),(5786,1,408,2,268435477,'2022-02-04 11:27:46',NULL,0,0),(5788,1,562,2,268435477,'2022-02-04 11:27:46',NULL,0,0),(5790,1,467,2,268435477,'2022-02-04 11:27:46',NULL,0,0),(5792,1,191,2,268435477,'2022-02-04 11:27:46',NULL,0,0),(5794,1,147,2,268435477,'2022-02-04 11:27:46',NULL,0,0),(5796,1,335,2,268435477,'2022-02-04 11:27:46',NULL,0,0),(5798,1,187,2,268435477,'2022-02-04 11:27:46',NULL,0,0),(5800,1,663,2,268435477,'2022-02-04 11:27:46',NULL,0,0),(5802,1,591,2,268435477,'2022-02-04 11:27:46',NULL,0,0),(5804,1,452,2,268435477,'2022-02-04 11:27:46',NULL,0,0),(5806,1,670,2,268435477,'2022-02-04 11:27:46',NULL,0,0),(5808,1,563,2,268435477,'2022-02-04 11:27:46',NULL,0,0),(5810,1,421,2,268435477,'2022-02-04 11:27:46',NULL,0,0),(5812,1,371,2,268435477,'2022-02-04 11:27:46',NULL,0,0),(5814,1,276,2,268435477,'2022-02-04 11:27:46',NULL,0,0),(5816,1,170,2,268435477,'2022-02-04 11:27:46',NULL,0,0),(5818,1,350,2,268435477,'2022-02-04 11:27:46',NULL,0,0),(5820,1,636,2,268435477,'2022-02-04 11:27:46',NULL,0,0),(5822,1,450,2,268435477,'2022-02-04 11:27:46',NULL,0,0),(5824,1,514,2,268435477,'2022-02-04 11:27:46',NULL,0,0),(5826,1,194,2,268435477,'2022-02-04 11:27:46',NULL,0,0),(5828,1,115,2,268435477,'2022-02-04 11:27:46',NULL,0,0),(5830,1,75,2,268435477,'2022-02-04 11:27:46',NULL,0,0),(5832,1,137,2,268435477,'2022-02-04 11:27:46',NULL,0,0),(5834,1,405,2,268435477,'2022-02-04 11:27:46',NULL,0,0),(5836,1,355,2,268435477,'2022-02-04 11:27:46',NULL,0,0),(5838,1,265,2,268435477,'2022-02-04 11:27:46',NULL,0,0),(5840,1,587,2,268435477,'2022-02-04 11:27:46',NULL,0,0),(5842,1,453,2,268435477,'2022-02-04 11:27:46',NULL,0,0),(5844,1,317,2,268435477,'2022-02-04 11:27:46',NULL,0,0),(5846,1,2,2,268435477,'2022-02-04 11:27:46',NULL,0,0),(5848,1,612,2,268435477,'2022-02-04 11:27:46',NULL,0,0),(5850,1,534,2,268435477,'2022-02-04 11:27:46',NULL,0,0),(5852,1,72,2,268435477,'2022-02-04 11:27:46',NULL,0,0),(5854,1,642,2,268435477,'2022-02-04 11:27:46',NULL,0,0),(5856,1,403,2,268435477,'2022-02-04 11:27:46',NULL,0,0),(5858,1,669,2,268435477,'2022-02-04 11:27:46',NULL,0,0),(5860,1,345,2,268435477,'2022-02-04 11:27:46',NULL,0,0),(5862,1,540,2,268435477,'2022-02-04 11:27:46',NULL,0,0),(5864,1,508,2,268435477,'2022-02-04 11:27:46',NULL,0,0),(5866,1,486,2,268435477,'2022-02-04 11:27:46',NULL,0,0),(5868,1,595,2,268435477,'2022-02-04 11:27:46',NULL,0,0),(5870,1,666,2,268435477,'2022-02-04 11:27:46',NULL,0,0),(5872,1,585,2,268435477,'2022-02-04 11:27:46',NULL,0,0),(5874,1,362,2,268435477,'2022-02-04 11:27:46',NULL,0,0),(5876,1,650,2,268435477,'2022-02-04 11:27:46',NULL,0,0),(5878,1,420,2,268435477,'2022-02-04 11:27:46',NULL,0,0),(5880,1,66,2,268435477,'2022-02-04 11:27:46',NULL,0,0),(5882,1,427,2,268435477,'2022-02-04 11:27:46',NULL,0,0),(5884,1,259,2,268435477,'2022-02-04 11:27:46',NULL,0,0),(5886,1,208,2,268435477,'2022-02-04 11:27:46',NULL,0,0),(5888,1,217,2,268435477,'2022-02-04 11:27:46',NULL,0,0),(5890,1,247,2,268435477,'2022-02-04 11:27:46',NULL,0,0),(5892,1,694,2,268435477,'2022-02-04 11:27:46',NULL,0,0),(5894,1,531,2,268435477,'2022-02-04 11:27:46',NULL,0,0),(5896,1,94,2,268435477,'2022-02-04 11:27:46',NULL,0,0),(5898,1,27,2,268435477,'2022-02-04 11:27:46',NULL,0,0),(5900,1,25,2,268435477,'2022-02-04 11:27:46',NULL,0,0),(5902,1,459,2,268435477,'2022-02-04 11:27:46',NULL,0,0),(5904,1,67,2,268435477,'2022-02-04 11:27:46',NULL,0,0),(5906,1,377,2,268435477,'2022-02-04 11:27:46',NULL,0,0),(5908,1,80,2,268435477,'2022-02-04 11:27:46',NULL,0,0),(5910,1,445,2,268435477,'2022-02-04 11:27:46',NULL,0,0),(5912,1,449,2,268435477,'2022-02-04 11:27:46',NULL,0,0),(5914,1,488,2,268435477,'2022-02-04 11:27:46',NULL,0,0),(5916,1,320,2,268435477,'2022-02-04 11:27:46',NULL,0,0),(5918,1,225,2,268435477,'2022-02-04 11:27:46',NULL,0,0),(5920,1,250,2,268435477,'2022-02-04 11:27:46',NULL,0,0),(5922,1,474,2,268435477,'2022-02-04 11:27:46',NULL,0,0),(5924,1,146,2,268435477,'2022-02-04 11:27:46',NULL,0,0),(5926,1,448,2,268435477,'2022-02-04 11:27:46',NULL,0,0),(5928,1,123,2,268435477,'2022-02-04 11:27:46',NULL,0,0),(5930,1,207,2,268435477,'2022-02-04 11:27:46',NULL,0,0),(5932,1,160,2,268435477,'2022-02-04 11:27:46',NULL,0,0),(5934,1,307,2,268435477,'2022-02-04 11:27:46',NULL,0,0),(5936,1,596,2,268435477,'2022-02-04 11:27:46',NULL,0,0),(5938,1,392,2,268435477,'2022-02-04 11:27:46',NULL,0,0),(5940,1,245,2,268435477,'2022-02-04 11:27:46',NULL,0,0),(5942,1,201,2,268435477,'2022-02-04 11:27:46',NULL,0,0),(5944,1,503,2,268435477,'2022-02-04 11:27:46',NULL,0,0),(5946,1,209,2,268435477,'2022-02-04 11:27:46',NULL,0,0),(5948,1,577,2,268435477,'2022-02-04 11:27:46',NULL,0,0),(5950,1,64,2,268435477,'2022-02-04 11:27:46',NULL,0,0),(5952,1,127,2,268435477,'2022-02-04 11:27:46',NULL,0,0),(5954,1,285,2,268435477,'2022-02-04 11:27:46',NULL,0,0),(5956,1,544,2,268435477,'2022-02-04 11:27:46',NULL,0,0),(5958,1,569,2,268435477,'2022-02-04 11:27:46',NULL,0,0),(5960,1,451,2,268435477,'2022-02-04 11:27:46',NULL,0,0),(5962,1,484,2,268435477,'2022-02-04 11:27:46',NULL,0,0),(5964,1,348,2,268435477,'2022-02-04 11:27:46',NULL,0,0),(5966,1,145,2,268435477,'2022-02-04 11:27:46',NULL,0,0),(5968,1,232,2,268435477,'2022-02-04 11:27:46',NULL,0,0),(5970,1,311,2,268435477,'2022-02-04 11:27:46',NULL,0,0),(5972,1,229,2,268435477,'2022-02-04 11:27:46',NULL,0,0),(5974,1,272,2,268435477,'2022-02-04 11:27:46',NULL,0,0),(5976,1,332,2,268435477,'2022-02-04 11:27:46',NULL,0,0),(5978,1,492,2,268435477,'2022-02-04 11:27:46',NULL,0,0),(5980,1,365,2,268435477,'2022-02-04 11:27:46',NULL,0,0),(5982,1,183,2,268435477,'2022-02-04 11:27:46',NULL,0,0),(5984,1,458,2,268435477,'2022-02-04 11:27:46',NULL,0,0),(5986,1,242,2,268435477,'2022-02-04 11:27:46',NULL,0,0),(5988,1,312,2,268435477,'2022-02-04 11:27:46',NULL,0,0),(5990,1,273,2,268435477,'2022-02-04 11:27:46',NULL,0,0),(5992,1,411,2,268435477,'2022-02-04 11:27:46',NULL,0,0),(5994,1,691,2,268435477,'2022-02-04 11:27:46',NULL,0,0),(5996,1,28,2,268435477,'2022-02-04 11:27:46',NULL,0,0),(5998,1,30,2,268435477,'2022-02-04 11:27:46',NULL,0,0),(6000,1,120,2,268435477,'2022-02-04 11:27:46',NULL,0,0),(6002,1,144,2,268435477,'2022-02-04 11:27:46',NULL,0,0),(6004,1,457,2,268435477,'2022-02-04 11:27:46',NULL,0,0),(6006,1,561,2,268435477,'2022-02-04 11:27:46',NULL,0,0),(6008,1,152,2,268435477,'2022-02-04 11:27:46',NULL,0,0),(6010,1,117,2,268435477,'2022-02-04 11:27:46',NULL,0,0),(6012,1,674,2,268435477,'2022-02-04 11:27:46',NULL,0,0),(6014,1,641,2,268435477,'2022-02-04 11:27:46',NULL,0,0),(6016,1,89,2,268435477,'2022-02-04 11:27:46',NULL,0,0),(6018,1,613,2,268435477,'2022-02-04 11:27:46',NULL,0,0),(6020,1,543,2,268435477,'2022-02-04 11:27:46',NULL,0,0),(6022,1,301,2,268435477,'2022-02-04 11:27:46',NULL,0,0),(6024,1,179,2,268435477,'2022-02-04 11:27:46',NULL,0,0),(6026,1,390,2,268435477,'2022-02-04 11:27:46',NULL,0,0),(6028,1,369,2,268435477,'2022-02-04 11:27:46',NULL,0,0),(6030,1,171,2,268435477,'2022-02-04 11:27:46',NULL,0,0),(6032,1,522,2,268435477,'2022-02-04 11:27:46',NULL,0,0),(6034,1,481,2,268435477,'2022-02-04 11:27:46',NULL,0,0),(6036,1,49,2,268435477,'2022-02-04 11:27:46',NULL,0,0),(6038,1,428,2,268435477,'2022-02-04 11:27:46',NULL,0,0),(6040,1,342,2,268435477,'2022-02-04 11:27:46',NULL,0,0),(6042,1,460,2,268435477,'2022-02-04 11:27:46',NULL,0,0),(6044,1,399,2,268435477,'2022-02-04 11:27:46',NULL,0,0),(6046,1,538,2,268435477,'2022-02-04 11:27:46',NULL,0,0),(6048,1,263,2,268435477,'2022-02-04 11:27:46',NULL,0,0),(6050,1,204,2,268435477,'2022-02-04 11:27:46',NULL,0,0),(6052,1,469,2,268435477,'2022-02-04 11:27:46',NULL,0,0),(6054,1,65,2,268435477,'2022-02-04 11:27:46',NULL,0,0),(6056,1,161,2,268435477,'2022-02-04 11:27:46',NULL,0,0),(6058,1,597,2,268435477,'2022-02-04 11:27:46',NULL,0,0),(6060,1,602,2,268435477,'2022-02-04 11:27:46',NULL,0,0),(6062,1,292,2,268435477,'2022-02-04 11:27:46',NULL,0,0),(6064,1,206,2,268435477,'2022-02-04 11:27:46',NULL,0,0),(6066,1,270,2,268435477,'2022-02-04 11:27:46',NULL,0,0),(6068,1,656,2,268435477,'2022-02-04 11:27:46',NULL,0,0),(6070,1,603,2,268435477,'2022-02-04 11:27:46',NULL,0,0),(6072,1,640,2,268435477,'2022-02-04 11:27:46',NULL,0,0),(6074,1,516,2,268435477,'2022-02-04 11:27:46',NULL,0,0),(6076,1,542,2,268435477,'2022-02-04 11:27:46',NULL,0,0),(6078,1,279,2,268435477,'2022-02-04 11:27:46',NULL,0,0),(6080,1,409,2,268435477,'2022-02-04 11:27:46',NULL,0,0),(6082,1,310,2,268435477,'2022-02-04 11:27:46',NULL,0,0),(6084,1,687,2,268435477,'2022-02-04 11:27:46',NULL,0,0),(6086,1,384,2,268435477,'2022-02-04 11:27:46',NULL,0,0),(6088,1,413,2,268435477,'2022-02-04 11:27:46',NULL,0,0),(6090,1,552,2,268435477,'2022-02-04 11:27:46',NULL,0,0),(6092,1,389,2,268435477,'2022-02-04 11:27:46',NULL,0,0),(6094,1,36,2,268435477,'2022-02-04 11:27:47',NULL,0,0),(6096,1,33,2,268435477,'2022-02-04 11:27:47',NULL,0,0),(6098,1,506,2,268435477,'2022-02-04 11:27:47',NULL,0,0),(6100,1,526,2,268435477,'2022-02-04 11:27:47',NULL,0,0),(6102,1,254,2,268435477,'2022-02-04 11:27:47',NULL,0,0),(6104,1,477,2,268435477,'2022-02-04 11:27:47',NULL,0,0),(6106,1,502,2,268435477,'2022-02-04 11:27:47',NULL,0,0),(6108,1,153,2,268435477,'2022-02-04 11:27:47',NULL,0,0),(6110,1,410,2,268435477,'2022-02-04 11:27:47',NULL,0,0),(6112,1,178,2,268435477,'2022-02-04 11:27:47',NULL,0,0),(6114,1,507,2,268435477,'2022-02-04 11:27:47',NULL,0,0),(6116,1,87,2,268435477,'2022-02-04 11:27:47',NULL,0,0),(6118,1,570,2,268435477,'2022-02-04 11:27:47',NULL,0,0),(6120,1,289,2,268435477,'2022-02-04 11:27:47',NULL,0,0),(6122,1,63,2,268435477,'2022-02-04 11:27:47',NULL,0,0),(6124,1,38,2,268435477,'2022-02-04 11:27:47',NULL,0,0),(6126,1,20,2,268435477,'2022-02-04 11:27:47',NULL,0,0),(6128,1,6,2,268435477,'2022-02-04 11:27:47',NULL,0,0),(6130,1,692,2,268435477,'2022-02-04 11:27:47',NULL,0,0),(6132,1,367,2,268435477,'2022-02-04 11:27:47',NULL,0,0),(6134,1,688,2,268435477,'2022-02-04 11:27:47',NULL,0,0),(6136,1,274,2,268435477,'2022-02-04 11:27:47',NULL,0,0);

--
-- Table structure for table `oai_resumption_tokens`
--

CREATE TABLE `oai_resumption_tokens` (
  `token` varchar(32) NOT NULL,
  `expire` bigint(20) NOT NULL,
  `record_offset` int(11) NOT NULL,
  `params` text DEFAULT NULL,
  UNIQUE KEY `oai_resumption_tokens_pkey` (`token`)
) ENGINE=MyISAM DEFAULT CHARSET=latin1;

--
-- Dumping data for table `oai_resumption_tokens`
--

INSERT INTO `oai_resumption_tokens` VALUES ('1ace44163d80d7d7cd4cdc43e9a24d13',1644047238,100,'a:2:{s:14:\"metadataPrefix\";s:6:\"oai_dc\";s:4:\"verb\";s:11:\"ListRecords\";}'),('2a909f781fe2edf1f54bf672614d6b43',1644058340,100,'a:2:{s:14:\"metadataPrefix\";s:6:\"oai_dc\";s:4:\"verb\";s:11:\"ListRecords\";}'),('b2eb0e2b627078c9972c5eef2a2b4b08',1644077747,100,'a:2:{s:14:\"metadataPrefix\";s:6:\"oai_dc\";s:4:\"verb\";s:11:\"ListRecords\";}'),('a61f6dd6f328167410d752d3e688ba88',1644106164,100,'a:2:{s:14:\"metadataPrefix\";s:6:\"oai_dc\";s:4:\"verb\";s:11:\"ListRecords\";}'),('1cc7121dd23a80effdc60d8ea9e6e21c',1644420189,100,'a:2:{s:14:\"metadataPrefix\";s:6:\"oai_dc\";s:4:\"verb\";s:11:\"ListRecords\";}'),('c39b786319a6d508a6e68f4158f03bfa',1644420195,100,'a:2:{s:14:\"metadataPrefix\";s:6:\"oai_dc\";s:4:\"verb\";s:11:\"ListRecords\";}'),('146ed5ed3bca1cf48694458ce57ea12c',1644513183,100,'a:2:{s:14:\"metadataPrefix\";s:6:\"oai_dc\";s:4:\"verb\";s:11:\"ListRecords\";}'),('8af08b291e8884645e7f16af77cb5b96',1644531951,100,'a:2:{s:14:\"metadataPrefix\";s:6:\"oai_dc\";s:4:\"verb\";s:11:\"ListRecords\";}'),('747b014226849fe283b8b716fe866a2a',1644637708,100,'a:2:{s:14:\"metadataPrefix\";s:6:\"oai_dc\";s:4:\"verb\";s:11:\"ListRecords\";}'),('bff57988c2e6c58699346d263b3e0678',1644814779,100,'a:2:{s:14:\"metadataPrefix\";s:6:\"oai_dc\";s:4:\"verb\";s:11:\"ListRecords\";}'),('401d32b0d93f1ea4f30c0631c4b06adc',1644884118,100,'a:2:{s:14:\"metadataPrefix\";s:6:\"oai_dc\";s:4:\"verb\";s:11:\"ListRecords\";}'),('db5801d84ff275bd1c8feecf4218b946',1644891602,100,'a:2:{s:14:\"metadataPrefix\";s:6:\"oai_dc\";s:4:\"verb\";s:11:\"ListRecords\";}'),('f13b8ccf936d7d9b1a21a6cf206dba74',1645312408,100,'a:2:{s:14:\"metadataPrefix\";s:6:\"oai_dc\";s:4:\"verb\";s:11:\"ListRecords\";}'),('54a87d1907a9cbe590141768f23ba0a0',1645541580,100,'a:2:{s:14:\"metadataPrefix\";s:6:\"oai_dc\";s:4:\"verb\";s:11:\"ListRecords\";}'),('169d627db748740f9cd6f67221b3dce5',1645545516,100,'a:2:{s:14:\"metadataPrefix\";s:6:\"oai_dc\";s:4:\"verb\";s:11:\"ListRecords\";}'),('2a00e9b1bf5b653ef27865fb5a7a4be4',1645701340,100,'a:2:{s:14:\"metadataPrefix\";s:6:\"oai_dc\";s:4:\"verb\";s:11:\"ListRecords\";}'),('d622d7061ed4701880f9b7b98f0f6946',1646090104,100,'a:2:{s:14:\"metadataPrefix\";s:6:\"oai_dc\";s:4:\"verb\";s:11:\"ListRecords\";}'),('007aa749dd609cc288aeebd81c174821',1646119351,100,'a:2:{s:14:\"metadataPrefix\";s:6:\"oai_dc\";s:4:\"verb\";s:11:\"ListRecords\";}'),('c3af7729795eb92c736cc98b8f1e4896',1646146947,100,'a:2:{s:14:\"metadataPrefix\";s:6:\"oai_dc\";s:4:\"verb\";s:11:\"ListRecords\";}'),('efe2588b508c7976df87c502dcd239e0',1646146998,100,'a:2:{s:14:\"metadataPrefix\";s:6:\"oai_dc\";s:4:\"verb\";s:11:\"ListRecords\";}'),('fe1e3c2d0e2d09a103adf809e6634c97',1646276052,100,'a:2:{s:14:\"metadataPrefix\";s:6:\"oai_dc\";s:4:\"verb\";s:11:\"ListRecords\";}'),('467da36d2ef5436b0f66b160c7c906ae',1646458781,100,'a:2:{s:14:\"metadataPrefix\";s:6:\"oai_dc\";s:4:\"verb\";s:11:\"ListRecords\";}'),('9ab59910da78b1f5336bd64f3324ca4b',1646718077,100,'a:2:{s:14:\"metadataPrefix\";s:6:\"oai_dc\";s:4:\"verb\";s:11:\"ListRecords\";}'),('ce93c92349e66a324de63bf271b433cc',1647018253,100,'a:2:{s:14:\"metadataPrefix\";s:6:\"oai_dc\";s:4:\"verb\";s:11:\"ListRecords\";}'),('5ca1480a59315d868d5517dbd7eec940',1647187931,100,'a:2:{s:14:\"metadataPrefix\";s:6:\"oai_dc\";s:4:\"verb\";s:11:\"ListRecords\";}'),('c8412b3cc656ddf8f765e3739a6d01c0',1647302363,100,'a:2:{s:14:\"metadataPrefix\";s:6:\"oai_dc\";s:4:\"verb\";s:11:\"ListRecords\";}');

--
-- Table structure for table `object_for_review_assignments`
--

CREATE TABLE `object_for_review_assignments` (
  `assignment_id` bigint(20) NOT NULL AUTO_INCREMENT,
  `object_id` bigint(20) NOT NULL DEFAULT 0,
  `user_id` bigint(20) DEFAULT NULL,
  `submission_id` bigint(20) DEFAULT NULL,
  `status` smallint(6) NOT NULL,
  `date_requested` datetime DEFAULT NULL,
  `date_assigned` datetime DEFAULT NULL,
  `date_mailed` datetime DEFAULT NULL,
  `date_due` datetime DEFAULT NULL,
  `date_reminded_before` datetime DEFAULT NULL,
  `date_reminded_after` datetime DEFAULT NULL,
  `notes` text DEFAULT NULL,
  PRIMARY KEY (`assignment_id`),
  UNIQUE KEY `ofr_assignments_pkey` (`object_id`,`user_id`)
) ENGINE=MyISAM DEFAULT CHARSET=latin1;

--
-- Dumping data for table `object_for_review_assignments`
--


--
-- Table structure for table `object_for_review_persons`
--

CREATE TABLE `object_for_review_persons` (
  `person_id` bigint(20) NOT NULL AUTO_INCREMENT,
  `object_id` bigint(20) NOT NULL,
  `seq` double NOT NULL DEFAULT 0,
  `role` varchar(255) NOT NULL,
  `first_name` varchar(40) NOT NULL,
  `middle_name` varchar(40) DEFAULT NULL,
  `last_name` varchar(90) NOT NULL,
  PRIMARY KEY (`person_id`),
  KEY `ofr_person_object_id` (`object_id`)
) ENGINE=MyISAM DEFAULT CHARSET=latin1;

--
-- Dumping data for table `object_for_review_persons`
--


--
-- Table structure for table `object_for_review_settings`
--

CREATE TABLE `object_for_review_settings` (
  `object_id` bigint(20) NOT NULL,
  `review_object_metadata_id` bigint(20) NOT NULL,
  `setting_value` text DEFAULT NULL,
  `setting_type` varchar(6) NOT NULL,
  UNIQUE KEY `ofr_settings_pkey` (`object_id`,`review_object_metadata_id`),
  KEY `ofr_settings_object_id` (`object_id`)
) ENGINE=MyISAM DEFAULT CHARSET=latin1;

--
-- Dumping data for table `object_for_review_settings`
--


--
-- Table structure for table `objects_for_review`
--

CREATE TABLE `objects_for_review` (
  `object_id` bigint(20) NOT NULL AUTO_INCREMENT,
  `review_object_type_id` bigint(20) NOT NULL,
  `context_id` bigint(20) NOT NULL,
  `available` tinyint(4) NOT NULL DEFAULT 1,
  `date_created` datetime NOT NULL,
  `editor_id` bigint(20) DEFAULT NULL,
  `notes` text DEFAULT NULL,
  PRIMARY KEY (`object_id`),
  KEY `ofr_object_id` (`object_id`)
) ENGINE=MyISAM DEFAULT CHARSET=latin1;

--
-- Dumping data for table `objects_for_review`
--


--
-- Table structure for table `paypal_transactions`
--

CREATE TABLE `paypal_transactions` (
  `txn_id` varchar(17) NOT NULL,
  `txn_type` varchar(20) DEFAULT NULL,
  `payer_email` varchar(127) DEFAULT NULL,
  `receiver_email` varchar(127) DEFAULT NULL,
  `item_number` varchar(127) DEFAULT NULL,
  `payment_date` varchar(127) DEFAULT NULL,
  `payer_id` varchar(13) DEFAULT NULL,
  `receiver_id` varchar(13) DEFAULT NULL,
  PRIMARY KEY (`txn_id`)
) ENGINE=MyISAM DEFAULT CHARSET=latin1;

--
-- Dumping data for table `paypal_transactions`
--


--
-- Table structure for table `pln_deposit_objects`
--

CREATE TABLE `pln_deposit_objects` (
  `deposit_object_id` bigint(20) NOT NULL AUTO_INCREMENT,
  `journal_id` bigint(20) NOT NULL,
  `object_id` bigint(20) NOT NULL,
  `object_type` varchar(36) NOT NULL,
  `deposit_id` bigint(20) DEFAULT NULL,
  `date_created` datetime NOT NULL,
  `date_modified` datetime DEFAULT NULL,
  PRIMARY KEY (`deposit_object_id`)
) ENGINE=MyISAM DEFAULT CHARSET=latin1;

--
-- Dumping data for table `pln_deposit_objects`
--


--
-- Table structure for table `pln_deposits`
--

CREATE TABLE `pln_deposits` (
  `deposit_id` bigint(20) NOT NULL AUTO_INCREMENT,
  `journal_id` bigint(20) NOT NULL,
  `uuid` varchar(36) DEFAULT NULL,
  `status` bigint(20) DEFAULT 0,
  `date_status` datetime DEFAULT NULL,
  `date_created` datetime NOT NULL,
  `date_modified` datetime DEFAULT NULL,
  PRIMARY KEY (`deposit_id`)
) ENGINE=MyISAM DEFAULT CHARSET=latin1;

--
-- Dumping data for table `pln_deposits`
--


--
-- Table structure for table `plugin_settings`
--

CREATE TABLE `plugin_settings` (
  `plugin_name` varchar(80) NOT NULL,
  `context_id` bigint(20) NOT NULL,
  `setting_name` varchar(80) NOT NULL,
  `setting_value` text DEFAULT NULL,
  `setting_type` varchar(6) NOT NULL,
  UNIQUE KEY `plugin_settings_pkey` (`plugin_name`,`context_id`,`setting_name`),
  KEY `plugin_settings_plugin_name` (`plugin_name`)
) ENGINE=MyISAM DEFAULT CHARSET=latin1;

--
-- Dumping data for table `plugin_settings`
--

INSERT INTO `plugin_settings` VALUES ('tinymceplugin',0,'enabled','1','bool'),('coinsplugin',0,'enabled','1','bool'),('donationblockplugin',0,'enabled','1','bool'),('donationblockplugin',0,'seq','5','int'),('donationblockplugin',0,'context','1','int'),('helpblockplugin',0,'enabled','1','bool'),('helpblockplugin',0,'seq','1','int'),('helpblockplugin',0,'context','1','int'),('notificationblockplugin',0,'enabled','1','bool'),('notificationblockplugin',0,'seq','3','int'),('notificationblockplugin',0,'context','1','int'),('navigationblockplugin',0,'enabled','1','bool'),('navigationblockplugin',0,'seq','5','int'),('navigationblockplugin',0,'context','1','int'),('userblockplugin',0,'enabled','1','bool'),('userblockplugin',0,'seq','2','int'),('userblockplugin',0,'context','1','int'),('developedbyblockplugin',0,'enabled','1','bool'),('developedbyblockplugin',0,'seq','0','int'),('developedbyblockplugin',0,'context','1','int'),('languagetoggleblockplugin',0,'enabled','1','bool'),('languagetoggleblockplugin',0,'seq','4','int'),('languagetoggleblockplugin',0,'context','1','int'),('fontsizeblockplugin',0,'enabled','1','bool'),('fontsizeblockplugin',0,'seq','6','int'),('fontsizeblockplugin',0,'context','1','int'),('tinymceplugin',1,'enabled','1','bool'),('developedbyblockplugin',1,'enabled','0','bool'),('developedbyblockplugin',1,'seq','3','int'),('developedbyblockplugin',1,'context','1','int'),('informationblockplugin',1,'enabled','0','bool'),('informationblockplugin',1,'seq','7','int'),('informationblockplugin',1,'context','1','int'),('roleblockplugin',1,'enabled','1','bool'),('roleblockplugin',1,'seq','4','int'),('roleblockplugin',1,'context','1','int'),('subscriptionblockplugin',1,'enabled','0','bool'),('subscriptionblockplugin',1,'seq','4','int'),('subscriptionblockplugin',1,'context','1','int'),('helpblockplugin',1,'enabled','1','bool'),('helpblockplugin',1,'seq','1','int'),('helpblockplugin',1,'context','1','int'),('userblockplugin',1,'enabled','1','bool'),('userblockplugin',1,'seq','3','int'),('userblockplugin',1,'context','1','int'),('notificationblockplugin',1,'enabled','1','bool'),('notificationblockplugin',1,'seq','5','int'),('notificationblockplugin',1,'context','1','int'),('languagetoggleblockplugin',1,'enabled','0','bool'),('languagetoggleblockplugin',1,'seq','6','int'),('languagetoggleblockplugin',1,'context','1','int'),('navigationblockplugin',1,'enabled','1','bool'),('navigationblockplugin',1,'seq','7','int'),('navigationblockplugin',1,'context','1','int'),('donationblockplugin',1,'enabled','1','bool'),('donationblockplugin',1,'seq','8','int'),('donationblockplugin',1,'context','1','int'),('fontsizeblockplugin',1,'enabled','1','bool'),('fontsizeblockplugin',1,'seq','9','int'),('fontsizeblockplugin',1,'context','1','int'),('resolverplugin',1,'enabled','1','bool'),('webfeedplugin',1,'enabled','1','bool'),('webfeedplugin',1,'displayPage','homepage','string'),('webfeedplugin',1,'displayItems','1','bool'),('referralplugin',1,'enabled','1','bool'),('referralplugin',1,'exclusions','#^http://www.google.#\n#^http://www.yahoo.#','string'),('authorbiosblockplugin',1,'enabled','0','bool'),('relateditemsblockplugin',1,'enabled','0','bool'),('readingtoolsblockplugin',1,'enabled','0','bool'),('keywordcloudblockplugin',1,'enabled','0','bool'),('webfeedblockplugin',1,'enabled','0','bool'),('doipubidplugin',1,'doiPrefix','10.52236','string'),('doipubidplugin',1,'doiSuffix','default','string'),('doipubidplugin',1,'doiSubmissionSuffixPattern',NULL,'string'),('usagestatsplugin',0,'enabled','1','bool'),('usagestatsplugin',0,'createLogFiles','1','bool'),('usagestatsplugin',0,'accessLogFileParseRegex','/^(?P<ip>\\S+) \\S+ \\S+ \\[(?P<date>.*?)\\] \"\\S+ (?P<url>\\S+).*?\" (?P<returnCode>\\S+) \\S+ \".*?\" \"(?P<userAgent>.*?)\"/','string'),('usagestatsplugin',0,'optionalColumns','a:2:{i:0;s:4:\"city\";i:1;s:6:\"region\";}','object'),('luceneplugin',0,'enabled','0','bool'),('luceneplugin',0,'searchEndpoint','http://localhost:8983/solr/ojs/search','string'),('luceneplugin',0,'username','admin','string'),('luceneplugin',0,'password','please change','string'),('luceneplugin',0,'instId','localhost','string'),('luceneplugin',0,'lastEmailTimestamp','0','int'),('luceneplugin',0,'autosuggest','1','bool'),('luceneplugin',0,'autosuggestType','2','int'),('luceneplugin',0,'spellcheck','1','bool'),('luceneplugin',0,'pullIndexing','0','bool'),('luceneplugin',0,'simdocs','1','bool'),('luceneplugin',0,'highlighting','1','bool'),('luceneplugin',0,'facetCategoryDiscipline','1','bool'),('luceneplugin',0,'facetCategorySubject','1','bool'),('luceneplugin',0,'facetCategoryType','1','bool'),('luceneplugin',0,'facetCategoryCoverage','1','bool'),('luceneplugin',0,'facetCategoryJournalTitle','1','bool'),('luceneplugin',0,'facetCategoryAuthors','1','bool'),('luceneplugin',0,'facetCategoryPublicationDate','1','bool'),('luceneplugin',0,'customRanking','0','bool'),('acronplugin',0,'enabled','1','bool'),('acronplugin',0,'crontab','a:27:{i:0;a:3:{s:9:\"className\";s:43:\"plugins.generic.usageStats.UsageStatsLoader\";s:9:\"frequency\";a:1:{s:4:\"hour\";i:24;}s:4:\"args\";a:1:{i:0;s:9:\"autoStage\";}}i:1;a:3:{s:9:\"className\";s:43:\"plugins.generic.usageStats.UsageStatsLoader\";s:9:\"frequency\";a:1:{s:4:\"hour\";i:24;}s:4:\"args\";a:1:{i:0;s:9:\"autoStage\";}}i:2;a:3:{s:9:\"className\";s:48:\"plugins.importexport.crossref.CrossrefInfoSender\";s:9:\"frequency\";a:1:{s:4:\"hour\";i:24;}s:4:\"args\";a:0:{}}i:3;a:3:{s:9:\"className\";s:48:\"plugins.importexport.datacite.DataciteInfoSender\";s:9:\"frequency\";a:1:{s:4:\"hour\";i:24;}s:4:\"args\";a:0:{}}i:4;a:3:{s:9:\"className\";s:42:\"plugins.importexport.medra.MedraInfoSender\";s:9:\"frequency\";a:1:{s:4:\"hour\";i:24;}s:4:\"args\";a:0:{}}i:5;a:3:{s:9:\"className\";s:40:\"plugins.importexport.doaj.DOAJInfoSender\";s:9:\"frequency\";a:1:{s:4:\"hour\";i:24;}s:4:\"args\";a:0:{}}i:6;a:3:{s:9:\"className\";s:43:\"plugins.generic.usageStats.UsageStatsLoader\";s:9:\"frequency\";a:1:{s:4:\"hour\";i:24;}s:4:\"args\";a:1:{i:0;s:9:\"autoStage\";}}i:7;a:3:{s:9:\"className\";s:48:\"plugins.importexport.crossref.CrossrefInfoSender\";s:9:\"frequency\";a:1:{s:4:\"hour\";i:24;}s:4:\"args\";a:0:{}}i:8;a:3:{s:9:\"className\";s:48:\"plugins.importexport.datacite.DataciteInfoSender\";s:9:\"frequency\";a:1:{s:4:\"hour\";i:24;}s:4:\"args\";a:0:{}}i:9;a:3:{s:9:\"className\";s:42:\"plugins.importexport.medra.MedraInfoSender\";s:9:\"frequency\";a:1:{s:4:\"hour\";i:24;}s:4:\"args\";a:0:{}}i:10;a:3:{s:9:\"className\";s:40:\"plugins.importexport.doaj.DOAJInfoSender\";s:9:\"frequency\";a:1:{s:4:\"hour\";i:24;}s:4:\"args\";a:0:{}}i:11;a:3:{s:9:\"className\";s:43:\"plugins.generic.usageStats.UsageStatsLoader\";s:9:\"frequency\";a:1:{s:4:\"hour\";i:24;}s:4:\"args\";a:1:{i:0;s:9:\"autoStage\";}}i:12;a:3:{s:9:\"className\";s:48:\"plugins.importexport.crossref.CrossrefInfoSender\";s:9:\"frequency\";a:1:{s:4:\"hour\";i:24;}s:4:\"args\";a:0:{}}i:13;a:3:{s:9:\"className\";s:48:\"plugins.importexport.datacite.DataciteInfoSender\";s:9:\"frequency\";a:1:{s:4:\"hour\";i:24;}s:4:\"args\";a:0:{}}i:14;a:3:{s:9:\"className\";s:42:\"plugins.importexport.medra.MedraInfoSender\";s:9:\"frequency\";a:1:{s:4:\"hour\";i:24;}s:4:\"args\";a:0:{}}i:15;a:3:{s:9:\"className\";s:40:\"plugins.importexport.doaj.DOAJInfoSender\";s:9:\"frequency\";a:1:{s:4:\"hour\";i:24;}s:4:\"args\";a:0:{}}i:16;a:3:{s:9:\"className\";s:43:\"plugins.generic.usageStats.UsageStatsLoader\";s:9:\"frequency\";a:1:{s:4:\"hour\";i:24;}s:4:\"args\";a:1:{i:0;s:9:\"autoStage\";}}i:17;a:3:{s:9:\"className\";s:48:\"plugins.importexport.crossref.CrossrefInfoSender\";s:9:\"frequency\";a:1:{s:4:\"hour\";i:24;}s:4:\"args\";a:0:{}}i:18;a:3:{s:9:\"className\";s:48:\"plugins.importexport.datacite.DataciteInfoSender\";s:9:\"frequency\";a:1:{s:4:\"hour\";i:24;}s:4:\"args\";a:0:{}}i:19;a:3:{s:9:\"className\";s:42:\"plugins.importexport.medra.MedraInfoSender\";s:9:\"frequency\";a:1:{s:4:\"hour\";i:24;}s:4:\"args\";a:0:{}}i:20;a:3:{s:9:\"className\";s:40:\"plugins.importexport.doaj.DOAJInfoSender\";s:9:\"frequency\";a:1:{s:4:\"hour\";i:24;}s:4:\"args\";a:0:{}}i:21;a:3:{s:9:\"className\";s:43:\"plugins.generic.usageStats.UsageStatsLoader\";s:9:\"frequency\";a:1:{s:4:\"hour\";i:24;}s:4:\"args\";a:1:{i:0;s:9:\"autoStage\";}}i:22;a:3:{s:9:\"className\";s:48:\"plugins.importexport.crossref.CrossrefInfoSender\";s:9:\"frequency\";a:1:{s:4:\"hour\";i:24;}s:4:\"args\";a:0:{}}i:23;a:3:{s:9:\"className\";s:48:\"plugins.importexport.datacite.DataciteInfoSender\";s:9:\"frequency\";a:1:{s:4:\"hour\";i:24;}s:4:\"args\";a:0:{}}i:24;a:3:{s:9:\"className\";s:42:\"plugins.importexport.medra.MedraInfoSender\";s:9:\"frequency\";a:1:{s:4:\"hour\";i:24;}s:4:\"args\";a:0:{}}i:25;a:3:{s:9:\"className\";s:40:\"plugins.importexport.doaj.DOAJInfoSender\";s:9:\"frequency\";a:1:{s:4:\"hour\";i:24;}s:4:\"args\";a:0:{}}i:26;a:3:{s:9:\"className\";s:35:\"lib.pkp.classes.task.ReviewReminder\";s:9:\"frequency\";a:1:{s:4:\"hour\";i:24;}s:4:\"args\";a:0:{}}}','object'),('mods34metadataplugin',0,'metadataPluginControlledVocabInstalled','1','bool'),('usageeventplugin',0,'uniqueSiteId','5af30d6a244a9','string'),('defaultthemeplugin',0,'enabled','1','bool'),('defaultthemeplugin',1,'enabled','1','bool'),('usagestatsplugin',0,'chartType','bar','string'),('usagestatsplugin',0,'datasetMaxCount','4','string'),('usageeventplugin',0,'enabled','1','bool'),('defaultthemeplugin',1,'baseColour','#0f7f2b','text'),('googleanalyticsplugin',1,'enabled','1','bool'),('pdfjsviewerplugin',1,'enabled','1','bool'),('customblockmanagerplugin',1,'enabled','1','bool'),('makesubmissionblockplugin',1,'enabled','1','bool'),('doipubidplugin',1,'enabled','1','bool'),('makesubmissionblockplugin',1,'context','1','int'),('makesubmissionblockplugin',1,'seq','8','int'),('menu',1,'enabled','1','bool'),('menu',1,'context','1','int'),('googlescholarplugin',1,'enabled','1','bool'),('defaultthemeplugin',1,'typography','notoSerif','string'),('staticpagesplugin',1,'enabled','1','bool'),('side_bar_kanan',1,'enabled','1','bool'),('side_bar_kanan',1,'context','1','int'),('crossrefexportplugin',1,'depositorName','Wafiq Adilah','string'),('menu_bar',1,'enabled','1','bool'),('menu_bar',1,'context','1','int'),('customblockmanagerplugin',1,'blocks','a:7:{i:2;s:7:\"sidebar\";i:3;s:8:\"template\";i:4;s:9:\"kunjungan\";i:5;s:8:\"tambahan\";i:6;s:5:\"tools\";i:7;s:8:\"indexing\";i:8;s:3:\"RJI\";}','object'),('template',1,'enabled','1','bool'),('template',1,'context','1','int'),('template',1,'blockContent','a:1:{s:5:\"en_US\";s:807:\"<div class=\"pkp_structure_sidebar left\" role=\"complementary\" aria-label=\"Sidebar\">\r\n<div id=\"customblock-QuickMenu\" class=\"pkp_block block_custom\">\r\n<div class=\"content\">\r\n<div class=\"content\">\r\n<div style=\"padding: 8px; border-bottom: 1px solid #696969; background: #f58212; color: #102e43;\"><strong><span style=\"font-size: medium; font-family: \'gadugi\', \'avant garde\';\"><span style=\"color: white;\">Template</span></span></strong></div>\r\n<div style=\"padding: 8px; border-bottom: 1px solid #696969; background: white; color: darkgreen;\"><a href=\"https://drive.google.com/file/d/1p0RqogVBS0R_GZgSOBj6vDbvhT-1ZwvG/view?usp=sharing\"> <img title=\"Sinta\" src=\"https://images2.imgbox.com/05/83/oRR6xDro_o.png\" alt=\"DESKRIPSI GAMBAR\" width=\"148\" height=\"55\" border=\"none\"></a></div>\r\n</div>\r\n</div>\r\n</div>\r\n</div>\";}','object'),('template',1,'seq','7','int'),('kunjungan',1,'enabled','1','bool'),('kunjungan',1,'context','1','int'),('kunjungan',1,'blockContent','a:1:{s:5:\"en_US\";s:822:\"<div class=\"pkp_structure_sidebar left\" role=\"complementary\" aria-label=\"Sidebar\">\r\n<div id=\"customblock-QuickMenu\" class=\"pkp_block block_custom\">\r\n<div class=\"content\">\r\n<div class=\"content\">\r\n<div style=\"padding: 8px; border-bottom: 1px solid #696969; background: #f58212; color: #102e43;\"><strong><span style=\"font-size: medium; font-family: \'gadugi\', \'avant garde\';\"><span style=\"color: white;\">Kunjungan</span></span></strong></div>\r\n<div style=\"padding: 8px; border-bottom: 1px solid #696969; background: white; color: darkgreen;\">\r\n<p><a href=\"https://info.flagcounter.com/Coew\"><img src=\"https://s05.flagcounter.com/count/Coew/bg_FFFFFF/txt_000000/border_CCCCCC/columns_2/maxflags_18/viewers_0/labels_0/pageviews_0/flags_0/percent_0/\" alt=\"Flag Counter\" border=\"0\"></a></p>\r\n</div>\r\n</div>\r\n</div>\r\n</div>\r\n</div>\";}','object'),('kunjungan',1,'seq','6','int'),('doipubidplugin',1,'enableIssueDoi','1','bool'),('doipubidplugin',1,'enableSubmissionDoi','1','bool'),('doipubidplugin',1,'enableRepresentationDoi','0','bool'),('doipubidplugin',1,'doiIssueSuffixPattern',NULL,'string'),('doipubidplugin',1,'doiRepresentationSuffixPattern',NULL,'string'),('dublincoremetaplugin',1,'enabled','1','bool'),('defaultmanuscriptchildthemeplugin',1,'enabled','1','bool'),('manuscriptjats',1,'enabled','1','bool'),('bootstrapthreethemeplugin',1,'enabled','1','bool'),('healthsciencesthemeplugin',1,'enabled','1','bool'),('bootstrapthreethemeplugin',1,'bootstrapTheme','readable','string'),('sidebar',1,'enabled','1','bool'),('sidebar',1,'context','1','int'),('sidebar',1,'blockContent','a:1:{s:5:\"en_US\";s:2725:\"<div class=\"pkp_structure_sidebar left\" role=\"complementary\" aria-label=\"Sidebar\">\r\n<div id=\"customblock-QuickMenu\" class=\"pkp_block block_custom\">\r\n<div class=\"content\">\r\n<div class=\"content\">\r\n<div style=\"padding: 8px; border-bottom: 1px solid #696969; background: #f58212; color: #102e43;\"><strong><span style=\"font-size: medium; font-family: \'gadugi\', \'avant garde\';\"><span style=\"color: white;\">ADDITIONAL MENU</span></span></strong></div>\r\n<div style=\"padding: 8px; border-bottom: 1px solid #696969; background: white; color: darkgreen;\"><a href=\"http://akperinsada.ac.id/e-jurnal/index.php/insada/focusandscoop\">Focus and Scope</a></div>\r\n<div style=\"padding: 8px; border-bottom: 1px solid #696969; background: white; color: darkgreen;\"><a href=\"http://akperinsada.ac.id/e-jurnal/index.php/insada/peerriewers\">Peer Reviewers</a></div>\r\n<div style=\"padding: 8px; border-bottom: 1px solid #696969; background: white; color: darkgreen;\"><a href=\"https://akperinsada.ac.id/e-jurnal/index.php/insada/peer-review-process\">Peer Review Process</a></div>\r\n<div style=\"padding: 8px; border-bottom: 1px solid #696969; background: white; color: darkgreen;\"><a href=\"http://akperinsada.ac.id/e-jurnal/index.php/insada/acknowledgement\">Acknowledgement to Reviewers</a></div>\r\n<div style=\"padding: 8px; border-bottom: 1px solid #696969; background: white; color: darkgreen;\"><a href=\"http://akperinsada.ac.id/e-jurnal/index.php/insada/editorialteam\">Editorial Team</a></div>\r\n<div style=\"padding: 8px; border-bottom: 1px solid #696969; background: white; color: darkgreen;\"><a href=\"http://akperinsada.ac.id/e-jurnal/index.php/insada/publicationethics\">Publication Ethics</a></div>\r\n<div style=\"padding: 8px; border-bottom: 1px solid #696969; background: white; color: darkgreen;\"><a href=\"http://akperinsada.ac.id/e-jurnal/index.php/insada/authorguidelines\">Author Guidelines</a></div>\r\n<div style=\"padding: 8px; border-bottom: 1px solid #696969; background: white; color: darkgreen;\"><a href=\"http://akperinsada.ac.id/e-jurnal/index.php/insada/onlinesubmissions\">Online Submissions</a></div>\r\n<div style=\"padding: 8px; border-bottom: 1px solid #696969; background: white; color: darkgreen;\"><a href=\"http://akperinsada.ac.id/e-jurnal/index.php/insada/authorfees\">Author Fees</a></div>\r\n<div style=\"padding: 8px; border-bottom: 1px solid #696969; background: white; color: darkgreen;\"><a href=\"http://akperinsada.ac.id/e-jurnal/index.php/insada/screenforplagiarsm\">Screen for Plagiarsm</a></div>\r\n<div style=\"padding: 8px; border-bottom: 1px solid #696969; background: white; color: darkgreen;\"><a href=\"http://akperinsada.ac.id/e-jurnal/index.php/insada/referencemanager\">Reference Manager</a></div>\r\n</div>\r\n</div>\r\n</div>\r\n</div>\";}','object'),('sidebar',1,'seq','1','int'),('browseblockplugin',1,'enabled','0','bool'),('crossrefexportplugin',1,'depositorEmail','wafiq.adilah@gmail.com','string'),('crossrefexportplugin',1,'username','akpins','string'),('crossrefexportplugin',1,'password','ak_2308_dkw','string'),('crossrefexportplugin',1,'automaticRegistration','0','bool'),('crossrefexportplugin',1,'testMode','0','bool'),('tools',1,'context','1','int'),('tambahan',1,'enabled','1','bool'),('tambahan',1,'context','1','int'),('tambahan',1,'blockContent','a:1:{s:5:\"en_US\";s:802:\"<div class=\"pkp_structure_sidebar left\" role=\"complementary\" aria-label=\"Sidebar\">\r\n<div id=\"customblock-QuickMenu\" class=\"pkp_block block_custom\">\r\n<div class=\"content\">\r\n<div class=\"content\">\r\n<div style=\"padding: 8px; border-bottom: 1px solid #696969; background: #f58212; color: #102e43;\"><strong><span style=\"font-size: medium; font-family: \'gadugi\', \'avant garde\';\"><span style=\"color: white;\">ISSN</span></span></strong></div>\r\n<div style=\"padding: 8px; border-bottom: 1px solid #696969; background: white; color: darkgreen;\"><a href=\"http://u.lipi.go.id/1546416008\">2655-9870 (Online)</a></div>\r\n<div style=\"padding: 8px; border-bottom: 1px solid #696969; background: white; color: darkgreen;\"><a href=\"http://u.lipi.go.id/1372831563\">2338-5375 (Print)</a></div>\r\n</div>\r\n</div>\r\n</div>\r\n</div>\";}','object'),('tambahan',1,'seq','2','int'),('tools',1,'blockContent','a:1:{s:5:\"en_US\";s:982:\"<div class=\"pkp_structure_sidebar left\" role=\"complementary\" aria-label=\"Sidebar\">\r\n<div id=\"customblock-QuickMenu\" class=\"pkp_block block_custom\">\r\n<div class=\"content\">\r\n<div class=\"content\">\r\n<div style=\"padding: 8px; border-bottom: 1px solid #696969; background: #f58212; color: #102e43;\"><strong><span style=\"font-size: medium; font-family: \'gadugi\', \'avant garde\';\"><span style=\"color: white;\">Recommended Tools</span></span></strong></div>\r\n<div style=\"padding: 8px; border-bottom: 1px solid #696969; background: white; color: darkgreen;\">\r\n<p><a title=\"mendeley\" href=\"https://www.mendeley.com/?interaction_required=true\" target=\"_blank\" rel=\"noopener\"><img src=\"/e-jurnal/public/site/images/admin/mendeley_icon.png\" width=\"159\" height=\"91\"></a></p>\r\n<p><a title=\"turnitin\" href=\"https://www.turnitin.com/\" target=\"_blank\" rel=\"noopener\"><img src=\"/e-jurnal/public/site/images/admin/turnitin_logo.jpg\" width=\"152\" height=\"93\"></a></p>\r\n</div>\r\n</div>\r\n</div>\r\n</div>\r\n</div>\";}','object'),('tools',1,'enabled','1','bool'),('tools',1,'seq','4','int'),('indexing',1,'enabled','1','bool'),('indexing',1,'context','1','int'),('indexing',1,'blockContent','a:1:{s:5:\"en_US\";s:1310:\"<div class=\"pkp_structure_sidebar left\" role=\"complementary\" aria-label=\"Sidebar\">\r\n<div id=\"customblock-QuickMenu\" class=\"pkp_block block_custom\">\r\n<div class=\"content\">\r\n<div class=\"content\">\r\n<div style=\"padding: 8px; border-bottom: 1px solid #696969; background: #f58212; color: #102e43;\"><strong><span style=\"font-size: medium; font-family: \'gadugi\', \'avant garde\';\"><span style=\"color: white;\">Indexing</span></span></strong></div>\r\n<div style=\"padding: 8px; border-bottom: 1px solid #696969; background: white; color: darkgreen;\">\r\n<p><a title=\"garuda\" href=\"https://garuda.ristekbrin.go.id/journal/view/20827\" target=\"_blank\" rel=\"noopener\"><img src=\"/e-jurnal/public/site/images/admin/Garuda11.png\" width=\"273\" height=\"75\"></a></p>\r\n<p><a title=\"google schoolar\" href=\"https://scholar.google.com/citations?user=q0A_mcAAAAAJ&amp;hl=en&amp;authuser=6\" target=\"_blank\" rel=\"noopener\"><img src=\"/e-jurnal/public/site/images/admin/google-scholar1.jpg\"></a></p>\r\n<p><a title=\"onesearch\" href=\"https://onesearch.id/Search/Results?type=AllFields&amp;filter%5B%5D=repoId%3A%22IOS15091%22\" target=\"_blank\" rel=\"noopener\"><img src=\"/e-jurnal/public/site/images/admin/359-3591935_onesearch-indonesia-one-search-logo-png-transparent-png.png\" width=\"228\" height=\"69\"></a></p>\r\n</div>\r\n</div>\r\n</div>\r\n</div>\r\n</div>\";}','object'),('indexing',1,'seq','3','int'),('supported by',1,'blockContent','a:1:{s:5:\"en_US\";s:763:\"<div class=\"pkp_structure_sidebar left\" role=\"complementary\" aria-label=\"Sidebar\">\r\n<div id=\"customblock-QuickMenu\" class=\"pkp_block block_custom\">\r\n<div class=\"content\">\r\n<div class=\"content\">\r\n<div style=\"padding: 8px; border-bottom: 1px solid #696969; background: #f58212; color: #102e43;\"><strong><span style=\"font-size: medium; font-family: \'gadugi\', \'avant garde\';\"><span style=\"color: white;\">Supported by</span></span></strong></div>\r\n<div style=\"padding: 8px; border-bottom: 1px solid #696969; background: white; color: darkgreen;\">\r\n<p><a href=\"https://relawanjurnal.id\" target=\"_blank\" rel=\"noopener\"><img src=\"https://assets.relawanjurnal.id/logo/rji.png\" alt=\"RJI Main logo\" width=\"auto\" height=\"auto\"></a></p>\r\n</div>\r\n</div>\r\n</div>\r\n</div>\r\n</div>\";}','object'),('rji',1,'enabled','1','bool'),('rji',1,'context','1','int'),('rji',1,'blockContent','a:1:{s:5:\"en_US\";s:763:\"<div class=\"pkp_structure_sidebar left\" role=\"complementary\" aria-label=\"Sidebar\">\r\n<div id=\"customblock-QuickMenu\" class=\"pkp_block block_custom\">\r\n<div class=\"content\">\r\n<div class=\"content\">\r\n<div style=\"padding: 8px; border-bottom: 1px solid #696969; background: #f58212; color: #102e43;\"><strong><span style=\"font-size: medium; font-family: \'gadugi\', \'avant garde\';\"><span style=\"color: white;\">Supported by</span></span></strong></div>\r\n<div style=\"padding: 8px; border-bottom: 1px solid #696969; background: white; color: darkgreen;\">\r\n<p><a href=\"https://relawanjurnal.id\" target=\"_blank\" rel=\"noopener\"><img src=\"https://assets.relawanjurnal.id/logo/rji.png\" alt=\"RJI Main logo\" width=\"auto\" height=\"auto\"></a></p>\r\n</div>\r\n</div>\r\n</div>\r\n</div>\r\n</div>\";}','object'),('rji',1,'seq','5','int');

--
-- Table structure for table `processes`
--

CREATE TABLE `processes` (
  `process_id` varchar(23) NOT NULL,
  `process_type` tinyint(4) NOT NULL,
  `time_started` bigint(20) NOT NULL,
  `obliterated` tinyint(4) NOT NULL DEFAULT 0,
  UNIQUE KEY `processes_pkey` (`process_id`)
) ENGINE=MyISAM DEFAULT CHARSET=latin1;

--
-- Dumping data for table `processes`
--


--
-- Table structure for table `published_submissions`
--

CREATE TABLE `published_submissions` (
  `published_submission_id` bigint(20) NOT NULL AUTO_INCREMENT,
  `submission_id` bigint(20) NOT NULL,
  `issue_id` bigint(20) NOT NULL,
  `date_published` datetime DEFAULT NULL,
  `seq` double NOT NULL DEFAULT 0,
  `access_status` tinyint(4) NOT NULL DEFAULT 0,
  PRIMARY KEY (`published_submission_id`),
  UNIQUE KEY `published_submissions_submission_id` (`submission_id`),
  KEY `published_submissions_issue_id` (`issue_id`)
) ENGINE=MyISAM AUTO_INCREMENT=110 DEFAULT CHARSET=latin1;

--
-- Dumping data for table `published_submissions`
--

INSERT INTO `published_submissions` VALUES (1,1,1,NULL,1,0),(3,4,1,NULL,2,0),(4,5,1,NULL,3,0),(5,6,1,'2016-06-30 10:41:45',4,0),(6,7,1,NULL,5,0),(7,8,1,NULL,6,0),(14,22,2,NULL,4,0),(9,14,2,NULL,1,0),(10,19,2,'2015-07-01 00:00:00',5,0),(11,20,2,NULL,2,0),(12,21,2,NULL,3,0),(15,28,3,NULL,1,0),(16,31,3,NULL,2,0),(17,32,3,NULL,3,0),(18,33,3,NULL,4,0),(19,34,3,NULL,5,0),(20,35,3,NULL,6,0),(21,40,1,'2017-02-20 10:48:51',7,0),(22,46,4,NULL,1,0),(23,47,4,NULL,2,0),(24,49,4,NULL,3,0),(25,50,4,NULL,4,0),(26,51,4,NULL,5,0),(27,52,4,NULL,6,0),(28,53,4,NULL,7,0),(29,54,5,NULL,1,0),(30,55,5,NULL,2,0),(31,56,5,NULL,3,0),(32,57,5,NULL,4,0),(33,58,5,NULL,5,0),(34,59,5,NULL,6,0),(35,74,5,'2018-05-22 00:00:00',7,0),(37,76,6,'2018-05-25 00:00:00',5,0),(38,77,6,'2018-05-25 00:00:00',6,0),(39,78,7,'2018-05-25 00:00:00',8,0),(40,79,6,'2018-05-27 20:51:51',1,0),(41,81,6,'2018-05-27 21:18:52',2,0),(42,82,6,'2018-05-27 21:32:56',3,0),(43,83,6,'2018-05-27 21:45:19',4,0),(44,84,6,'2018-05-30 08:47:20',8,0),(45,85,7,'2018-05-30 00:00:00',1,0),(46,86,7,'2018-05-30 00:00:00',2,0),(47,87,7,'2018-05-30 11:01:01',3,0),(48,88,7,'2018-05-30 12:09:13',4,0),(49,89,7,'2018-05-30 12:25:06',5,0),(50,90,7,'2018-05-30 13:26:57',6,0),(51,91,7,'2018-05-31 08:11:45',7,0),(52,99,8,'2018-11-07 00:00:00',1,0),(53,100,8,'2018-11-07 00:00:00',2,0),(54,113,8,'2018-11-09 15:28:31',3,0),(55,114,8,'2018-11-09 00:00:00',4,0),(56,115,8,'2018-11-09 15:35:32',5,0),(57,125,8,'2019-02-08 00:00:00',6,0),(58,133,9,'2019-05-13 13:55:55',1,0),(59,134,9,'2019-05-13 14:05:49',2,0),(60,135,9,'2019-05-13 14:16:36',3,0),(61,136,9,'2019-05-13 14:25:12',4,0),(62,137,9,'2019-05-14 10:10:14',5,0),(63,139,9,'2019-05-14 00:00:00',6,0),(64,141,9,'2019-05-14 11:53:22',7,0),(65,142,9,'2019-05-14 13:03:28',8,0),(66,146,10,'2019-07-12 00:00:00',1,0),(67,147,10,'2019-07-12 00:00:00',2,0),(68,148,10,'2019-07-12 00:00:00',4,0),(69,149,10,'2019-08-12 00:00:00',5,0),(70,150,10,'2019-07-12 00:00:00',6,0),(71,151,10,'2019-07-12 00:00:00',7,0),(72,152,10,'2019-07-12 00:00:00',3,0),(73,169,11,'2020-01-12 00:00:00',1,0),(74,171,11,'2020-01-12 00:00:00',2,0),(75,173,11,'2020-01-12 00:00:00',3,0),(76,174,11,'2020-01-12 00:00:00',4,0),(77,175,11,'2020-01-12 00:00:00',5,0),(78,176,11,'2020-01-12 00:00:00',6,0),(79,177,11,'2020-01-12 00:00:00',7,0),(80,178,11,'2020-01-12 00:00:00',8,0),(81,185,12,'2020-07-29 00:00:00',1,0),(82,186,12,'2020-07-29 00:00:00',2,0),(83,187,12,'2020-07-29 00:00:00',3,0),(84,188,12,'2020-07-29 00:00:00',4,0),(85,189,12,'2020-07-29 11:28:40',5,0),(86,190,12,'2020-07-29 11:37:49',6,0),(87,191,12,'2020-07-29 00:00:00',7,0),(88,193,12,'2020-07-29 11:59:29',8,0),(89,203,13,'2021-02-17 15:18:53',1,0),(90,204,13,'2021-02-17 00:00:00',2,0),(91,205,13,'2021-02-17 15:48:52',3,0),(92,206,13,'2021-02-18 00:00:00',4,0),(93,207,13,'2021-02-18 00:00:00',5,0),(94,208,13,'2021-02-18 10:46:13',6,0),(95,209,13,'2021-02-18 11:05:02',7,0),(96,210,13,'2021-02-18 11:12:58',8,0),(98,214,14,'2021-08-16 12:32:26',1,0),(99,215,14,'2021-08-16 12:36:58',2,0),(100,216,14,'2021-08-16 12:42:12',3,0),(101,218,14,'2021-08-16 12:45:28',4,0),(102,219,14,'2021-08-16 12:48:32',5,0),(103,222,15,'2022-02-04 00:00:00',1,0),(104,224,15,'2022-02-04 11:15:31',2,0),(105,231,15,'2022-02-04 11:16:20',3,0),(106,232,15,'2022-02-04 11:17:32',4,0),(107,233,15,'2022-02-04 00:00:00',5,0),(108,229,15,'2022-02-04 00:00:00',6,0),(109,234,15,'2022-02-04 00:00:00',7,0);

--
-- Table structure for table `queries`
--

CREATE TABLE `queries` (
  `query_id` bigint(20) NOT NULL AUTO_INCREMENT,
  `assoc_type` bigint(20) NOT NULL,
  `assoc_id` bigint(20) NOT NULL,
  `stage_id` tinyint(4) NOT NULL DEFAULT 1,
  `seq` double NOT NULL DEFAULT 0,
  `date_posted` datetime DEFAULT NULL,
  `date_modified` datetime DEFAULT NULL,
  `closed` smallint(6) NOT NULL DEFAULT 0,
  PRIMARY KEY (`query_id`),
  KEY `queries_assoc_id` (`assoc_type`,`assoc_id`)
) ENGINE=MyISAM AUTO_INCREMENT=215 DEFAULT CHARSET=latin1;

--
-- Dumping data for table `queries`
--

INSERT INTO `queries` VALUES (1,1048585,1,4,1,NULL,NULL,0),(2,1048585,1,5,2,NULL,NULL,0),(3,1048585,2,4,1,NULL,NULL,0),(4,1048585,2,5,2,NULL,NULL,0),(5,1048585,4,4,1,NULL,NULL,0),(6,1048585,4,5,2,NULL,NULL,0),(7,1048585,5,4,1,NULL,NULL,0),(8,1048585,5,5,2,NULL,NULL,0),(9,1048585,6,4,1,NULL,NULL,0),(10,1048585,6,5,2,NULL,NULL,0),(11,1048585,7,4,1,NULL,NULL,0),(12,1048585,7,5,2,NULL,NULL,0),(13,1048585,8,4,1,NULL,NULL,0),(14,1048585,8,5,2,NULL,NULL,0),(15,1048585,11,4,1,NULL,NULL,0),(16,1048585,11,5,2,NULL,NULL,0),(17,1048585,14,4,1,NULL,NULL,0),(18,1048585,14,5,2,NULL,NULL,0),(19,1048585,19,4,1,NULL,NULL,0),(20,1048585,19,5,2,NULL,NULL,0),(21,1048585,20,4,1,NULL,NULL,0),(22,1048585,20,5,2,NULL,NULL,0),(23,1048585,21,4,1,NULL,NULL,0),(24,1048585,21,5,2,NULL,NULL,0),(25,1048585,22,4,1,NULL,NULL,0),(26,1048585,22,5,2,NULL,NULL,0),(27,1048585,27,4,1,NULL,NULL,0),(28,1048585,27,5,2,NULL,NULL,0),(29,1048585,28,4,1,NULL,NULL,0),(30,1048585,28,5,2,NULL,NULL,0),(31,1048585,31,4,1,NULL,NULL,0),(32,1048585,31,5,2,NULL,NULL,0),(33,1048585,32,4,1,NULL,NULL,0),(34,1048585,32,5,2,NULL,NULL,0),(35,1048585,33,4,1,NULL,NULL,0),(36,1048585,33,5,2,NULL,NULL,0),(37,1048585,34,4,1,NULL,NULL,0),(38,1048585,34,5,2,NULL,NULL,0),(39,1048585,35,4,1,NULL,NULL,0),(40,1048585,35,5,2,NULL,NULL,0),(41,1048585,40,4,1,NULL,NULL,0),(42,1048585,40,5,2,NULL,NULL,0),(43,1048585,46,4,1,NULL,NULL,0),(44,1048585,46,5,2,NULL,NULL,0),(45,1048585,47,4,1,NULL,NULL,0),(46,1048585,47,5,2,NULL,NULL,0),(47,1048585,49,4,1,NULL,NULL,0),(48,1048585,49,5,2,NULL,NULL,0),(49,1048585,50,4,1,NULL,NULL,0),(50,1048585,50,5,2,NULL,NULL,0),(51,1048585,51,4,1,NULL,NULL,0),(52,1048585,51,5,2,NULL,NULL,0),(53,1048585,52,4,1,NULL,NULL,0),(54,1048585,52,5,2,NULL,NULL,0),(55,1048585,53,4,1,NULL,NULL,0),(56,1048585,53,5,2,NULL,NULL,0),(57,1048585,54,4,1,NULL,NULL,0),(58,1048585,54,5,2,NULL,NULL,0),(59,1048585,55,4,1,NULL,NULL,0),(60,1048585,55,5,2,NULL,NULL,0),(61,1048585,56,4,1,NULL,NULL,0),(62,1048585,56,5,2,NULL,NULL,0),(63,1048585,57,4,1,NULL,NULL,0),(64,1048585,57,5,2,NULL,NULL,0),(65,1048585,58,4,1,NULL,NULL,0),(66,1048585,58,5,2,NULL,NULL,0),(67,1048585,59,4,1,NULL,NULL,0),(68,1048585,59,5,2,NULL,NULL,0),(69,1048585,66,4,1,NULL,NULL,0),(70,1048585,66,5,2,NULL,NULL,0),(71,1048585,68,4,1,NULL,NULL,0),(72,1048585,68,5,2,NULL,NULL,0),(73,1048585,69,4,1,NULL,NULL,0),(74,1048585,69,5,2,NULL,NULL,0),(75,1048585,36,1,1,NULL,NULL,0),(76,1048585,45,1,1,NULL,NULL,0),(77,1048585,60,1,1,NULL,NULL,0),(78,1048585,61,1,1,NULL,NULL,0),(79,1048585,74,1,1,NULL,NULL,0),(89,1048585,77,5,1,NULL,NULL,0),(90,1048585,77,5,2,NULL,NULL,0),(107,1048585,99,5,1,NULL,NULL,1),(93,1048585,78,5,2,NULL,NULL,0),(96,1048585,93,1,1,NULL,NULL,0),(97,1048585,94,1,1,NULL,NULL,0),(98,1048585,95,1,1,NULL,NULL,0),(110,1048585,120,1,1,NULL,NULL,0),(115,1048585,141,3,1,NULL,NULL,0),(116,1048585,142,3,1,NULL,NULL,0),(117,1048585,143,1,1,NULL,NULL,0),(118,1048585,143,1,2,NULL,NULL,0),(119,1048585,146,3,1,NULL,NULL,0),(120,1048585,147,1,1,NULL,NULL,0),(121,1048585,147,3,2,NULL,NULL,0),(122,1048585,148,1,1,NULL,NULL,0),(124,1048585,148,3,2,NULL,NULL,0),(125,1048585,149,1,1,NULL,NULL,0),(126,1048585,149,3,2,NULL,NULL,0),(127,1048585,150,1,1,NULL,NULL,0),(128,1048585,151,1,1,NULL,NULL,0),(129,1048585,151,3,2,NULL,NULL,0),(130,1048585,152,1,1,NULL,NULL,0),(131,1048585,152,3,2,NULL,NULL,0),(132,1048585,154,1,1,NULL,NULL,0),(133,1048585,168,1,1,NULL,NULL,0),(134,1048585,169,1,1,NULL,NULL,0),(135,1048585,169,1,2,NULL,NULL,0),(136,1048585,169,1,3,NULL,NULL,0),(137,1048585,169,3,4,NULL,NULL,0),(138,1048585,169,3,5,NULL,NULL,0),(139,1048585,171,1,1,NULL,NULL,0),(140,1048585,171,1,2,NULL,NULL,0),(141,1048585,171,3,3,NULL,NULL,0),(142,1048585,171,3,4,NULL,NULL,0),(144,1048585,173,1,1,NULL,NULL,0),(145,1048585,173,1,2,NULL,NULL,0),(146,1048585,173,3,3,NULL,NULL,0),(147,1048585,174,1,1,NULL,NULL,0),(148,1048585,174,3,2,NULL,NULL,0),(149,1048585,175,1,1,NULL,NULL,0),(150,1048585,175,3,2,NULL,NULL,0),(151,1048585,176,1,1,NULL,NULL,0),(152,1048585,176,3,2,NULL,NULL,0),(153,1048585,177,1,1,NULL,NULL,0),(154,1048585,177,3,2,NULL,NULL,0),(155,1048585,178,1,1,NULL,NULL,0),(156,1048585,178,3,2,NULL,NULL,0),(157,1048585,182,1,1,NULL,NULL,0),(158,1048585,185,1,1,NULL,NULL,0),(159,1048585,185,1,2,NULL,NULL,0),(160,1048585,185,3,3,NULL,NULL,0),(161,1048585,186,1,1,NULL,NULL,0),(162,1048585,186,3,2,NULL,NULL,0),(163,1048585,187,1,1,NULL,NULL,0),(164,1048585,187,3,2,NULL,NULL,0),(165,1048585,188,1,1,NULL,NULL,0),(166,1048585,188,3,2,NULL,NULL,0),(167,1048585,189,1,1,NULL,NULL,0),(168,1048585,189,3,2,NULL,NULL,0),(169,1048585,190,1,1,NULL,NULL,0),(170,1048585,190,3,2,NULL,NULL,0),(171,1048585,191,1,1,NULL,NULL,0),(172,1048585,191,3,2,NULL,NULL,0),(173,1048585,193,1,1,NULL,NULL,0),(174,1048585,193,3,2,NULL,NULL,0),(175,1048585,198,1,1,NULL,NULL,0),(176,1048585,200,1,1,NULL,NULL,0),(177,1048585,201,1,1,NULL,NULL,0),(178,1048585,202,1,1,NULL,NULL,0),(179,1048585,203,1,1,NULL,NULL,0),(180,1048585,203,1,2,NULL,NULL,0),(181,1048585,203,1,3,NULL,NULL,0),(182,1048585,203,3,4,NULL,NULL,0),(183,1048585,203,3,5,NULL,NULL,0),(184,1048585,203,4,6,NULL,NULL,0),(185,1048585,204,1,1,NULL,NULL,0),(186,1048585,204,1,2,NULL,NULL,0),(187,1048585,204,3,3,NULL,NULL,0),(188,1048585,205,1,1,NULL,NULL,0),(189,1048585,205,3,2,NULL,NULL,0),(190,1048585,205,4,3,NULL,NULL,0),(191,1048585,205,5,4,NULL,NULL,0),(192,1048585,206,1,1,NULL,NULL,0),(193,1048585,206,1,2,NULL,NULL,0),(194,1048585,206,3,3,NULL,NULL,0),(195,1048585,206,4,4,NULL,NULL,0),(197,1048585,207,1,1,NULL,NULL,0),(198,1048585,207,3,2,NULL,NULL,0),(199,1048585,207,3,3,NULL,NULL,0),(200,1048585,207,4,4,NULL,NULL,0),(201,1048585,207,5,5,NULL,NULL,0),(202,1048585,208,1,1,NULL,NULL,0),(203,1048585,208,3,2,NULL,NULL,0),(204,1048585,208,4,3,NULL,NULL,0),(205,1048585,209,1,1,NULL,NULL,0),(206,1048585,209,1,2,NULL,NULL,0),(207,1048585,209,3,3,NULL,NULL,0),(208,1048585,209,3,4,NULL,NULL,0),(209,1048585,209,4,5,NULL,NULL,0),(210,1048585,210,1,1,NULL,NULL,0),(211,1048585,210,3,2,NULL,NULL,0),(212,1048585,210,4,3,NULL,NULL,0),(213,1048585,212,1,1,NULL,NULL,0);

--
-- Table structure for table `query_participants`
--

CREATE TABLE `query_participants` (
  `query_id` bigint(20) NOT NULL,
  `user_id` bigint(20) NOT NULL,
  UNIQUE KEY `query_participants_pkey` (`query_id`,`user_id`)
) ENGINE=MyISAM DEFAULT CHARSET=latin1;

--
-- Dumping data for table `query_participants`
--

INSERT INTO `query_participants` VALUES (1,1),(2,1),(3,1),(4,1),(5,1),(6,1),(7,1),(8,1),(9,1),(10,1),(11,1),(12,1),(13,1),(14,1),(15,1),(16,1),(17,1),(18,1),(19,1),(20,1),(21,1),(22,1),(23,1),(24,1),(25,1),(26,1),(27,1),(28,1),(29,1),(30,1),(31,1),(32,1),(33,1),(34,1),(35,1),(36,1),(37,1),(38,1),(39,1),(40,1),(41,1),(41,13),(42,1),(42,13),(43,1),(44,1),(45,1),(46,1),(47,1),(48,1),(49,1),(50,1),(51,1),(52,1),(53,1),(54,1),(55,1),(56,1),(57,1),(58,1),(59,1),(60,1),(61,1),(62,1),(63,1),(64,1),(65,1),(66,1),(67,1),(68,1),(69,1),(70,1),(71,1),(72,1),(73,1),(74,1),(75,6),(76,17),(77,19),(78,19),(79,1),(89,1),(90,1),(93,1),(96,23),(97,24),(98,27),(107,3),(110,34),(115,1),(116,1),(117,450),(118,1),(118,450),(119,1),(120,1),(121,1),(121,4),(122,1),(124,1),(125,1),(126,1),(127,1),(128,1),(129,1),(130,1),(131,1),(132,559),(133,1),(134,1),(135,1),(136,1),(136,4),(137,1),(137,4),(138,1),(139,1),(140,1),(140,4),(141,1),(141,4),(142,1),(144,1),(145,1),(145,4),(146,1),(147,1),(147,4),(148,1),(149,1),(149,4),(150,1),(151,1),(151,4),(152,1),(153,1),(153,4),(154,1),(155,1),(155,4),(156,1),(157,676),(158,1),(159,1),(160,1),(160,4),(161,1),(162,1),(162,4),(163,1),(164,1),(164,4),(165,1),(166,1),(166,4),(167,1),(168,1),(168,4),(169,1),(170,1),(170,4),(171,1),(172,1),(172,4),(173,1),(174,1),(174,4),(175,687),(176,690),(177,690),(178,690),(179,1),(180,1),(181,1),(181,4),(182,1),(182,4),(183,1),(184,1),(184,4),(185,1),(186,1),(186,4),(187,1),(188,1),(188,4),(189,1),(190,1),(190,4),(191,1),(191,4),(192,1),(192,4),(193,1),(194,1),(195,1),(197,1),(197,4),(198,1),(198,4),(199,1),(200,1),(200,4),(201,1),(201,4),(202,1),(202,4),(203,1),(204,1),(204,4),(205,1),(206,1),(206,4),(207,1),(207,4),(208,1),(209,1),(209,4),(210,1),(210,4),(211,1),(212,1),(212,4),(213,693);

--
-- Table structure for table `queued_payments`
--

CREATE TABLE `queued_payments` (
  `queued_payment_id` bigint(20) NOT NULL AUTO_INCREMENT,
  `date_created` datetime NOT NULL,
  `date_modified` datetime NOT NULL,
  `expiry_date` date DEFAULT NULL,
  `payment_data` text DEFAULT NULL,
  PRIMARY KEY (`queued_payment_id`)
) ENGINE=MyISAM DEFAULT CHARSET=latin1;

--
-- Dumping data for table `queued_payments`
--


--
-- Table structure for table `referral_settings`
--

CREATE TABLE `referral_settings` (
  `referral_id` bigint(20) NOT NULL,
  `locale` varchar(5) NOT NULL DEFAULT '',
  `setting_name` varchar(255) NOT NULL,
  `setting_value` text DEFAULT NULL,
  `setting_type` varchar(6) NOT NULL,
  UNIQUE KEY `referral_settings_pkey` (`referral_id`,`locale`,`setting_name`),
  KEY `referral_settings_referral_id` (`referral_id`)
) ENGINE=MyISAM DEFAULT CHARSET=latin1;

--
-- Dumping data for table `referral_settings`
--


--
-- Table structure for table `referrals`
--

CREATE TABLE `referrals` (
  `referral_id` bigint(20) NOT NULL AUTO_INCREMENT,
  `submission_id` bigint(20) NOT NULL,
  `status` smallint(6) NOT NULL,
  `url` varchar(255) NOT NULL,
  `date_added` datetime NOT NULL,
  `link_count` bigint(20) NOT NULL,
  PRIMARY KEY (`referral_id`),
  UNIQUE KEY `referral_article_id` (`submission_id`,`url`)
) ENGINE=MyISAM AUTO_INCREMENT=158 DEFAULT CHARSET=latin1;

--
-- Dumping data for table `referrals`
--

INSERT INTO `referrals` VALUES (1,32,1,'https://www.google.co.id/','2016-09-20 11:28:16',7),(2,35,1,'https://www.google.com/','2016-09-22 21:43:26',1),(3,31,1,'https://www.google.com','2016-09-23 20:12:31',1),(4,8,1,'https://www.google.co.id/','2016-09-29 20:21:57',5),(5,31,1,'https://www.google.co.id/','2016-10-06 13:24:43',1),(6,7,1,'https://www.google.com','2016-10-12 07:03:20',6),(7,33,1,'https://www.google.co.id/','2016-10-12 20:49:17',1),(8,33,1,'https://www.google.co.id','2016-10-13 11:34:12',2),(9,19,1,'https://www.google.com/','2016-10-14 12:21:30',1),(10,32,1,'https://scholar.google.co.id/','2016-10-15 09:13:16',12),(11,28,1,'http://scholar.google.co.id/scholar?start=250&q=journal+keperawatan+dengan+metode+kualitatif&hl=id&as_sdt=0,5','2016-10-15 21:42:53',1),(12,31,1,'https://scholar.google.co.id/scholar?q=makanan+peralihan&btnG=&hl=id&as_sdt=0%2C5&as_vis=1','2016-10-16 11:19:06',1),(13,35,1,'http://scholar.google.co.id/','2016-10-16 16:57:41',3),(14,34,1,'https://scholar.google.com','2016-10-17 11:47:59',2),(15,33,1,'https://scholar.google.co.id/scholar?hl=id&q=journal+menyusui+dengan+kb&btnG=','2016-10-17 14:38:49',1),(16,32,1,'https://scholar.google.co.id','2016-10-17 18:28:06',3),(17,34,1,'https://scholar.google.co.id','2016-10-17 21:26:32',2),(18,35,1,'https://scholar.google.co.id','2016-10-17 21:39:22',8),(19,34,1,'https://scholar.google.co.id/','2016-10-17 22:29:45',19),(20,33,1,'https://scholar.google.co.id/scholar?q=alasan+judul+gambaran&btnG=&hl=en&as_sdt=0%2C5&as_vis=1','2016-10-18 05:54:12',1),(21,21,1,'https://www.google.co.id/','2016-10-18 08:49:46',1),(22,35,1,'https://scholar.google.co.id/','2016-10-18 09:01:47',17),(23,20,1,'https://scholar.google.co.id/','2016-10-18 13:20:37',3),(24,35,1,'https://www.google.co.id/','2016-10-18 13:55:22',2),(25,8,1,'https://scholar.google.co.id/','2016-10-18 16:59:23',5),(26,19,1,'https://scholar.google.co.id/','2016-10-18 17:33:13',19),(27,22,1,'https://www.google.com','2016-10-18 21:14:39',1),(28,20,1,'http://scholar.google.co.id/scholar?q=buku+konsep+diri+remaja+obesitas&hl=id&as_sdt=0&as_vis=1&oi=scholart','2016-10-18 21:15:38',1),(29,33,1,'https://scholar.google.co.id/','2016-10-18 21:56:12',9),(30,31,1,'https://scholar.google.co.id/','2016-10-19 07:31:28',7),(31,19,1,'http://scholar.google.co.id/scholar?hl=id&oe=ASCII&q=jurnal+senam+jari+diabetes+mellitus&btnG=','2016-10-19 17:29:11',1),(32,5,1,'https://scholar.google.co.id/','2016-10-20 07:49:06',9),(33,6,1,'https://scholar.google.co.id/','2016-10-20 07:51:00',3),(34,4,1,'https://scholar.google.co.id/','2016-10-20 10:12:43',5),(35,20,1,'https://scholar.google.com','2016-10-20 11:07:19',1),(36,19,1,'https://scholar.google.co.id/scholar?start=20&q=jurnal+terkait+senam+diabetes&hl=id&as_sdt=0,5&as_ylo=2012','2016-10-20 14:02:15',1),(37,22,1,'https://www.google.co.id/','2016-10-20 18:33:47',1),(38,34,1,'http://scholar.google.co.id/scholar?start=40&q=kti+tentang+tingkat+kecemasan+pada+ibu+primigravida+dalam+menghadapi+persalinan&hl=id&as_sdt=0,5','2016-10-21 10:00:56',1),(39,19,1,'https://scholar.google.co.id/scholar?start=20&q=jurnal+endokrin&hl=en&as_sdt=0,5&as_ylo=2015','2016-10-22 12:19:17',1),(40,7,1,'http://scholar.google.co.id/scholar?q=hubungan+berpikir+dengan+intelegensi&hl=id&as_sdt=0&as_vis=1&oi=scholart&sa=X&ved=0ahUKEwilqIC98O3PAhVCto8KHbg-C0gQgQMICDAA','2016-10-22 14:24:15',1),(41,7,1,'https://scholar.google.co.id/scholar?q=hubungan+berpikir+dengan+intelegensi&hl=id&as_sdt=0&as_vis=1&oi=scholart&sa=X&ved=0ahUKEwiNjr-gi-7PAhXEsI8KHZLoBcYQgQMICDAA','2016-10-22 16:23:58',1),(42,7,1,'https://scholar.google.co.id/','2016-10-23 09:43:10',2),(43,28,1,'https://scholar.google.co.id','2016-10-23 10:38:09',4),(44,33,1,'https://scholar.google.com/','2016-10-23 12:48:05',1),(45,7,1,'http://scholar.google.co.id/scholar?q=hubungan+berpikir+dengan+intelegensi&hl=id&as_sdt=0&as_vis=1&oi=scholart&sa=X&ved=0ahUKEwipooC8mvHPAhXKqI8KHbMcANsQgQMICDAA','2016-10-23 22:10:59',1),(46,35,1,'https://scholar.google.com','2016-10-24 11:10:10',1),(47,33,1,'https://scholar.google.com','2016-10-24 11:13:42',1),(48,8,1,'https://www.google.com/','2016-10-24 23:57:49',1),(49,35,1,'https://scholar.google.co.id/scholar?start=40&q=penyakit+kehamilan+yang+diharuskan+aborsi&hl=id&as_sdt=0,5&as_ylo=2016','2016-10-25 17:16:00',1),(50,19,1,'https://scholar.google.co.id','2016-10-25 18:48:55',4),(51,35,1,'http://scholar.google.com/scholar?start=10&q=jurnal+tentang+faktor+penyebab+perdarahan+post+partum+2016&hl=en&as_sdt=0,5&as_vis=1','2016-10-25 20:17:07',2),(52,8,1,'https://scholar.google.co.id/scholar?q=jurnal+nasional+body+image&btnG=&hl=id&as_sdt=0%2C5','2016-10-25 21:06:48',2),(53,20,1,'http://scholar.google.co.id/scholar?start=40&q=konsep+diri+pada+remaja+obesitas&hl=en&as_sdt=0,5','2016-10-25 21:29:46',1),(54,32,1,'https://scholar.google.com','2016-10-25 22:05:11',2),(55,8,1,'http://scholar.google.co.id/scholar?hl=id&q=jurnal+citra+tubuh+akibat+kemoterapi&btnG=','2016-10-25 22:09:03',2),(56,19,1,'http://scholar.google.co.id/scholar?start=50&q=jurnal+endokrin&hl=id&oe=ASCII&as_sdt=0,5','2016-10-25 23:13:22',1),(57,19,1,'https://scholar.google.co.id/scholar?hl=id&q=jurnal+keperawatan+endokrin&btnG=','2016-10-26 05:57:08',9),(58,19,1,'http://ibn.adreach.co/interstitial?orgUrl=http%3A%2F%2Fwww.akperppni.ac.id%2Fe-jurnal%2Findex.php%2Finsada%2Farticle%2Fview%2F19%2F10&adsTransactionId=D0477436294348594&interstitialTimeout=7&width=320&height=480&i=174232072&clickUrl=http%3A%2F%2Fibn.adrea','2016-10-26 05:58:25',1),(59,19,1,'http://ibn.adreach.co/interstitial?orgUrl=http%3A%2F%2Fwww.akperppni.ac.id%2Fe-jurnal%2Findex.php%2Finsada%2Farticle%2Fview%2F19&adsTransactionId=D0477441418417762&interstitialTimeout=7&width=320&height=480&i=174232072&clickUrl=http%3A%2F%2Fibn.adreach.co','2016-10-26 07:23:50',1),(60,7,1,'https://scholar.google.co.id','2016-10-26 10:36:46',1),(61,14,1,'https://scholar.google.co.id/','2016-10-26 15:08:15',3),(62,19,1,'https://scholar.google.com/','2016-10-26 21:18:56',3),(63,31,1,'http://scholar.google.co.id/scholar?start=240&q=jurnal+keperawaran+tentang+maternitas&hl=id&oe=ASCII&as_sdt=0,5','2016-10-27 18:52:11',1),(64,8,1,'https://www.google.co.id','2016-10-28 12:39:05',1),(65,19,1,'http://scholar.google.co.id/scholar?hl=id&q=jurnal+leg+exercise&btnG=','2016-10-31 15:20:52',1),(66,5,1,'https://www.google.co.id/','2016-10-31 18:14:45',1),(67,33,1,'https://scholar.google.co.id','2016-11-01 16:16:24',2),(68,32,1,'https://scholar.google.co.id/scholar?start=10&q=Tingkat+Pengetahuan+Ibu+nifas+tentang+teknik+menyususi+yang+benar&hl=id&as_sdt=0,5&as_ylo=2015','2016-11-02 10:53:25',3),(69,19,1,'http://scholar.google.co.id/scholar?start=10&q=jurnal+keperawatan++tentang+senam+kaki+pada+diabetes+millitus+&hl=id&as_sdt=0,5','2016-11-02 12:30:20',1),(70,4,1,'https://scholar.google.com','2016-11-06 19:30:53',1),(71,4,1,'https://scholar.google.co.id','2016-11-06 19:36:36',4),(72,4,1,'https://www.google.com','2016-11-06 19:38:38',1),(73,7,1,'https://www.google.co.id/search?q=jurnal+berpikir+kritis+proses+keperawatan&hl=id&ie=UTF-8&prmd=ivns&ei=qUYhWKO_DMHdvgTDxJLAAg&start=10&sa=N','2016-11-08 10:31:04',1),(74,7,1,'https://www.google.co.id/search?hl=id&ie=ISO-8859-1&q=http%3A%2F%2Fwww.akperppni.ac.id%2Fe-jurnal%2Findex.php%2Finsada%2Farticle%2Fview%2F7','2016-11-08 11:17:44',1),(75,7,1,'https://www.google.com/','2016-11-09 20:53:59',2),(76,7,1,'https://www.google.co.id/','2016-11-10 13:17:16',10),(77,7,1,'https://www.google.co.id','2016-11-12 11:21:11',3),(78,33,1,'https://www.google.co.id/search?hl=id&ie=ISO-8859-1&q=alasan+pemilihan+alat','2016-12-09 09:20:34',2),(79,5,1,'http://scholar.google.co.id/scholar_url?url=http%3A%2F%2Fwww.akperppni.ac.id%2Fe-jurnal%2Findex.php%2Finsada%2Farticle%2Fview%2F5&hl=id&sa=T&ct=res&cd=32&ei=0CBKWLW7CsSV2AaKsqLgAg&scisig=AAGBfm1A9bgToS8VpOVfK5Heh0wMTtDulg&nossl=1&ws=343x2782','2016-12-09 10:11:28',1),(80,4,1,'http://scholar.google.co.id/scholar?q=jurnal+penelitian,+pengetahuan+remaja+tentang+pernikahan+dini+tahun+2015&hl=id&as_sdt=0&as_vis=1&oi=scholart&sa=X&ved=0ahUKEwjl1bPfxfDQAhVFOI8KHTHgAcEQgQMICzAA','2016-12-13 13:31:39',1),(81,4,1,'http://scholar.google.com/scholar?start=50&q=faktor+risiko+kehamilan+remaja+pdf&hl=id&as_sdt=0,5&as_ylo=2010&as_vis=1','2016-12-14 00:31:59',1),(82,34,1,'http://scholar.google.com/scholar?as_ylo=2016&q=jurnal+hubungan+pengetahuan+ibu+hamil+primigravida+trimester+III+mengenai+kecemasan++dalam+menghadapi+persiapan+persalinan&hl=id&as_sdt=0,5&as_vis=1','2016-12-14 15:31:52',2),(83,34,1,'http://scholar.google.com/scholar?start=0&q=jurnal+hubungan+pengetahuan+ibu+hamil+primigravida+trimester+III+mengenai+kecemasan++dalam+menghadapi+persiapan+persalinan&hl=id&as_sdt=0,5&as_ylo=2016&as_vis=1','2016-12-14 15:41:25',2),(84,28,1,'https://scholar.google.co.id/','2016-12-17 09:51:14',4),(85,5,1,'https://www.google.com','2016-12-19 05:56:40',1),(86,28,1,'http://scholar.google.co.id/scholar?q=jurnal+keperawatan+ca+servik&btnG=&hl=id&as_sdt=0%2C5&as_ylo=2016','2016-12-19 21:27:09',1),(87,7,1,'https://scholar.google.com','2016-12-20 12:22:32',2),(88,7,1,'http://scholar.google.co.id/scholar?start=10&q=jurnal+%22iq%22&hl=id&as_sdt=0,5&as_ylo=2015','2016-12-22 07:20:01',1),(89,14,1,'https://scholar.google.co.id','2016-12-22 11:39:34',5),(90,35,1,'https://scholar.google.co.id/scholar?start=20&q=journal+penkes+zat+besi+pada+ibu+hamil&hl=id&as_sdt=0,5','2016-12-24 15:57:33',1),(91,19,1,'https://www.google.co.id/','2017-01-23 15:36:35',2),(92,19,1,'https://www.google.com','2017-01-24 07:40:59',2),(93,40,1,'http://scholar.google.co.id/scholar?start=100&q=jurnal+penelitian+eksperimental+kesehatan&hl=en&as_sdt=0,5&as_ylo=2017','2017-03-05 15:18:01',1),(94,40,1,'https://www.google.com/','2017-03-06 22:06:19',1),(95,35,1,'http://scholar.google.co.id/scholar?start=90&q=jurnal+PEMERIKSAAN+HEMATOKRIT+pada+ibu+hamil+trimester+II+dan+trimester+III&hl=id&as_sdt=0,5','2017-03-07 10:46:32',1),(96,40,1,'https://scholar.google.co.id/','2017-03-08 05:57:41',16),(97,31,1,'https://scholar.google.co.id/scholar?start=90&q=Pengetahuan+ibu,+pemberian+MP+ASI+6-24+bulan&hl=en&as_sdt=0,5','2017-03-09 13:10:49',1),(98,35,1,'https://scholar.google.co.id/scholar?start=30&q=jurnal+kemahilan+hipertensi&hl=id&as_sdt=0,5','2017-03-10 18:18:37',2),(99,40,1,'http://yandex.ru/clck/jsredir?from=yandex.ru%3Bsearch%3Bweb%3B%3B&text=&etext=1358.1cKYG1ytI4jsVoFb_QM4M924i5HLbCeVhSsf5uYbQrh6oDaG9jkwkVd6pDhFDmy_.9cda2dda355328cf93a2a75ddc7c05e014a4c3d0&uuid=&state=_BLhILn4SxNIvvL0W45KSic66uCIg23qh8iRG98qeIXmeppkgUc0YC','2017-03-12 12:39:59',1),(100,31,1,'http://scholar.google.com/scholar_url?url=http%3A%2F%2Fwww.akperinsada.ac.id%2Fe-jurnal%2Findex.php%2Finsada%2Farticle%2Fview%2F31&hl=id&sa=T&ct=res&cd=0&ei=ERfGWLf4N5GYjAHm3o3QCQ&scisig=AAGBfm2_hkYtBNX0AIQEouPgSRNz2xzG-A&nossl=1&ws=338x284','2017-03-13 10:51:01',1),(101,40,1,'http://yandex.ru/clck/jsredir?from=yandex.ru%3Bsearch%3Bweb%3B%3B&text=&etext=1359.m-gmA4B-JUnFfzRF5MA9A1O1L7LhWnew8BEUkGcMXtXvOwp8vbyZhixlGyFMwli9.7c39f235765ca16318a3c86ff499221c1151df78&uuid=&state=_BLhILn4SxNIvvL0W45KSic66uCIg23qh8iRG98qeIXmeppkgUc0YL','2017-03-13 21:43:01',1),(102,31,1,'http://scholar.google.co.id/scholar?q=jurnal+keperawatan+neuro&btnG=&hl=id&oe=ASCII&as_sdt=0%2C5&as_ylo=2016&as_vis=1','2017-03-15 09:58:29',1),(103,40,1,'http://yandex.ru/clck/jsredir?from=yandex.ru%3Bsearch%3Bweb%3B%3B&text=&etext=1361.bxYgI2ThkNZYP5P0MiFaS2_KMkADV6c56pMGB8ncmbVSUzava6mBpbpalzaTsmwt.559a83a9f40563478f346e812b6025113a621410&uuid=&state=_BLhILn4SxNIvvL0W45KSic66uCIg23qh8iRG98qeIXmeppkgUc0YM','2017-03-15 15:18:57',1),(104,35,1,'http://scholar.google.co.id/scholar?start=10&q=jurnal+post+partum,infeksi,syok+pada+persalinan+lama&hl=id&as_sdt=0,5','2017-03-16 12:26:46',1),(105,40,1,'http://scholar.google.co.id/scholar?start=10&q=jurnal+yang+menggunakan+metode+khort+eksperimen&hl=id&as_sdt=0,5','2017-03-22 13:32:40',1),(106,35,1,'https://scholar.google.co.id/scholar?start=10&q=jurnal+ibu+hamil+dengan+anemia+:+2016&hl=id&as_sdt=0,5&as_vis=1','2017-03-23 21:06:30',1),(107,31,1,'https://scholar.google.co.id','2017-03-25 22:22:35',2),(108,31,1,'https://scholar.google.co.id/scholar?start=70&q=tingkat+pengetahuan,+makanan+pendamping+ASI,+bayi+usia+6-24+bulan,+ibu&hl=en&as_sdt=0,5','2017-03-29 23:16:45',2),(109,32,1,'https://scholar.google.co.id/scholar?q=contoh+proposal+tentang+gambaran+pengetahuan+ibu+nifas+tentang+teknik+menyusui+yang+benar&hl=id&as_sdt=0&as_vis=1&oi=scholart&sa=X&ved=0ahUKEwiu5MPXuYLTAhVGk5QKHd3KDpwQgQMIGDAA','2017-04-01 11:46:27',1),(110,40,1,'http://scholar.google.co.id/scholar?start=50&q=jurnal+keperawatan+kesehatan+reproduksi+&hl=id&oe=ASCII&as_sdt=0,44&as_ylo=2017','2017-04-03 10:07:31',1),(111,34,1,'http://scholar.google.co.id/scholar?start=190&q=hubungan+antara+tingkat+pengetahuan+debgan+tingkat+kecemasan+ibu+hamil+terhadap+perubahan+fisiologi+selama+kehamilan&hl=id&oe=ASCII&as_sdt=0,5','2017-04-03 13:51:21',1),(112,46,1,'http://scholar.google.co.id/scholar_url?url=http%3A%2F%2Fwww.akperinsada.ac.id%2Fe-jurnal%2Findex.php%2Finsada%2Farticle%2Fview%2F46&hl=id&sa=T&ct=res&cd=44&ei=rnfjWKGINcOR2AbA6aaADA&scisig=AAGBfm2kdbpuKmES-yVmtOksb12EHo3yMA&nossl=1&ws=300x434','2017-04-04 17:39:08',1),(113,53,1,'https://scholar.google.co.id/','2017-04-05 08:51:50',13),(114,50,1,'https://scholar.google.co.id/','2017-04-05 12:46:30',7),(115,52,1,'https://scholar.google.co.id/','2017-04-05 16:23:38',5),(116,40,1,'http://scholar.google.co.id/scholar?start=10&q=jurnal+hubungan+pendidikan+kesehatan+tentang+pergaulan+bebas+terhadap+pengetahuan+dan+sikap+remaja&hl=id&oe=ASCII&as_sdt=0,5&as_ylo=2017','2017-04-05 16:44:01',1),(117,53,1,'https://scholar.google.com/','2017-04-05 18:33:46',1),(118,58,1,'http://scholar.google.co.id/scholar?q=jurnal+tanggung+gugat+dalam+praktek+kebidanan&btnG=&hl=en&as_sdt=0%2C5','2017-04-06 10:59:46',1),(119,51,1,'https://scholar.google.co.id/','2017-04-06 12:40:01',5),(120,53,1,'https://scholar.google.co.id','2017-04-06 14:31:09',2),(121,55,1,'https://scholar.google.co.id/','2017-04-06 18:20:39',1),(122,56,1,'https://scholar.google.co.id/','2017-04-07 15:55:34',3),(123,34,1,'http://scholar.google.co.in/','2017-04-10 09:44:16',3),(124,50,1,'https://scholar.google.co.id/scholar?start=30&q=jurnal+media+pembelajaran+keperawatan&hl=en&as_sdt=0,5','2017-04-10 19:37:47',1),(125,50,1,'https://scholar.google.co.id','2017-04-10 23:44:15',2),(126,54,1,'https://scholar.google.co.id/','2017-04-11 05:41:04',7),(127,51,1,'https://scholar.google.co.id','2017-04-11 07:38:07',1),(128,46,1,'https://scholar.google.co.id','2017-04-11 09:43:11',2),(129,51,1,'https://scholar.google.com/','2017-04-11 23:13:54',1),(130,58,1,'https://scholar.google.co.id/','2017-04-12 07:55:26',5),(131,40,1,'http://scholar.google.com/scholar?start=10&q=jurnal++hiv++pada+remaja&hl=id&as_sdt=0,5&as_ylo=2017&as_vis=1','2017-04-12 20:53:15',1),(132,32,1,'https://scholar.google.com/','2017-04-13 14:22:23',2),(133,34,1,'https://scholar.google.co.id/scholar?q=kasus+antenatal+care+pertanyaan&hl=id&as_sdt=0&as_vis=1&oi=scholart&sa=X&ved=0ahUKEwiw_NDw-qDTAhXGqI8KHTyrCMkQgQMICDAA','2017-04-13 14:58:33',1),(134,49,1,'https://scholar.google.co.id/scholar?start=10&q=kualitas+asi+jurnal&hl=id&as_sdt=0,5&as_vis=1','2017-04-16 20:32:13',1),(135,8,1,'http://yandex.ru/clck/jsredir?from=yandex.ru%3Bsearch%3Bweb%3B%3B&text=&etext=1393.noyyDpTAQa_PpuiyoD4gQt44kgBuTmqqYcn8vbJFbJSD22EyfDVnlH-ltH4i0VZS.82a8e09991d0360080584e627689db45152fe576&uuid=&state=_BLhILn4SxNIvvL0W45KSic66uCIg23qh8iRG98qeIXmeppkgUc0YG','2017-04-16 23:39:19',1),(136,46,1,'https://scholar.google.co.id/','2017-04-17 15:16:43',2),(137,47,1,'https://scholar.google.co.id/scholar?q=first+line+therapy+hipoglikemik&btnG=&hl=id&as_sdt=0%2C5&oq=first+line+therapy+hipoglike','2017-04-19 01:48:28',1),(138,47,1,'http://ibn.adreach.co/interstitial?orgUrl=http%3A%2F%2Fwww.akperinsada.ac.id%2Fe-jurnal%2Findex.php%2Finsada%2Farticle%2Fview%2F47&adsTransactionId=D0192541308850187&interstitialTimeout=7&width=320&height=480&i=169600076&clickUrl=http%3A%2F%2Fibn.adreach.','2017-04-19 01:48:32',1),(139,54,1,'http://yandex.ru/clck/jsredir?from=yandex.ru%3Bsearch%3Bweb%3B%3B&text=&etext=1396.mX7KqZqk1X_DbUsf3Temq9xRWYOwteVENSM-wQigDZz3DnJkZdbI6FzVzA-PjB26.473d42c7498a7f65f50bbfc8b87fe0f67473ce30&uuid=&state=_BLhILn4SxNIvvL0W45KSic66uCIg23qh8iRG98qeIXmeppkgUc0YG','2017-04-19 11:10:12',1),(140,54,1,'https://scholar.google.co.id','2017-04-19 12:25:27',1),(141,47,1,'https://scholar.google.co.id/','2017-04-20 12:31:17',1),(142,54,1,'http://yandex.ru/clck/jsredir?from=yandex.ru%3Bsearch%3Bweb%3B%3B&text=&etext=1398.MfZXOS-ooDNIHzZEMqiWNydqxwCHX9ELmRVbTo5CAZmptkTunZUOpo7EsgbEMmDd.feace9d630c1e298b72b348a6092bf1389b7332e&uuid=&state=_BLhILn4SxNIvvL0W45KSic66uCIg23qh8iRG98qeIXmeppkgUc0YM','2017-04-21 20:00:04',1),(143,53,1,'http://scholar.google.co.id/scholar?start=30&q=pengembangan+asuhan+kebidanan+pada+persalinan+dengan+distosia+&hl=id&as_sdt=0,44','2017-04-22 11:02:15',3),(144,56,1,'https://scholar.google.co.id/scholar?q=persalinan+secara+gentle+birth&btnG=&hl=id&as_sdt=0%2C5&as_ylo=2016','2017-04-23 19:30:32',1),(145,40,1,'https://www.google.co.id/','2018-04-13 04:31:11',3),(146,47,1,'https://www.google.co.id/','2018-04-16 22:08:43',1),(147,52,1,'https://www.google.com/','2018-04-19 09:01:06',1),(148,57,1,'https://scholar.google.co.id/','2018-04-19 19:50:25',3),(149,56,1,'https://www.google.co.id/','2018-04-21 14:33:02',2),(150,20,1,'https://www.google.com/','2018-04-22 09:13:35',1),(151,20,1,'https://www.google.co.id/','2018-04-24 07:54:54',1),(152,52,1,'https://www.google.co.id/','2018-04-26 09:22:26',3),(153,28,1,'https://www.google.co.id/','2018-04-26 09:26:50',1),(154,57,1,'https://scholar.google.co.id','2018-04-26 11:29:49',1),(155,57,1,'http://scholar.google.co.id/scholar_url?url=http%3A%2F%2Fakperinsada.ac.id%2Fe-jurnal%2Findex.php%2Finsada%2Farticle%2Fview%2F57&hl=id&sa=T&ct=res&cd=26&ei=p_PqWqGFN8e0yATpxYz4CA&scisig=AAGBfm1lN-2guUB9FKMJTeJg2nSM0bcT4A&nossl=1&ws=1366x667','2018-05-03 18:34:08',1),(156,59,1,'https://www.google.com/','2018-05-05 12:38:47',1),(157,50,1,'http://scholar.google.co.id/scholar_url?url=http%3A%2F%2Fakperinsada.ac.id%2Fe-jurnal%2Findex.php%2Finsada%2Farticle%2Fview%2F50&hl=id&sa=T&ct=res&cd=6&ei=lQ3xWpygAtGiywS_sargDw&scisig=AAGBfm0STTH5MssdNV5JHuG-S0tKBW1_rQ&nossl=1&ws=338x292','2018-05-08 09:38:49',1);

--
