--
-- Host: localhost    Database: akps5268_jurnal
-- ------------------------------------------------------


--
-- Table structure for table `access_keys`
--

CREATE TABLE `access_keys` (
  `access_key_id` bigint(20) NOT NULL AUTO_INCREMENT,
  `context` varchar(40) NOT NULL,
  `key_hash` varchar(40) NOT NULL,
  `user_id` bigint(20) NOT NULL,
  `assoc_id` bigint(20) DEFAULT NULL,
  `expiry_date` datetime NOT NULL,
  PRIMARY KEY (`access_key_id`),
  KEY `access_keys_hash` (`key_hash`,`user_id`,`context`)
) ENGINE=MyISAM DEFAULT CHARSET=latin1;

--
-- Dumping data for table `access_keys`
--


--
-- Table structure for table `announcement_settings`
--

CREATE TABLE `announcement_settings` (
  `announcement_id` bigint(20) NOT NULL,
  `locale` varchar(5) NOT NULL DEFAULT '',
  `setting_name` varchar(255) NOT NULL,
  `setting_value` text DEFAULT NULL,
  `setting_type` varchar(6) NOT NULL,
  UNIQUE KEY `announcement_settings_pkey` (`announcement_id`,`locale`,`setting_name`),
  KEY `announcement_settings_announcement_id` (`announcement_id`)
) ENGINE=MyISAM DEFAULT CHARSET=latin1;

--
-- Dumping data for table `announcement_settings`
--


--
-- Table structure for table `announcement_type_settings`
--

CREATE TABLE `announcement_type_settings` (
  `type_id` bigint(20) NOT NULL,
  `locale` varchar(5) NOT NULL DEFAULT '',
  `setting_name` varchar(255) NOT NULL,
  `setting_value` text DEFAULT NULL,
  `setting_type` varchar(6) NOT NULL,
  UNIQUE KEY `announcement_type_settings_pkey` (`type_id`,`locale`,`setting_name`),
  KEY `announcement_type_settings_type_id` (`type_id`)
) ENGINE=MyISAM DEFAULT CHARSET=latin1;

--
-- Dumping data for table `announcement_type_settings`
--


--
-- Table structure for table `announcement_types`
--

CREATE TABLE `announcement_types` (
  `type_id` bigint(20) NOT NULL AUTO_INCREMENT,
  `assoc_type` smallint(6) DEFAULT NULL,
  `assoc_id` bigint(20) NOT NULL,
  PRIMARY KEY (`type_id`),
  KEY `announcement_types_assoc` (`assoc_type`,`assoc_id`)
) ENGINE=MyISAM DEFAULT CHARSET=latin1;

--
-- Dumping data for table `announcement_types`
--


--
-- Table structure for table `announcements`
--

CREATE TABLE `announcements` (
  `announcement_id` bigint(20) NOT NULL AUTO_INCREMENT,
  `assoc_type` smallint(6) DEFAULT NULL,
  `assoc_id` bigint(20) NOT NULL,
  `type_id` bigint(20) DEFAULT NULL,
  `date_expire` datetime DEFAULT NULL,
  `date_posted` datetime NOT NULL,
  PRIMARY KEY (`announcement_id`),
  KEY `announcements_assoc` (`assoc_type`,`assoc_id`)
) ENGINE=MyISAM DEFAULT CHARSET=latin1;

--
-- Dumping data for table `announcements`
--


--
-- Table structure for table `article_comments`
--

CREATE TABLE `article_comments` (
  `comment_id` bigint(20) NOT NULL AUTO_INCREMENT,
  `comment_type` bigint(20) DEFAULT NULL,
  `role_id` bigint(20) NOT NULL,
  `article_id` bigint(20) NOT NULL,
  `assoc_id` bigint(20) NOT NULL,
  `author_id` bigint(20) NOT NULL,
  `comment_title` varchar(255) NOT NULL,
  `comments` text DEFAULT NULL,
  `date_posted` datetime DEFAULT NULL,
  `date_modified` datetime DEFAULT NULL,
  `viewable` tinyint(4) DEFAULT NULL,
  PRIMARY KEY (`comment_id`),
  KEY `article_comments_article_id` (`article_id`)
) ENGINE=MyISAM DEFAULT CHARSET=latin1;

--
-- Dumping data for table `article_comments`
--


--
-- Table structure for table `article_email_log`
--

CREATE TABLE `article_email_log` (
  `log_id` bigint(20) NOT NULL AUTO_INCREMENT,
  `article_id` bigint(20) NOT NULL,
  `sender_id` bigint(20) NOT NULL,
  `date_sent` datetime NOT NULL,
  `ip_address` varchar(15) DEFAULT NULL,
  `event_type` bigint(20) DEFAULT NULL,
  `assoc_type` bigint(20) DEFAULT NULL,
  `assoc_id` bigint(20) DEFAULT NULL,
  `from_address` varchar(255) DEFAULT NULL,
  `recipients` text DEFAULT NULL,
  `cc_recipients` text DEFAULT NULL,
  `bcc_recipients` text DEFAULT NULL,
  `subject` varchar(255) DEFAULT NULL,
  `body` text DEFAULT NULL,
  PRIMARY KEY (`log_id`),
  KEY `article_email_log_article_id` (`article_id`)
) ENGINE=MyISAM DEFAULT CHARSET=latin1;

--
-- Dumping data for table `article_email_log`
--


--
-- Table structure for table `article_event_log`
--

CREATE TABLE `article_event_log` (
  `log_id` bigint(20) NOT NULL AUTO_INCREMENT,
  `article_id` bigint(20) NOT NULL,
  `user_id` bigint(20) NOT NULL,
  `date_logged` datetime NOT NULL,
  `ip_address` varchar(15) NOT NULL,
  `log_level` varchar(1) DEFAULT NULL,
  `event_type` bigint(20) DEFAULT NULL,
  `assoc_type` bigint(20) DEFAULT NULL,
  `assoc_id` bigint(20) DEFAULT NULL,
  `message` text DEFAULT NULL,
  PRIMARY KEY (`log_id`),
  KEY `article_event_log_article_id` (`article_id`)
) ENGINE=MyISAM DEFAULT CHARSET=latin1;

--
-- Dumping data for table `article_event_log`
--


--
-- Table structure for table `article_files`
--

CREATE TABLE `article_files` (
  `file_id` bigint(20) NOT NULL AUTO_INCREMENT,
  `revision` bigint(20) NOT NULL,
  `source_file_id` bigint(20) DEFAULT NULL,
  `source_revision` bigint(20) DEFAULT NULL,
  `article_id` bigint(20) NOT NULL,
  `file_name` varchar(90) NOT NULL,
  `file_type` varchar(255) NOT NULL,
  `file_size` bigint(20) NOT NULL,
  `original_file_name` varchar(127) DEFAULT NULL,
  `type` varchar(40) NOT NULL,
  `viewable` tinyint(4) DEFAULT NULL,
  `date_uploaded` datetime NOT NULL,
  `date_modified` datetime NOT NULL,
  `round` tinyint(4) NOT NULL,
  `assoc_id` bigint(20) DEFAULT NULL,
  PRIMARY KEY (`file_id`,`revision`),
  KEY `article_files_article_id` (`article_id`)
) ENGINE=MyISAM DEFAULT CHARSET=latin1;

--
-- Dumping data for table `article_files`
--


--
-- Table structure for table `article_galleys`
--

CREATE TABLE `article_galleys` (
  `galley_id` bigint(20) NOT NULL AUTO_INCREMENT,
  `public_galley_id` varchar(255) DEFAULT NULL,
  `locale` varchar(5) DEFAULT NULL,
  `article_id` bigint(20) NOT NULL,
  `file_id` bigint(20) NOT NULL,
  `label` varchar(32) DEFAULT NULL,
  `html_galley` tinyint(4) NOT NULL DEFAULT 0,
  `style_file_id` bigint(20) DEFAULT NULL,
  `seq` double NOT NULL DEFAULT 0,
  `views` int(11) NOT NULL DEFAULT 0,
  PRIMARY KEY (`galley_id`),
  UNIQUE KEY `article_galleys_public_id` (`public_galley_id`,`article_id`),
  KEY `article_galleys_article_id` (`article_id`)
) ENGINE=MyISAM DEFAULT CHARSET=latin1;

--
-- Dumping data for table `article_galleys`
--


--
-- Table structure for table `article_html_galley_images`
--

CREATE TABLE `article_html_galley_images` (
  `galley_id` bigint(20) NOT NULL,
  `file_id` bigint(20) NOT NULL,
  UNIQUE KEY `article_html_galley_images_pkey` (`galley_id`,`file_id`)
) ENGINE=MyISAM DEFAULT CHARSET=latin1;

--
-- Dumping data for table `article_html_galley_images`
--


--
-- Table structure for table `article_notes`
--

CREATE TABLE `article_notes` (
  `note_id` bigint(20) NOT NULL AUTO_INCREMENT,
  `article_id` bigint(20) NOT NULL,
  `user_id` bigint(20) NOT NULL,
  `date_created` datetime NOT NULL,
  `date_modified` datetime NOT NULL,
  `title` varchar(255) NOT NULL,
  `note` text DEFAULT NULL,
  `file_id` bigint(20) NOT NULL,
  PRIMARY KEY (`note_id`),
  KEY `article_notes_article_id` (`article_id`),
  KEY `article_notes_user_id` (`user_id`),
  KEY `article_notes_file_id` (`file_id`)
) ENGINE=MyISAM DEFAULT CHARSET=latin1;

--
-- Dumping data for table `article_notes`
--


--
-- Table structure for table `article_search_keyword_list`
--

CREATE TABLE `article_search_keyword_list` (
  `keyword_id` bigint(20) NOT NULL AUTO_INCREMENT,
  `keyword_text` varchar(60) NOT NULL,
  PRIMARY KEY (`keyword_id`),
  UNIQUE KEY `article_search_keyword_text` (`keyword_text`)
) ENGINE=MyISAM DEFAULT CHARSET=latin1;

--
-- Dumping data for table `article_search_keyword_list`
--


--
-- Table structure for table `article_search_object_keywords`
--

CREATE TABLE `article_search_object_keywords` (
  `object_id` bigint(20) NOT NULL,
  `keyword_id` bigint(20) NOT NULL,
  `pos` int(11) NOT NULL,
  UNIQUE KEY `article_search_object_keywords_pkey` (`object_id`,`pos`),
  KEY `article_search_object_keywords_keyword_id` (`keyword_id`)
) ENGINE=MyISAM DEFAULT CHARSET=latin1;

--
-- Dumping data for table `article_search_object_keywords`
--


--
-- Table structure for table `article_search_objects`
--

CREATE TABLE `article_search_objects` (
  `object_id` bigint(20) NOT NULL AUTO_INCREMENT,
  `article_id` bigint(20) NOT NULL,
  `type` int(11) NOT NULL,
  `assoc_id` bigint(20) DEFAULT NULL,
  PRIMARY KEY (`object_id`)
) ENGINE=MyISAM DEFAULT CHARSET=latin1;

--
-- Dumping data for table `article_search_objects`
--


--
-- Table structure for table `article_settings`
--

CREATE TABLE `article_settings` (
  `article_id` bigint(20) NOT NULL,
  `locale` varchar(5) NOT NULL DEFAULT '',
  `setting_name` varchar(255) NOT NULL,
  `setting_value` text DEFAULT NULL,
  `setting_type` varchar(6) NOT NULL,
  UNIQUE KEY `article_settings_pkey` (`article_id`,`locale`,`setting_name`),
  KEY `article_settings_article_id` (`article_id`)
) ENGINE=MyISAM DEFAULT CHARSET=latin1;

--
-- Dumping data for table `article_settings`
--


--
-- Table structure for table `article_supp_file_settings`
--

CREATE TABLE `article_supp_file_settings` (
  `supp_id` bigint(20) NOT NULL,
  `locale` varchar(5) NOT NULL DEFAULT '',
  `setting_name` varchar(255) NOT NULL,
  `setting_value` text DEFAULT NULL,
  `setting_type` varchar(6) NOT NULL,
  UNIQUE KEY `article_supp_file_settings_pkey` (`supp_id`,`locale`,`setting_name`),
  KEY `article_supp_file_settings_supp_id` (`supp_id`)
) ENGINE=MyISAM DEFAULT CHARSET=latin1;

--
-- Dumping data for table `article_supp_file_settings`
--


--
-- Table structure for table `article_supplementary_files`
--

CREATE TABLE `article_supplementary_files` (
  `supp_id` bigint(20) NOT NULL AUTO_INCREMENT,
  `file_id` bigint(20) NOT NULL,
  `article_id` bigint(20) NOT NULL,
  `type` varchar(255) DEFAULT NULL,
  `language` varchar(10) DEFAULT NULL,
  `public_supp_file_id` varchar(255) DEFAULT NULL,
  `date_created` date DEFAULT NULL,
  `show_reviewers` tinyint(4) DEFAULT 0,
  `date_submitted` datetime NOT NULL,
  `seq` double NOT NULL DEFAULT 0,
  PRIMARY KEY (`supp_id`),
  KEY `article_supplementary_files_file_id` (`file_id`),
  KEY `article_supplementary_files_article_id` (`article_id`),
  KEY `supp_public_supp_file_id` (`public_supp_file_id`)
) ENGINE=MyISAM DEFAULT CHARSET=latin1;

--
-- Dumping data for table `article_supplementary_files`
--


--
-- Table structure for table `article_xml_galleys`
--

CREATE TABLE `article_xml_galleys` (
  `xml_galley_id` bigint(20) NOT NULL AUTO_INCREMENT,
  `galley_id` bigint(20) NOT NULL,
  `article_id` bigint(20) NOT NULL,
  `label` varchar(32) NOT NULL,
  `galley_type` varchar(255) NOT NULL,
  `views` int(11) NOT NULL DEFAULT 0,
  PRIMARY KEY (`xml_galley_id`)
) ENGINE=MyISAM DEFAULT CHARSET=latin1;

--
-- Dumping data for table `article_xml_galleys`
--


--
-- Table structure for table `articles`
--

CREATE TABLE `articles` (
  `article_id` bigint(20) NOT NULL AUTO_INCREMENT,
  `locale` varchar(5) DEFAULT NULL,
  `user_id` bigint(20) NOT NULL,
  `journal_id` bigint(20) NOT NULL,
  `section_id` bigint(20) DEFAULT NULL,
  `language` varchar(10) DEFAULT 'en',
  `comments_to_ed` text DEFAULT NULL,
  `citations` text DEFAULT NULL,
  `date_submitted` datetime DEFAULT NULL,
  `last_modified` datetime DEFAULT NULL,
  `date_status_modified` datetime DEFAULT NULL,
  `status` tinyint(4) NOT NULL DEFAULT 1,
  `submission_progress` tinyint(4) NOT NULL DEFAULT 1,
  `current_round` tinyint(4) NOT NULL DEFAULT 1,
  `submission_file_id` bigint(20) DEFAULT NULL,
  `revised_file_id` bigint(20) DEFAULT NULL,
  `review_file_id` bigint(20) DEFAULT NULL,
  `editor_file_id` bigint(20) DEFAULT NULL,
  `pages` varchar(255) DEFAULT NULL,
  `doi` varchar(255) DEFAULT NULL,
  `fast_tracked` tinyint(4) NOT NULL DEFAULT 0,
  `hide_author` tinyint(4) NOT NULL DEFAULT 0,
  `comments_status` tinyint(4) NOT NULL DEFAULT 0,
  PRIMARY KEY (`article_id`),
  KEY `articles_user_id` (`user_id`),
  KEY `articles_journal_id` (`journal_id`),
  KEY `articles_section_id` (`section_id`)
) ENGINE=MyISAM DEFAULT CHARSET=latin1;

--
-- Dumping data for table `articles`
--


--
-- Table structure for table `auth_sources`
--

CREATE TABLE `auth_sources` (
  `auth_id` bigint(20) NOT NULL AUTO_INCREMENT,
  `title` varchar(60) NOT NULL,
  `plugin` varchar(32) NOT NULL,
  `auth_default` tinyint(4) NOT NULL DEFAULT 0,
  `settings` text DEFAULT NULL,
  PRIMARY KEY (`auth_id`)
) ENGINE=MyISAM DEFAULT CHARSET=latin1;

--
-- Dumping data for table `auth_sources`
--


--
-- Table structure for table `author_settings`
--

CREATE TABLE `author_settings` (
  `author_id` bigint(20) NOT NULL,
  `locale` varchar(5) NOT NULL DEFAULT '',
  `setting_name` varchar(255) NOT NULL,
  `setting_value` text DEFAULT NULL,
  `setting_type` varchar(6) NOT NULL,
  UNIQUE KEY `author_settings_pkey` (`author_id`,`locale`,`setting_name`),
  KEY `author_settings_author_id` (`author_id`)
) ENGINE=MyISAM DEFAULT CHARSET=latin1;

--
-- Dumping data for table `author_settings`
--


--
-- Table structure for table `authors`
--

CREATE TABLE `authors` (
  `author_id` bigint(20) NOT NULL AUTO_INCREMENT,
  `submission_id` bigint(20) NOT NULL,
  `primary_contact` tinyint(4) NOT NULL DEFAULT 0,
  `seq` double NOT NULL DEFAULT 0,
  `first_name` varchar(40) NOT NULL,
  `middle_name` varchar(40) DEFAULT NULL,
  `last_name` varchar(90) NOT NULL,
  `country` varchar(90) DEFAULT NULL,
  `email` varchar(90) NOT NULL,
  `url` varchar(255) DEFAULT NULL,
  `user_group_id` bigint(20) DEFAULT NULL,
  PRIMARY KEY (`author_id`),
  KEY `authors_submission_id` (`submission_id`)
) ENGINE=MyISAM DEFAULT CHARSET=latin1;

--
-- Dumping data for table `authors`
--


--
-- Table structure for table `books_for_review`
--

CREATE TABLE `books_for_review` (
  `book_id` bigint(20) NOT NULL AUTO_INCREMENT,
  `journal_id` bigint(20) NOT NULL,
  `status` smallint(6) NOT NULL,
  `author_type` smallint(6) NOT NULL,
  `publisher` varchar(255) NOT NULL,
  `year` smallint(6) NOT NULL,
  `language` varchar(10) NOT NULL DEFAULT 'en',
  `copy` tinyint(4) NOT NULL DEFAULT 0,
  `url` varchar(255) DEFAULT NULL,
  `edition` tinyint(4) DEFAULT NULL,
  `pages` smallint(6) DEFAULT NULL,
  `isbn` varchar(30) DEFAULT NULL,
  `date_created` datetime NOT NULL,
  `date_requested` datetime DEFAULT NULL,
  `date_assigned` datetime DEFAULT NULL,
  `date_mailed` datetime DEFAULT NULL,
  `date_due` datetime DEFAULT NULL,
  `date_submitted` datetime DEFAULT NULL,
  `user_id` bigint(20) DEFAULT NULL,
  `editor_id` bigint(20) DEFAULT NULL,
  `article_id` bigint(20) DEFAULT NULL,
  `notes` text DEFAULT NULL,
  PRIMARY KEY (`book_id`),
  KEY `bfr_id` (`book_id`)
) ENGINE=MyISAM DEFAULT CHARSET=latin1;

--
-- Dumping data for table `books_for_review`
--


--
-- Table structure for table `books_for_review_authors`
--

CREATE TABLE `books_for_review_authors` (
  `author_id` bigint(20) NOT NULL AUTO_INCREMENT,
  `book_id` bigint(20) NOT NULL,
  `seq` double NOT NULL DEFAULT 0,
  `first_name` varchar(40) NOT NULL,
  `middle_name` varchar(40) DEFAULT NULL,
  `last_name` varchar(90) NOT NULL,
  PRIMARY KEY (`author_id`),
  KEY `bfr_book_id` (`book_id`)
) ENGINE=MyISAM DEFAULT CHARSET=latin1;

--
-- Dumping data for table `books_for_review_authors`
--


--
-- Table structure for table `books_for_review_settings`
--

CREATE TABLE `books_for_review_settings` (
  `book_id` bigint(20) NOT NULL,
  `locale` varchar(5) NOT NULL DEFAULT '',
  `setting_name` varchar(255) NOT NULL,
  `setting_value` text DEFAULT NULL,
  `setting_type` varchar(6) NOT NULL,
  UNIQUE KEY `bfr_settings_pkey` (`book_id`,`locale`,`setting_name`),
  KEY `bfr_settings_book_id` (`book_id`)
) ENGINE=MyISAM DEFAULT CHARSET=latin1;

--
-- Dumping data for table `books_for_review_settings`
--


--
-- Table structure for table `captchas`
--

CREATE TABLE `captchas` (
  `captcha_id` bigint(20) NOT NULL AUTO_INCREMENT,
  `session_id` varchar(40) NOT NULL,
  `value` varchar(20) NOT NULL,
  `date_created` datetime NOT NULL,
  PRIMARY KEY (`captcha_id`)
) ENGINE=MyISAM DEFAULT CHARSET=latin1;

--
-- Dumping data for table `captchas`
--


--
-- Table structure for table `citation_settings`
--

CREATE TABLE `citation_settings` (
  `citation_id` bigint(20) NOT NULL,
  `locale` varchar(5) NOT NULL DEFAULT '',
  `setting_name` varchar(255) NOT NULL,
  `setting_value` text DEFAULT NULL,
  `setting_type` varchar(6) NOT NULL,
  UNIQUE KEY `citation_settings_pkey` (`citation_id`,`locale`,`setting_name`),
  KEY `citation_settings_citation_id` (`citation_id`)
) ENGINE=MyISAM DEFAULT CHARSET=latin1;

--
-- Dumping data for table `citation_settings`
--


--
-- Table structure for table `citations`
--

CREATE TABLE `citations` (
  `citation_id` bigint(20) NOT NULL AUTO_INCREMENT,
  `assoc_type` bigint(20) NOT NULL DEFAULT 0,
  `assoc_id` bigint(20) NOT NULL DEFAULT 0,
  `citation_state` bigint(20) NOT NULL,
  `raw_citation` text DEFAULT NULL,
  `seq` bigint(20) NOT NULL DEFAULT 0,
  `lock_id` varchar(23) DEFAULT NULL,
  PRIMARY KEY (`citation_id`),
  UNIQUE KEY `citations_assoc_seq` (`assoc_type`,`assoc_id`,`seq`),
  KEY `citations_assoc` (`assoc_type`,`assoc_id`)
) ENGINE=MyISAM DEFAULT CHARSET=latin1;

--
-- Dumping data for table `citations`
--


--
-- Table structure for table `comments`
--

CREATE TABLE `comments` (
  `comment_id` bigint(20) NOT NULL AUTO_INCREMENT,
  `submission_id` bigint(20) NOT NULL,
  `parent_comment_id` bigint(20) DEFAULT NULL,
  `num_children` int(11) NOT NULL DEFAULT 0,
  `user_id` bigint(20) DEFAULT NULL,
  `poster_ip` varchar(15) NOT NULL,
  `poster_name` varchar(90) DEFAULT NULL,
  `poster_email` varchar(90) DEFAULT NULL,
  `title` varchar(255) NOT NULL,
  `body` text DEFAULT NULL,
  `date_posted` datetime DEFAULT NULL,
  `date_modified` datetime DEFAULT NULL,
  PRIMARY KEY (`comment_id`),
  KEY `comments_submission_id` (`submission_id`),
  KEY `comments_parent_comment_id` (`parent_comment_id`),
  KEY `comments_user_id` (`user_id`)
) ENGINE=MyISAM DEFAULT CHARSET=latin1;

--
-- Dumping data for table `comments`
--


--
-- Table structure for table `completed_payments`
--

CREATE TABLE `completed_payments` (
  `completed_payment_id` bigint(20) NOT NULL AUTO_INCREMENT,
  `timestamp` datetime NOT NULL,
  `payment_type` bigint(20) NOT NULL,
  `journal_id` bigint(20) NOT NULL,
  `user_id` bigint(20) DEFAULT NULL,
  `assoc_id` bigint(20) DEFAULT NULL,
  `amount` double NOT NULL,
  `currency_code_alpha` varchar(3) DEFAULT NULL,
  `payment_method_plugin_name` varchar(80) DEFAULT NULL,
  PRIMARY KEY (`completed_payment_id`)
) ENGINE=MyISAM DEFAULT CHARSET=latin1;

--
-- Dumping data for table `completed_payments`
--


--
-- Table structure for table `controlled_vocab_entries`
--

CREATE TABLE `controlled_vocab_entries` (
  `controlled_vocab_entry_id` bigint(20) NOT NULL AUTO_INCREMENT,
  `controlled_vocab_id` bigint(20) NOT NULL,
  `seq` double DEFAULT NULL,
  PRIMARY KEY (`controlled_vocab_entry_id`),
  KEY `controlled_vocab_entries_cv_id` (`controlled_vocab_id`,`seq`)
) ENGINE=MyISAM AUTO_INCREMENT=19 DEFAULT CHARSET=latin1;

--
-- Dumping data for table `controlled_vocab_entries`
--

INSERT INTO `controlled_vocab_entries` VALUES (1,1,0),(2,1,1),(3,1,2),(4,1,3),(5,2,0),(6,2,0),(7,2,0),(8,2,0),(9,2,0),(10,2,0),(11,2,0),(12,3,0),(13,3,0),(14,3,0),(15,3,0),(16,3,0),(17,3,0),(18,3,0);

--
-- Table structure for table `controlled_vocab_entry_settings`
--

CREATE TABLE `controlled_vocab_entry_settings` (
  `controlled_vocab_entry_id` bigint(20) NOT NULL,
  `locale` varchar(5) NOT NULL DEFAULT '',
  `setting_name` varchar(255) NOT NULL,
  `setting_value` text DEFAULT NULL,
  `setting_type` varchar(6) NOT NULL,
  UNIQUE KEY `c_v_e_s_pkey` (`controlled_vocab_entry_id`,`locale`,`setting_name`),
  KEY `c_v_e_s_entry_id` (`controlled_vocab_entry_id`)
) ENGINE=MyISAM DEFAULT CHARSET=latin1;

--
-- Dumping data for table `controlled_vocab_entry_settings`
--

INSERT INTO `controlled_vocab_entry_settings` VALUES (1,'','name','journal','string'),(2,'','name','book','string'),(3,'','name','conf-proc','string'),(4,'','name','thesis','string'),(5,'','name','journal','string'),(6,'','name','issue','string'),(7,'','name','article','string'),(8,'','name','proceeding','string'),(9,'','name','conference','string'),(10,'','name','preprint','string'),(11,'','name','unknown','string'),(12,'','name','book','string'),(13,'','name','bookitem','string'),(14,'','name','conference','string'),(15,'','name','proceeding','string'),(16,'','name','report','string'),(17,'','name','document','string'),(18,'','name','unknown','string');

--
-- Table structure for table `controlled_vocabs`
--

CREATE TABLE `controlled_vocabs` (
  `controlled_vocab_id` bigint(20) NOT NULL AUTO_INCREMENT,
  `symbolic` varchar(64) NOT NULL,
  `assoc_type` bigint(20) NOT NULL DEFAULT 0,
  `assoc_id` bigint(20) NOT NULL DEFAULT 0,
  PRIMARY KEY (`controlled_vocab_id`),
  UNIQUE KEY `controlled_vocab_symbolic` (`symbolic`,`assoc_type`,`assoc_id`)
) ENGINE=MyISAM AUTO_INCREMENT=5 DEFAULT CHARSET=latin1;

--
-- Dumping data for table `controlled_vocabs`
--

INSERT INTO `controlled_vocabs` VALUES (1,'nlm30-publication-types',0,0),(2,'openurl10-journal-genres',0,0),(3,'openurl10-book-genres',0,0),(4,'interest',0,0);

--
-- Table structure for table `counter_monthly_log`
--

CREATE TABLE `counter_monthly_log` (
  `year` bigint(20) NOT NULL,
  `month` bigint(20) NOT NULL,
  `journal_id` bigint(20) NOT NULL,
  `count_html` bigint(20) NOT NULL DEFAULT 0,
  `count_pdf` bigint(20) NOT NULL DEFAULT 0,
  `count_other` bigint(20) NOT NULL DEFAULT 0,
  UNIQUE KEY `counter_monthly_log_key` (`year`,`month`,`journal_id`)
) ENGINE=MyISAM DEFAULT CHARSET=latin1;

--
-- Dumping data for table `counter_monthly_log`
--


--
-- Table structure for table `custom_issue_orders`
--

CREATE TABLE `custom_issue_orders` (
  `issue_id` bigint(20) NOT NULL,
  `journal_id` bigint(20) NOT NULL,
  `seq` double NOT NULL DEFAULT 0,
  UNIQUE KEY `custom_issue_orders_pkey` (`issue_id`)
) ENGINE=MyISAM DEFAULT CHARSET=latin1;

--
-- Dumping data for table `custom_issue_orders`
--


--
-- Table structure for table `custom_section_orders`
--

CREATE TABLE `custom_section_orders` (
  `issue_id` bigint(20) NOT NULL,
  `section_id` bigint(20) NOT NULL,
  `seq` double NOT NULL DEFAULT 0,
  UNIQUE KEY `custom_section_orders_pkey` (`issue_id`,`section_id`)
) ENGINE=MyISAM DEFAULT CHARSET=latin1;

--
-- Dumping data for table `custom_section_orders`
--


--
-- Table structure for table `edit_assignments`
--

CREATE TABLE `edit_assignments` (
  `edit_id` bigint(20) NOT NULL AUTO_INCREMENT,
  `article_id` bigint(20) NOT NULL,
  `editor_id` bigint(20) NOT NULL,
  `can_edit` tinyint(4) NOT NULL DEFAULT 1,
  `can_review` tinyint(4) NOT NULL DEFAULT 1,
  `date_assigned` datetime DEFAULT NULL,
  `date_notified` datetime DEFAULT NULL,
  `date_underway` datetime DEFAULT NULL,
  PRIMARY KEY (`edit_id`),
  KEY `edit_assignments_article_id` (`article_id`),
  KEY `edit_assignments_editor_id` (`editor_id`)
) ENGINE=MyISAM DEFAULT CHARSET=latin1;

--
-- Dumping data for table `edit_assignments`
--


--
-- Table structure for table `edit_decisions`
--

CREATE TABLE `edit_decisions` (
  `edit_decision_id` bigint(20) NOT NULL AUTO_INCREMENT,
  `article_id` bigint(20) NOT NULL,
  `round` tinyint(4) NOT NULL,
  `editor_id` bigint(20) NOT NULL,
  `decision` tinyint(4) NOT NULL,
  `date_decided` datetime NOT NULL,
  PRIMARY KEY (`edit_decision_id`),
  KEY `edit_decisions_article_id` (`article_id`),
  KEY `edit_decisions_editor_id` (`editor_id`)
) ENGINE=MyISAM DEFAULT CHARSET=latin1;

--
-- Dumping data for table `edit_decisions`
--


--
-- Table structure for table `email_templates`
--

CREATE TABLE `email_templates` (
  `email_id` bigint(20) NOT NULL AUTO_INCREMENT,
  `email_key` varchar(30) NOT NULL,
  `assoc_type` bigint(20) DEFAULT 0,
  `assoc_id` bigint(20) DEFAULT 0,
  `enabled` tinyint(4) NOT NULL DEFAULT 1,
  PRIMARY KEY (`email_id`),
  UNIQUE KEY `email_templates_email_key` (`email_key`,`assoc_type`,`assoc_id`),
  KEY `email_templates_assoc` (`assoc_type`,`assoc_id`)
) ENGINE=MyISAM DEFAULT CHARSET=latin1;

--
-- Dumping data for table `email_templates`
--


--
-- Table structure for table `email_templates_data`
--

CREATE TABLE `email_templates_data` (
  `email_key` varchar(30) NOT NULL,
  `locale` varchar(5) NOT NULL DEFAULT 'en_US',
  `assoc_type` bigint(20) DEFAULT 0,
  `assoc_id` bigint(20) DEFAULT 0,
  `subject` varchar(120) NOT NULL,
  `body` text DEFAULT NULL,
  UNIQUE KEY `email_templates_data_pkey` (`email_key`,`locale`,`assoc_type`,`assoc_id`)
) ENGINE=MyISAM DEFAULT CHARSET=latin1;

--
-- Dumping data for table `email_templates_data`
--


--
-- Table structure for table `email_templates_default`
--

CREATE TABLE `email_templates_default` (
  `email_id` bigint(20) NOT NULL AUTO_INCREMENT,
  `email_key` varchar(30) NOT NULL,
  `can_disable` tinyint(4) NOT NULL DEFAULT 1,
  `can_edit` tinyint(4) NOT NULL DEFAULT 1,
  `from_role_id` bigint(20) DEFAULT NULL,
  `to_role_id` bigint(20) DEFAULT NULL,
  PRIMARY KEY (`email_id`),
  KEY `email_templates_default_email_key` (`email_key`)
) ENGINE=MyISAM AUTO_INCREMENT=77 DEFAULT CHARSET=latin1;

--
-- Dumping data for table `email_templates_default`
--

INSERT INTO `email_templates_default` VALUES (1,'NOTIFICATION',0,1,NULL,NULL),(2,'NOTIFICATION_MAILLIST',0,1,NULL,NULL),(3,'NOTIFICATION_MAILLIST_WELCOME',0,1,NULL,NULL),(4,'NOTIFICATION_MAILLIST_PASSWORD',0,1,NULL,NULL),(5,'PASSWORD_RESET_CONFIRM',0,1,NULL,NULL),(6,'PASSWORD_RESET',0,1,NULL,NULL),(7,'USER_REGISTER',0,1,NULL,NULL),(8,'USER_VALIDATE',0,1,NULL,NULL),(9,'REVIEWER_REGISTER',0,1,NULL,NULL),(10,'PUBLISH_NOTIFY',0,1,NULL,NULL),(11,'LOCKSS_EXISTING_ARCHIVE',0,1,NULL,NULL),(12,'LOCKSS_NEW_ARCHIVE',0,1,NULL,NULL),(13,'SUBMISSION_ACK',1,1,NULL,65536),(14,'SUBMISSION_UNSUITABLE',1,1,512,65536),(15,'SUBMISSION_COMMENT',0,1,NULL,NULL),(16,'SUBMISSION_DECISION_REVIEWERS',0,1,512,4096),(17,'EDITOR_ASSIGN',1,1,256,512),(18,'REVIEW_CANCEL',1,1,512,4096),(19,'REVIEW_REQUEST',1,1,512,4096),(20,'REVIEW_REQUEST_ONECLICK',1,1,512,4096),(21,'REVIEW_REQUEST_ATTACHED',0,1,512,4096),(22,'REVIEW_CONFIRM',1,1,4096,512),(23,'REVIEW_DECLINE',1,1,4096,512),(24,'REVIEW_COMPLETE',1,1,4096,512),(25,'REVIEW_ACK',1,1,512,4096),(26,'REVIEW_REMIND',0,1,512,4096),(27,'REVIEW_REMIND_AUTO',0,1,NULL,4096),(28,'REVIEW_REMIND_ONECLICK',0,1,512,4096),(29,'REVIEW_REMIND_AUTO_ONECLICK',0,1,NULL,4096),(30,'EDITOR_DECISION_ACCEPT',0,1,512,65536),(31,'EDITOR_DECISION_REVISIONS',0,1,512,65536),(32,'EDITOR_DECISION_RESUBMIT',0,1,512,65536),(33,'EDITOR_DECISION_DECLINE',0,1,512,65536),(34,'COPYEDIT_REQUEST',1,1,512,8192),(35,'COPYEDIT_COMPLETE',1,1,8192,65536),(36,'COPYEDIT_ACK',1,1,512,8192),(37,'COPYEDIT_AUTHOR_REQUEST',1,1,512,65536),(38,'COPYEDIT_AUTHOR_COMPLETE',1,1,65536,512),(39,'COPYEDIT_AUTHOR_ACK',1,1,512,65536),(40,'COPYEDIT_FINAL_REQUEST',1,1,512,8192),(41,'COPYEDIT_FINAL_COMPLETE',1,1,8192,512),(42,'COPYEDIT_FINAL_ACK',1,1,512,8192),(43,'LAYOUT_REQUEST',1,1,512,768),(44,'LAYOUT_COMPLETE',1,1,768,512),(45,'LAYOUT_ACK',1,1,512,768),(46,'PROOFREAD_AUTHOR_REQUEST',1,1,512,65536),(47,'PROOFREAD_AUTHOR_COMPLETE',1,1,65536,512),(48,'PROOFREAD_AUTHOR_ACK',1,1,512,65536),(49,'PROOFREAD_REQUEST',1,1,512,12288),(50,'PROOFREAD_COMPLETE',1,1,12288,512),(51,'PROOFREAD_ACK',1,1,512,12288),(52,'PROOFREAD_LAYOUT_REQUEST',1,1,512,768),(53,'PROOFREAD_LAYOUT_COMPLETE',1,1,768,512),(54,'PROOFREAD_LAYOUT_ACK',1,1,512,768),(55,'EMAIL_LINK',0,1,1048576,NULL),(56,'SUBSCRIPTION_NOTIFY',0,1,NULL,1048576),(57,'OPEN_ACCESS_NOTIFY',0,1,NULL,1048576),(58,'SUBSCRIPTION_BEFORE_EXPIRY',0,1,NULL,1048576),(59,'SUBSCRIPTION_AFTER_EXPIRY',0,1,NULL,1048576),(60,'SUBSCRIPTION_AFTER_EXPIRY_LAST',0,1,NULL,1048576),(61,'SUBSCRIPTION_PURCHASE_INDL',0,1,NULL,2097152),(62,'SUBSCRIPTION_PURCHASE_INSTL',0,1,NULL,2097152),(63,'SUBSCRIPTION_RENEW_INDL',0,1,NULL,2097152),(64,'SUBSCRIPTION_RENEW_INSTL',0,1,NULL,2097152),(65,'CITATION_EDITOR_AUTHOR_QUERY',0,1,NULL,NULL),(66,'SWORD_DEPOSIT_NOTIFICATION',0,1,NULL,NULL),(67,'BFR_REVIEW_REMINDER',0,1,256,65536),(68,'BFR_REVIEW_REMINDER_LATE',0,1,256,65536),(69,'BFR_BOOK_ASSIGNED',0,1,256,65536),(70,'BFR_BOOK_DENIED',0,1,256,65536),(71,'BFR_BOOK_REQUESTED',0,1,65536,256),(72,'BFR_BOOK_MAILED',0,1,256,65536),(73,'BFR_REVIEWER_REMOVED',0,1,256,65536),(74,'THESIS_ABSTRACT_CONFIRM',0,1,NULL,NULL),(75,'MANUAL_PAYMENT_NOTIFICATION',0,1,NULL,NULL),(76,'PAYPAL_INVESTIGATE_PAYMENT',0,1,NULL,NULL);

--
-- Table structure for table `email_templates_default_data`
--

CREATE TABLE `email_templates_default_data` (
  `email_key` varchar(30) NOT NULL,
  `locale` varchar(5) NOT NULL DEFAULT 'en_US',
  `subject` varchar(120) NOT NULL,
  `body` text DEFAULT NULL,
  `description` text DEFAULT NULL,
  UNIQUE KEY `email_templates_default_data_pkey` (`email_key`,`locale`)
) ENGINE=MyISAM DEFAULT CHARSET=latin1;

--
-- Dumping data for table `email_templates_default_data`
--

INSERT INTO `email_templates_default_data` VALUES ('NOTIFICATION','en_US','New notification from {$siteTitle}','You have a new notification from {$siteTitle}:\n\n{$notificationContents}\n\nLink: {$url}\n\n{$principalContactSignature}','The email is sent to registered users that have selected to have this type of notification emailed to them.'),('NOTIFICATION_MAILLIST','en_US','New notification from {$siteTitle}','You have a new notification from {$siteTitle}:\n--\n{$notificationContents}\n\nLink: {$url}\n--\n\nIf you wish to stop receiving notification emails, please go to {$unsubscribeLink} and enter your email address and password.\n\n{$principalContactSignature}','This email is sent to unregistered users on the notification mailing list.'),('NOTIFICATION_MAILLIST_WELCOME','en_US','Welcome to the the {$siteTitle} mailing list!','You have signed up to receive notifications from {$siteTitle}.\n			\nPlease click on this link to confirm your request and add your email address to the mailing list: {$confirmLink}\n\nIf you wish to stop receiving notification emails, please go to {$unsubscribeLink} and enter your email address and password.\n\nYour password for disabling notification emails is: {$password}\n\n{$principalContactSignature}','This email is sent to an unregistered user who just registered with the notification mailing list.'),('NOTIFICATION_MAILLIST_PASSWORD','en_US','Your notification mailing list information for {$siteTitle}','Your new password for disabling notification emails is: {$password}\n\nIf you wish to stop receiving notification emails, please go to {$unsubscribeLink} and enter your email address and password.\n\n{$principalContactSignature}','This email is sent to an unregistered user on the notification mailing list when they indicate that they have forgotten their password or are unable to login. It provides a URL they can follow to reset their password.'),('PASSWORD_RESET_CONFIRM','en_US','Password Reset Confirmation','We have received a request to reset your password for the {$siteTitle} web site.\n\nIf you did not make this request, please ignore this email and your password will not be changed. If you wish to reset your password, click on the below URL.\n\nReset my password: {$url}\n\n{$principalContactSignature}','This email is sent to a registered user when they indicate that they have forgotten their password or are unable to login. It provides a URL they can follow to reset their password.'),('PASSWORD_RESET','en_US','Password Reset','Your password has been successfully reset for use with the {$siteTitle} web site. Please retain this username and password, as it is necessary for all work with the journal.\n\nYour username: {$username}\nYour new password: {$password}\n\n{$principalContactSignature}','This email is sent to a registered user when they have successfully reset their password following the process described in the PASSWORD_RESET_CONFIRM email.'),('USER_REGISTER','en_US','Journal Registration','{$userFullName}\n\nYou have now been registered as a user with {$journalName}. We have included your username and password in this email, which are needed for all work with this journal through its website. At any point, you can ask to be removed from the journal\'s list of users by contacting me.\n\nUsername: {$username}\nPassword: {$password}\n\nThank you,\n{$principalContactSignature}','This email is sent to a newly registered user to welcome them to the system and provide them with a record of their username and password.'),('USER_VALIDATE','en_US','Validate Your Account','{$userFullName}\n\nYou have created an account with {$journalName}, but before you can start using it, you need to validate your email account. To do this, simply follow the link below:\n\n{$activateUrl}\n\nThank you,\n{$principalContactSignature}','This email is sent to a newly registered user to welcome them to the system and provide them with a record of their username and password.'),('REVIEWER_REGISTER','en_US','Registration as Reviewer with {$journalName}','In light of your expertise, we have taken the liberty of registering your name in the reviewer database for {$journalName}. This does not entail any form of commitment on your part, but simply enables us to approach you with a submission to possibly review. On being invited to review, you will have an opportunity to see the title and abstract of the paper in question, and you\'ll always be in a position to accept or decline the invitation. You can also ask at any point to have your name removed from this reviewer list.\n\nWe are providing you with a username and password, which is used in all interactions with the journal through its website. You may wish, for example, to update your profile, including your reviewing interests.\n\nUsername: {$username}\nPassword: {$password}\n\nThank you,\n{$principalContactSignature}','This email is sent to a newly registered reviewer to welcome them to the system and provide them with a record of their username and password.'),('PUBLISH_NOTIFY','en_US','New Issue Published','Readers:\n\n{$journalName} has just published its latest issue at {$journalUrl}. We invite you to review the Table of Contents here and then visit our web site to review articles and items of interest.\n\nThanks for the continuing interest in our work,\n{$editorialContactSignature}','This email is sent to registered readers via the \"Notify Users\" link in the Editor\'s User Home. It notifies readers of a new issue and invites them to visit the journal at a supplied URL.'),('LOCKSS_EXISTING_ARCHIVE','en_US','Archiving Request for {$journalName}','Dear [University Librarian]\n\n{$journalName} <{$journalUrl}>, is a journal for which a member of your faculty, [name of member], serves as a [title of position]. The journal is seeking to establish a LOCKSS (Lots of Copies Keep Stuff Safe) compliant archive with this and other university libraries.\n\n[Brief description of journal]\n\nThe URL to the LOCKSS Publisher Manifest for our journal is: {$journalUrl}/gateway/lockss\n\nWe understand that you are already participating in LOCKSS. If we can provide any additional metadata for purposes of registering our journal with your version of LOCKSS, we would be happy to provide it.\n\nThank you,\n{$principalContactSignature}','This email requests the keeper of a LOCKSS archive to consider including this journal in their archive. It provides the URL to the journal\'s LOCKSS Publisher Manifest.'),('LOCKSS_NEW_ARCHIVE','en_US','Archiving Request for {$journalName}','Dear [University Librarian]\n\n{$journalName} <{$journalUrl}>, is a journal for which a member of your faculty, [name of member] serves as a [title of position]. The journal is seeking to establish a LOCKSS (Lots of Copies Keep Stuff Safe) compliant archive with this and other university libraries.\n\n[Brief description of journal]\n\nThe LOCKSS Program <http://lockss.org/>, an international library/publisher initiative, is a working example of a distributed preservation and archiving repository, additional details are below. The software, which runs on an ordinary personal computer is free; the system is easily brought on-line; very little ongoing maintenance is required.\n\nTo assist in the archiving of our journal, we invite you to become a member of the LOCKSS community, to help collect and preserve titles produced by your faculty and by other scholars worldwide. To do so, please have someone on your staff visit the LOCKSS site for information on how this system operates. I look forward to hearing from you on the feasibility of providing this archiving support for this journal.\n\nThank you,\n{$principalContactSignature}','This email encourages the recipient to participate in the LOCKSS initiative and include this journal in the archive. It provides information about the LOCKSS initiative and ways to become involved.'),('SUBMISSION_ACK','en_US','Submission Acknowledgement','{$authorName}:\n\nThank you for submitting the manuscript, \"{$articleTitle}\" to {$journalName}. With the online journal management system that we are using, you will be able to track its progress through the editorial process by logging in to the journal web site:\n\nManuscript URL: {$submissionUrl}\nUsername: {$authorUsername}\n\nIf you have any questions, please contact me. Thank you for considering this journal as a venue for your work.\n\n{$editorialContactSignature}','This email, when enabled, is automatically sent to an author when he or she completes the process of submitting a manuscript to the journal. It provides information about tracking the submission through the process and thanks the author for the submission.'),('SUBMISSION_UNSUITABLE','en_US','Unsuitable Submission','{$authorName}:\n\nAn initial review of \"{$articleTitle}\" has made it clear that this submission does not fit within the scope and focus of {$journalName}. I recommend that you consult the description of this journal under About, as well as its current contents, to learn more about the work that we publish. You might also consider submitting this manuscript to another, more suitable journal.\n\n{$editorialContactSignature}',''),('SUBMISSION_COMMENT','en_US','Submission Comment','{$name}:\n\n{$commentName} has added a comment to the submission, \"{$articleTitle}\" in {$journalName}:\n\n{$comments}','This email notifies the various people involved in a submission\'s editing process that a new comment has been posted.'),('SUBMISSION_DECISION_REVIEWERS','en_US','Decision on \"{$articleTitle}\"','As one of the reviewers for the submission, \"{$articleTitle},\" to {$journalName}, I am sending you the reviews and editorial decision sent to the author of this piece. Thank you again for your important contribution to this process.\n \n{$editorialContactSignature}\n\n{$comments}','This email notifies the reviewers of a submission that the review process has been completed. It includes information about the article and the decision reached, and thanks the reviewers for their contributions.'),('EDITOR_ASSIGN','en_US','Editorial Assignment','{$editorialContactName}:\n\nThe submission, \"{$articleTitle},\" to {$journalName} has been assigned to you to see through the editorial process in your role as Section Editor.  \n\nSubmission URL: {$submissionUrl}\nUsername: {$editorUsername}\n\nThank you,\n{$editorialContactSignature}','This email notifies a Section Editor that the Editor has assigned them the task of overseeing a submission through the editing process. It provides information about the submission and how to access the journal site.'),('REVIEW_REQUEST','en_US','Article Review Request','{$reviewerName}:\n\nI believe that you would serve as an excellent reviewer of the manuscript, \"{$articleTitle},\" which has been submitted to {$journalName}. The submission\'s abstract is inserted below, and I hope that you will consider undertaking this important task for us.\n\nPlease log into the journal web site by {$weekLaterDate} to indicate whether you will undertake the review or not, as well as to access the submission and to record your review and recommendation. The web site is {$journalUrl}\n\nThe review itself is due {$reviewDueDate}.\n\nIf you do not have your username and password for the journal\'s web site, you can use this link to reset your password (which will then be emailed to you along with your username). {$passwordResetUrl}\n\nSubmission URL: {$submissionReviewUrl}\n\nThank you for considering this request.\n\n{$editorialContactSignature}\n\n\n\n\"{$articleTitle}\"\n\n{$abstractTermIfEnabled}\n{$articleAbstract}','This email from the Section Editor to a Reviewer requests that the reviewer accept or decline the task of reviewing a submission. It provides information about the submission such as the title and abstract, a review due date, and how to access the submission itself. This message is used when the Standard Review Process is selected in Journal Setup, Step 2. (Otherwise see REVIEW_REQUEST_ATTACHED.)'),('REVIEW_REQUEST_ONECLICK','en_US','Article Review Request','{$reviewerName}:\n\nI believe that you would serve as an excellent reviewer of the manuscript, \"{$articleTitle},\" which has been submitted to {$journalName}. The submission\'s abstract is inserted below, and I hope that you will consider undertaking this important task for us.\n\nPlease log into the journal web site by {$weekLaterDate} to indicate whether you will undertake the review or not, as well as to access the submission and to record your review and recommendation.\n\nThe review itself is due {$reviewDueDate}.\n\nSubmission URL: {$submissionReviewUrl}\n\nThank you for considering this request.\n\n{$editorialContactSignature}\n\n\n\n\"{$articleTitle}\"\n\n{$abstractTermIfEnabled}\n{$articleAbstract}','This email from the Section Editor to a Reviewer requests that the reviewer accept or decline the task of reviewing a submission. It provides information about the submission such as the title and abstract, a review due date, and how to access the submission itself. This message is used when the Standard Review Process is selected in Journal Setup, Step 2, and one-click reviewer access is enabled.'),('REVIEW_REQUEST_ATTACHED','en_US','Article Review Request','{$reviewerName}:\n\nI believe that you would serve as an excellent reviewer of the manuscript, \"{$articleTitle},\" and I am asking that you consider undertaking this important task for us. The Review Guidelines for this journal are appended below, and the submission is attached to this email. Your review of the submission, along with your recommendation, should be emailed to me by {$reviewDueDate}.\n\nPlease indicate in a return email by {$weekLaterDate} whether you are able and willing to do the review.\n\nThank you for considering this request.\n\n{$editorialContactSignature}\n\n\nReview Guidelines\n\n{$reviewGuidelines}\n','This email is sent by the Section Editor to a Reviewer to request that they accept or decline the task of reviewing a submission. It includes the submission as an attachment. This message is used when the Email-Attachment Review Process is selected in Journal Setup, Step 2. (Otherwise see REVIEW_REQUEST.)'),('REVIEW_CANCEL','en_US','Request for Review Cancelled','{$reviewerName}:\n\nWe have decided at this point to cancel our request for you to review the submission, \"{$articleTitle},\" for {$journalName}. We apologize for any inconvenience this may cause you and hope that we will be able to call on you to assist with this journal\'s review process in the future.\n\nIf you have any questions, please contact me.\n\n{$editorialContactSignature}','This email is sent by the Section Editor to a Reviewer who has a submission review in progress to notify them that the review has been cancelled.'),('REVIEW_CONFIRM','en_US','Able to Review','{$editorialContactName}:\n\nI am able and willing to review the submission, \"{$articleTitle},\" for {$journalName}. Thank you for thinking of me, and I plan to have the review completed by its due date, {$reviewDueDate}, if not before.\n\n{$reviewerName}','This email is sent by a Reviewer to the Section Editor in response to a review request to notify the Section Editor that the review request has been accepted and will be completed by the specified date.'),('REVIEW_DECLINE','en_US','Unable to Review','{$editorialContactName}:\n\nI am afraid that at this time I am unable to review the submission, \"{$articleTitle},\" for {$journalName}. Thank you for thinking of me, and another time feel free to call on me.\n\n{$reviewerName}','This email is sent by a Reviewer to the Section Editor in response to a review request to notify the Section Editor that the review request has been declined.'),('REVIEW_COMPLETE','en_US','Article Review Completed','{$editorialContactName}:\n\nI have now completed my review of \"{$articleTitle}\" for {$journalName}, and submitted my recommendation, \"{$recommendation}.\"\n\n{$reviewerName}','This email is sent by a Reviewer to the Section Editor to notify them that a review has been completed and the comments and recommendations have been recorded on the journal web site.'),('REVIEW_ACK','en_US','Article Review Acknowledgement','{$reviewerName}:\n\nThank you for completing the review of the submission, \"{$articleTitle},\" for {$journalName}. We appreciate your contribution to the quality of the work that we publish.\n\n{$editorialContactSignature}','This email is sent by a Section Editor to confirm receipt of a completed review and thank the reviewer for their contributions.'),('REVIEW_REMIND','en_US','Submission Review Reminder','{$reviewerName}:\n\nJust a gentle reminder of our request for your review of the submission, \"{$articleTitle},\" for {$journalName}. We were hoping to have this review by {$reviewDueDate}, and would be pleased to receive it as soon as you are able to prepare it.\n\nIf you do not have your username and password for the journal\'s web site, you can use this link to reset your password (which will then be emailed to you along with your username). {$passwordResetUrl}\n\nSubmission URL: {$submissionReviewUrl}\n\nPlease confirm your ability to complete this vital contribution to the work of the journal. I look forward to hearing from you.\n\n{$editorialContactSignature}','This email is sent by a Section Editor to remind a reviewer that their review is due.'),('REVIEW_REMIND_ONECLICK','en_US','Submission Review Reminder','{$reviewerName}:\n\nJust a gentle reminder of our request for your review of the submission, \"{$articleTitle},\" for {$journalName}. We were hoping to have this review by {$reviewDueDate}, and would be pleased to receive it as soon as you are able to prepare it.\n\nSubmission URL: {$submissionReviewUrl}\n\nPlease confirm your ability to complete this vital contribution to the work of the journal. I look forward to hearing from you.\n\n{$editorialContactSignature}','This email is sent by a Section Editor to remind a reviewer that their review is due.'),('REVIEW_REMIND_AUTO','en_US','Automated Submission Review Reminder','{$reviewerName}:\n\nJust a gentle reminder of our request for your review of the submission, \"{$articleTitle},\" for {$journalName}. We were hoping to have this review by {$reviewDueDate}, and this email has been automatically generated and sent with the passing of that date. We would still be pleased to receive it as soon as you are able to prepare it.\n\nIf you do not have your username and password for the journal\'s web site, you can use this link to reset your password (which will then be emailed to you along with your username). {$passwordResetUrl}\n\nSubmission URL: {$submissionReviewUrl}\n\nPlease confirm your ability to complete this vital contribution to the work of the journal. I look forward to hearing from you.\n\n{$editorialContactSignature}','This email is automatically sent when a reviewer\'s due date elapses (see Review Options under Journal Setup, Step 2) and one-click reviewer access is disabled. Scheduled tasks must be enabled and configured (see the site configuration file).'),('REVIEW_REMIND_AUTO_ONECLICK','en_US','Automated Submission Review Reminder','{$reviewerName}:\n\nJust a gentle reminder of our request for your review of the submission, \"{$articleTitle},\" for {$journalName}. We were hoping to have this review by {$reviewDueDate}, and this email has been automatically generated and sent with the passing of that date. We would still be pleased to receive it as soon as you are able to prepare it.\n\nSubmission URL: {$submissionReviewUrl}\n\nPlease confirm your ability to complete this vital contribution to the work of the journal. I look forward to hearing from you.\n\n{$editorialContactSignature}','This email is automatically sent when a reviewer\'s due date elapses (see Review Options under Journal Setup, Step 2) and one-click reviewer access is enabled. Scheduled tasks must be enabled and configured (see the site configuration file).'),('EDITOR_DECISION_ACCEPT','en_US','Editor Decision','{$authorName}:\n\nWe have reached a decision regarding your submission to {$journalTitle}, \"{$articleTitle}\".\n\nOur decision is to:\n\n{$editorialContactSignature}\n','This email from the Editor or Section Editor to an Author notifies them of a final decision regarding their submission.'),('EDITOR_DECISION_REVISIONS','en_US','Editor Decision','{$authorName}:\n\nWe have reached a decision regarding your submission to {$journalTitle}, \"{$articleTitle}\".\n\nOur decision is to:\n\n{$editorialContactSignature}\n','This email from the Editor or Section Editor to an Author notifies them of a final decision regarding their submission.'),('EDITOR_DECISION_RESUBMIT','en_US','Editor Decision','{$authorName}:\n\nWe have reached a decision regarding your submission to {$journalTitle}, \"{$articleTitle}\".\n\nOur decision is to:\n\n{$editorialContactSignature}\n','This email from the Editor or Section Editor to an Author notifies them of a final decision regarding their submission.'),('EDITOR_DECISION_DECLINE','en_US','Editor Decision','{$authorName}:\n\nWe have reached a decision regarding your submission to {$journalTitle}, \"{$articleTitle}\".\n\nOur decision is to:\n\n{$editorialContactSignature}\n','This email from the Editor or Section Editor to an Author notifies them of a final decision regarding their submission.'),('COPYEDIT_REQUEST','en_US','Copyediting Request','{$copyeditorName}:\n\nI would ask that you undertake the copyediting of \"{$articleTitle}\" for {$journalName} by following these steps.\n1. Click on the Submission URL below.\n2. Log into the journal and click on the File that appears in Step 1.\n3. Consult Copyediting Instructions posted on webpage.\n4. Open the downloaded file and copyedit, while adding Author Queries as needed. \n5. Save copyedited file, and upload to Step 1 of Copyediting.\n6. Send the COMPLETE email to the editor.\n\n{$journalName} URL: {$journalUrl}\nSubmission URL: {$submissionCopyeditingUrl}\nUsername: {$copyeditorUsername}\n\n{$editorialContactSignature}','This email is sent by a Section Editor to a submission\'s Copyeditor to request that they begin the copyediting process. It provides information about the submission and how to access it.'),('COPYEDIT_COMPLETE','en_US','Copyediting Completed','{$editorialContactName}:\n\nWe have now copyedited your submission \"{$articleTitle}\" for {$journalName}. To review the proposed changes and respond to Author Queries, please follow these steps:\n\n1. Log into the journal using URL below with your username and password (use Forgot link if needed).\n2. Click on the file at 1. Initial Copyedit File to download and open copyedited version. \n3. Review the copyediting, making changes using Track Changes in Word, and answer queries. \n4. Save file to desktop and upload it in 2. Author Copyedit.\n5. Click the email icon under COMPLETE and send email to the editor.\n\nThis is the last opportunity that you have to make substantial changes. You will be asked at a later stage to proofread the galleys, but at that point only minor typographical and layout errors can be corrected.\n\nManuscript URL: {$submissionEditingUrl}\nUsername: {$authorUsername}\n\nIf you are unable to undertake this work at this time or have any questions,\nplease contact me. Thank you for your contribution to this journal.\n\n{$copyeditorName}',''),('COPYEDIT_ACK','en_US','Copyediting Acknowledgement','{$copyeditorName}:\n\nThank you for copyediting the manuscript, \"{$articleTitle},\" for {$journalName}. It will make an important contribution to the quality of this journal.\n\n{$editorialContactSignature}','This email is sent by the Section Editor to a submission\'s Copyeditor to acknowledge that the Copyeditor has successfully completed the copyediting process and thank them for their contribution.'),('COPYEDIT_AUTHOR_REQUEST','en_US','Copyediting Review Request','{$authorName}:\n\nYour submission \"{$articleTitle}\" for {$journalName} has been through the first step of copyediting, and is available for you to review by following these steps.\n\n1. Click on the Submission URL below.\n2. Log into the journal and click on the File that appears in Step 1.\n3. Open the downloaded submission.\n4. Review the text, including copyediting proposals and Author Queries.\n5. Make any copyediting changes that would further improve the text.\n6. When completed, upload the file in Step 2.\n7. Click on METADATA to check indexing information for completeness and accuracy.\n8. Send the COMPLETE email to the editor and copyeditor.\n\nSubmission URL: {$submissionCopyeditingUrl}\nUsername: {$authorUsername}\n\nThis is the last opportunity to make substantial copyediting changes to the submission. The proofreading stage, that follows the preparation of the galleys, is restricted to correcting typographical and layout errors.\n\nIf you are unable to undertake this work at this time or have any questions, please contact me. Thank you for your contribution to this journal.\n\n{$editorialContactSignature}','This email is sent by the Section Editor to a submission\'s Author to request that they proofread the work of the copyeditor. It provides access information for the manuscript and warns that this is the last opportunity the author has to make substantial changes.'),('COPYEDIT_AUTHOR_COMPLETE','en_US','Copyediting Review Completed','{$editorialContactName}:\n\nI have now reviewed the copyediting of the manuscript, \"{$articleTitle},\" for {$journalName}, and it is ready for the final round of copyediting and preparation for Layout.\n\nThank you for this contribution to my work,\n{$authorName}','This email is sent by the Author to the Section Editor to notify them that the Author\'s copyediting process has been completed.'),('COPYEDIT_AUTHOR_ACK','en_US','Copyediting Review Acknowledgement','{$authorName}:\n\nThank you for reviewing the copyediting of your manuscript, \"{$articleTitle},\" for {$journalName}. We look forward to publishing this work.\n\n{$editorialContactSignature}','This email is sent by the Section Editor to a submission\'s Author to confirm completion of the Author\'s copyediting process and thank them for their contribution.'),('COPYEDIT_FINAL_REQUEST','en_US','Copyediting Final Review','{$copyeditorName}:\n\nThe author and editor have now completed their copyediting review of \"{$articleTitle}\" for {$journalName}. A \"clean copy\" now needs to be prepared for Layout by going through the following steps.\n1. Click on the Submission URL below.\n2. Log into the journal and click on the File that appears in Step 2.\n3. Open the downloaded file and incorporate all copyedits and query responses.\n4. Save clean file, and upload to Step 3 of Copyediting.\n5. Click on METADATA to check indexing information (saving any corrections).\n6. Send the COMPLETE email to the editor.\n\n{$journalName} URL: {$journalUrl}\nSubmission URL: {$submissionCopyeditingUrl}\nUsername: {$copyeditorUsername}\n\n{$editorialContactSignature}','This email from the Section Editor to the Copyeditor requests that they perform a final round of copyediting on a submission before it enters the layout process.'),('COPYEDIT_FINAL_COMPLETE','en_US','Copyediting Final Review Completed','{$editorialContactName}:\n\nI have now prepared a clean, copyedited version of the manuscript, \"{$articleTitle},\" for {$journalName}. It is ready for Layout and the preparation of the galleys.\n\n{$copyeditorName}','This email from the Copyeditor to the Section Editor notifies them that the final round of copyediting has been completed and that the layout process may now begin.'),('COPYEDIT_FINAL_ACK','en_US','Copyediting Final Review Acknowledgement','{$copyeditorName}:\n\nThank you for completing the copyediting of the manuscript, \"{$articleTitle},\" for {$journalName}. This preparation of a \"clean copy\" for Layout is an important step in the editorial process.\n\n{$editorialContactSignature}','This email from the Section Editor to the Copyeditor acknowledges completion of the final round of copyediting and thanks them for their contribution.'),('LAYOUT_REQUEST','en_US','Request Galleys','{$layoutEditorName}:\n\nThe submission \"{$articleTitle}\" to {$journalName} now needs galleys laid out by following these steps.\n1. Click on the Submission URL below.\n2. Log into the journal and use the Layout Version file to create the galleys according to the journal\'s standards.\n3. Send the COMPLETE email to the editor.\n\n{$journalName} URL: {$journalUrl}\nSubmission URL: {$submissionLayoutUrl}\nUsername: {$layoutEditorUsername}\n\nIf you are unable to undertake this work at this time or have any questions, please contact me. Thank you for your contribution to this journal.\n\n{$editorialContactSignature}','This email from the Section Editor to the Layout Editor notifies them that they have been assigned the task of performing layout editing on a submission. It provides information about the submission and how to access it.'),('LAYOUT_COMPLETE','en_US','Galleys Complete','{$editorialContactName}:\n\nGalleys have now been prepared for the manuscript, \"{$articleTitle},\" for {$journalName} and are ready for proofreading. \n\nIf you have any questions, please contact me.\n\n{$layoutEditorName}','This email from the Layout Editor to the Section Editor notifies them that the layout process has been completed.'),('LAYOUT_ACK','en_US','Layout Acknowledgement','{$layoutEditorName}:\n\nThank you for preparing the galleys for the manuscript, \"{$articleTitle},\" for {$journalName}. This is an important contribution to the publishing process.\n\n{$editorialContactSignature}','This email from the Section Editor to the Layout Editor acknowledges completion of the layout editing process and thanks the layout editor for their contribution.'),('PROOFREAD_AUTHOR_REQUEST','en_US','Proofreading Request (Author)','{$authorName}:\n\nYour submission \"{$articleTitle}\" to {$journalName} now needs to be proofread by folllowing these steps.\n1. Click on the Submission URL below.\n2. Log into the journal and view PROOFING INSTRUCTIONS\n3. Click on VIEW PROOF in Layout and proof the galley in the one or more formats used.\n4. Enter corrections (typographical and format) in Proofreading Corrections.\n5. Save and email corrections to Layout Editor and Proofreader.\n6. Send the COMPLETE email to the editor.\n\nSubmission URL: {$submissionUrl}\nUsername: {$authorUsername}\n\n{$editorialContactSignature}','This email from the Section Editor to the Author notifies them that an article\'s galleys are ready for proofreading. It provides information about the article and how to access it.'),('PROOFREAD_AUTHOR_COMPLETE','en_US','Proofreading Completed (Author)','{$editorialContactName}:\n\nI have completed proofreading the galleys for my manuscript, \"{$articleTitle},\" for {$journalName}. The galleys are now ready to have any final corrections made by the Proofreader and Layout Editor.\n\n{$authorName}','This email from the Author to the Proofreader and Editor notifies them that the Author\'s round of proofreading is complete and that details can be found in the article comments.'),('PROOFREAD_AUTHOR_ACK','en_US','Proofreading Acknowledgement (Author)','{$authorName}:\n\nThank you for proofreading the galleys for your manuscript, \"{$articleTitle},\" in {$journalName}. We are looking forward to publishing your work shortly.\n\nIf you subscribe to our notification service, you will receive an email of the Table of Contents as soon as it is published. If you have any questions, please contact me.\n\n{$editorialContactSignature}','This email from the Section Editor to the Author acknowledges completion of the initial proofreading process and thanks them for their contribution.'),('PROOFREAD_REQUEST','en_US','Proofreading Request','{$proofreaderName}:\n\nThe submission \"{$articleTitle}\" to {$journalName} now needs to be proofread by following these steps.\n1. Click on the Submission URL below.\n2. Log into the journal and view PROOFING INSTRUCTIONS.\n3. Click on VIEW PROOF in Layout and proof the galley in the one or more formats used.\n4. Enter corrections (typographical and format) in Proofreading Corrections.\n5. Save and email corrections to Layout Editor.\n6. Send the COMPLETE email to the editor.\n\nManuscript URL: {$submissionUrl}\nUsername: {$proofreaderUsername}\n\nIf you are unable to undertake this work at this time or have any questions, please contact me. Thank you for your contribution to this journal.\n\n{$editorialContactSignature}','This email from the Section Editor to the Proofreader requests that they perform proofreading of an article\'s galleys. It provides information about the article and how to access it.'),('PROOFREAD_COMPLETE','en_US','Proofreading Completed','{$editorialContactName}:\n\nI have completed proofreading the galleys for the manuscript, \"{$articleTitle},\" for {$journalName}. The galleys are now ready to have any final corrections made by the Layout Editor.\n\n{$proofreaderName}','This email from the Proofreader to the Section Editor notifies them that the Proofreader has completed the proofreading process.'),('PROOFREAD_ACK','en_US','Proofreading Acknowledgement','{$proofreaderName}:\n\nThank you for proofreading the galleys for the manuscript, \"{$articleTitle},\" for {$journalName}. This work makes an important contribution to the quality of this journal.\n\n{$editorialContactSignature}','This email from the Section Editor to the Proofreader confirms completion of the proofreader\'s proofreading process and thanks them for their contribution.'),('PROOFREAD_LAYOUT_REQUEST','en_US','Proofreading Request (Layout Editor)','{$layoutEditorName}:\n\nThe submission \"{$articleTitle}\" to {$journalName} has been proofread by the author and proofreader, and any corrections should now be made by following these steps.\n1. Click on the Submission URL below.\n2. Log into the journal consult Proofreading Corrections to create corrected galleys.\n3. Upload the revised galleys.\n4. Send the COMPLETE email in Proofreading Step 3 to the editor.\n\n{$journalName} URL: {$journalUrl}\nSubnmission URL: {$submissionUrl}\nUsername: {$layoutEditorUsername}\n\nIf you are unable to undertake this work at this time or have any questions, please contact me. Thank you for your contribution to this journal.\n\n{$editorialContactSignature}','This email from the Section Editor to the Layout Editor notifies them that an article\'s galleys are ready for final proofreading. It provides information on the article and how to access it.'),('PROOFREAD_LAYOUT_COMPLETE','en_US','Proofreading Completed (Layout Editor)','{$editorialContactName}:\n\nThe galleys have now been corrected, following their proofreading, for the manuscript, \"{$articleTitle},\" for {$journalName}. This piece is now ready to publish.\n\n{$layoutEditorName}','This email from the Layout Editor to the Section Editor notifies them that the final stage of proofreading has been completed and the article is now ready to publish.'),('PROOFREAD_LAYOUT_ACK','en_US','Proofreading Acknowledgement (Layout Editor)','{$layoutEditorName}:\n\nThank you for completing the proofreading corrections for the galleys associated with the manuscript, \"{$articleTitle},\" for {$journalName}. This represents an important contribution to the work of this journal.\n\n{$editorialContactSignature}','This email from the Section Editor to the Layout Editor acknowledges completion of the final stage of proofreading and thanks them for their contribution.'),('EMAIL_LINK','en_US','Article of Possible Interest','Thought you might be interested in seeing \"{$articleTitle}\" by {$authorName} published in Vol {$volume}, No {$number} ({$year}) of {$journalName} at \"{$articleUrl}\".','This email template provides a registered reader with the opportunity to send information about an article to somebody who may be interested. It is available via the Reading Tools and must be enabled by the Journal Manager in the Reading Tools Administration page.'),('SUBSCRIPTION_NOTIFY','en_US','Subscription Notification','{$subscriberName}:\n\nYou have now been registered as a subscriber in our online journal management system for {$journalName}, with the following subscription:\n\n{$subscriptionType}\n\nTo access content that is available only to subscribers, simply log in to the system with your username, \"{$username}\".\n\nOnce you have logged in to the system you can change your profile details and password at any point.\n\nPlease note that if you have an institutional subscription, there is no need for users at your institution to log in, since requests for subscription content will be automatically authenticated by the system.\n\nIf you have any questions, please feel free to contact me.\n\n{$subscriptionContactSignature}','This email notifies a registered reader that the Manager has created a subscription for them. It provides the journal\'s URL along with instructions for access.'),('OPEN_ACCESS_NOTIFY','en_US','Issue Now Open Access','Readers:\n\n{$journalName} has just made available in an open access format the following issue. We invite you to review the Table of Contents here and then visit our web site ({$journalUrl}) to review articles and items of interest.\n\nThanks for the continuing interest in our work,\n{$editorialContactSignature}','This email is sent to registered readers who have requested to receive a notification email when an issue becomes open access.'),('SUBSCRIPTION_BEFORE_EXPIRY','en_US','Notice of Subscription Expiry','{$subscriberName}:\n\nYour {$journalName} subscription is about to expire.\n\n{$subscriptionType}\nExpiry date: {$expiryDate}\n\nTo ensure the continuity of your access to this journal, please go to the journal website and renew your subscription. You are able to log in to the system with your username, \"{$username}\".\n\nIf you have any questions, please feel free to contact me.\n\n{$subscriptionContactSignature}','This email notifies a subscriber that their subscription will soon expire. It provides the journal\'s URL along with instructions for access.'),('SUBSCRIPTION_AFTER_EXPIRY','en_US','Subscription Expired','{$subscriberName}:\n\nYour {$journalName} subscription has expired.\n\n{$subscriptionType}\nExpiry date: {$expiryDate}\n\nTo renew your subscription, please go to the journal website. You are able to log in to the system with your username, \"{$username}\".\n\nIf you have any questions, please feel free to contact me.\n\n{$subscriptionContactSignature}','This email notifies a subscriber that their subscription has expired. It provides the journal\'s URL along with instructions for access.'),('SUBSCRIPTION_AFTER_EXPIRY_LAST','en_US','Subscription Expired - Final Reminder','{$subscriberName}:\n\nYour {$journalName} subscription has expired.\nPlease note that this is the final reminder that will be emailed to you.\n\n{$subscriptionType}\nExpiry date: {$expiryDate}\n\nTo renew your subscription, please go to the journal website. You are able to log in to the system with your username, \"{$username}\".\n\nIf you have any questions, please feel free to contact me.\n\n{$subscriptionContactSignature}','This email notifies a subscriber that their subscription has expired. It provides the journal\'s URL along with instructions for access.'),('SUBSCRIPTION_PURCHASE_INDL','en_US','Subscription Purchase: Individual','An individual subscription has been purchased online for {$journalName} with the following details.\n\nSubscription Type:\n{$subscriptionType}\n\nUser:\n{$userDetails}\n\nMembership Information (if provided):\n{$membership}\n\nTo view or edit this subscription, please use the following URL.\n\nSubscription URL: {$subscriptionUrl}\n','This email notifies the Subscription Manager that an individual subscription has been purchased online. It provides summary information about the subscription and a quick access link to the purchased subscription.'),('SUBSCRIPTION_PURCHASE_INSTL','en_US','Subscription Purchase: Institutional','An institutional subscription has been purchased online for {$journalName} with the following details. To activate this subscription, please use the provided Subscription URL and set the subscription status to \'Active\'.\n\nSubscription Type:\n{$subscriptionType}\n\nInstitution:\n{$institutionName}\n{$institutionMailingAddress}\n\nDomain (if provided):\n{$domain}\n\nIP Ranges (if provided):\n{$ipRanges}\n\nContact Person:\n{$userDetails}\n\nMembership Information (if provided):\n{$membership}\n\nTo view or edit this subscription, please use the following URL.\n\nSubscription URL: {$subscriptionUrl}\n','This email notifies the Subscription Manager that an institutional subscription has been purchased online. It provides summary information about the subscription and a quick access link to the purchased subscription.'),('SUBSCRIPTION_RENEW_INDL','en_US','Subscription Renewal: Individual','An individual subscription has been renewed online for {$journalName} with the following details.\n\nSubscription Type:\n{$subscriptionType}\n\nUser:\n{$userDetails}\n\nMembership Information (if provided):\n{$membership}\n\nTo view or edit this subscription, please use the following URL.\n\nSubscription URL: {$subscriptionUrl}\n','This email notifies the Subscription Manager that an individual subscription has been renewed online. It provides summary information about the subscription and a quick access link to the renewed subscription.'),('SUBSCRIPTION_RENEW_INSTL','en_US','Subscription Renewal: Institutional','An institutional subscription has been renewed online for {$journalName} with the following details.\n\nSubscription Type:\n{$subscriptionType}\n\nInstitution:\n{$institutionName}\n{$institutionMailingAddress}\n\nDomain (if provided):\n{$domain}\n\nIP Ranges (if provided):\n{$ipRanges}\n\nContact Person:\n{$userDetails}\n\nMembership Information (if provided):\n{$membership}\n\nTo view or edit this subscription, please use the following URL.\n\nSubscription URL: {$subscriptionUrl}\n','This email notifies the Subscription Manager that an institutional subscription has been renewed online. It provides summary information about the subscription and a quick access link to the renewed subscription.'),('CITATION_EDITOR_AUTHOR_QUERY','en_US','Citation Editing','{$authorFirstName},\n\nCould you please verify or provide us with the proper citation for the following reference from your article, {$articleTitle}:\n\n{$rawCitation}\n\nThanks!\n\n{$userFirstName}\nCopy-Editor, {$journalName}\n','This email allows copyeditors to request additional information about references from authors.'),('SWORD_DEPOSIT_NOTIFICATION','en_US','Deposit Notification','Congratulations on the acceptance of your submission, \"{$articleTitle}\", for publication in {$journalName}. If you choose, you may automatically deposit your submission in one or more repositories.\n\nGo to {$swordDepositUrl} to proceed.\n\nThis email was generated by Open Journal Systems\' SWORD deposit plugin.','This email template is used to notify an author of optional deposit points for SWORD deposits.'),('BFR_REVIEW_REMINDER','en_US','Book for Review: Due Date Reminder','Dear {$authorName}:\n\nThis is a friendly reminder that your book review of {$bookForReviewTitle} is due {$bookForReviewDueDate}.\n\nTo submit your book review, please log into the journal website and complete the online article submission process. For your convenience, a submission URL has been provided below.\n\nSubmission URL: {$submissionUrl}\n\nPlease feel free to contact me if you have any questions or concerns about this book review.\n\nThank you for your contribution to the journal and I look forward to receiving your submission.\n\n{$editorialContactSignature}','This is an automatically generated email that is sent to a book for review author as a reminder that the due date for the review is approaching.'),('BFR_REVIEW_REMINDER_LATE','en_US','Book for Review: Review Due','Dear {$authorName}:\n\nThis is a friendly reminder that your book review of {$bookForReviewTitle} was due {$bookForReviewDueDate} but has not been received yet.\n\nTo submit your book review, please log into the journal website and complete the online article submission process. For your convenience, a submission URL has been provided below.\n\nSubmission URL: {$submissionUrl}\n\nPlease feel free to contact me if you have any questions or concerns about this book review.\n\nThank you for your contribution to the journal and I look forward to receiving your submission.\n\n{$editorialContactSignature}','This is an automatically generated email that is sent to a book for review author after the review due date has passed.'),('BFR_BOOK_ASSIGNED','en_US','Book for Review: Book Assigned','Dear {$authorName}:\n\nThis email confirms that {$bookForReviewTitle} has been assigned to you for a book review to be completed by {$bookForReviewDueDate}.\n\nPlease ensure that your mailing address in your online user profile is up-to-date. This address will be used to mail a copy of the book to you for the review.\n\nThe mailing address that we currently have on file is:\n{$authorMailingAddress}\n\nIf this address is incomplete or you are no longer at this address, please use the following user profile URL to update your address:\n\nUser Profile URL: {$userProfileUrl}\n \nTo submit your book review, please log into the journal website and complete the online article submission process.\n\nSubmission URL: {$submissionUrl}\n\nPlease feel free to contact me if you have any questions or concerns about this book review.\n\n{$editorialContactSignature}','This email is sent by an editor to a book review author when an editor assigns the book for review to the author.'),('BFR_BOOK_DENIED','en_US','Book for Review','Dear {$authorName}:\n\nUnfortunately, I am not able to assign {$bookForReviewTitle} to you at this time for a book review.\n\nI hope you consider reviewing another book from our listing, either at this time or in the future.\n\n{$editorialContactSignature}','This email is sent by an editor to an interested author when a book is no longer available for review.'),('BFR_BOOK_REQUESTED','en_US','Book for Review: Book Requested','Dear {$editorName}:\n\nI am interested in writing a book review of {$bookForReviewTitle}.\n\nCan you please confirm whether this book is still available for review?\n\n{$authorContactSignature}','This email is sent to an editor by an author interested in writing a book review for a listed book.'),('BFR_BOOK_MAILED','en_US','Book for Review: Book Mailed','Dear {$authorName}:\n\nThis email confirms that I have mailed a copy of {$bookForReviewTitle} to the following mailing address from your online user profile:\n{$authorMailingAddress}\n \nTo submit your book review, please log into the journal website and complete the online article submission process.\n\nSubmission URL: {$submissionUrl}\n\nPlease feel free to contact me if you have any questions or concerns about this book review.\n\n{$editorialContactSignature}','This email is sent by an editor to a book review author when the editor has mailed a copy of the book to the author.'),('BFR_REVIEWER_REMOVED','en_US','Book for Review','Dear {$authorName}:\n\nThis email confirms that you have been removed as the book reviewer for {$bookForReviewTitle}, which will be made available to other authors interested in reviewing the book.\n\nI hope you consider reviewing another book from our listing, either at this time or in the future.\n\n{$editorialContactSignature}','This email is sent by an editor to an interested author when a book is no longer available for review.'),('THESIS_ABSTRACT_CONFIRM','en_US','Thesis Abstract Submission','This email was automatically generated by the {$journalName} thesis abstract submission form.\n\nPlease confirm that the submitted information is correct. Upon receiving your confirmation, the abstract will be published in the online edition of the journal.\n\nSimply reply to {$thesisName} ({$thesisEmail}) with the contents of this message and your confirmation, as well as any recommended clarifications or corrections.\n\nThank you.\n\n\nTitle : {$title} \nAuthor : {$studentName}\nDegree : {$degree}\nDegree Name: {$degreeName}\nDepartment : {$department}\nUniversity : {$university}\nAcceptance Date : {$dateApproved}\nSupervisor : {$supervisorName}\n\nAbstract\n--------\n{$abstract}\n\n{$thesisContactSignature}','This email template is used to confirm a thesis abstract submission by a student. It is sent to the student\'s supervisor, who is asked to confirm the details of the submitted thesis abstract.'),('MANUAL_PAYMENT_NOTIFICATION','en_US','Manual Payment Notification','A manual payment needs to be processed for the journal {$journalName} and the user {$userFullName} (username \"{$userName}\").\n\nThe item being paid for is \"{$itemName}\".\nThe cost is {$itemCost} ({$itemCurrencyCode}).\n\nThis email was generated by Open Journal Systems\' Manual Payment plugin.','This email template is used to notify a journal manager contact that a manual payment was requested.'),('PAYPAL_INVESTIGATE_PAYMENT','en_US','Unusual PayPal Activity','Open Journal Systems has encountered unusual activity relating to PayPal payment support for the journal {$journalName}. This activity may need further investigation or manual intervention.\n                       \nThis email was generated by Open Journal Systems\' PayPal plugin.\n\nFull post information for the request:\n{$postInfo}\n\nAdditional information (if supplied):\n{$additionalInfo}\n\nServer vars:\n{$serverVars}\n','This email template is used to notify a journal\'s primary contact that suspicious activity or activity requiring manual intervention was encountered by the PayPal plugin.');

--
-- Table structure for table `external_feed_settings`
--

CREATE TABLE `external_feed_settings` (
  `feed_id` bigint(20) NOT NULL,
  `locale` varchar(5) NOT NULL DEFAULT '',
  `setting_name` varchar(255) NOT NULL,
  `setting_value` text DEFAULT NULL,
  `setting_type` varchar(6) NOT NULL,
  UNIQUE KEY `external_feed_settings_pkey` (`feed_id`,`locale`,`setting_name`)
) ENGINE=MyISAM DEFAULT CHARSET=latin1;

--
-- Dumping data for table `external_feed_settings`
--


--
-- Table structure for table `external_feeds`
--

CREATE TABLE `external_feeds` (
  `feed_id` bigint(20) NOT NULL AUTO_INCREMENT,
  `journal_id` bigint(20) NOT NULL,
  `url` varchar(255) NOT NULL,
  `seq` double NOT NULL DEFAULT 0,
  `display_homepage` tinyint(4) NOT NULL DEFAULT 0,
  `display_block` smallint(6) NOT NULL DEFAULT 0,
  `limit_items` tinyint(4) DEFAULT 0,
  `recent_items` smallint(6) DEFAULT NULL,
  PRIMARY KEY (`feed_id`),
  KEY `external_feeds_journal_id` (`journal_id`)
) ENGINE=MyISAM DEFAULT CHARSET=latin1;

--
-- Dumping data for table `external_feeds`
--


--
-- Table structure for table `filter_settings`
--

CREATE TABLE `filter_settings` (
  `filter_id` bigint(20) NOT NULL,
  `locale` varchar(5) NOT NULL DEFAULT '',
  `setting_name` varchar(255) NOT NULL,
  `setting_value` text DEFAULT NULL,
  `setting_type` varchar(6) NOT NULL,
  UNIQUE KEY `filter_settings_pkey` (`filter_id`,`locale`,`setting_name`),
  KEY `filter_settings_id` (`filter_id`)
) ENGINE=MyISAM DEFAULT CHARSET=latin1;

--
-- Dumping data for table `filter_settings`
--

INSERT INTO `filter_settings` VALUES (1,'','phpVersionMin','5.0.0','string'),(2,'','phpVersionMin','5.0.0','string'),(3,'','phpVersionMin','5.0.0','string'),(4,'','phpVersionMin','5.0.0','string'),(5,'','citationModule','Standard','string'),(5,'','phpVersionMin','5.0.0','string'),(6,'','phpVersionMin','5.0.0','string'),(7,'','phpVersionMin','5.0.0','string'),(9,'','citationOutputFilterName','lib.pkp.classes.citation.output.abnt.NlmCitationSchemaAbntFilter','string'),(9,'','ordering','2','int'),(11,'','citationOutputFilterName','lib.pkp.classes.citation.output.apa.NlmCitationSchemaApaFilter','string'),(11,'','ordering','2','int'),(13,'','citationOutputFilterName','lib.pkp.classes.citation.output.mla.NlmCitationSchemaMlaFilter','string'),(13,'','ordering','2','int'),(15,'','citationOutputFilterName','lib.pkp.classes.citation.output.vancouver.NlmCitationSchemaVancouverFilter','string'),(15,'','ordering','1','int'),(17,'','settingsMapping','a:2:{s:6:\"apiKey\";a:2:{i:0;s:11:\"seq1_apiKey\";i:1;s:11:\"seq2_apiKey\";}s:10:\"isOptional\";a:2:{i:0;s:15:\"seq1_isOptional\";i:1;s:15:\"seq2_isOptional\";}}','object'),(18,'','phpVersionMin','5.0.0','string'),(19,'','phpVersionMin','5.0.0','string'),(22,'','xsl','lib/pkp/classes/importexport/nlm/nlm-ref-list-30-to-23.xsl','string'),(22,'','xslType','2','int'),(23,'','isOptional','0','bool'),(24,'','isOptional','0','bool'),(26,'','isOptional','0','bool'),(28,'','isOptional','0','bool'),(29,'','isOptional','0','bool'),(23,'','phpVersionMin','5.0.0','string'),(24,'','phpVersionMin','5.0.0','string'),(26,'','phpVersionMin','5.0.0','string'),(28,'','phpVersionMin','5.0.0','string'),(29,'','phpVersionMin','5.0.0','string'),(28,'','email','','string'),(29,'','apikey','','string');

--
-- Table structure for table `filters`
--

CREATE TABLE `filters` (
  `filter_id` bigint(20) NOT NULL AUTO_INCREMENT,
  `context_id` bigint(20) NOT NULL DEFAULT 0,
  `display_name` varchar(255) DEFAULT NULL,
  `class_name` varchar(255) DEFAULT NULL,
  `input_type` varchar(255) DEFAULT NULL,
  `output_type` varchar(255) DEFAULT NULL,
  `is_template` tinyint(4) NOT NULL DEFAULT 0,
  `parent_filter_id` bigint(20) NOT NULL DEFAULT 0,
  `seq` bigint(20) NOT NULL DEFAULT 0,
  PRIMARY KEY (`filter_id`)
) ENGINE=MyISAM AUTO_INCREMENT=30 DEFAULT CHARSET=latin1;

--
-- Dumping data for table `filters`
--

INSERT INTO `filters` VALUES (1,0,'CrossRef','lib.pkp.classes.citation.lookup.crossref.CrossrefNlmCitationSchemaFilter','metadata::lib.pkp.classes.metadata.nlm.NlmCitationSchema(CITATION)','metadata::lib.pkp.classes.metadata.nlm.NlmCitationSchema(CITATION)',1,0,0),(2,0,'PubMed','lib.pkp.classes.citation.lookup.pubmed.PubmedNlmCitationSchemaFilter','metadata::lib.pkp.classes.metadata.nlm.NlmCitationSchema(CITATION)','metadata::lib.pkp.classes.metadata.nlm.NlmCitationSchema(CITATION)',1,0,0),(3,0,'WorldCat','lib.pkp.classes.citation.lookup.worldcat.WorldcatNlmCitationSchemaFilter','metadata::lib.pkp.classes.metadata.nlm.NlmCitationSchema(CITATION)','metadata::lib.pkp.classes.metadata.nlm.NlmCitationSchema(CITATION)',1,0,0),(4,0,'FreeCite','lib.pkp.classes.citation.parser.freecite.FreeciteRawCitationNlmCitationSchemaFilter','primitive::string','metadata::lib.pkp.classes.metadata.nlm.NlmCitationSchema(CITATION)',1,0,0),(5,0,'ParaCite','lib.pkp.classes.citation.parser.paracite.ParaciteRawCitationNlmCitationSchemaFilter','primitive::string','metadata::lib.pkp.classes.metadata.nlm.NlmCitationSchema(CITATION)',1,0,0),(6,0,'ParsCit','lib.pkp.classes.citation.parser.parscit.ParscitRawCitationNlmCitationSchemaFilter','primitive::string','metadata::lib.pkp.classes.metadata.nlm.NlmCitationSchema(CITATION)',1,0,0),(7,0,'RegEx','lib.pkp.classes.citation.parser.regex.RegexRawCitationNlmCitationSchemaFilter','primitive::string','metadata::lib.pkp.classes.metadata.nlm.NlmCitationSchema(CITATION)',1,0,0),(8,0,'ABNT Citation Output','lib.pkp.classes.citation.output.abnt.NlmCitationSchemaAbntFilter','metadata::lib.pkp.classes.metadata.nlm.NlmCitationSchema(CITATION)','primitive::string',0,0,0),(9,0,'ABNT Citation Output','lib.pkp.classes.citation.output.PlainTextReferencesListFilter','class::lib.pkp.classes.submission.Submission','class::lib.pkp.classes.citation.PlainTextReferencesList',0,0,0),(10,0,'APA Citation Output','lib.pkp.classes.citation.output.apa.NlmCitationSchemaApaFilter','metadata::lib.pkp.classes.metadata.nlm.NlmCitationSchema(CITATION)','primitive::string',0,0,0),(11,0,'APA Citation Output','lib.pkp.classes.citation.output.PlainTextReferencesListFilter','class::lib.pkp.classes.submission.Submission','class::lib.pkp.classes.citation.PlainTextReferencesList',0,0,0),(12,0,'MLA Citation Output','lib.pkp.classes.citation.output.mla.NlmCitationSchemaMlaFilter','metadata::lib.pkp.classes.metadata.nlm.NlmCitationSchema(CITATION)','primitive::string',0,0,0),(13,0,'MLA Citation Output','lib.pkp.classes.citation.output.PlainTextReferencesListFilter','class::lib.pkp.classes.submission.Submission','class::lib.pkp.classes.citation.PlainTextReferencesList',0,0,0),(14,0,'Vancouver Citation Output','lib.pkp.classes.citation.output.vancouver.NlmCitationSchemaVancouverFilter','metadata::lib.pkp.classes.metadata.nlm.NlmCitationSchema(CITATION)','primitive::string',0,0,0),(15,0,'Vancouver Citation Output','lib.pkp.classes.citation.output.PlainTextReferencesListFilter','class::lib.pkp.classes.submission.Submission','class::lib.pkp.classes.citation.PlainTextReferencesList',0,0,0),(16,0,'NLM Journal Publishing V3.0 ref-list','lib.pkp.classes.importexport.nlm.PKPSubmissionNlmXmlFilter','class::lib.pkp.classes.submission.Submission','xml::*',0,0,0),(17,0,'ISBNdb','lib.pkp.classes.filter.GenericSequencerFilter','metadata::lib.pkp.classes.metadata.nlm.NlmCitationSchema(CITATION)','metadata::lib.pkp.classes.metadata.nlm.NlmCitationSchema(CITATION)',1,0,0),(18,0,'ISBNdb (from NLM)','lib.pkp.classes.citation.lookup.isbndb.IsbndbNlmCitationSchemaIsbnFilter','metadata::lib.pkp.classes.metadata.nlm.NlmCitationSchema(CITATION)','primitive::string',0,17,1),(19,0,'ISBNdb','lib.pkp.classes.citation.lookup.isbndb.IsbndbIsbnNlmCitationSchemaFilter','primitive::string','metadata::lib.pkp.classes.metadata.nlm.NlmCitationSchema(CITATION)',0,17,2),(20,0,'NLM Journal Publishing V2.3 ref-list','lib.pkp.classes.filter.GenericSequencerFilter','class::lib.pkp.classes.submission.Submission','xml::*',0,0,0),(21,0,'NLM Journal Publishing V3.0 ref-list','lib.pkp.classes.importexport.nlm.PKPSubmissionNlmXmlFilter','class::lib.pkp.classes.submission.Submission','xml::*',0,20,1),(22,0,'NLM 3.0 to 2.3 ref-list downgrade','lib.pkp.classes.xslt.XSLTransformationFilter','xml::*','xml::*',0,20,2),(23,1,'FreeCite','lib.pkp.classes.citation.parser.freecite.FreeciteRawCitationNlmCitationSchemaFilter','primitive::string','metadata::lib.pkp.classes.metadata.nlm.NlmCitationSchema(CITATION)',0,0,0),(24,1,'ParsCit','lib.pkp.classes.citation.parser.parscit.ParscitRawCitationNlmCitationSchemaFilter','primitive::string','metadata::lib.pkp.classes.metadata.nlm.NlmCitationSchema(CITATION)',0,0,0),(26,1,'RegEx','lib.pkp.classes.citation.parser.regex.RegexRawCitationNlmCitationSchemaFilter','primitive::string','metadata::lib.pkp.classes.metadata.nlm.NlmCitationSchema(CITATION)',0,0,0),(28,1,'PubMed','lib.pkp.classes.citation.lookup.pubmed.PubmedNlmCitationSchemaFilter','metadata::lib.pkp.classes.metadata.nlm.NlmCitationSchema(CITATION)','metadata::lib.pkp.classes.metadata.nlm.NlmCitationSchema(CITATION)',0,0,0),(29,1,'WorldCat','lib.pkp.classes.citation.lookup.worldcat.WorldcatNlmCitationSchemaFilter','metadata::lib.pkp.classes.metadata.nlm.NlmCitationSchema(CITATION)','metadata::lib.pkp.classes.metadata.nlm.NlmCitationSchema(CITATION)',0,0,0);

--
-- Table structure for table `group_memberships`
--

CREATE TABLE `group_memberships` (
  `user_id` bigint(20) NOT NULL,
  `group_id` bigint(20) NOT NULL,
  `about_displayed` tinyint(4) NOT NULL DEFAULT 1,
  `seq` double NOT NULL DEFAULT 0,
  UNIQUE KEY `group_memberships_pkey` (`user_id`,`group_id`)
) ENGINE=MyISAM DEFAULT CHARSET=latin1;

--
-- Dumping data for table `group_memberships`
--


--
-- Table structure for table `group_settings`
--

CREATE TABLE `group_settings` (
  `group_id` bigint(20) NOT NULL,
  `locale` varchar(5) NOT NULL DEFAULT '',
  `setting_name` varchar(255) NOT NULL,
  `setting_value` text DEFAULT NULL,
  `setting_type` varchar(6) NOT NULL,
  UNIQUE KEY `group_settings_pkey` (`group_id`,`locale`,`setting_name`),
  KEY `group_settings_group_id` (`group_id`)
) ENGINE=MyISAM DEFAULT CHARSET=latin1;

--
-- Dumping data for table `group_settings`
--


--
-- Table structure for table `groups`
--

CREATE TABLE `groups` (
  `group_id` bigint(20) NOT NULL AUTO_INCREMENT,
  `assoc_type` smallint(6) DEFAULT NULL,
  `publish_email` smallint(6) DEFAULT NULL,
  `assoc_id` bigint(20) DEFAULT NULL,
  `context` bigint(20) DEFAULT NULL,
  `about_displayed` tinyint(4) NOT NULL DEFAULT 0,
  `seq` double NOT NULL DEFAULT 0,
  PRIMARY KEY (`group_id`),
  KEY `groups_assoc` (`assoc_type`,`assoc_id`)
) ENGINE=MyISAM DEFAULT CHARSET=latin1;

--
-- Dumping data for table `groups`
--


--
-- Table structure for table `institutional_subscription_ip`
--

CREATE TABLE `institutional_subscription_ip` (
  `institutional_subscription_ip_id` bigint(20) NOT NULL AUTO_INCREMENT,
  `subscription_id` bigint(20) NOT NULL,
  `ip_string` varchar(40) NOT NULL,
  `ip_start` bigint(20) NOT NULL,
  `ip_end` bigint(20) DEFAULT NULL,
  PRIMARY KEY (`institutional_subscription_ip_id`),
  KEY `institutional_subscription_ip_subscription_id` (`subscription_id`),
  KEY `institutional_subscription_ip_start` (`ip_start`),
  KEY `institutional_subscription_ip_end` (`ip_end`)
) ENGINE=MyISAM DEFAULT CHARSET=latin1;

--
-- Dumping data for table `institutional_subscription_ip`
--


--
-- Table structure for table `institutional_subscriptions`
--

CREATE TABLE `institutional_subscriptions` (
  `institutional_subscription_id` bigint(20) NOT NULL AUTO_INCREMENT,
  `subscription_id` bigint(20) NOT NULL,
  `institution_name` varchar(255) NOT NULL,
  `mailing_address` varchar(255) DEFAULT NULL,
  `domain` varchar(255) DEFAULT NULL,
  PRIMARY KEY (`institutional_subscription_id`),
  KEY `institutional_subscriptions_subscription_id` (`subscription_id`),
  KEY `institutional_subscriptions_domain` (`domain`)
) ENGINE=MyISAM DEFAULT CHARSET=latin1;

--
-- Dumping data for table `institutional_subscriptions`
--


--
-- Table structure for table `issue_settings`
--

CREATE TABLE `issue_settings` (
  `issue_id` bigint(20) NOT NULL,
  `locale` varchar(5) NOT NULL DEFAULT '',
  `setting_name` varchar(255) NOT NULL,
  `setting_value` text DEFAULT NULL,
  `setting_type` varchar(6) NOT NULL,
  UNIQUE KEY `issue_settings_pkey` (`issue_id`,`locale`,`setting_name`),
  KEY `issue_settings_issue_id` (`issue_id`)
) ENGINE=MyISAM DEFAULT CHARSET=latin1;

--
-- Dumping data for table `issue_settings`
--


--
-- Table structure for table `issues`
--

CREATE TABLE `issues` (
  `issue_id` bigint(20) NOT NULL AUTO_INCREMENT,
  `journal_id` bigint(20) NOT NULL,
  `volume` smallint(6) DEFAULT NULL,
  `number` varchar(10) DEFAULT NULL,
  `year` smallint(6) DEFAULT NULL,
  `published` tinyint(4) NOT NULL DEFAULT 0,
  `current` tinyint(4) NOT NULL DEFAULT 0,
  `date_published` datetime DEFAULT NULL,
  `date_notified` datetime DEFAULT NULL,
  `access_status` tinyint(4) NOT NULL DEFAULT 1,
  `open_access_date` datetime DEFAULT NULL,
  `public_issue_id` varchar(255) DEFAULT NULL,
  `show_volume` tinyint(4) NOT NULL DEFAULT 0,
  `show_number` tinyint(4) NOT NULL DEFAULT 0,
  `show_year` tinyint(4) NOT NULL DEFAULT 0,
  `show_title` tinyint(4) NOT NULL DEFAULT 0,
  `style_file_name` varchar(90) DEFAULT NULL,
  `original_style_file_name` varchar(255) DEFAULT NULL,
  PRIMARY KEY (`issue_id`),
  UNIQUE KEY `issues_public_issue_id` (`public_issue_id`,`journal_id`),
  KEY `issues_journal_id` (`journal_id`)
) ENGINE=MyISAM DEFAULT CHARSET=latin1;

--
-- Dumping data for table `issues`
--


--
-- Table structure for table `journal_settings`
--

CREATE TABLE `journal_settings` (
  `journal_id` bigint(20) NOT NULL,
  `locale` varchar(5) NOT NULL DEFAULT '',
  `setting_name` varchar(255) NOT NULL,
  `setting_value` text DEFAULT NULL,
  `setting_type` varchar(6) NOT NULL,
  UNIQUE KEY `journal_settings_pkey` (`journal_id`,`locale`,`setting_name`),
  KEY `journal_settings_journal_id` (`journal_id`)
) ENGINE=MyISAM DEFAULT CHARSET=latin1;

--
-- Dumping data for table `journal_settings`
--


--
-- Table structure for table `journals`
--

CREATE TABLE `journals` (
  `journal_id` bigint(20) NOT NULL AUTO_INCREMENT,
  `path` varchar(32) NOT NULL,
  `seq` double NOT NULL DEFAULT 0,
  `primary_locale` varchar(5) NOT NULL,
  `enabled` tinyint(4) NOT NULL DEFAULT 1,
  PRIMARY KEY (`journal_id`),
  UNIQUE KEY `journals_path` (`path`)
) ENGINE=MyISAM DEFAULT CHARSET=latin1;

--
-- Dumping data for table `journals`
--


--
-- Table structure for table `metadata_description_settings`
--

CREATE TABLE `metadata_description_settings` (
  `metadata_description_id` bigint(20) NOT NULL,
  `locale` varchar(5) NOT NULL DEFAULT '',
  `setting_name` varchar(255) NOT NULL,
  `setting_value` text DEFAULT NULL,
  `setting_type` varchar(6) NOT NULL,
  UNIQUE KEY `metadata_descripton_settings_pkey` (`metadata_description_id`,`locale`,`setting_name`),
  KEY `metadata_description_settings_id` (`metadata_description_id`)
) ENGINE=MyISAM DEFAULT CHARSET=latin1;

--
-- Dumping data for table `metadata_description_settings`
--


--
-- Table structure for table `metadata_descriptions`
--

CREATE TABLE `metadata_descriptions` (
  `metadata_description_id` bigint(20) NOT NULL AUTO_INCREMENT,
  `assoc_type` bigint(20) NOT NULL DEFAULT 0,
  `assoc_id` bigint(20) NOT NULL DEFAULT 0,
  `schema_namespace` varchar(255) NOT NULL,
  `schema_name` varchar(255) NOT NULL,
  `display_name` varchar(255) DEFAULT NULL,
  `seq` bigint(20) NOT NULL DEFAULT 0,
  PRIMARY KEY (`metadata_description_id`),
  KEY `metadata_descriptions_assoc` (`assoc_type`,`assoc_id`)
) ENGINE=MyISAM DEFAULT CHARSET=latin1;

--
-- Dumping data for table `metadata_descriptions`
--


--
-- Table structure for table `notes`
--

CREATE TABLE `notes` (
  `note_id` bigint(20) NOT NULL AUTO_INCREMENT,
  `assoc_type` smallint(6) DEFAULT NULL,
  `assoc_id` bigint(20) DEFAULT NULL,
  `user_id` bigint(20) NOT NULL,
  `date_created` datetime NOT NULL,
  `date_modified` datetime DEFAULT NULL,
  `title` varchar(255) DEFAULT NULL,
  `file_id` bigint(20) DEFAULT NULL,
  `context_id` bigint(20) DEFAULT NULL,
  `contents` text DEFAULT NULL,
  PRIMARY KEY (`note_id`),
  KEY `notes_assoc` (`assoc_type`,`assoc_id`)
) ENGINE=MyISAM DEFAULT CHARSET=latin1;

--
-- Dumping data for table `notes`
--


--
-- Table structure for table `notification_settings`
--

CREATE TABLE `notification_settings` (
  `setting_id` bigint(20) NOT NULL AUTO_INCREMENT,
  `setting_name` varchar(64) NOT NULL,
  `setting_value` text DEFAULT NULL,
  `user_id` bigint(20) NOT NULL,
  `product` varchar(20) DEFAULT NULL,
  `context` bigint(20) NOT NULL,
  PRIMARY KEY (`setting_id`)
) ENGINE=MyISAM DEFAULT CHARSET=latin1;

--
-- Dumping data for table `notification_settings`
--


--
-- Table structure for table `notifications`
--

CREATE TABLE `notifications` (
  `notification_id` bigint(20) NOT NULL AUTO_INCREMENT,
  `user_id` bigint(20) NOT NULL,
  `level` bigint(20) DEFAULT NULL,
  `date_created` datetime NOT NULL,
  `date_read` datetime DEFAULT NULL,
  `title` varchar(255) DEFAULT NULL,
  `contents` text DEFAULT NULL,
  `param` varchar(255) DEFAULT NULL,
  `location` varchar(255) DEFAULT NULL,
  `is_localized` tinyint(4) NOT NULL DEFAULT 1,
  `product` varchar(20) DEFAULT NULL,
  `context` bigint(20) NOT NULL,
  `assoc_type` bigint(20) NOT NULL,
  PRIMARY KEY (`notification_id`),
  KEY `notifications_by_user` (`product`,`user_id`,`level`,`context`)
) ENGINE=MyISAM DEFAULT CHARSET=latin1;

--
-- Dumping data for table `notifications`
--


--
-- Table structure for table `oai_resumption_tokens`
--

CREATE TABLE `oai_resumption_tokens` (
  `token` varchar(32) NOT NULL,
  `expire` bigint(20) NOT NULL,
  `record_offset` int(11) NOT NULL,
  `params` text DEFAULT NULL,
  UNIQUE KEY `oai_resumption_tokens_pkey` (`token`)
) ENGINE=MyISAM DEFAULT CHARSET=latin1;

--
-- Dumping data for table `oai_resumption_tokens`
--


--
-- Table structure for table `paypal_transactions`
--

CREATE TABLE `paypal_transactions` (
  `txn_id` varchar(17) NOT NULL,
  `txn_type` varchar(20) DEFAULT NULL,
  `payer_email` varchar(127) DEFAULT NULL,
  `receiver_email` varchar(127) DEFAULT NULL,
  `item_number` varchar(127) DEFAULT NULL,
  `payment_date` varchar(127) DEFAULT NULL,
  `payer_id` varchar(13) DEFAULT NULL,
  `receiver_id` varchar(13) DEFAULT NULL,
  PRIMARY KEY (`txn_id`)
) ENGINE=MyISAM DEFAULT CHARSET=latin1;

--
-- Dumping data for table `paypal_transactions`
--


--
-- Table structure for table `plugin_settings`
--

CREATE TABLE `plugin_settings` (
  `plugin_name` varchar(80) NOT NULL,
  `locale` varchar(5) NOT NULL DEFAULT '',
  `journal_id` bigint(20) NOT NULL,
  `setting_name` varchar(80) NOT NULL,
  `setting_value` text DEFAULT NULL,
  `setting_type` varchar(6) NOT NULL,
  UNIQUE KEY `plugin_settings_pkey` (`plugin_name`,`locale`,`journal_id`,`setting_name`),
  KEY `plugin_settings_plugin_name` (`plugin_name`)
) ENGINE=MyISAM DEFAULT CHARSET=latin1;

--
-- Dumping data for table `plugin_settings`
--

INSERT INTO `plugin_settings` VALUES ('tinymceplugin','',0,'enabled','1','bool'),('coinsplugin','',0,'enabled','1','bool'),('donationblockplugin','',0,'enabled','1','bool'),('donationblockplugin','',0,'seq','5','int'),('donationblockplugin','',0,'context','2','int'),('helpblockplugin','',0,'enabled','1','bool'),('helpblockplugin','',0,'seq','1','int'),('helpblockplugin','',0,'context','2','int'),('notificationblockplugin','',0,'enabled','1','bool'),('notificationblockplugin','',0,'seq','3','int'),('notificationblockplugin','',0,'context','2','int'),('navigationblockplugin','',0,'enabled','1','bool'),('navigationblockplugin','',0,'seq','5','int'),('navigationblockplugin','',0,'context','2','int'),('userblockplugin','',0,'enabled','1','bool'),('userblockplugin','',0,'seq','2','int'),('userblockplugin','',0,'context','2','int'),('developedbyblockplugin','',0,'enabled','1','bool'),('developedbyblockplugin','',0,'seq','0','int'),('developedbyblockplugin','',0,'context','2','int'),('languagetoggleblockplugin','',0,'enabled','1','bool'),('languagetoggleblockplugin','',0,'seq','4','int'),('languagetoggleblockplugin','',0,'context','2','int'),('fontsizeblockplugin','',0,'enabled','1','bool'),('fontsizeblockplugin','',0,'seq','6','int'),('fontsizeblockplugin','',0,'context','2','int');

--
-- Table structure for table `processes`
--

CREATE TABLE `processes` (
  `process_id` varchar(23) NOT NULL,
  `process_type` tinyint(4) NOT NULL,
  `time_started` bigint(20) NOT NULL,
  `obliterated` tinyint(4) NOT NULL DEFAULT 0,
  UNIQUE KEY `processes_pkey` (`process_id`)
) ENGINE=MyISAM DEFAULT CHARSET=latin1;

--
-- Dumping data for table `processes`
--


--
-- Table structure for table `published_articles`
--

CREATE TABLE `published_articles` (
  `pub_id` bigint(20) NOT NULL AUTO_INCREMENT,
  `article_id` bigint(20) NOT NULL,
  `issue_id` bigint(20) NOT NULL,
  `date_published` datetime DEFAULT NULL,
  `seq` double NOT NULL DEFAULT 0,
  `views` int(11) NOT NULL DEFAULT 0,
  `access_status` tinyint(4) NOT NULL DEFAULT 0,
  `public_article_id` varchar(255) DEFAULT NULL,
  PRIMARY KEY (`pub_id`),
  UNIQUE KEY `published_articles_article_id` (`article_id`),
  KEY `published_articles_issue_id` (`issue_id`),
  KEY `published_articles_public_article_id` (`public_article_id`)
) ENGINE=MyISAM DEFAULT CHARSET=latin1;

--
-- Dumping data for table `published_articles`
--


--
-- Table structure for table `queued_payments`
--

CREATE TABLE `queued_payments` (
  `queued_payment_id` bigint(20) NOT NULL AUTO_INCREMENT,
  `date_created` datetime NOT NULL,
  `date_modified` datetime NOT NULL,
  `expiry_date` date DEFAULT NULL,
  `payment_data` text DEFAULT NULL,
  PRIMARY KEY (`queued_payment_id`)
) ENGINE=MyISAM DEFAULT CHARSET=latin1;

--
-- Dumping data for table `queued_payments`
--


--
-- Table structure for table `referral_settings`
--

CREATE TABLE `referral_settings` (
  `referral_id` bigint(20) NOT NULL,
  `locale` varchar(5) NOT NULL DEFAULT '',
  `setting_name` varchar(255) NOT NULL,
  `setting_value` text DEFAULT NULL,
  `setting_type` varchar(6) NOT NULL,
  UNIQUE KEY `referral_settings_pkey` (`referral_id`,`locale`,`setting_name`),
  KEY `referral_settings_referral_id` (`referral_id`)
) ENGINE=MyISAM DEFAULT CHARSET=latin1;

--
-- Dumping data for table `referral_settings`
--


--
-- Table structure for table `referrals`
--

CREATE TABLE `referrals` (
  `referral_id` bigint(20) NOT NULL AUTO_INCREMENT,
  `article_id` bigint(20) NOT NULL,
  `status` smallint(6) NOT NULL,
  `url` varchar(255) NOT NULL,
  `date_added` datetime NOT NULL,
  `link_count` bigint(20) NOT NULL,
  PRIMARY KEY (`referral_id`),
  UNIQUE KEY `referral_article_id` (`article_id`,`url`)
) ENGINE=MyISAM DEFAULT CHARSET=latin1;

--
-- Dumping data for table `referrals`
--


--
-- Table structure for table `review_assignments`
--

CREATE TABLE `review_assignments` (
  `review_id` bigint(20) NOT NULL AUTO_INCREMENT,
  `submission_id` bigint(20) NOT NULL,
  `reviewer_id` bigint(20) NOT NULL,
  `competing_interests` text DEFAULT NULL,
  `regret_message` text DEFAULT NULL,
  `recommendation` tinyint(4) DEFAULT NULL,
  `date_assigned` datetime DEFAULT NULL,
  `date_notified` datetime DEFAULT NULL,
  `date_confirmed` datetime DEFAULT NULL,
  `date_completed` datetime DEFAULT NULL,
  `date_acknowledged` datetime DEFAULT NULL,
  `date_due` datetime DEFAULT NULL,
  `date_response_due` datetime DEFAULT NULL,
  `last_modified` datetime DEFAULT NULL,
  `reminder_was_automatic` tinyint(4) NOT NULL DEFAULT 0,
  `declined` tinyint(4) NOT NULL DEFAULT 0,
  `replaced` tinyint(4) NOT NULL DEFAULT 0,
  `cancelled` tinyint(4) NOT NULL DEFAULT 0,
  `reviewer_file_id` bigint(20) DEFAULT NULL,
  `date_rated` datetime DEFAULT NULL,
  `date_reminded` datetime DEFAULT NULL,
  `quality` tinyint(4) DEFAULT NULL,
  `review_type` tinyint(4) NOT NULL DEFAULT 1,
  `review_method` tinyint(4) NOT NULL DEFAULT 1,
  `round` tinyint(4) NOT NULL DEFAULT 1,
  `step` tinyint(4) NOT NULL DEFAULT 1,
  `review_form_id` bigint(20) DEFAULT NULL,
  PRIMARY KEY (`review_id`),
  KEY `review_assignments_submission_id` (`submission_id`),
  KEY `review_assignments_reviewer_id` (`reviewer_id`),
  KEY `review_assignments_form_id` (`review_form_id`)
) ENGINE=MyISAM DEFAULT CHARSET=latin1;

--
-- Dumping data for table `review_assignments`
--


--
-- Table structure for table `review_form_element_settings`
--

CREATE TABLE `review_form_element_settings` (
  `review_form_element_id` bigint(20) NOT NULL,
  `locale` varchar(5) NOT NULL DEFAULT '',
  `setting_name` varchar(255) NOT NULL,
  `setting_value` text DEFAULT NULL,
  `setting_type` varchar(6) NOT NULL,
  UNIQUE KEY `review_form_element_settings_pkey` (`review_form_element_id`,`locale`,`setting_name`),
  KEY `review_form_element_settings_review_form_element_id` (`review_form_element_id`)
) ENGINE=MyISAM DEFAULT CHARSET=latin1;

--
-- Dumping data for table `review_form_element_settings`
--


--
-- Table structure for table `review_form_elements`
--

CREATE TABLE `review_form_elements` (
  `review_form_element_id` bigint(20) NOT NULL AUTO_INCREMENT,
  `review_form_id` bigint(20) NOT NULL,
  `seq` double DEFAULT NULL,
  `element_type` bigint(20) DEFAULT NULL,
  `required` tinyint(4) DEFAULT NULL,
  `included` tinyint(4) DEFAULT NULL,
  PRIMARY KEY (`review_form_element_id`),
  KEY `review_form_elements_review_form_id` (`review_form_id`)
) ENGINE=MyISAM DEFAULT CHARSET=latin1;

--
-- Dumping data for table `review_form_elements`
--


--
-- Table structure for table `review_form_responses`
--

CREATE TABLE `review_form_responses` (
  `review_form_element_id` bigint(20) NOT NULL,
  `review_id` bigint(20) NOT NULL,
  `response_type` varchar(6) DEFAULT NULL,
  `response_value` text DEFAULT NULL,
  KEY `review_form_responses_pkey` (`review_form_element_id`,`review_id`)
) ENGINE=MyISAM DEFAULT CHARSET=latin1;

--
-- Dumping data for table `review_form_responses`
--


--
-- Table structure for table `review_form_settings`
--

CREATE TABLE `review_form_settings` (
  `review_form_id` bigint(20) NOT NULL,
  `locale` varchar(5) NOT NULL DEFAULT '',
  `setting_name` varchar(255) NOT NULL,
  `setting_value` text DEFAULT NULL,
  `setting_type` varchar(6) NOT NULL,
  UNIQUE KEY `review_form_settings_pkey` (`review_form_id`,`locale`,`setting_name`),
  KEY `review_form_settings_review_form_id` (`review_form_id`)
) ENGINE=MyISAM DEFAULT CHARSET=latin1;

--
-- Dumping data for table `review_form_settings`
--


--
-- Table structure for table `review_forms`
--

CREATE TABLE `review_forms` (
  `review_form_id` bigint(20) NOT NULL AUTO_INCREMENT,
  `assoc_type` bigint(20) DEFAULT NULL,
  `assoc_id` bigint(20) DEFAULT NULL,
  `seq` double DEFAULT NULL,
  `is_active` tinyint(4) DEFAULT NULL,
  PRIMARY KEY (`review_form_id`)
) ENGINE=MyISAM DEFAULT CHARSET=latin1;

--
-- Dumping data for table `review_forms`
--


--
-- Table structure for table `review_rounds`
--

CREATE TABLE `review_rounds` (
  `submission_id` bigint(20) NOT NULL,
  `round` tinyint(4) NOT NULL,
  `review_revision` bigint(20) DEFAULT NULL,
  `review_type` bigint(20) DEFAULT NULL,
  `status` bigint(20) DEFAULT NULL,
  UNIQUE KEY `review_rounds_pkey` (`submission_id`,`round`,`review_type`),
  KEY `review_rounds_submission_id` (`submission_id`)
) ENGINE=MyISAM DEFAULT CHARSET=latin1;

--
-- Dumping data for table `review_rounds`
--


--
-- Table structure for table `roles`
--

CREATE TABLE `roles` (
  `journal_id` bigint(20) NOT NULL,
  `user_id` bigint(20) NOT NULL,
  `role_id` bigint(20) NOT NULL,
  UNIQUE KEY `roles_pkey` (`journal_id`,`user_id`,`role_id`),
  KEY `roles_journal_id` (`journal_id`),
  KEY `roles_user_id` (`user_id`),
  KEY `roles_role_id` (`role_id`)
) ENGINE=MyISAM DEFAULT CHARSET=latin1;

--
-- Dumping data for table `roles`
--

INSERT INTO `roles` VALUES (0,1,1);

--
-- Table structure for table `rt_contexts`
--

CREATE TABLE `rt_contexts` (
  `context_id` bigint(20) NOT NULL AUTO_INCREMENT,
  `version_id` bigint(20) NOT NULL,
  `title` varchar(120) NOT NULL,
  `abbrev` varchar(32) NOT NULL,
  `description` text DEFAULT NULL,
  `cited_by` tinyint(4) NOT NULL DEFAULT 0,
  `author_terms` tinyint(4) NOT NULL DEFAULT 0,
  `define_terms` tinyint(4) NOT NULL DEFAULT 0,
  `geo_terms` tinyint(4) NOT NULL DEFAULT 0,
  `seq` double NOT NULL DEFAULT 0,
  PRIMARY KEY (`context_id`),
  KEY `rt_contexts_version_id` (`version_id`)
) ENGINE=MyISAM DEFAULT CHARSET=latin1;

--
-- Dumping data for table `rt_contexts`
--


--
-- Table structure for table `rt_searches`
--

CREATE TABLE `rt_searches` (
  `search_id` bigint(20) NOT NULL AUTO_INCREMENT,
  `context_id` bigint(20) NOT NULL,
  `title` varchar(120) NOT NULL,
  `description` text DEFAULT NULL,
  `url` text DEFAULT NULL,
  `search_url` text DEFAULT NULL,
  `search_post` text DEFAULT NULL,
  `seq` double NOT NULL DEFAULT 0,
  PRIMARY KEY (`search_id`),
  KEY `rt_searches_context_id` (`context_id`)
) ENGINE=MyISAM DEFAULT CHARSET=latin1;

--
-- Dumping data for table `rt_searches`
--


--
-- Table structure for table `rt_versions`
--

CREATE TABLE `rt_versions` (
  `version_id` bigint(20) NOT NULL AUTO_INCREMENT,
  `journal_id` bigint(20) NOT NULL,
  `version_key` varchar(40) NOT NULL,
  `locale` varchar(5) DEFAULT 'en_US',
  `title` varchar(120) NOT NULL,
  `description` text DEFAULT NULL,
  PRIMARY KEY (`version_id`),
  KEY `rt_versions_journal_id` (`journal_id`),
  KEY `rt_versions_version_key` (`version_key`)
) ENGINE=MyISAM DEFAULT CHARSET=latin1;

--
-- Dumping data for table `rt_versions`
--


--
-- Table structure for table `scheduled_tasks`
--

CREATE TABLE `scheduled_tasks` (
  `class_name` varchar(255) NOT NULL,
  `last_run` datetime DEFAULT NULL,
  UNIQUE KEY `scheduled_tasks_pkey` (`class_name`)
) ENGINE=MyISAM DEFAULT CHARSET=latin1;

--
-- Dumping data for table `scheduled_tasks`
--


--
-- Table structure for table `section_editors`
--

CREATE TABLE `section_editors` (
  `journal_id` bigint(20) NOT NULL,
  `section_id` bigint(20) NOT NULL,
  `user_id` bigint(20) NOT NULL,
  `can_edit` tinyint(4) NOT NULL DEFAULT 1,
  `can_review` tinyint(4) NOT NULL DEFAULT 1,
  UNIQUE KEY `section_editors_pkey` (`journal_id`,`section_id`,`user_id`),
  KEY `section_editors_journal_id` (`journal_id`),
  KEY `section_editors_section_id` (`section_id`),
  KEY `section_editors_user_id` (`user_id`)
) ENGINE=MyISAM DEFAULT CHARSET=latin1;

--
-- Dumping data for table `section_editors`
--


--
-- Table structure for table `section_settings`
--

CREATE TABLE `section_settings` (
  `section_id` bigint(20) NOT NULL,
  `locale` varchar(5) NOT NULL DEFAULT '',
  `setting_name` varchar(255) NOT NULL,
  `setting_value` text DEFAULT NULL,
  `setting_type` varchar(6) NOT NULL,
  UNIQUE KEY `section_settings_pkey` (`section_id`,`locale`,`setting_name`),
  KEY `section_settings_section_id` (`section_id`)
) ENGINE=MyISAM DEFAULT CHARSET=latin1;

--
-- Dumping data for table `section_settings`
--


--
-- Table structure for table `sections`
--

CREATE TABLE `sections` (
  `section_id` bigint(20) NOT NULL AUTO_INCREMENT,
  `journal_id` bigint(20) NOT NULL,
  `review_form_id` bigint(20) DEFAULT NULL,
  `seq` double NOT NULL DEFAULT 0,
  `editor_restricted` tinyint(4) NOT NULL DEFAULT 0,
  `meta_indexed` tinyint(4) NOT NULL DEFAULT 0,
  `meta_reviewed` tinyint(4) NOT NULL DEFAULT 1,
  `abstracts_not_required` tinyint(4) NOT NULL DEFAULT 0,
  `hide_title` tinyint(4) NOT NULL DEFAULT 0,
  `hide_author` tinyint(4) NOT NULL DEFAULT 0,
  `hide_about` tinyint(4) NOT NULL DEFAULT 0,
  `disable_comments` tinyint(4) NOT NULL DEFAULT 0,
  `abstract_word_count` bigint(20) DEFAULT NULL,
  PRIMARY KEY (`section_id`),
  KEY `sections_journal_id` (`journal_id`)
) ENGINE=MyISAM DEFAULT CHARSET=latin1;

--
-- Dumping data for table `sections`
--


--
-- Table structure for table `sessions`
--

CREATE TABLE `sessions` (
  `session_id` varchar(40) NOT NULL,
  `user_id` bigint(20) DEFAULT NULL,
  `ip_address` varchar(39) NOT NULL,
  `user_agent` varchar(255) DEFAULT NULL,
  `created` bigint(20) NOT NULL DEFAULT 0,
  `last_used` bigint(20) NOT NULL DEFAULT 0,
  `remember` tinyint(4) NOT NULL DEFAULT 0,
  `data` text DEFAULT NULL,
  `acting_as` bigint(20) NOT NULL DEFAULT 0,
  UNIQUE KEY `sessions_pkey` (`session_id`),
  KEY `sessions_user_id` (`user_id`)
) ENGINE=MyISAM DEFAULT CHARSET=latin1;

--
-- Dumping data for table `sessions`
--

INSERT INTO `sessions` VALUES ('ohbrp6c73thi5kcfslcf81td16',1,'117.20.54.146','Mozilla/5.0 (Windows NT 10.0; Win64; x64) AppleWebKit/537.36 (KHTML, like Gecko) Chrome/56.0.2924.76 Safari/537.36',1485841401,1485841422,0,'24Lpnr4zc7-a-1Cs71PXRgRBNabQ5s6bJss94PtwUU403vk82hcLwCkuVqa11GBr_dOSRpVjnfnk7K2fI4sRuw..',0),('nb93lv3pdnal9sfhu1kkru14n2',NULL,'66.249.73.54','Mozilla/5.0 (compatible; Googlebot/2.1; +http://www.google.com/bot.html)',1485842237,1485842237,0,'',0),('j8b906oqootjg16om4r38tbk36',NULL,'66.249.73.51','Mozilla/5.0 (compatible; Googlebot/2.1; +http://www.google.com/bot.html)',1485842271,1485842272,0,'',0),('elj4evpsnkpmmruokckhnobau1',NULL,'66.249.73.54','Mozilla/5.0 (compatible; Googlebot/2.1; +http://www.google.com/bot.html)',1485849438,1485849438,0,'',0),('1p4ns0qg2q18lev9e4p2kk9af6',NULL,'66.249.73.48','Mozilla/5.0 (compatible; Googlebot/2.1; +http://www.google.com/bot.html)',1485850130,1485850130,0,'',0),('s6iti4flsaffedibv5umfa0ik5',NULL,'66.249.73.48','Mozilla/5.0 (compatible; Googlebot/2.1; +http://www.google.com/bot.html)',1485865759,1485865759,0,'',0),('9v175ka2cfh1ionn5j23723h22',NULL,'66.249.73.51','Mozilla/5.0 (compatible; Googlebot/2.1; +http://www.google.com/bot.html)',1485873187,1485873187,0,'',0),('uddv61b4a82hagdi2qfcbvat27',NULL,'66.249.73.51','Mozilla/5.0 (compatible; Googlebot/2.1; +http://www.google.com/bot.html)',1485874898,1485874898,0,'',0),('nvr2barp1tsc1vdhveosbs1ht5',NULL,'66.249.73.48','Mozilla/5.0 (compatible; Googlebot/2.1; +http://www.google.com/bot.html)',1485878977,1485878977,0,'',0),('fi5h9jhjj1avpp5sqa3s3o57p1',NULL,'66.249.73.54','Mozilla/5.0 (compatible; Googlebot/2.1; +http://www.google.com/bot.html)',1485879053,1485879053,0,'',0),('n4ei710bsupphomfkooatslh95',NULL,'66.249.73.51','Mozilla/5.0 (compatible; Googlebot/2.1; +http://www.google.com/bot.html)',1485887771,1485887771,0,'',0),('rmn61bej04cmikr66kadl50km7',NULL,'66.249.73.48','Mozilla/5.0 (compatible; Googlebot/2.1; +http://www.google.com/bot.html)',1485894636,1485894636,0,'',0),('qtlmiv1n382r6q80o0l0dqe1m7',NULL,'66.249.73.51','Mozilla/5.0 (compatible; Googlebot/2.1; +http://www.google.com/bot.html)',1485894790,1485894790,0,'',0),('0lh89cmcfq66kgit9bev4jviq3',NULL,'66.249.73.54','Mozilla/5.0 (compatible; Googlebot/2.1; +http://www.google.com/bot.html)',1485896971,1485896971,0,'',0),('m1b7dbb0e7s86ttudt0j99v685',NULL,'66.249.73.54','Mozilla/5.0 (compatible; Googlebot/2.1; +http://www.google.com/bot.html)',1485901646,1485901646,0,'',0),('dnna0uknkbeact4ar5qdm623u2',NULL,'66.249.73.54','Mozilla/5.0 (compatible; Googlebot/2.1; +http://www.google.com/bot.html)',1485901926,1485901926,0,'',0),('gqg4d5p00f8odm7panllv4nap4',NULL,'66.249.73.54','Mozilla/5.0 (compatible; Googlebot/2.1; +http://www.google.com/bot.html)',1485909406,1485909406,0,'',0),('ef6kuijnulrfg27q3ipaph1um3',NULL,'66.249.73.51','Mozilla/5.0 (compatible; Googlebot/2.1; +http://www.google.com/bot.html)',1485911153,1485911153,0,'',0),('h82t6rngie84dknm56uf2sv4d7',NULL,'66.249.73.48','Mozilla/5.0 (compatible; Googlebot/2.1; +http://www.google.com/bot.html)',1485916396,1485916396,0,'',0),('0d25g43tut0qloeaknnv3vtk22',NULL,'66.249.73.54','Mozilla/5.0 (compatible; Googlebot/2.1; +http://www.google.com/bot.html)',1485918143,1485918143,0,'',0),('kfmnvprdlbft57ac6hh688vpg2',NULL,'66.249.73.51','Mozilla/5.0 (compatible; Googlebot/2.1; +http://www.google.com/bot.html)',1485919821,1485919821,0,'',0),('suhmb7nt4nlbi1o3vsp1bal332',NULL,'66.249.73.48','Mozilla/5.0 (compatible; Googlebot/2.1; +http://www.google.com/bot.html)',1485922407,1485922407,0,'',0),('080hq2juq1io6nl40kf48id1n5',NULL,'66.249.73.51','Mozilla/5.0 (compatible; Googlebot/2.1; +http://www.google.com/bot.html)',1485922687,1485922687,0,'',0),('o0dg8dhl8dgjdfm66a63g4c052',NULL,'66.249.73.54','Mozilla/5.0 (Linux; Android 6.0.1; Nexus 5X Build/MMB29P) AppleWebKit/537.36 (KHTML, like Gecko) Chrome/41.0.2272.96 Mobile Safari/537.36 (compatible; Googlebot/2.1; +http://www.google.com/bot.html)',1485928449,1485928449,0,'',0),('uucvce84mscimv3b7h9tiskqa4',NULL,'66.249.73.54','Mozilla/5.0 (compatible; Googlebot/2.1; +http://www.google.com/bot.html)',1485936032,1485936032,0,'',0),('ljpn8ntbtdjqjbot66bdf1jgj5',NULL,'66.249.73.51','Mozilla/5.0 (compatible; Googlebot/2.1; +http://www.google.com/bot.html)',1485936954,1485936954,0,'',0),('q4s0j6b3j4at3m2u9q667amkt5',NULL,'66.249.73.54','Mozilla/5.0 (compatible; Googlebot/2.1; +http://www.google.com/bot.html)',1485936955,1485936955,0,'',0),('thmsdlo7cvh0pu1nmo1pci68f2',NULL,'66.249.73.51','Mozilla/5.0 (compatible; Googlebot/2.1; +http://www.google.com/bot.html)',1485939249,1485939249,0,'',0),('4327o1rfhhjuqhgs4ujondnu97',NULL,'66.249.73.51','Mozilla/5.0 (compatible; Googlebot/2.1; +http://www.google.com/bot.html)',1485939373,1485939373,0,'',0),('a08hp7vms33ctgql7q2t9s8rn2',NULL,'66.249.73.48','Mozilla/5.0 (compatible; Googlebot/2.1; +http://www.google.com/bot.html)',1485942417,1485942417,0,'',0),('83f5m2fra5gso8qam7lpp7dsi1',NULL,'66.249.73.48','Mozilla/5.0 (compatible; Googlebot/2.1; +http://www.google.com/bot.html)',1485942600,1485942600,0,'',0),('u0pd5nkptrhuhige8j99bbm8s4',NULL,'66.249.73.48','Mozilla/5.0 (compatible; Googlebot/2.1; +http://www.google.com/bot.html)',1485943796,1485943796,0,'',0),('t623kh9vdvsaadj713me69s6g5',NULL,'66.249.73.54','Mozilla/5.0 (compatible; Googlebot/2.1; +http://www.google.com/bot.html)',1485944559,1485944559,0,'',0),('iquoc3fku568fvcq05kv3dhr75',NULL,'66.249.73.51','Mozilla/5.0 (compatible; Googlebot/2.1; +http://www.google.com/bot.html)',1485945050,1485945050,0,'',0),('8i7h5podd1hgs0gggq41ligfp1',NULL,'66.249.73.54','Mozilla/5.0 (compatible; Googlebot/2.1; +http://www.google.com/bot.html)',1485947490,1485947490,0,'',0),('vu7lcp6s363ps3r0k8ausrvt01',NULL,'66.249.73.48','Mozilla/5.0 (compatible; Googlebot/2.1; +http://www.google.com/bot.html)',1485951579,1485951579,0,'',0),('rqes0qgfj9tpvjahssi04ah9k3',NULL,'66.249.73.54','Mozilla/5.0 (compatible; Googlebot/2.1; +http://www.google.com/bot.html)',1485969970,1485969970,0,'',0),('gfumvg4em1c41l69j6824jo2t6',NULL,'66.249.73.48','Mozilla/5.0 (compatible; Googlebot/2.1; +http://www.google.com/bot.html)',1485969990,1485969990,0,'',0),('pomd6ijnhf38l6eicu2ssecda3',NULL,'66.249.73.48','Mozilla/5.0 (compatible; Googlebot/2.1; +http://www.google.com/bot.html)',1485970011,1485970012,0,'',0),('m4soreiv8o5kf9k0tlqkce7kv0',NULL,'66.249.73.48','Mozilla/5.0 (compatible; Googlebot/2.1; +http://www.google.com/bot.html)',1485970139,1485970139,0,'',0),('tsp6nfo15vh5tne0gr2e2i58m6',NULL,'66.249.73.48','Mozilla/5.0 (compatible; Googlebot/2.1; +http://www.google.com/bot.html)',1485970160,1485970160,0,'',0),('hav5tb0gk7om36ujq08of76c07',NULL,'66.249.73.48','Mozilla/5.0 (compatible; Googlebot/2.1; +http://www.google.com/bot.html)',1485970181,1485970182,0,'',0),('br24rjqltcl8r8ptn9kugjcdd6',NULL,'66.249.73.48','Mozilla/5.0 (compatible; Googlebot/2.1; +http://www.google.com/bot.html)',1485970204,1485970204,0,'',0),('25575fbntfehjnos436v4diqj5',NULL,'66.249.73.48','Mozilla/5.0 (compatible; Googlebot/2.1; +http://www.google.com/bot.html)',1485970266,1485970266,0,'',0),('var5bnco0d3qnbfof10a55cs83',NULL,'66.249.73.51','Mozilla/5.0 (compatible; Googlebot/2.1; +http://www.google.com/bot.html)',1485970415,1485970415,0,'',0),('1plg9vkbnqj05a9rjc6r7ds6m7',NULL,'66.249.73.48','Mozilla/5.0 (compatible; Googlebot/2.1; +http://www.google.com/bot.html)',1485970521,1485970521,0,'',0),('aua012kpdpc9ilutuf1efoh8u3',NULL,'66.249.73.48','Mozilla/5.0 (compatible; Googlebot/2.1; +http://www.google.com/bot.html)',1485970607,1485970607,0,'',0),('16nknvnmc81b755nk8maicfgt2',NULL,'66.249.73.48','Mozilla/5.0 (compatible; Googlebot/2.1; +http://www.google.com/bot.html)',1485970669,1485970670,0,'',0),('mev5j7eup89b9vt085frtf7116',NULL,'66.249.73.48','Mozilla/5.0 (compatible; Googlebot/2.1; +http://www.google.com/bot.html)',1485970733,1485970734,0,'',0),('ju87thi5n9ovigoqn39jn3rcc5',NULL,'66.249.73.54','Mozilla/5.0 (compatible; Googlebot/2.1; +http://www.google.com/bot.html)',1485971859,1485971859,0,'',0),('vsigk2kh101fcocpia7ivr20g6',NULL,'66.249.73.54','Mozilla/5.0 (compatible; Googlebot/2.1; +http://www.google.com/bot.html)',1485971881,1485971881,0,'',0),('jn9rb1sp629klubqv2hd7609g1',NULL,'66.249.73.48','Mozilla/5.0 (compatible; Googlebot/2.1; +http://www.google.com/bot.html)',1485971902,1485971902,0,'',0),('qo9ktloror61d146e3msci6c16',NULL,'66.249.73.48','Mozilla/5.0 (compatible; Googlebot/2.1; +http://www.google.com/bot.html)',1485971987,1485971987,0,'',0),('9gb6sand8sm2vahh4pgnha3m95',NULL,'66.249.73.51','Mozilla/5.0 (compatible; Googlebot/2.1; +http://www.google.com/bot.html)',1485972029,1485972029,0,'',0),('aaut4mm1e6bbiq2fsvpeibpnk1',NULL,'66.249.73.54','Mozilla/5.0 (compatible; Googlebot/2.1; +http://www.google.com/bot.html)',1485972073,1485972073,0,'',0),('rv3f3s0tapkf6p0lmkaqddlk32',NULL,'66.249.73.48','Mozilla/5.0 (compatible; Googlebot/2.1; +http://www.google.com/bot.html)',1485972095,1485972095,0,'',0),('83unq9ujis0186gvj8pi4ih4b4',NULL,'66.249.73.48','Mozilla/5.0 (compatible; Googlebot/2.1; +http://www.google.com/bot.html)',1485972114,1485972115,0,'',0),('cn61b03qj4ebm1jfamappmntj4',NULL,'66.249.73.48','Mozilla/5.0 (compatible; Googlebot/2.1; +http://www.google.com/bot.html)',1485972137,1485972146,0,'',0),('kgaciabdct5c7u41lef0ca57l1',NULL,'66.249.73.48','Mozilla/5.0 (compatible; Googlebot/2.1; +http://www.google.com/bot.html)',1485972141,1485972152,0,'',0),('c2jrltrl5e895o4d0f7bk8c917',NULL,'66.249.73.48','Mozilla/5.0 (compatible; Googlebot/2.1; +http://www.google.com/bot.html)',1485972156,1485972158,0,'',0),('ocupm6l7tlfcsii6b5l9o0tt35',NULL,'66.249.73.48','Mozilla/5.0 (compatible; Googlebot/2.1; +http://www.google.com/bot.html)',1485972177,1485972178,0,'',0),('3o7v9rbjq2grpsalibtmnh6mf1',NULL,'66.249.73.54','Mozilla/5.0 (compatible; Googlebot/2.1; +http://www.google.com/bot.html)',1485972198,1485972198,0,'',0),('ppgg7m85dnvaqc2c0t6qm5j8e1',NULL,'66.249.73.48','Mozilla/5.0 (compatible; Googlebot/2.1; +http://www.google.com/bot.html)',1485972220,1485972221,0,'',0),('jnnbo95g5qrsjemeonof4jb4c7',NULL,'66.249.73.48','Mozilla/5.0 (compatible; Googlebot/2.1; +http://www.google.com/bot.html)',1485972262,1485972263,0,'',0),('5n9g4rgjb04oeact7964uc4ia3',NULL,'66.249.73.48','Mozilla/5.0 (compatible; Googlebot/2.1; +http://www.google.com/bot.html)',1485972283,1485972283,0,'',0),('o3s17r60c1vf90vks8i4g7bgk2',NULL,'66.249.73.48','Mozilla/5.0 (compatible; Googlebot/2.1; +http://www.google.com/bot.html)',1485972306,1485972306,0,'',0),('q0nuo68mh4joetor41kkuofb76',NULL,'66.249.73.48','Mozilla/5.0 (compatible; Googlebot/2.1; +http://www.google.com/bot.html)',1485972326,1485972327,0,'',0),('9vfo618i9167ggkblute12evl5',NULL,'66.249.73.48','Mozilla/5.0 (compatible; Googlebot/2.1; +http://www.google.com/bot.html)',1485972347,1485972348,0,'',0),('5pgvqacmq3mjg2spcehrkin2n5',NULL,'66.249.73.54','Mozilla/5.0 (compatible; Googlebot/2.1; +http://www.google.com/bot.html)',1485972369,1485972369,0,'',0),('hi6pqs051m8f1k9msoghgbola4',NULL,'66.249.73.51','Mozilla/5.0 (compatible; Googlebot/2.1; +http://www.google.com/bot.html)',1485972390,1485972390,0,'',0),('t1co0fliaev6pi0ugtmvhd5kk1',NULL,'66.249.73.54','Mozilla/5.0 (compatible; Googlebot/2.1; +http://www.google.com/bot.html)',1485972433,1485972433,0,'',0),('gm84cevhstgbqemd8u2smot2p2',NULL,'66.249.73.48','Mozilla/5.0 (compatible; Googlebot/2.1; +http://www.google.com/bot.html)',1485972581,1485972582,0,'',0),('os3ru5ki4obp997vguf7nts5h2',NULL,'66.249.73.51','Mozilla/5.0 (compatible; Googlebot/2.1; +http://www.google.com/bot.html)',1485972858,1485972858,0,'',0),('09rd9va28b4rg4op1q0apdbuo2',NULL,'66.249.73.51','Mozilla/5.0 (compatible; Googlebot/2.1; +http://www.google.com/bot.html)',1485972886,1485972886,0,'',0),('ke3plnb882ird9q38q4qn9jd62',NULL,'66.249.73.48','Mozilla/5.0 (compatible; Googlebot/2.1; +http://www.google.com/bot.html)',1485972900,1485972900,0,'',0),('3hdelfs67fmaspkabku4fsikl7',NULL,'66.249.73.48','Mozilla/5.0 (compatible; Googlebot/2.1; +http://www.google.com/bot.html)',1485972942,1485972942,0,'',0),('o8h7i4u2l06r711qllchd387o2',NULL,'66.249.73.48','Mozilla/5.0 (compatible; Googlebot/2.1; +http://www.google.com/bot.html)',1485975600,1485975600,0,'',0),('fk1db5ftluib6q205odhdi52r6',NULL,'66.249.73.51','Mozilla/5.0 (compatible; Googlebot/2.1; +http://www.google.com/bot.html)',1485975660,1485975660,0,'',0),('d8gkei0u3g0aka7n4uc1qgl652',NULL,'66.249.73.48','Mozilla/5.0 (compatible; Googlebot/2.1; +http://www.google.com/bot.html)',1485978124,1485978124,0,'',0),('mv9drm6sdemtnkjdfbb61nvtv1',NULL,'66.249.73.48','Mozilla/5.0 (compatible; Googlebot/2.1; +http://www.google.com/bot.html)',1485979251,1485979252,0,'',0),('m7vtgaok5c6a8ccg5nitsmqrs6',NULL,'66.249.73.48','Mozilla/5.0 (compatible; Googlebot/2.1; +http://www.google.com/bot.html)',1485979258,1485979258,0,'',0),('kmcdd71rtb041apolh1bm03fg7',NULL,'66.249.73.51','Mozilla/5.0 (compatible; Googlebot/2.1; +http://www.google.com/bot.html)',1485979664,1485979664,0,'',0),('qti0doje7oi52vh0060utcspo2',NULL,'66.249.73.51','Mozilla/5.0 (compatible; Googlebot/2.1; +http://www.google.com/bot.html)',1485987626,1485987626,0,'',0),('ljfbae519jdaspuieqkl9pnce6',NULL,'66.249.73.48','Mozilla/5.0 (compatible; Googlebot/2.1; +http://www.google.com/bot.html)',1485992037,1485992037,0,'',0),('u0q7139etfjvu99mjva9d0psf6',NULL,'36.80.212.172','Mozilla/5.0 (Windows NT 6.1; WOW64; rv:51.0) Gecko/20100101 Firefox/51.0',1486007196,1486007196,0,'',0),('0ufgt5376lqbltohh178ihut94',NULL,'66.249.73.48','Mozilla/5.0 (compatible; Googlebot/2.1; +http://www.google.com/bot.html)',1486021177,1486021177,0,'',0),('khcmo9kjq905d1pnms36ho9r24',NULL,'66.249.73.54','Mozilla/5.0 (compatible; Googlebot/2.1; +http://www.google.com/bot.html)',1486021324,1486021324,0,'',0),('oa7afckjli6i78n05mo1q4f8g7',NULL,'66.249.73.51','Mozilla/5.0 (compatible; Googlebot/2.1; +http://www.google.com/bot.html)',1486021471,1486021471,0,'',0),('vc1l6g4ituc33hsuti72suaqv5',NULL,'66.249.73.48','Mozilla/5.0 (compatible; Googlebot/2.1; +http://www.google.com/bot.html)',1486025981,1486025982,0,'',0),('10jri8gvl89prdptb9buufha26',NULL,'66.249.73.54','Mozilla/5.0 (compatible; Googlebot/2.1; +http://www.google.com/bot.html)',1486027627,1486027627,0,'',0),('dkh0pr1680pfftelj2q5hdkuf2',NULL,'66.249.73.51','Mozilla/5.0 (compatible; Googlebot/2.1; +http://www.google.com/bot.html)',1486028703,1486028703,0,'',0),('2msmb9545s6ub8pt2fji9706s4',NULL,'66.249.73.51','Mozilla/5.0 (compatible; Googlebot/2.1; +http://www.google.com/bot.html)',1486038124,1486038124,0,'',0),('bohb011kc83lrem1f7edmamk77',NULL,'66.249.73.48','Mozilla/5.0 (compatible; Googlebot/2.1; +http://www.google.com/bot.html)',1486038461,1486038461,0,'',0),('s444bj3u4h806cijk6fqt8asq5',NULL,'66.249.73.48','Mozilla/5.0 (compatible; Googlebot/2.1; +http://www.google.com/bot.html)',1486040883,1486040883,0,'',0),('au4cbfnep9st61fan1kbihrh84',NULL,'66.249.73.51','Mozilla/5.0 (compatible; Googlebot/2.1; +http://www.google.com/bot.html)',1486055895,1486055895,0,'',0),('gtlj4tbvd945qejrtq19ms8vf3',NULL,'66.249.73.54','Mozilla/5.0 (compatible; Googlebot/2.1; +http://www.google.com/bot.html)',1486057997,1486057997,0,'',0),('d8om8egt8hm1fghe8o5iupimn0',NULL,'66.249.73.48','Mozilla/5.0 (compatible; Googlebot/2.1; +http://www.google.com/bot.html)',1486061274,1486061274,0,'',0),('httd52fm764hshmae70qqqapf1',NULL,'66.249.73.54','Mozilla/5.0 (compatible; Googlebot/2.1; +http://www.google.com/bot.html)',1486061358,1486061358,0,'',0),('kr2aullmqfc302uivn67o9fa77',NULL,'66.249.73.51','Mozilla/5.0 (compatible; Googlebot/2.1; +http://www.google.com/bot.html)',1486065771,1486065771,0,'',0),('5p9oaa72oijsei7et83glg21e6',NULL,'66.249.73.54','Mozilla/5.0 (compatible; Googlebot/2.1; +http://www.google.com/bot.html)',1486067788,1486067788,0,'',0),('s9v6cfvob3iamvl7ft78snn9c5',NULL,'66.249.73.48','Mozilla/5.0 (compatible; Googlebot/2.1; +http://www.google.com/bot.html)',1486079218,1486079218,0,'',0),('h4keoruv004som7kcrod5ldqf2',NULL,'66.249.73.48','Mozilla/5.0 (compatible; Googlebot/2.1; +http://www.google.com/bot.html)',1486079344,1486079344,0,'',0),('e7m5kumf102950nb3b3185tt24',NULL,'66.249.73.54','Mozilla/5.0 (compatible; Googlebot/2.1; +http://www.google.com/bot.html)',1486082663,1486082663,0,'',0),('3q3vtelh3bj5r1bco8e6rnktm4',NULL,'66.249.73.51','Mozilla/5.0 (compatible; Googlebot/2.1; +http://www.google.com/bot.html)',1486083685,1486083686,0,'',0),('f3cced1e8vhqrcvu8jt1ej67u6',NULL,'66.249.73.51','Mozilla/5.0 (compatible; Googlebot/2.1; +http://www.google.com/bot.html)',1486083913,1486083913,0,'',0),('f7uu04g5vc3h165o9c50ccf3d2',NULL,'66.249.73.48','Mozilla/5.0 (compatible; Googlebot/2.1; +http://www.google.com/bot.html)',1486083945,1486083945,0,'',0),('sfiaiagquu8e1pm99npo2t7l54',NULL,'66.249.73.48','Mozilla/5.0 (compatible; Googlebot/2.1; +http://www.google.com/bot.html)',1486085009,1486085009,0,'',0),('qk9umormj0uclhat86010f5it0',NULL,'66.249.73.48','Mozilla/5.0 (compatible; Googlebot/2.1; +http://www.google.com/bot.html)',1486085101,1486085101,0,'',0),('d8uq8geuvacvm9g8a93e7plgo5',NULL,'66.249.73.54','Mozilla/5.0 (compatible; Googlebot/2.1; +http://www.google.com/bot.html)',1486094728,1486094728,0,'',0),('qbfvst4f9qsm4a1f7ckaspq044',NULL,'66.249.73.48','Mozilla/5.0 (compatible; Googlebot/2.1; +http://www.google.com/bot.html)',1486098292,1486098292,0,'',0),('dbo5kb04h7a633p110rl9u4kr5',NULL,'66.249.73.48','Mozilla/5.0 (compatible; Googlebot/2.1; +http://www.google.com/bot.html)',1486101012,1486101012,0,'',0),('udbrbg8d0tlpocogjmlhn251t5',NULL,'66.249.73.51','Mozilla/5.0 (compatible; Googlebot/2.1; +http://www.google.com/bot.html)',1486101043,1486101043,0,'',0),('fe3sad7bvvdl1ef3uhlrj5ush1',NULL,'66.249.73.48','Mozilla/5.0 (compatible; Googlebot/2.1; +http://www.google.com/bot.html)',1486106466,1486106466,0,'',0),('qltbsufbgrh0n9o7mn77ob77f0',NULL,'66.249.73.54','Mozilla/5.0 (compatible; Googlebot/2.1; +http://www.google.com/bot.html)',1486114803,1486114803,0,'',0),('i1b431unjvfn5lv7qlmsvkm6u4',NULL,'66.249.73.48','Mozilla/5.0 (compatible; Googlebot/2.1; +http://www.google.com/bot.html)',1486118215,1486118215,0,'',0),('175c65ovrtcba9cdv86gkimpj4',NULL,'66.249.73.54','Mozilla/5.0 (compatible; Googlebot/2.1; +http://www.google.com/bot.html)',1486118390,1486118390,0,'',0),('2ltf5vpnglhuh19h5kklt4adc2',NULL,'66.249.73.51','Mozilla/5.0 (compatible; Googlebot/2.1; +http://www.google.com/bot.html)',1486136582,1486136582,0,'',0),('jhpjti614926dao85ljlu7nf75',NULL,'66.249.73.51','Mozilla/5.0 (compatible; Googlebot/2.1; +http://www.google.com/bot.html)',1486138105,1486138105,0,'',0),('8u6gu5nm89igmaj0nafqfbijh1',NULL,'66.249.73.51','Mozilla/5.0 (compatible; Googlebot/2.1; +http://www.google.com/bot.html)',1486147379,1486147379,0,'',0),('f42ajhcet1fqa5s2nio9cokvp6',NULL,'66.249.73.54','Mozilla/5.0 (compatible; Googlebot/2.1; +http://www.google.com/bot.html)',1486159087,1486159087,0,'',0),('ovtsiouc5t6k2t54sddvqrqid6',NULL,'66.249.73.51','Mozilla/5.0 (compatible; Googlebot/2.1; +http://www.google.com/bot.html)',1486165191,1486165191,0,'',0),('ec7md218j1studti683j3joah3',NULL,'66.249.73.48','Mozilla/5.0 (compatible; Googlebot/2.1; +http://www.google.com/bot.html)',1486171090,1486171090,0,'',0),('tqfpmn8lhdalvs81qepe9gd7j7',NULL,'66.249.73.54','Mozilla/5.0 (compatible; Googlebot/2.1; +http://www.google.com/bot.html)',1486178715,1486178715,0,'',0),('h7b1b4s09q9obilj4mubv30o07',NULL,'66.249.73.51','Mozilla/5.0 (compatible; Googlebot/2.1; +http://www.google.com/bot.html)',1486185249,1486185249,0,'',0),('cgcdeacm3l47t69m3unhiqkt13',NULL,'66.249.73.51','Mozilla/5.0 (compatible; Googlebot/2.1; +http://www.google.com/bot.html)',1486190301,1486190301,0,'',0),('de0fjraid91qegmgs939nok0r2',NULL,'66.249.73.54','Mozilla/5.0 (compatible; Googlebot/2.1; +http://www.google.com/bot.html)',1486191875,1486191875,0,'',0),('68qq5qs700mtli1qjfcnkoajf3',NULL,'66.249.73.51','Mozilla/5.0 (compatible; Googlebot/2.1; +http://www.google.com/bot.html)',1486204912,1486204912,0,'',0),('la8qmllrc8dcnobvelu959fq03',NULL,'66.249.73.48','Mozilla/5.0 (compatible; Googlebot/2.1; +http://www.google.com/bot.html)',1486205676,1486205676,0,'',0),('o389mhuu6si789pi2q9djq6jl7',NULL,'66.249.73.51','Mozilla/5.0 (compatible; Googlebot/2.1; +http://www.google.com/bot.html)',1486217393,1486217393,0,'',0),('e981bqcql2burouk2tk59f3kd6',NULL,'66.249.73.54','Mozilla/5.0 (compatible; Googlebot/2.1; +http://www.google.com/bot.html)',1486217425,1486217426,0,'',0),('ls4is5q4mnergamj4urfqko3l0',NULL,'66.249.73.48','Mozilla/5.0 (compatible; Googlebot/2.1; +http://www.google.com/bot.html)',1486232797,1486232797,0,'',0),('j98l3gaor5jm8j7n8budige8c2',NULL,'66.249.73.48','Mozilla/5.0 (compatible; Googlebot/2.1; +http://www.google.com/bot.html)',1486262289,1486262289,0,'',0),('r8ma86lno8pnv0esd7tumgud03',NULL,'66.249.73.54','Mozilla/5.0 (compatible; Googlebot/2.1; +http://www.google.com/bot.html)',1486279167,1486279167,0,'',0),('pjv7jafhcsn4iqjf5ur6sdetj1',NULL,'66.249.73.48','Mozilla/5.0 (compatible; Googlebot/2.1; +http://www.google.com/bot.html)',1486292636,1486292636,0,'',0),('5gpuuuiq9af0qf14evsrae4867',NULL,'66.249.73.54','Mozilla/5.0 (compatible; Googlebot/2.1; +http://www.google.com/bot.html)',1486316894,1486316894,0,'',0),('ah7u1m33pu6okfgmniervk89b0',NULL,'66.249.73.48','Mozilla/5.0 (compatible; Googlebot/2.1; +http://www.google.com/bot.html)',1486321941,1486321941,0,'',0),('bpkrqh80976e6r89fng25bib62',NULL,'66.249.73.48','Mozilla/5.0 (compatible; Googlebot/2.1; +http://www.google.com/bot.html)',1486379423,1486379423,0,'',0),('oh6jkqlmmmc8u8g9ern97jstm1',NULL,'66.249.73.48','Mozilla/5.0 (compatible; Googlebot/2.1; +http://www.google.com/bot.html)',1486383550,1486383550,0,'',0),('n90vu311s09vklpub0becq5qi5',NULL,'66.249.73.48','Mozilla/5.0 (compatible; Googlebot/2.1; +http://www.google.com/bot.html)',1486386500,1486386500,0,'',0),('pmombfk2tl9fq29nbmeiidinh5',NULL,'66.249.73.51','Mozilla/5.0 (compatible; Googlebot/2.1; +http://www.google.com/bot.html)',1486434770,1486434770,0,'',0),('f97m9tf2na4grpstpamn8dk9f2',NULL,'180.76.15.23','Mozilla/5.0 (compatible; Baiduspider/2.0; +http://www.baidu.com/search/spider.html)',1486466285,1486466285,0,'',0),('7ta5og46naevtqkiojrdueb477',NULL,'66.249.73.51','Mozilla/5.0 (compatible; Googlebot/2.1; +http://www.google.com/bot.html)',1486501847,1486501848,0,'',0),('4898ih4vu2qab8m38ldb3rbql7',NULL,'66.249.73.48','Mozilla/5.0 (compatible; Googlebot/2.1; +http://www.google.com/bot.html)',1486507215,1486507216,0,'',0),('cjgft29b3d512o3ihhhj3d0ck5',NULL,'66.249.73.48','Mozilla/5.0 (compatible; Googlebot/2.1; +http://www.google.com/bot.html)',1486533351,1486533351,0,'',0),('l15lk5jkqooogllgtqvp7c14k6',NULL,'66.249.73.48','Mozilla/5.0 (compatible; Googlebot/2.1; +http://www.google.com/bot.html)',1486601929,1486601929,0,'',0),('hd2s3svd7m4d5723ihm01p05g1',NULL,'66.249.73.51','Mozilla/5.0 (compatible; Googlebot/2.1; +http://www.google.com/bot.html)',1486620390,1486620392,0,'',0),('tteuf9qaruqqrgsua1io12dea6',NULL,'66.249.73.51','Mozilla/5.0 (compatible; Googlebot/2.1; +http://www.google.com/bot.html)',1486622312,1486622312,0,'',0),('pe3r3pfklsuoqvrut0deoge7u0',NULL,'66.249.73.48','Mozilla/5.0 (compatible; Googlebot/2.1; +http://www.google.com/bot.html)',1486649738,1486649738,0,'',0),('51rh5sr5124ghgiqtrdqrl5ie2',NULL,'66.249.73.51','Mozilla/5.0 (compatible; Googlebot/2.1; +http://www.google.com/bot.html)',1486657330,1486657330,0,'',0),('vvpftbb3iaflierpu5ts051ip5',NULL,'66.249.73.51','Mozilla/5.0 (compatible; Googlebot/2.1; +http://www.google.com/bot.html)',1486657437,1486657437,0,'',0),('fjj44rv49uhl6qg09m2altclr3',NULL,'66.249.73.51','Mozilla/5.0 (compatible; Googlebot/2.1; +http://www.google.com/bot.html)',1486658400,1486658400,0,'',0),('olpbpoac92ppt4rqb1ehl6k542',NULL,'66.249.73.54','Mozilla/5.0 (compatible; Googlebot/2.1; +http://www.google.com/bot.html)',1486660628,1486660628,0,'',0),('dkm2j5g8ufti633j1d87trl0k2',NULL,'66.249.73.54','Mozilla/5.0 (compatible; Googlebot/2.1; +http://www.google.com/bot.html)',1486683955,1486683955,0,'',0),('lccv7ao0s5vsjb4aj2o5olque5',NULL,'66.249.73.51','Mozilla/5.0 (compatible; Googlebot/2.1; +http://www.google.com/bot.html)',1486683988,1486683988,0,'',0),('kech2j0olj7lse69ank4uhgg75',NULL,'66.249.73.48','Mozilla/5.0 (compatible; Googlebot/2.1; +http://www.google.com/bot.html)',1486684037,1486684037,0,'',0),('5mevf2b3jft20njah5m0cet473',NULL,'66.249.73.54','Mozilla/5.0 (compatible; Googlebot/2.1; +http://www.google.com/bot.html)',1486699079,1486699079,0,'',0),('k1fbcbf7fkmi98la37kgpgnno6',NULL,'66.249.73.51','Mozilla/5.0 (compatible; Googlebot/2.1; +http://www.google.com/bot.html)',1486699106,1486699106,0,'',0),('8h6n9dnrai5v7629tv2jbvmgk5',NULL,'66.249.73.51','Mozilla/5.0 (compatible; Googlebot/2.1; +http://www.google.com/bot.html)',1486699188,1486699188,0,'',0),('ht31qh0fr1n7ktebu8g3qg7cd6',NULL,'66.249.73.54','Mozilla/5.0 (compatible; Googlebot/2.1; +http://www.google.com/bot.html)',1486699350,1486699350,0,'',0),('jtnev6lq4557eo34fggfi681v0',NULL,'66.249.73.54','Mozilla/5.0 (compatible; Googlebot/2.1; +http://www.google.com/bot.html)',1486702511,1486702511,0,'',0),('bh9diuagqka5bf5q53vohho9i5',NULL,'66.249.73.51','Mozilla/5.0 (compatible; Googlebot/2.1; +http://www.google.com/bot.html)',1486712167,1486712167,0,'',0),('25vfu9667gc2g4ph3lbjkqbe97',NULL,'66.249.73.51','Mozilla/5.0 (compatible; Googlebot/2.1; +http://www.google.com/bot.html)',1486712199,1486712199,0,'',0),('q5o8pv3mfid6dg4omvn4kor7o3',NULL,'66.249.73.51','Mozilla/5.0 (compatible; Googlebot/2.1; +http://www.google.com/bot.html)',1486712262,1486712262,0,'',0),('p7mep344rj85utt4b083fr3kd7',NULL,'66.249.73.51','Mozilla/5.0 (compatible; Googlebot/2.1; +http://www.google.com/bot.html)',1486713943,1486713943,0,'',0),('ohdcdstj51bni12o5ei8lhj965',NULL,'66.249.73.48','Mozilla/5.0 (compatible; Googlebot/2.1; +http://www.google.com/bot.html)',1486719921,1486719921,0,'',0),('dr6arm7k83mlta4vj6ki8ah6u6',NULL,'66.249.73.48','Mozilla/5.0 (compatible; Googlebot/2.1; +http://www.google.com/bot.html)',1486725806,1486725806,0,'',0),('5rd0qfh7l4v6nb22i4tsfmbqs4',NULL,'66.249.73.48','Mozilla/5.0 (compatible; Googlebot/2.1; +http://www.google.com/bot.html)',1486725869,1486725869,0,'',0),('qqaf20b90gv5sd8ap366k9k4u0',NULL,'66.249.75.27','Mozilla/5.0 (compatible; Googlebot/2.1; +http://www.google.com/bot.html)',1486745083,1486745083,0,'',0),('obk6flhp37qem958559j5629g2',NULL,'66.249.69.151','Mozilla/5.0 (compatible; Googlebot/2.1; +http://www.google.com/bot.html)',1486785409,1486785409,0,'',0),('36g266rfvpibjqd4e8bo50gei1',NULL,'66.249.69.154','Mozilla/5.0 (compatible; Googlebot/2.1; +http://www.google.com/bot.html)',1486830788,1486830788,0,'',0),('thut6a8fc2ct8u54ml0nu1h351',NULL,'66.249.69.151','Mozilla/5.0 (compatible; Googlebot/2.1; +http://www.google.com/bot.html)',1486894074,1486894074,0,'',0),('updbo6g6a1hv03ediqqkv2iou7',NULL,'66.249.73.51','Mozilla/5.0 (compatible; Googlebot/2.1; +http://www.google.com/bot.html)',1487118708,1487118710,0,'',0),('stl04r8sb5ep4dle6h2cq2ul61',NULL,'66.249.73.48','Mozilla/5.0 (compatible; Googlebot/2.1; +http://www.google.com/bot.html)',1487124046,1487124046,0,'',0),('i4p3jjdho3aott7ea63mq2usm1',NULL,'66.249.73.51','Mozilla/5.0 (compatible; Googlebot/2.1; +http://www.google.com/bot.html)',1487238251,1487238251,0,'',0),('72djj7kqa6r7r38810h6aessg7',NULL,'66.249.73.51','Mozilla/5.0 (compatible; Googlebot/2.1; +http://www.google.com/bot.html)',1487256545,1487256545,0,'',0),('f4udv3irmpkci8mm7r18rublo4',NULL,'66.249.73.48','Mozilla/5.0 (compatible; Googlebot/2.1; +http://www.google.com/bot.html)',1487266597,1487266597,0,'',0),('fulqam240t3dt6pp8skogmp0h2',NULL,'66.249.73.51','Mozilla/5.0 (compatible; Googlebot/2.1; +http://www.google.com/bot.html)',1487280964,1487280964,0,'',0),('hlp9ojk9rad9up2rlhlt24he33',NULL,'180.254.103.202','Mozilla/5.0 (Windows NT 6.1) AppleWebKit/537.36 (KHTML, like Gecko) Chrome/56.0.2924.87 Safari/537.36',1487302804,1487303634,0,'',0),('vk5d66ha5q8drkbteuq124oge7',NULL,'66.249.73.48','Mozilla/5.0 (compatible; Googlebot/2.1; +http://www.google.com/bot.html)',1487338722,1487338722,0,'',0),('m0n9p086e58cussi25pget7fh6',NULL,'66.249.73.54','Mozilla/5.0 (compatible; Googlebot/2.1; +http://www.google.com/bot.html)',1487339224,1487339224,0,'',0),('9aa65449la0arnh3a3g88f3m05',NULL,'66.249.73.54','Mozilla/5.0 (compatible; Googlebot/2.1; +http://www.google.com/bot.html)',1487342543,1487342543,0,'',0),('3ls9acfi5ekroh8ork1uii3bv2',NULL,'66.249.73.48','Mozilla/5.0 (compatible; Googlebot/2.1; +http://www.google.com/bot.html)',1487350525,1487350525,0,'',0),('6hrk9chq06gv2krovioi7oiru0',NULL,'66.249.73.51','Mozilla/5.0 (compatible; Googlebot/2.1; +http://www.google.com/bot.html)',1487353922,1487353922,0,'',0),('4v9novr1ivuc9kokgdfidq4gi1',NULL,'66.249.73.48','Mozilla/5.0 (compatible; Googlebot/2.1; +http://www.google.com/bot.html)',1487354930,1487354930,0,'',0),('s3humv2sh5iku37uqk6te3ocq3',NULL,'66.249.73.51','Mozilla/5.0 (compatible; Googlebot/2.1; +http://www.google.com/bot.html)',1487359460,1487359460,0,'',0),('u9875tkrke6qv90a89qs338qg6',NULL,'36.73.45.54','Mozilla/5.0 (Windows NT 6.1) AppleWebKit/537.36 (KHTML, like Gecko) Chrome/56.0.2924.87 Safari/537.36',1487399565,1487400775,0,'',0),('8m8i1r89c147mltvhmesq5pkg7',NULL,'36.73.45.54','Mozilla/5.0 (Windows NT 6.1; rv:52.0) Gecko/20100101 Firefox/52.0',1487400827,1487400827,0,'',0),('1jpr888q5mrn1c7998bainqat3',NULL,'66.249.73.54','Googlebot/2.1 (+http://www.google.com/bot.html)',1487401186,1487401186,0,'',0),('bc2s59074itn26l4cadeqjb1p1',NULL,'66.249.73.54','Googlebot/2.1 (+http://www.google.com/bot.html)',1487401894,1487401894,0,'',0),('3spttl0uhcugjlfi35ibt6aik0',NULL,'66.249.73.51','Googlebot/2.1 (+http://www.google.com/bot.html)',1487401927,1487401927,0,'',0),('btbdnf4h4pd6u04f7mdh90ri51',NULL,'66.249.73.51','Googlebot/2.1 (+http://www.google.com/bot.html)',1487402000,1487402000,0,'',0),('uea96op2dk62l75o7hf0too5l7',NULL,'66.249.73.54','Googlebot/2.1 (+http://www.google.com/bot.html)',1487402896,1487402896,0,'',0),('ffkq9td398f2urecglm00ebdj1',NULL,'66.249.73.48','Googlebot/2.1 (+http://www.google.com/bot.html)',1487402916,1487402916,0,'',0),('05t3jrq2npviuf82jl2659dth0',NULL,'66.249.73.54','Googlebot/2.1 (+http://www.google.com/bot.html)',1487403913,1487403913,0,'',0),('mitt5aabis5a4n2lqgf13gssi3',NULL,'66.249.73.48','Googlebot/2.1 (+http://www.google.com/bot.html)',1487403929,1487403929,0,'',0),('csp65u92eb3879rpkbcqidslf5',NULL,'66.249.73.54','Googlebot/2.1 (+http://www.google.com/bot.html)',1487404424,1487404424,0,'',0),('hes247m816ukg07m17vom7vp97',NULL,'66.249.73.51','Googlebot/2.1 (+http://www.google.com/bot.html)',1487407116,1487407116,0,'',0),('u08mjt4f9a2uk3b6t6m7alphk4',NULL,'66.249.73.48','Googlebot/2.1 (+http://www.google.com/bot.html)',1487407128,1487407128,0,'',0),('rvb4792lk2nee6n3rc3393oao6',NULL,'66.249.73.48','Googlebot/2.1 (+http://www.google.com/bot.html)',1487407431,1487407431,0,'',0),('8fe68uncqjvn4bu992pg7c4mg3',NULL,'66.249.73.51','Googlebot/2.1 (+http://www.google.com/bot.html)',1487407667,1487407667,0,'',0),('g4h1l1okpmtmn4letciltr3at7',NULL,'66.249.73.48','Googlebot/2.1 (+http://www.google.com/bot.html)',1487407690,1487407690,0,'',0),('8vbmqct78psl85efe46hrhlsk6',NULL,'66.249.73.48','Googlebot/2.1 (+http://www.google.com/bot.html)',1487407701,1487407701,0,'',0),('79qi9e2c0s676upg0aq3rrq8h6',NULL,'66.249.73.54','Googlebot/2.1 (+http://www.google.com/bot.html)',1487407753,1487407753,0,'',0),('4igvv7bsdtjc0vh8hvi9k667s7',NULL,'5.188.211.70','Mozilla/4.0 (compatible; MSIE 6.0; Windows NT 5.1; SV1)',1487416144,1487416144,0,'',0),('ep74uc9cgi6l1e92k4vl3uenk2',NULL,'66.249.73.36','Mozilla/5.0 (compatible; Googlebot/2.1; +http://www.google.com/bot.html)',1487418914,1487418915,0,'',0),('fj9lrnmj65gp6dk3bb3g9f84l5',NULL,'66.249.73.36','Mozilla/5.0 (compatible; Googlebot/2.1; +http://www.google.com/bot.html)',1487420190,1487420190,0,'',0),('0h5nmkk3fo2bdvkquqmfr0co30',NULL,'66.249.73.30','Mozilla/5.0 (compatible; Googlebot/2.1; +http://www.google.com/bot.html)',1487437702,1487437702,0,'',0),('8a9gvv3e9onms62e0o698hfq17',NULL,'66.249.73.54','Googlebot/2.1 (+http://www.google.com/bot.html)',1487439663,1487439663,0,'',0),('ec38remq6ijjghqej0u0nphlr5',NULL,'66.249.73.54','Googlebot/2.1 (+http://www.google.com/bot.html)',1487439824,1487439824,0,'',0),('0ni6bfr59d30q4ufmmcf306kt0',NULL,'66.249.73.48','Googlebot/2.1 (+http://www.google.com/bot.html)',1487442935,1487442935,0,'',0),('vinj5io90knhe1craiulq34ud4',NULL,'66.249.73.51','Googlebot/2.1 (+http://www.google.com/bot.html)',1487442958,1487442958,0,'',0),('4j14ntapd7n032t0703gll9jl1',NULL,'66.249.73.51','Googlebot/2.1 (+http://www.google.com/bot.html)',1487443618,1487443618,0,'',0),('1rdmijpeh7hi3m26vr5a9i0q17',NULL,'66.249.73.48','Googlebot/2.1 (+http://www.google.com/bot.html)',1487444097,1487444097,0,'',0),('l2dgmgdveb1a5a9i6hghj0jkm7',NULL,'66.249.73.24','Googlebot/2.1 (+http://www.google.com/bot.html)',1487444858,1487444858,0,'',0),('4q1s1m9onhgd7nc1d6i40cli34',NULL,'66.249.73.18','Googlebot/2.1 (+http://www.google.com/bot.html)',1487444877,1487444877,0,'',0),('6r3c9uu7slcn4c6tkhd8o97lb0',NULL,'66.249.73.51','Googlebot/2.1 (+http://www.google.com/bot.html)',1487445655,1487445655,0,'',0),('3jjjeqat24d2jpmd1ja7f5hev6',NULL,'66.249.73.51','Googlebot/2.1 (+http://www.google.com/bot.html)',1487445940,1487445940,0,'',0),('bkcipk9h12edu2545ojhr8c7k3',NULL,'66.249.73.48','Googlebot/2.1 (+http://www.google.com/bot.html)',1487445992,1487445992,0,'',0),('1nv2lr9nf1h40j97ntaiq1pam7',NULL,'66.249.73.51','Googlebot/2.1 (+http://www.google.com/bot.html)',1487446004,1487446004,0,'',0),('5q22fjng8nv1qikk9smcnb85t5',NULL,'66.249.73.48','Googlebot/2.1 (+http://www.google.com/bot.html)',1487447661,1487447661,0,'',0),('49ko1cngmff2t0ft3oocjstoc3',NULL,'66.249.73.54','Googlebot/2.1 (+http://www.google.com/bot.html)',1487449012,1487449012,0,'',0),('s3vvs023kprarkb8u5hdg25rg0',NULL,'66.249.73.48','Googlebot/2.1 (+http://www.google.com/bot.html)',1487449245,1487449245,0,'',0),('3rnug2167br0onbjhrvjsvndb0',NULL,'66.249.73.30','Mozilla/5.0 (compatible; Googlebot/2.1; +http://www.google.com/bot.html)',1487452889,1487452889,0,'',0),('01n3i3u8jc6be7f6n2tkfn3pn7',NULL,'66.249.73.51','Googlebot/2.1 (+http://www.google.com/bot.html)',1487485177,1487485177,0,'',0),('sceqf7gtl28j9864l8lhocrbi6',NULL,'66.249.73.51','Googlebot/2.1 (+http://www.google.com/bot.html)',1487487987,1487487987,0,'',0),('1ttunldfvb8k3k1ed5k0r15jh7',NULL,'66.249.73.51','Googlebot/2.1 (+http://www.google.com/bot.html)',1487488002,1487488002,0,'',0),('3bjreicvsa03s1g2g9t8m3en35',NULL,'66.249.73.51','Googlebot/2.1 (+http://www.google.com/bot.html)',1487489142,1487489142,0,'',0),('a17scmcfj1evh3rbgsegcapcr0',NULL,'66.249.73.51','Googlebot/2.1 (+http://www.google.com/bot.html)',1487489158,1487489158,0,'',0),('b6rf3rk9i6sqd4uf81oucsg9p3',NULL,'66.249.73.51','Googlebot/2.1 (+http://www.google.com/bot.html)',1487490907,1487490907,0,'',0),('g8emqi8guijuj1u506du5j7q57',NULL,'66.249.73.48','Googlebot/2.1 (+http://www.google.com/bot.html)',1487491075,1487491075,0,'',0),('vmg0un55oft36pd40v1se4g8t4',NULL,'66.249.73.54','Googlebot/2.1 (+http://www.google.com/bot.html)',1487492156,1487492156,0,'',0),('dkjq2udhets4ji8uod9gfqfvi7',NULL,'66.249.73.48','Googlebot/2.1 (+http://www.google.com/bot.html)',1487492166,1487492166,0,'',0),('mo313qfj722ef1rfmaek5j7pq3',NULL,'66.249.73.51','Googlebot/2.1 (+http://www.google.com/bot.html)',1487492182,1487492182,0,'',0),('45v3qckea9rejg9s5l4elmmsl4',NULL,'66.249.73.48','Googlebot/2.1 (+http://www.google.com/bot.html)',1487492492,1487492492,0,'',0),('nvbvda0inue1qedr2reqitig91',NULL,'66.249.73.51','Googlebot/2.1 (+http://www.google.com/bot.html)',1487492504,1487492504,0,'',0),('sbbga25dff62e68qurs7q100a6',NULL,'66.249.73.36','Mozilla/5.0 (compatible; Googlebot/2.1; +http://www.google.com/bot.html)',1487498970,1487498970,0,'',0),('elvfbfr24h6b48k8b0a0aj1ma4',NULL,'66.249.73.30','Mozilla/5.0 (compatible; Googlebot/2.1; +http://www.google.com/bot.html)',1487511381,1487511381,0,'',0),('as79t9m1rss79g4ckurdj19912',NULL,'115.178.236.163','Mozilla/4.0 (compatible; MSIE 7.0; Windows NT 6.1; Trident/4.0; SLCC2; .NET CLR 2.0.50727; .NET CLR 3.5.30729; .NET CLR 3.0.30729; Media Center PC 6.0; InfoPath.2)',1487538976,1487538977,0,'',0),('jfq8hgcpft9nk05ct2dcjfq9b1',NULL,'115.178.236.163','Mozilla/5.0 (Windows NT 6.1) AppleWebKit/535.7 (KHTML, like Gecko) Chrome/16.0.904.0 Safari/535.7',1487538979,1487538981,0,'',0),('qeldra4427ehf4dkqln6rgctr5',NULL,'115.178.236.163','Mozilla/5.0 (Windows NT 6.1) AppleWebKit/535.7 (KHTML, like Gecko) Chrome/16.0.904.0 Safari/535.7',1487538980,1487539018,0,'',0),('2d35uj7sj0pdjjvahpqdn8akj6',NULL,'36.81.38.145','Mozilla/5.0 (Windows NT 6.1) AppleWebKit/537.36 (KHTML, like Gecko) Chrome/56.0.2924.87 Safari/537.36',1487555044,1487555078,0,'',0);

--
-- Table structure for table `signoffs`
--

CREATE TABLE `signoffs` (
  `signoff_id` bigint(20) NOT NULL AUTO_INCREMENT,
  `symbolic` varchar(32) NOT NULL,
  `assoc_type` bigint(20) NOT NULL DEFAULT 0,
  `assoc_id` bigint(20) NOT NULL DEFAULT 0,
  `user_id` bigint(20) NOT NULL,
  `file_id` bigint(20) DEFAULT NULL,
  `file_revision` bigint(20) DEFAULT NULL,
  `date_notified` datetime DEFAULT NULL,
  `date_underway` datetime DEFAULT NULL,
  `date_completed` datetime DEFAULT NULL,
  `date_acknowledged` datetime DEFAULT NULL,
  `stage_id` bigint(20) DEFAULT NULL,
  `user_group_id` bigint(20) DEFAULT NULL,
  PRIMARY KEY (`signoff_id`),
  UNIQUE KEY `signoff_symbolic` (`assoc_type`,`assoc_id`,`symbolic`,`user_id`,`stage_id`,`user_group_id`)
) ENGINE=MyISAM DEFAULT CHARSET=latin1;

--
-- Dumping data for table `signoffs`
--


--
-- Table structure for table `site`
--

CREATE TABLE `site` (
  `redirect` bigint(20) NOT NULL DEFAULT 0,
  `primary_locale` varchar(5) NOT NULL,
  `min_password_length` tinyint(4) NOT NULL DEFAULT 6,
  `installed_locales` varchar(255) NOT NULL DEFAULT 'en_US',
  `supported_locales` varchar(255) DEFAULT NULL,
  `original_style_file_name` varchar(255) DEFAULT NULL
) ENGINE=MyISAM DEFAULT CHARSET=latin1;

--
-- Dumping data for table `site`
--

INSERT INTO `site` VALUES (0,'en_US',6,'en_US','en_US',NULL);

--
-- Table structure for table `site_settings`
--

CREATE TABLE `site_settings` (
  `setting_name` varchar(255) NOT NULL,
  `locale` varchar(5) NOT NULL DEFAULT '',
  `setting_value` text DEFAULT NULL,
  `setting_type` varchar(6) NOT NULL,
  UNIQUE KEY `site_settings_pkey` (`setting_name`,`locale`)
) ENGINE=MyISAM DEFAULT CHARSET=latin1;

--
-- Dumping data for table `site_settings`
--

INSERT INTO `site_settings` VALUES ('title','en_US','Open Journal Systems','string'),('contactName','en_US','Open Journal Systems','string'),('contactEmail','en_US','akper.insada@gmail.com','string');

--
-- Table structure for table `static_page_settings`
--

CREATE TABLE `static_page_settings` (
  `static_page_id` bigint(20) NOT NULL,
  `locale` varchar(5) NOT NULL DEFAULT '',
  `setting_name` varchar(255) NOT NULL,
  `setting_value` longtext DEFAULT NULL,
  `setting_type` varchar(6) NOT NULL,
  UNIQUE KEY `static_page_settings_pkey` (`static_page_id`,`locale`,`setting_name`),
  KEY `static_page_settings_static_page_id` (`static_page_id`)
) ENGINE=MyISAM DEFAULT CHARSET=latin1;

--
-- Dumping data for table `static_page_settings`
--


--
-- Table structure for table `static_pages`
--

CREATE TABLE `static_pages` (
  `static_page_id` bigint(20) NOT NULL AUTO_INCREMENT,
  `path` varchar(255) NOT NULL,
  `journal_id` bigint(20) NOT NULL,
  PRIMARY KEY (`static_page_id`)
) ENGINE=MyISAM DEFAULT CHARSET=latin1;

--
-- Dumping data for table `static_pages`
--


--
-- Table structure for table `subscription_type_settings`
--

CREATE TABLE `subscription_type_settings` (
  `type_id` bigint(20) NOT NULL,
  `locale` varchar(5) NOT NULL DEFAULT '',
  `setting_name` varchar(255) NOT NULL,
  `setting_value` text DEFAULT NULL,
  `setting_type` varchar(6) NOT NULL,
  UNIQUE KEY `subscription_type_settings_pkey` (`type_id`,`locale`,`setting_name`),
  KEY `subscription_type_settings_type_id` (`type_id`)
) ENGINE=MyISAM DEFAULT CHARSET=latin1;

--
-- Dumping data for table `subscription_type_settings`
--


--
-- Table structure for table `subscription_types`
--

CREATE TABLE `subscription_types` (
  `type_id` bigint(20) NOT NULL AUTO_INCREMENT,
  `journal_id` bigint(20) NOT NULL,
  `cost` double NOT NULL,
  `currency_code_alpha` varchar(3) NOT NULL,
  `non_expiring` tinyint(4) NOT NULL DEFAULT 0,
  `duration` smallint(6) DEFAULT NULL,
  `format` smallint(6) NOT NULL,
  `institutional` tinyint(4) NOT NULL DEFAULT 0,
  `membership` tinyint(4) NOT NULL DEFAULT 0,
  `disable_public_display` tinyint(4) NOT NULL,
  `seq` double NOT NULL,
  PRIMARY KEY (`type_id`)
) ENGINE=MyISAM DEFAULT CHARSET=latin1;

--
-- Dumping data for table `subscription_types`
--


--
-- Table structure for table `subscriptions`
--

CREATE TABLE `subscriptions` (
  `subscription_id` bigint(20) NOT NULL AUTO_INCREMENT,
  `journal_id` bigint(20) NOT NULL,
  `user_id` bigint(20) NOT NULL,
  `type_id` bigint(20) NOT NULL,
  `date_start` date DEFAULT NULL,
  `date_end` datetime DEFAULT NULL,
  `status` tinyint(4) NOT NULL DEFAULT 1,
  `membership` varchar(40) DEFAULT NULL,
  `reference_number` varchar(40) DEFAULT NULL,
  `notes` text DEFAULT NULL,
  PRIMARY KEY (`subscription_id`)
) ENGINE=MyISAM DEFAULT CHARSET=latin1;

--
-- Dumping data for table `subscriptions`
--


--
-- Table structure for table `temporary_files`
--

CREATE TABLE `temporary_files` (
  `file_id` bigint(20) NOT NULL AUTO_INCREMENT,
  `user_id` bigint(20) NOT NULL,
  `file_name` varchar(90) NOT NULL,
  `file_type` varchar(255) DEFAULT NULL,
  `file_size` bigint(20) NOT NULL,
  `original_file_name` varchar(127) DEFAULT NULL,
  `date_uploaded` datetime NOT NULL,
  PRIMARY KEY (`file_id`),
  KEY `temporary_files_user_id` (`user_id`)
) ENGINE=MyISAM DEFAULT CHARSET=latin1;

--
-- Dumping data for table `temporary_files`
--


--
-- Table structure for table `theses`
--

CREATE TABLE `theses` (
  `thesis_id` bigint(20) NOT NULL AUTO_INCREMENT,
  `journal_id` bigint(20) NOT NULL,
  `status` smallint(6) NOT NULL,
  `degree` smallint(6) NOT NULL,
  `degree_name` varchar(255) DEFAULT NULL,
  `department` varchar(255) NOT NULL,
  `university` varchar(255) NOT NULL,
  `date_approved` datetime NOT NULL,
  `title` varchar(255) NOT NULL,
  `url` text DEFAULT NULL,
  `abstract` text DEFAULT NULL,
  `comment` text DEFAULT NULL,
  `student_first_name` varchar(40) NOT NULL,
  `student_middle_name` varchar(40) DEFAULT NULL,
  `student_last_name` varchar(90) NOT NULL,
  `student_email` varchar(90) NOT NULL,
  `student_email_publish` tinyint(4) DEFAULT 0,
  `student_bio` text DEFAULT NULL,
  `supervisor_first_name` varchar(40) NOT NULL,
  `supervisor_middle_name` varchar(40) DEFAULT NULL,
  `supervisor_last_name` varchar(90) NOT NULL,
  `supervisor_email` varchar(90) NOT NULL,
  `discipline` varchar(255) DEFAULT NULL,
  `subject_class` varchar(255) DEFAULT NULL,
  `subject` varchar(255) DEFAULT NULL,
  `coverage_geo` varchar(255) DEFAULT NULL,
  `coverage_chron` varchar(255) DEFAULT NULL,
  `coverage_sample` varchar(255) DEFAULT NULL,
  `method` varchar(255) DEFAULT NULL,
  `language` varchar(10) DEFAULT 'en',
  `date_submitted` datetime NOT NULL,
  PRIMARY KEY (`thesis_id`),
  KEY `theses_journal_id` (`journal_id`)
) ENGINE=MyISAM DEFAULT CHARSET=latin1;

--
-- Dumping data for table `theses`
--


--
-- Table structure for table `user_interests`
--

CREATE TABLE `user_interests` (
  `user_id` bigint(20) NOT NULL,
  `controlled_vocab_entry_id` bigint(20) NOT NULL,
  UNIQUE KEY `u_e_pkey` (`user_id`,`controlled_vocab_entry_id`)
) ENGINE=MyISAM DEFAULT CHARSET=latin1;

--
-- Dumping data for table `user_interests`
--


--
-- Table structure for table `user_settings`
--

CREATE TABLE `user_settings` (
  `user_id` bigint(20) NOT NULL,
  `locale` varchar(5) NOT NULL DEFAULT '',
  `setting_name` varchar(255) NOT NULL,
  `assoc_type` bigint(20) DEFAULT 0,
  `assoc_id` bigint(20) DEFAULT 0,
  `setting_value` text DEFAULT NULL,
  `setting_type` varchar(6) NOT NULL,
  UNIQUE KEY `user_settings_pkey` (`user_id`,`locale`,`setting_name`,`assoc_type`,`assoc_id`),
  KEY `user_settings_user_id` (`user_id`)
) ENGINE=MyISAM DEFAULT CHARSET=latin1;

--
-- Dumping data for table `user_settings`
--


--
-- Table structure for table `users`
--

CREATE TABLE `users` (
  `user_id` bigint(20) NOT NULL AUTO_INCREMENT,
  `username` varchar(32) NOT NULL,
  `password` varchar(40) NOT NULL,
  `salutation` varchar(40) DEFAULT NULL,
  `first_name` varchar(40) NOT NULL,
  `middle_name` varchar(40) DEFAULT NULL,
  `last_name` varchar(90) NOT NULL,
  `gender` varchar(1) DEFAULT NULL,
  `initials` varchar(5) DEFAULT NULL,
  `email` varchar(90) NOT NULL,
  `url` varchar(255) DEFAULT NULL,
  `phone` varchar(24) DEFAULT NULL,
  `fax` varchar(24) DEFAULT NULL,
  `mailing_address` varchar(255) DEFAULT NULL,
  `country` varchar(90) DEFAULT NULL,
  `locales` varchar(255) DEFAULT NULL,
  `date_last_email` datetime DEFAULT NULL,
  `date_registered` datetime NOT NULL,
  `date_validated` datetime DEFAULT NULL,
  `date_last_login` datetime NOT NULL,
  `must_change_password` tinyint(4) DEFAULT NULL,
  `auth_id` bigint(20) DEFAULT NULL,
  `auth_str` varchar(255) DEFAULT NULL,
  `disabled` tinyint(4) NOT NULL DEFAULT 0,
  `disabled_reason` text DEFAULT NULL,
  PRIMARY KEY (`user_id`),
  UNIQUE KEY `users_username` (`username`),
  UNIQUE KEY `users_email` (`email`)
) ENGINE=MyISAM AUTO_INCREMENT=2 DEFAULT CHARSET=latin1;

--
-- Dumping data for table `users`
--

INSERT INTO `users` VALUES (1,'admin','admininsada',NULL,'admin',NULL,'',NULL,NULL,'akper.insada@gmail.com',NULL,NULL,NULL,NULL,NULL,'',NULL,'2017-01-31 12:43:09',NULL,'2017-01-31 12:43:34',0,NULL,NULL,0,NULL);

--
-- Table structure for table `versions`
--

CREATE TABLE `versions` (
  `major` int(11) NOT NULL DEFAULT 0,
  `minor` int(11) NOT NULL DEFAULT 0,
  `revision` int(11) NOT NULL DEFAULT 0,
  `build` int(11) NOT NULL DEFAULT 0,
  `date_installed` datetime NOT NULL,
  `current` tinyint(4) NOT NULL DEFAULT 0,
  `product_type` varchar(30) DEFAULT NULL,
  `product` varchar(30) DEFAULT NULL,
  `product_class_name` varchar(80) DEFAULT NULL,
  `lazy_load` tinyint(4) NOT NULL DEFAULT 0,
  `sitewide` tinyint(4) NOT NULL DEFAULT 0,
  UNIQUE KEY `versions_pkey` (`product`,`major`,`minor`,`revision`,`build`)
) ENGINE=MyISAM DEFAULT CHARSET=latin1;

--
-- Dumping data for table `versions`
--

INSERT INTO `versions` VALUES (1,0,0,0,'2017-01-31 12:43:10',1,'plugins.auth','ldap','',0,0),(1,0,0,0,'2017-01-31 12:43:10',1,'plugins.blocks','donation','DonationBlockPlugin',1,0),(1,0,0,0,'2017-01-31 12:43:10',1,'plugins.blocks','help','HelpBlockPlugin',1,0),(1,0,0,0,'2017-01-31 12:43:10',1,'plugins.blocks','information','InformationBlockPlugin',1,0),(1,0,0,0,'2017-01-31 12:43:10',1,'plugins.blocks','role','RoleBlockPlugin',1,0),(1,0,0,0,'2017-01-31 12:43:10',1,'plugins.blocks','notification','NotificationBlockPlugin',1,0),(1,0,0,0,'2017-01-31 12:43:10',1,'plugins.blocks','authorBios','AuthorBiosBlockPlugin',1,0),(1,0,0,0,'2017-01-31 12:43:10',1,'plugins.blocks','navigation','NavigationBlockPlugin',1,0),(1,0,0,0,'2017-01-31 12:43:10',1,'plugins.blocks','subscription','SubscriptionBlockPlugin',1,0),(1,0,0,0,'2017-01-31 12:43:10',1,'plugins.blocks','relatedItems','RelatedItemsBlockPlugin',1,0),(1,0,0,0,'2017-01-31 12:43:10',1,'plugins.blocks','user','UserBlockPlugin',1,0),(1,0,0,0,'2017-01-31 12:43:10',1,'plugins.blocks','readingTools','ReadingToolsBlockPlugin',1,0),(1,0,0,0,'2017-01-31 12:43:10',1,'plugins.blocks','keywordCloud','KeywordCloudBlockPlugin',1,0),(1,0,0,0,'2017-01-31 12:43:10',1,'plugins.blocks','developedBy','DevelopedByBlockPlugin',1,0),(1,0,0,0,'2017-01-31 12:43:10',1,'plugins.blocks','languageToggle','LanguageToggleBlockPlugin',1,0),(1,0,0,0,'2017-01-31 12:43:10',1,'plugins.blocks','fontSize','FontSizeBlockPlugin',1,0),(1,0,0,0,'2017-01-31 12:43:10',1,'plugins.citationFormats','refMan','',0,0),(1,0,0,0,'2017-01-31 12:43:10',1,'plugins.citationFormats','abnt','',0,0),(1,0,0,0,'2017-01-31 12:43:10',1,'plugins.citationFormats','bibtex','',0,0),(1,0,0,0,'2017-01-31 12:43:10',1,'plugins.citationFormats','cbe','',0,0),(1,0,0,0,'2017-01-31 12:43:10',1,'plugins.citationFormats','proCite','',0,0),(1,0,0,0,'2017-01-31 12:43:10',1,'plugins.citationFormats','apa','',0,0),(1,0,0,0,'2017-01-31 12:43:10',1,'plugins.citationFormats','turabian','',0,0),(1,0,0,0,'2017-01-31 12:43:10',1,'plugins.citationFormats','refWorks','',0,0),(1,0,0,0,'2017-01-31 12:43:10',1,'plugins.citationFormats','mla','',0,0),(1,0,0,0,'2017-01-31 12:43:10',1,'plugins.citationFormats','endNote','',0,0),(1,0,0,0,'2017-01-31 12:43:10',1,'plugins.gateways','resolver','',0,0),(1,0,0,0,'2017-01-31 12:43:10',1,'plugins.gateways','metsGateway','',0,0),(1,0,0,0,'2017-01-31 12:43:10',1,'plugins.generic','customLocale','CustomLocalePlugin',1,0),(1,0,0,0,'2017-01-31 12:43:10',1,'plugins.generic','roundedCorners','RoundedCornersPlugin',1,0),(1,0,0,0,'2017-01-31 12:43:10',1,'plugins.generic','tinymce','TinyMCEPlugin',1,0),(1,0,0,0,'2017-01-31 12:43:10',1,'plugins.generic','webFeed','WebFeedPlugin',1,0),(1,0,0,0,'2017-01-31 12:43:10',1,'plugins.generic','sehl','SehlPlugin',1,0),(1,0,0,0,'2017-01-31 12:43:10',1,'plugins.generic','sword','SwordPlugin',1,0),(1,0,0,0,'2017-01-31 12:43:10',1,'plugins.generic','googleAnalytics','GoogleAnalyticsPlugin',1,0),(1,0,0,0,'2017-01-31 12:43:10',1,'plugins.generic','translator','TranslatorPlugin',1,1),(1,0,0,0,'2017-01-31 12:43:10',1,'plugins.generic','openAds','OpenAdsPlugin',1,0),(1,0,0,0,'2017-01-31 12:43:10',1,'plugins.generic','coins','CoinsPlugin',1,0),(1,0,0,0,'2017-01-31 12:43:10',1,'plugins.generic','phpMyVisites','PhpMyVisitesPlugin',1,0),(1,1,0,0,'2017-01-31 12:43:10',1,'plugins.generic','counter','CounterPlugin',1,1),(1,0,0,0,'2017-01-31 12:43:10',1,'plugins.generic','xmlGalley','XmlGalleyPlugin',1,0),(1,0,0,0,'2017-01-31 12:43:10',1,'plugins.generic','referral','ReferralPlugin',1,0),(1,0,0,0,'2017-01-31 12:43:10',1,'plugins.generic','booksForReview','BooksForReviewPlugin',1,0),(1,0,0,0,'2017-01-31 12:43:10',1,'plugins.generic','thesis','ThesisPlugin',1,0),(1,2,0,0,'2017-01-31 12:43:10',1,'plugins.generic','staticPages','StaticPagesPlugin',1,0),(1,0,0,0,'2017-01-31 12:43:10',1,'plugins.generic','openAIRE','OpenAIREPlugin',1,0),(1,0,0,0,'2017-01-31 12:43:10',1,'plugins.generic','thesisFeed','ThesisFeedPlugin',1,0),(1,0,0,0,'2017-01-31 12:43:10',1,'plugins.generic','externalFeed','ExternalFeedPlugin',1,0),(1,1,0,0,'2017-01-31 12:43:10',1,'plugins.generic','customBlockManager','CustomBlockManagerPlugin',1,0),(1,0,0,0,'2017-01-31 12:43:10',1,'plugins.generic','announcementFeed','AnnouncementFeedPlugin',1,0),(1,0,0,0,'2017-01-31 12:43:10',1,'plugins.implicitAuth','shibboleth','',0,1),(1,0,0,0,'2017-01-31 12:43:10',1,'plugins.importexport','quickSubmit','',0,0),(1,0,0,0,'2017-01-31 12:43:10',1,'plugins.importexport','mets','',0,0),(1,0,0,0,'2017-01-31 12:43:10',1,'plugins.importexport','pubmed','',0,0),(1,1,0,0,'2017-01-31 12:43:10',1,'plugins.importexport','crossref','',0,0),(1,0,0,0,'2017-01-31 12:43:10',1,'plugins.importexport','users','',0,0),(1,0,0,0,'2017-01-31 12:43:10',1,'plugins.importexport','doaj','',0,0),(1,0,0,0,'2017-01-31 12:43:10',1,'plugins.importexport','erudit','',0,0),(1,0,0,0,'2017-01-31 12:43:10',1,'plugins.importexport','native','',0,0),(1,0,0,0,'2017-01-31 12:43:10',1,'plugins.oaiMetadataFormats','marcxml','',0,0),(1,0,0,0,'2017-01-31 12:43:10',1,'plugins.oaiMetadataFormats','dc','',0,0),(1,0,0,0,'2017-01-31 12:43:10',1,'plugins.oaiMetadataFormats','nlm','',0,0),(1,0,0,0,'2017-01-31 12:43:10',1,'plugins.oaiMetadataFormats','marc','',0,0),(1,0,0,0,'2017-01-31 12:43:10',1,'plugins.oaiMetadataFormats','rfc1807','',0,0),(1,0,0,0,'2017-01-31 12:43:10',1,'plugins.paymethod','manual','',0,0),(1,0,0,0,'2017-01-31 12:43:10',1,'plugins.paymethod','paypal','',0,0),(1,0,0,0,'2017-01-31 12:43:10',1,'plugins.reports','reviews','',0,0),(1,0,0,0,'2017-01-31 12:43:10',1,'plugins.reports','subscriptions','',0,0),(1,0,0,0,'2017-01-31 12:43:10',1,'plugins.reports','articles','',0,0),(1,0,0,0,'2017-01-31 12:43:10',1,'plugins.reports','views','',0,0),(1,0,0,0,'2017-01-31 12:43:10',1,'plugins.themes','classicNavy','',0,0),(1,0,0,0,'2017-01-31 12:43:10',1,'plugins.themes','classicBrown','',0,0),(1,0,0,0,'2017-01-31 12:43:10',1,'plugins.themes','redbar','',0,0),(1,0,0,0,'2017-01-31 12:43:10',1,'plugins.themes','lilac','',0,0),(1,0,0,0,'2017-01-31 12:43:10',1,'plugins.themes','classicBlue','',0,0),(1,0,0,0,'2017-01-31 12:43:10',1,'plugins.themes','vanilla','',0,0),(1,0,0,0,'2017-01-31 12:43:10',1,'plugins.themes','classicGreen','',0,0),(1,0,0,0,'2017-01-31 12:43:10',1,'plugins.themes','classicRed','',0,0),(1,0,0,0,'2017-01-31 12:43:10',1,'plugins.themes','night','',0,0),(1,0,0,0,'2017-01-31 12:43:10',1,'plugins.themes','uncommon','',0,0),(1,0,0,0,'2017-01-31 12:43:10',1,'plugins.themes','desert','',0,0),(1,0,0,0,'2017-01-31 12:43:10',1,'plugins.themes','custom','',0,0),(1,0,0,0,'2017-01-31 12:43:10',1,'plugins.themes','steel','',0,0),(2,3,8,0,'2017-01-31 12:43:07',1,'core','ojs2','',0,1);


